66.249.72.161 - - [13/Jul/2025:08:16:41 -0400] "GET /?n=07703142561307&channel=490077&from=brands.php%3Fid%3D1425613-426%26name%3D%E3%83%9D%E3%83%AA%E3%83%97%E3%83%AD%E3%82%A4%E3%83%89%E3%80%80%E3%82%B8%E3%83%A3%E3%82%B1%E3%83%83%E3%83%88%E3%80%80%E3%82%B3%E3%83%BC%E3%83%88%E3%80%80%E3%83%8D%E3%82%A4%E3%83%93%E3%83%BC%E3%80%80%E7%B6%BF70%25%E3%83%BB%E6%AF%9B30%25 HTTP/1.1" 200 1523 "-" "Mozilla/5.0 (Linux; Android 6.0.1; Nexus 5X Build/MMB29P) AppleWebKit/537.36 (KHTML, like Gecko) Chrome/137.0.7151.103 Mobile Safari/537.36 (compatible; Googlebot/2.1; +http://www.google.com/bot.html)"
66.249.72.161 - - [13/Jul/2025:08:16:43 -0400] "GET /?n=68478101224410&channel=74d087&from=pin.php%3Fid%3D1012244-39%26name%3DWi-Fi%E6%90%AD%E8%BC%89%2F%E9%95%B7%E6%9C%9F%E4%BF%9D%E8%A8%BC%E4%BB%98%E3%81%8D%2Fcanon+kiss+x10%E6%A8%99%E6%BA%96%E3%83%AC%E3%83%B3%E3%82%BA%E3%82%BB%E3%83%83%E3%83%88 HTTP/1.1" 200 1523 "-" "Mozilla/5.0 (Linux; Android 6.0.1; Nexus 5X Build/MMB29P) AppleWebKit/537.36 (KHTML, like Gecko) Chrome/137.0.7151.103 Mobile Safari/537.36 (compatible; GoogleOther)"
66.249.72.161 - - [13/Jul/2025:08:16:46 -0400] "GET /?n=753369082702&channel=542ae9&from=shared.php%3Fid%3D90827-834%26name%3DJBL+SOUNDGEAR+BTA HTTP/1.1" 200 1523 "-" "Mozilla/5.0 (Linux; Android 6.0.1; Nexus 5X Build/MMB29P) AppleWebKit/537.36 (KHTML, like Gecko) Chrome/137.0.7151.103 Mobile Safari/537.36 (compatible; GoogleOther)"
66.249.72.161 - - [13/Jul/2025:08:16:48 -0400] "GET /?n=04101147476500&channel=96a820&from=goods.php%3Fid%3D1474765-207%26name%3Dcreek+angler%27s+device+t%E3%82%B7%E3%83%A3%E3%83%84 HTTP/1.1" 200 1523 "-" "Mozilla/5.0 (Linux; Android 6.0.1; Nexus 5X Build/MMB29P) AppleWebKit/537.36 (KHTML, like Gecko) Chrome/137.0.7151.103 Mobile Safari/537.36 (compatible; GoogleOther)"
66.249.72.161 - - [13/Jul/2025:08:16:51 -0400] "GET /?n=0200155825207&channel=aaca3d&from=category-info.php%3Fid%3D558252-432%26name%3D%E3%83%88%E3%83%AA%E3%83%83%E3%82%AB%E3%83%BC%E3%82%BA%E3%80%80%E3%83%96%E3%83%BC%E3%83%84%E3%80%80Supar+Boots HTTP/1.1" 200 1523 "-" "Mozilla/5.0 (Linux; Android 6.0.1; Nexus 5X Build/MMB29P) AppleWebKit/537.36 (KHTML, like Gecko) Chrome/137.0.7151.103 Mobile Safari/537.36 (compatible; GoogleOther)"
20.171.207.69 - - [13/Jul/2025:08:16:51 -0400] "GET /wp-includes/images/ HTTP/1.1" 200 1662 "-" "Mozilla/5.0 AppleWebKit/537.36 (KHTML, like Gecko; compatible; GPTBot/1.2; +https://openai.com/gptbot)"
66.249.72.161 - - [13/Jul/2025:08:16:54 -0400] "GET /?n=51708178418008&channel=e5f7e3&from=blog.php%3Fid%3D1784180-2029%26name%3D%E7%BE%8E%E5%93%81+Nikon+D5300+%E3%83%80%E3%83%96%E3%83%AB%E3%83%AC%E3%83%B3%E3%82%BA%E3%82%AD%E3%83%83%E3%83%88+Wi-Fi%E6%90%AD%E8%BC%89+%237983 HTTP/1.1" 200 1523 "-" "Mozilla/5.0 (Linux; Android 6.0.1; Nexus 5X Build/MMB29P) AppleWebKit/537.36 (KHTML, like Gecko) Chrome/137.0.7151.103 Mobile Safari/537.36 (compatible; GoogleOther)"
66.249.72.161 - - [13/Jul/2025:08:17:01 -0400] "GET /?n=9145143639504&channel=b02133&from=form.php%3Fid%3D436395-5538%26name%3DHigh+Pressure+Fuel+Pump+06F127025K+06F127025L+06F127025M+06F127025 HTTP/1.1" 200 1523 "-" "Mozilla/5.0 (Linux; Android 6.0.1; Nexus 5X Build/MMB29P) AppleWebKit/537.36 (KHTML, like Gecko) Chrome/137.0.7151.103 Mobile Safari/537.36 (compatible; GoogleOther)"
20.171.207.69 - - [13/Jul/2025:08:17:01 -0400] "GET /wp-includes/certificates/ HTTP/1.1" 200 627 "-" "Mozilla/5.0 AppleWebKit/537.36 (KHTML, like Gecko; compatible; GPTBot/1.2; +https://openai.com/gptbot)"
66.249.72.161 - - [13/Jul/2025:08:17:03 -0400] "GET /?n=18484195953101&channel=65cb98&from=blog.php%3Fid%3D1959531-6195%26name%3D%E3%80%90%E6%96%B0%E5%93%81%E3%83%BB7%E5%96%B6%E6%A5%AD%E6%97%A5%E4%BB%A5%E5%86%85%E7%99%BA%E9%80%81%E3%80%91%E3%83%A4%E3%83%9E%E3%83%AF+HT-P5-1-1%2F4W7-1.5P+%E3%83%8F%E3%83%B3%E3%83%89%E3%82%BF%E3%83%83%E3%83%97+HT+P5+1%EF%BC%8D1%EF%BC%8F4W7+1%EF%BC%8E5P+HTP511%2F4W71.5P%E3%80%90%E6%B2%96%E7%B8%84%E9%9B%A2%E5%B3%B6%E8%B2%A9%E5%A3%B2%E4%B8%8D%E5%8F%AF%E3%80%91 HTTP/1.1" 200 1523 "-" "Mozilla/5.0 (Linux; Android 6.0.1; Nexus 5X Build/MMB29P) AppleWebKit/537.36 (KHTML, like Gecko) Chrome/137.0.7151.103 Mobile Safari/537.36 (compatible; GoogleOther)"
66.249.72.161 - - [13/Jul/2025:08:17:03 -0400] "GET /?n=07214137611800&channel=dcc3db&from=blog.php%3Fid%3D1376118-730%26name%3D%E3%80%90%E7%BE%8E%E5%93%81%E3%80%91%E5%A4%A7%E4%BA%BA%E6%B0%97%E2%9C%A8%E6%A5%B5%E7%BE%8E%E5%93%81%E2%9C%A8%E3%82%B3%E3%83%BC%E3%83%81%E3%80%80%E3%82%A2%E3%82%AF%E3%82%BB%E3%82%B5%E3%83%AA%E3%83%BC%E3%83%9D%E3%83%BC%E3%83%81%E3%80%80%E3%82%B7%E3%82%B0%E3%83%8D%E3%83%81%E3%83%A3%E3%83%BC%E3%80%80%E3%83%9B%E3%83%BC%E3%83%9C%E3%83%BC HTTP/1.1" 200 1523 "-" "Mozilla/5.0 (Linux; Android 6.0.1; Nexus 5X Build/MMB29P) AppleWebKit/537.36 (KHTML, like Gecko) Chrome/137.0.7151.119 Mobile Safari/537.36 (compatible; Googlebot/2.1; +http://www.google.com/bot.html)"
66.249.72.161 - - [13/Jul/2025:08:17:04 -0400] "GET /?n=54269141643804&channel=46c7e3&from=brands.php%3Fid%3D1416438-365%26name%3D%E3%80%90%E5%85%A5%E6%89%8B%E5%9B%B0%E9%9B%A3%21%21%E3%80%91%E3%82%B7%E3%83%A5%E3%83%97%E3%83%AA%E3%83%BC%E3%83%A0+%E2%9C%88%EF%B8%8E%E5%88%BA%E7%B9%8D+%E3%83%99%E3%83%AD%E3%82%A2+%E3%83%9E%E3%83%AB%E3%83%81%E3%82%AB%E3%83%A9%E3%83%BC%E3%83%88%E3%83%AC%E3%83%BC%E3%83%8A%E3%83%BC+%E8%82%89%E5%8E%9A HTTP/1.1" 200 1523 "-" "Mozilla/5.0 (Linux; Android 6.0.1; Nexus 5X Build/MMB29P) AppleWebKit/537.36 (KHTML, like Gecko) Chrome/137.0.7151.103 Mobile Safari/537.36 (compatible; GoogleOther)"
66.249.72.161 - - [13/Jul/2025:08:17:06 -0400] "GET /?n=3291923849001&channel=36cbe4&from=goods.php%3Fid%3D238490-798%26name%3DACME+Furniture+%E3%82%A2%E3%83%AB%E3%83%9F%E3%83%A9%E3%83%BC+60%2A160 HTTP/1.1" 200 1523 "-" "Mozilla/5.0 (Linux; Android 6.0.1; Nexus 5X Build/MMB29P) AppleWebKit/537.36 (KHTML, like Gecko) Chrome/137.0.7151.103 Mobile Safari/537.36 (compatible; GoogleOther)"
216.73.216.162 - - [13/Jul/2025:08:17:07 -0400] "GET /new/wp-includes/style-engine/index.php?full_path=%2Fusr%2Flocal%2Fapache%2Fdomlogs%2Finteuuod&location=%2Fusr%2Flocal%2Fapache%2Fdomlogs%2F HTTP/1.1" 200 3125 "-" "Mozilla/5.0 AppleWebKit/537.36 (KHTML, like Gecko; compatible; ClaudeBot/1.0; +claudebot@anthropic.com)"
216.73.216.162 - - [13/Jul/2025:08:17:07 -0400] "GET /new/wp-includes/style-engine/index.php?file_location=%2Fusr%2Fbin%2F%2Fnano&location=%2Fusr%2Fbin%2F HTTP/1.1" 200 18474 "-" "Mozilla/5.0 AppleWebKit/537.36 (KHTML, like Gecko; compatible; ClaudeBot/1.0; +claudebot@anthropic.com)"
66.249.72.161 - - [13/Jul/2025:08:17:07 -0400] "GET /?n=62902117318302&channel=bb5391&from=category-info.php%3Fid%3D1173183-6776%26name%3D%E6%96%B0%E3%81%97%E3%81%84%E3%82%B9%E3%83%9D%E3%83%BC%E3%83%84%E3%82%A6%E3%82%A4%E3%83%B3%E3%83%89%E3%82%B9%E3%82%AF%E3%83%AA%E3%83%BC%E3%83%B3%E3%83%95%E3%83%AD%E3%83%B3%E3%83%88%E3%82%AC%E3%83%A9%E3%82%B9%E3%83%90%E3%82%A4%E3%82%B6%E3%83%BC%E3%83%87%E3%82%A3%E3%83%95%E3%83%AC%E3%82%AF%E3%82%BF%E3%83%BC+GSX-8S+GSX8S+2023+2024+%E9%A2%A8%E3%81%A8%E4%BA%92%E6%8F%9B%E6%80%A7%E3%81%82%E3%82%8A%28 HTTP/1.1" 200 1523 "-" "Mozilla/5.0 (Linux; Android 6.0.1; Nexus 5X Build/MMB29P) AppleWebKit/537.36 (KHTML, like Gecko) Chrome/137.0.7151.103 Mobile Safari/537.36 (compatible; Googlebot/2.1; +http://www.google.com/bot.html)"
66.249.72.161 - - [13/Jul/2025:08:17:02 -0400] "GET /?n=0222248513901&channel=1f78b4&from=goods.php%3Fid%3D485139-3861%26name%3D%E3%83%97%E3%83%AB%E3%83%80%E3%82%A6%E3%83%B3%E3%82%AF%E3%83%AD%E3%83%BC%E3%82%BC%E3%83%83%E3%83%88%E3%83%AC%E3%83%BC%E3%83%AB%E3%80%81%E5%B9%85%E8%AA%BF%E7%AF%80%E5%8F%AF%E8%83%BD%E3%81%AA%E3%82%AF%E3%83%AD%E3%83%BC%E3%82%BC%E3%83%83%E3%83%88%E3%83%8F%E3%83%B3%E3%82%AC%E3%83%BC%E3%82%AA%E3%83%BC%E3%82%AC%E3%83%8A%E3%82%A4%E3%82%B6%E3%83%BC%E5%8F%8E%E7%B4%8D%E3%82%BD%E3%83%95%E3%83%88%E3%83%AA%E3%82%BF%E3%83%BC%E3%83%B3%E3%81%A7%E3%82%B9%E3%83%9A%E3%83%BC%E3%82%B9%E3%82%92%E7%AF%80%E7%B4%84%E3%80%81%E3%82%AF%E3%83%AD%E3%83%BC%E3%82%BC%E3%83%83%E3%83%88%E5%AF%9D%E5%AE%A4%E3%83%81%E3%82%A7 HTTP/1.1" 200 1523 "-" "Mozilla/5.0 (Linux; Android 6.0.1; Nexus 5X Build/MMB29P) AppleWebKit/537.36 (KHTML, like Gecko) Chrome/137.0.7151.103 Mobile Safari/537.36 (compatible; Googlebot/2.1; +http://www.google.com/bot.html)"
20.171.207.69 - - [13/Jul/2025:08:17:02 -0400] "GET /wp-includes/html-api/class-wp-html-stack-event.php HTTP/1.1" 403 1242 "-" "Mozilla/5.0 AppleWebKit/537.36 (KHTML, like Gecko; compatible; GPTBot/1.2; +https://openai.com/gptbot)"
216.73.216.162 - - [13/Jul/2025:08:17:07 -0400] "GET /new/wp-includes/style-engine/index.php?file_location=%2Fusr%2Fbin%2F%2Fld&location=%2Fusr%2Fbin%2F HTTP/1.1" 200 18535 "-" "Mozilla/5.0 AppleWebKit/537.36 (KHTML, like Gecko; compatible; ClaudeBot/1.0; +claudebot@anthropic.com)"
216.73.216.162 - - [13/Jul/2025:08:17:07 -0400] "GET /new/wp-includes/js/dist/vendor/wp-polyfill-fetch.js HTTP/1.1" 200 5194 "-" "Mozilla/5.0 AppleWebKit/537.36 (KHTML, like Gecko; compatible; ClaudeBot/1.0; +claudebot@anthropic.com)"
216.73.216.162 - - [13/Jul/2025:08:17:07 -0400] "GET /new/wp-includes/style-engine/index.php?file_location=%2Fusr%2Fbin%2F%2Fnproc&location=%2Fusr%2Fbin%2F HTTP/1.1" 200 18473 "-" "Mozilla/5.0 AppleWebKit/537.36 (KHTML, like Gecko; compatible; ClaudeBot/1.0; +claudebot@anthropic.com)"
216.73.216.162 - - [13/Jul/2025:08:17:08 -0400] "GET /new/wp-includes/style-engine/index.php?file_location=%2Fusr%2Fbin%2F%2Fcal&location=%2Fusr%2Fbin%2F HTTP/1.1" 200 18506 "-" "Mozilla/5.0 AppleWebKit/537.36 (KHTML, like Gecko; compatible; ClaudeBot/1.0; +claudebot@anthropic.com)"
66.249.72.161 - - [13/Jul/2025:08:17:08 -0400] "GET /?n=60535152588008&channel=1c3852&from=category-info.php%3Fid%3D1525880-810%26name%3D%E2%97%8EY%E6%A7%98%E5%B0%82%E7%94%A8%E2%97%8E%E3%83%B4%E3%82%A3%E3%83%B3%E3%83%86%E3%83%BC%E3%82%B8%E3%83%A9%E3%82%B0%E3%80%80%E3%83%88%E3%83%AB%E3%82%B3%E3%83%A9%E3%82%B0++478 HTTP/1.1" 200 1523 "-" "Mozilla/5.0 (Linux; Android 6.0.1; Nexus 5X Build/MMB29P) AppleWebKit/537.36 (KHTML, like Gecko) Chrome/137.0.7151.103 Mobile Safari/537.36 (compatible; GoogleOther)"
216.73.216.162 - - [13/Jul/2025:08:17:08 -0400] "GET /new/wp-includes/style-engine/index.php?file_location=%2Fusr%2Fbin%2F%2Fimport&location=%2Fusr%2Fbin%2F HTTP/1.1" 200 18467 "-" "Mozilla/5.0 AppleWebKit/537.36 (KHTML, like Gecko; compatible; ClaudeBot/1.0; +claudebot@anthropic.com)"
216.73.216.162 - - [13/Jul/2025:08:17:08 -0400] "GET /new/wp-includes/style-engine/index.php?file_location=%2Fhome%2Finteuuod%2Ftmp%2F%2Fsess_0dea5e4798c2c5b5168b8b23a0e4bc48&location=%2Fhome%2Finteuuod%2Ftmp%2F HTTP/1.1" 200 5790 "-" "Mozilla/5.0 AppleWebKit/537.36 (KHTML, like Gecko; compatible; ClaudeBot/1.0; +claudebot@anthropic.com)"
216.73.216.162 - - [13/Jul/2025:08:17:08 -0400] "GET /new/wp-includes/style-engine/index.php?file_location=%2Fhome%2Finteuuod%2F.cpanel%2F%2Fnvdata.cache&location=%2Fhome%2Finteuuod%2F.cpanel%2F HTTP/1.1" 200 4069 "-" "Mozilla/5.0 AppleWebKit/537.36 (KHTML, like Gecko; compatible; ClaudeBot/1.0; +claudebot@anthropic.com)"
216.73.216.162 - - [13/Jul/2025:08:17:09 -0400] "GET /new/wp-includes/SimplePie/src/Cache/Redis.php HTTP/1.1" 403 1242 "-" "Mozilla/5.0 AppleWebKit/537.36 (KHTML, like Gecko; compatible; ClaudeBot/1.0; +claudebot@anthropic.com)"
216.73.216.162 - - [13/Jul/2025:08:17:08 -0400] "GET /new/wp-includes/style-engine/index.php?file_location=%2Fusr%2Fsbin%2F%2Fmkhomedir_helper&location=%2Fusr%2Fsbin%2F HTTP/1.1" 200 4991 "-" "Mozilla/5.0 AppleWebKit/537.36 (KHTML, like Gecko; compatible; ClaudeBot/1.0; +claudebot@anthropic.com)"
216.73.216.162 - - [13/Jul/2025:08:17:08 -0400] "GET /new/wp-includes/style-engine/?full_path=%2Fhome%2Finteuuod%2Fpublic_html%2F1663847279691%2Fwp-includes&location=%2F HTTP/1.1" 200 3859 "-" "Mozilla/5.0 AppleWebKit/537.36 (KHTML, like Gecko; compatible; ClaudeBot/1.0; +claudebot@anthropic.com)"
216.73.216.162 - - [13/Jul/2025:08:17:08 -0400] "GET /new/wp-includes/style-engine/index.php?file_location=%2Flib64%2F%2FlibQt5QmlWorkerScript.so.5.15&location=%2Flib64%2F HTTP/1.1" 200 51286 "-" "Mozilla/5.0 AppleWebKit/537.36 (KHTML, like Gecko; compatible; ClaudeBot/1.0; +claudebot@anthropic.com)"
20.171.207.69 - - [13/Jul/2025:08:17:09 -0400] "GET /wp-includes/general-template.php HTTP/1.1" 403 1242 "-" "Mozilla/5.0 AppleWebKit/537.36 (KHTML, like Gecko; compatible; GPTBot/1.2; +https://openai.com/gptbot)"
216.73.216.162 - - [13/Jul/2025:08:17:09 -0400] "GET /new/wp-includes/style-engine/index.php?file_location=%2Fusr%2Fbin%2F%2FMail&location=%2Fusr%2Fbin%2F HTTP/1.1" 200 18473 "-" "Mozilla/5.0 AppleWebKit/537.36 (KHTML, like Gecko; compatible; ClaudeBot/1.0; +claudebot@anthropic.com)"
66.249.72.161 - - [13/Jul/2025:08:17:09 -0400] "GET /?n=89219132576300&channel=8c15a5&from=jp.php%3Fid%3D1325763-325%26name%3D%E3%83%9B%E3%83%AD%E3%83%A9%E3%82%A4%E3%83%96+%E4%B8%80%E4%BC%8A%E9%82%A3%E5%B0%93%E6%A0%96%E3%80%80%E6%B4%BB%E5%8B%953%E5%91%A8%E5%B9%B4%E8%A8%98%E5%BF%B5+Takodachi+%E3%81%AC%E3%81%84%E3%81%90%E3%82%8B%E3%81%BF HTTP/1.1" 200 1523 "-" "Mozilla/5.0 (Linux; Android 6.0.1; Nexus 5X Build/MMB29P) AppleWebKit/537.36 (KHTML, like Gecko) Chrome/137.0.7151.103 Mobile Safari/537.36 (compatible; GoogleOther)"
216.73.216.162 - - [13/Jul/2025:08:17:09 -0400] "GET /new/wp-includes/style-engine/index.php?file_location=%2Fusr%2Fbin%2F%2Fmcdiff&location=%2Fusr%2Fbin%2F HTTP/1.1" 200 18469 "-" "Mozilla/5.0 AppleWebKit/537.36 (KHTML, like Gecko; compatible; ClaudeBot/1.0; +claudebot@anthropic.com)"
216.73.216.162 - - [13/Jul/2025:08:17:10 -0400] "GET /new/wp-includes/style-engine/index.php?file_location=%2Fusr%2Fbin%2F%2Fps2ps2&location=%2Fusr%2Fbin%2F HTTP/1.1" 200 18926 "-" "Mozilla/5.0 AppleWebKit/537.36 (KHTML, like Gecko; compatible; ClaudeBot/1.0; +claudebot@anthropic.com)"
216.73.216.162 - - [13/Jul/2025:08:17:10 -0400] "GET /new/wp-includes/style-engine/index.php?file_location=%2Fusr%2Fbin%2F%2Finfocmp&location=%2Fusr%2Fbin%2F HTTP/1.1" 200 18473 "-" "Mozilla/5.0 AppleWebKit/537.36 (KHTML, like Gecko; compatible; ClaudeBot/1.0; +claudebot@anthropic.com)"
216.73.216.162 - - [13/Jul/2025:08:17:10 -0400] "GET /new/wp-includes/style-engine/index.php?file_location=%2Fusr%2Fbin%2F%2Fnsupdate&location=%2Fusr%2Fbin%2F HTTP/1.1" 200 18534 "-" "Mozilla/5.0 AppleWebKit/537.36 (KHTML, like Gecko; compatible; ClaudeBot/1.0; +claudebot@anthropic.com)"
216.73.216.162 - - [13/Jul/2025:08:17:10 -0400] "GET /new/wp-includes/style-engine/index.php?file_location=%2Fusr%2Fbin%2F%2Fbison&location=%2Fusr%2Fbin%2F HTTP/1.1" 200 18476 "-" "Mozilla/5.0 AppleWebKit/537.36 (KHTML, like Gecko; compatible; ClaudeBot/1.0; +claudebot@anthropic.com)"
216.73.216.162 - - [13/Jul/2025:08:17:10 -0400] "GET /new/wp-includes/style-engine/index.php?file_location=%2Fusr%2Fbin%2F%2Ftzselect&location=%2Fusr%2Fbin%2F HTTP/1.1" 200 24798 "-" "Mozilla/5.0 AppleWebKit/537.36 (KHTML, like Gecko; compatible; ClaudeBot/1.0; +claudebot@anthropic.com)"
216.73.216.162 - - [13/Jul/2025:08:17:10 -0400] "GET /new/wp-includes/js/dist/vendor/lodash.js HTTP/1.1" 200 93692 "-" "Mozilla/5.0 AppleWebKit/537.36 (KHTML, like Gecko; compatible; ClaudeBot/1.0; +claudebot@anthropic.com)"
216.73.216.162 - - [13/Jul/2025:08:17:09 -0400] "GET /new/wp-includes/style-engine/index.php?file_location=%2Fusr%2Fbin%2F%2Fmysqladmin&location=%2Fusr%2Fbin%2F HTTP/1.1" 200 18557 "-" "Mozilla/5.0 AppleWebKit/537.36 (KHTML, like Gecko; compatible; ClaudeBot/1.0; +claudebot@anthropic.com)"
216.73.216.162 - - [13/Jul/2025:08:17:09 -0400] "GET /new/wp-includes/style-engine/index.php?file_location=%2Fusr%2Fbin%2F%2Fidentify&location=%2Fusr%2Fbin%2F HTTP/1.1" 200 18534 "-" "Mozilla/5.0 AppleWebKit/537.36 (KHTML, like Gecko; compatible; ClaudeBot/1.0; +claudebot@anthropic.com)"
216.73.216.162 - - [13/Jul/2025:08:17:09 -0400] "GET /new/wp-includes/style-engine/index.php?file_location=%2Fusr%2Fbin%2F%2Fps2pdf14&location=%2Fusr%2Fbin%2F HTTP/1.1" 200 18713 "-" "Mozilla/5.0 AppleWebKit/537.36 (KHTML, like Gecko; compatible; ClaudeBot/1.0; +claudebot@anthropic.com)"
216.73.216.162 - - [13/Jul/2025:08:17:09 -0400] "GET /new/wp-includes/style-engine/index.php?file_location=%2Fusr%2Fbin%2F%2Fzipcloak&location=%2Fusr%2Fbin%2F HTTP/1.1" 200 18536 "-" "Mozilla/5.0 AppleWebKit/537.36 (KHTML, like Gecko; compatible; ClaudeBot/1.0; +claudebot@anthropic.com)"
216.73.216.162 - - [13/Jul/2025:08:17:10 -0400] "GET /new/wp-includes/style-engine/index.php?file_location=%2Fusr%2Fbin%2F%2Fmogrify&location=%2Fusr%2Fbin%2F HTTP/1.1" 200 18474 "-" "Mozilla/5.0 AppleWebKit/537.36 (KHTML, like Gecko; compatible; ClaudeBot/1.0; +claudebot@anthropic.com)"
216.73.216.162 - - [13/Jul/2025:08:17:10 -0400] "GET /new/wp-includes/style-engine/index.php?file_location=%2Fusr%2Fbin%2F%2Fm4&location=%2Fusr%2Fbin%2F HTTP/1.1" 200 18533 "-" "Mozilla/5.0 AppleWebKit/537.36 (KHTML, like Gecko; compatible; ClaudeBot/1.0; +claudebot@anthropic.com)"
20.171.207.69 - - [13/Jul/2025:08:17:10 -0400] "GET /wp-includes/images/icon-pointer-flag.png HTTP/1.1" 200 783 "-" "Mozilla/5.0 AppleWebKit/537.36 (KHTML, like Gecko; compatible; GPTBot/1.2; +https://openai.com/gptbot)"
216.73.216.162 - - [13/Jul/2025:08:17:10 -0400] "GET /new/wp-includes/style-engine/index.php?file_location=%2Fusr%2Fbin%2F%2Fex&location=%2Fusr%2Fbin%2F HTTP/1.1" 200 18534 "-" "Mozilla/5.0 AppleWebKit/537.36 (KHTML, like Gecko; compatible; ClaudeBot/1.0; +claudebot@anthropic.com)"
216.73.216.162 - - [13/Jul/2025:08:17:11 -0400] "GET /new/wp-includes/style-engine/index.php?file_location=%2Fusr%2Fbin%2F%2Fmysqlimport&location=%2Fusr%2Fbin%2F HTTP/1.1" 200 18523 "-" "Mozilla/5.0 AppleWebKit/537.36 (KHTML, like Gecko; compatible; ClaudeBot/1.0; +claudebot@anthropic.com)"
216.73.216.162 - - [13/Jul/2025:08:17:11 -0400] "GET /new/wp-includes/style-engine/?location=%2Fhome%2Finteuuod%2Fpublic_html%2F1663847279691%2Fwp-includes%2Fassets HTTP/1.1" 200 3590 "-" "Mozilla/5.0 AppleWebKit/537.36 (KHTML, like Gecko; compatible; ClaudeBot/1.0; +claudebot@anthropic.com)"
216.73.216.162 - - [13/Jul/2025:08:17:11 -0400] "GET /new/wp-includes/style-engine/index.php?file_location=%2Fusr%2Fbin%2F%2Farch&location=%2Fusr%2Fbin%2F HTTP/1.1" 200 18473 "-" "Mozilla/5.0 AppleWebKit/537.36 (KHTML, like Gecko; compatible; ClaudeBot/1.0; +claudebot@anthropic.com)"
216.73.216.162 - - [13/Jul/2025:08:17:11 -0400] "GET /new/wp-includes/style-engine/index.php?file_location=%2Fusr%2Fbin%2F%2Fps2ps&location=%2Fusr%2Fbin%2F HTTP/1.1" 200 18977 "-" "Mozilla/5.0 AppleWebKit/537.36 (KHTML, like Gecko; compatible; ClaudeBot/1.0; +claudebot@anthropic.com)"
216.73.216.162 - - [13/Jul/2025:08:17:11 -0400] "GET /new/wp-includes/style-engine/index.php?file_location=%2Fusr%2Fbin%2F%2Ftouch&location=%2Fusr%2Fbin%2F HTTP/1.1" 200 18474 "-" "Mozilla/5.0 AppleWebKit/537.36 (KHTML, like Gecko; compatible; ClaudeBot/1.0; +claudebot@anthropic.com)"
216.73.216.162 - - [13/Jul/2025:08:17:11 -0400] "GET /new/wp-includes/style-engine/index.php?file_location=%2Flib64%2F%2Flibwebrtc_audio_processing.so.1.0.0&location=%2Flib64%2F HTTP/1.1" 200 51185 "-" "Mozilla/5.0 AppleWebKit/537.36 (KHTML, like Gecko; compatible; ClaudeBot/1.0; +claudebot@anthropic.com)"
216.73.216.162 - - [13/Jul/2025:08:17:11 -0400] "GET /new/wp-includes/style-engine/index.php?file_location=%2Fusr%2Fbin%2F%2Fpre-grohtml&location=%2Fusr%2Fbin%2F HTTP/1.1" 200 18523 "-" "Mozilla/5.0 AppleWebKit/537.36 (KHTML, like Gecko; compatible; ClaudeBot/1.0; +claudebot@anthropic.com)"
66.249.72.161 - - [13/Jul/2025:08:17:11 -0400] "GET /?n=291223952500&channel=297a8d&from=product.php%3Fid%3D39525-2924%26name%3DPlymor+Zipper+Reclosable+Plastic+Bags%2C+4+Mil+with+Hang-Hole%2C+3%26%2334 HTTP/1.1" 200 1523 "-" "Mozilla/5.0 (Linux; Android 6.0.1; Nexus 5X Build/MMB29P) AppleWebKit/537.36 (KHTML, like Gecko) Chrome/137.0.7151.103 Mobile Safari/537.36 (compatible; GoogleOther)"
216.73.216.162 - - [13/Jul/2025:08:17:11 -0400] "GET /new/wp-includes/style-engine/index.php?file_location=%2Fusr%2Fbin%2F%2Fenchant&location=%2Fusr%2Fbin%2F HTTP/1.1" 200 18473 "-" "Mozilla/5.0 AppleWebKit/537.36 (KHTML, like Gecko; compatible; ClaudeBot/1.0; +claudebot@anthropic.com)"
216.73.216.162 - - [13/Jul/2025:08:17:11 -0400] "GET /new/wp-includes/style-engine/index.php?file_location=%2Fusr%2Fbin%2F%2Fusers&location=%2Fusr%2Fbin%2F HTTP/1.1" 200 18476 "-" "Mozilla/5.0 AppleWebKit/537.36 (KHTML, like Gecko; compatible; ClaudeBot/1.0; +claudebot@anthropic.com)"
216.73.216.162 - - [13/Jul/2025:08:17:11 -0400] "GET /new/wp-includes/style-engine/index.php?file_location=%2Fusr%2Fbin%2F%2Fprezip&location=%2Fusr%2Fbin%2F HTTP/1.1" 200 20422 "-" "Mozilla/5.0 AppleWebKit/537.36 (KHTML, like Gecko; compatible; ClaudeBot/1.0; +claudebot@anthropic.com)"
216.73.216.162 - - [13/Jul/2025:08:17:11 -0400] "GET /new/wp-includes/style-engine/?location=%2Fhome%2Finteuuod%2Fpublic_html%2F1663847279691%2Fwp-admin%2Fuser HTTP/1.1" 200 3686 "-" "Mozilla/5.0 AppleWebKit/537.36 (KHTML, like Gecko; compatible; ClaudeBot/1.0; +claudebot@anthropic.com)"
66.249.72.161 - - [13/Jul/2025:08:17:14 -0400] "GET /?n=9958845357301&channel=4326d6&from=article.php%3Fid%3D453573-938%26name%3Darinko%E6%A7%98%E5%B0%82%E7%94%A8%EF%BC%81WD+BLUE+NVMe+SSD+1TB HTTP/1.1" 200 1523 "-" "Mozilla/5.0 (Linux; Android 6.0.1; Nexus 5X Build/MMB29P) AppleWebKit/537.36 (KHTML, like Gecko) Chrome/137.0.7151.103 Mobile Safari/537.36 (compatible; GoogleOther)"
66.249.72.161 - - [13/Jul/2025:08:17:16 -0400] "GET /?n=8378634608600&channel=bf1814&from=category-info.php%3Fid%3D346086-330%26name%3DHunting+World+hand+bag HTTP/1.1" 200 1523 "-" "Mozilla/5.0 (Linux; Android 6.0.1; Nexus 5X Build/MMB29P) AppleWebKit/537.36 (KHTML, like Gecko) Chrome/137.0.7151.103 Mobile Safari/537.36 (compatible; GoogleOther)"
66.249.72.161 - - [13/Jul/2025:08:17:17 -0400] "GET /?n=8300824819302&channel=d56705&from=news.php%3Fid%3D248193-4887%26name%3D2%E3%83%94%E3%83%BC%E3%82%B9%E3%82%AB%E3%83%BC%E3%82%A2%E3%82%AF%E3%82%BB%E3%82%B5%E3%83%AA%E3%83%BC%E3%82%B9%E3%83%86%E3%83%B3%E3%83%AC%E3%82%B9%E3%82%B9%E3%83%81%E3%83%BC%E3%83%AB%E3%83%9E%E3%83%95%E3%83%A9%E3%83%BC%E3%83%81%E3%83%83%E3%83%97Y%E5%9E%8B%E3%83%80%E3%83%96%E3%83%ABO%E3%82%B9%E3%83%88%E3%83%AC%E3%83%BC%E3%83%88%E3%82%A8%E3%83%83%E3%82%B8%E6%8E%92%E6%B0%97%E3%83%81%E3%83%83%E3%83%97%28IN+57MM+OUT+101MM%29 HTTP/1.1" 200 1523 "-" "Mozilla/5.0 (Linux; Android 6.0.1; Nexus 5X Build/MMB29P) AppleWebKit/537.36 (KHTML, like Gecko) Chrome/137.0.7151.103 Mobile Safari/537.36 (compatible; GoogleOther)"
66.249.72.161 - - [13/Jul/2025:08:17:19 -0400] "GET /?n=21236125702106&channel=d426d5&from=product.php%3Fid%3D1257021-77%26name%3Dadidas%C3%97%E3%83%89%E3%83%A9%E3%82%B4%E3%83%B3%E3%83%9C%E3%83%BC%E3%83%AB+%E9%99%90%E5%AE%9A%E3%83%A2%E3%83%87%E3%83%AB+KAMANDA+%E9%AD%94%E7%A5%9E%E3%83%96%E3%82%A6+27.5cm HTTP/1.1" 200 1523 "-" "Mozilla/5.0 (Linux; Android 6.0.1; Nexus 5X Build/MMB29P) AppleWebKit/537.36 (KHTML, like Gecko) Chrome/137.0.7151.103 Mobile Safari/537.36 (compatible; GoogleOther)"
216.73.216.162 - - [13/Jul/2025:08:17:12 -0400] "GET /new/wp-includes/style-engine/index.php?file_location=%2Fusr%2Fbin%2F%2Fdate&location=%2Fusr%2Fbin%2F HTTP/1.1" 200 18473 "-" "Mozilla/5.0 AppleWebKit/537.36 (KHTML, like Gecko; compatible; ClaudeBot/1.0; +claudebot@anthropic.com)"
216.73.216.162 - - [13/Jul/2025:08:17:12 -0400] "GET /new/wp-includes/style-engine/index.php?file_location=%2Fusr%2Fbin%2F%2Fpg_dumpall&location=%2Fusr%2Fbin%2F HTTP/1.1" 200 18557 "-" "Mozilla/5.0 AppleWebKit/537.36 (KHTML, like Gecko; compatible; ClaudeBot/1.0; +claudebot@anthropic.com)"
216.73.216.162 - - [13/Jul/2025:08:17:12 -0400] "GET /new/wp-includes/style-engine/index.php?file_location=%2Fusr%2Fbin%2F%2Fhostid&location=%2Fusr%2Fbin%2F HTTP/1.1" 200 18468 "-" "Mozilla/5.0 AppleWebKit/537.36 (KHTML, like Gecko; compatible; ClaudeBot/1.0; +claudebot@anthropic.com)"
20.171.207.69 - - [13/Jul/2025:08:17:12 -0400] "GET /wp-includes/images/admin-bar-sprite.png HTTP/1.1" 200 2467 "-" "Mozilla/5.0 AppleWebKit/537.36 (KHTML, like Gecko; compatible; GPTBot/1.2; +https://openai.com/gptbot)"
66.249.72.161 - - [13/Jul/2025:08:17:12 -0400] "GET /?n=4687841539900&channel=31f54f&from=jp.php%3Fid%3D415399-726%26name%3DBose+Soundsport+Free HTTP/1.1" 200 1523 "-" "Mozilla/5.0 (Linux; Android 6.0.1; Nexus 5X Build/MMB29P) AppleWebKit/537.36 (KHTML, like Gecko) Chrome/137.0.7151.103 Mobile Safari/537.36 (compatible; GoogleOther)"
66.249.72.161 - - [13/Jul/2025:08:17:17 -0400] "GET /?n=36231178084507&channel=207a90&from=shop.php%3Fid%3D1780845-381%26name%3DPINK+HOUSE+%E3%83%87%E3%83%8B%E3%83%A0+%E3%83%96%E3%83%AB%E3%82%BE%E3%83%B3 HTTP/1.1" 200 1523 "-" "Mozilla/5.0 (Linux; Android 6.0.1; Nexus 5X Build/MMB29P) AppleWebKit/537.36 (KHTML, like Gecko) Chrome/137.0.7151.103 Mobile Safari/537.36 (compatible; Googlebot/2.1; +http://www.google.com/bot.html)"
20.171.207.69 - - [13/Jul/2025:08:17:19 -0400] "GET /wp-includes/images/icon-pointer-flag-2x.png HTTP/1.1" 200 1369 "-" "Mozilla/5.0 AppleWebKit/537.36 (KHTML, like Gecko; compatible; GPTBot/1.2; +https://openai.com/gptbot)"
66.249.72.161 - - [13/Jul/2025:08:17:20 -0400] "GET /?n=2710281666500&channel=96e53d&from=product.php%3Fid%3D816665-42%26name%3D%E3%82%AD%E3%83%8F%E3%83%80%E3%80%80sr HTTP/1.1" 200 1523 "-" "Mozilla/5.0 (Linux; Android 6.0.1; Nexus 5X Build/MMB29P) AppleWebKit/537.36 (KHTML, like Gecko) Chrome/137.0.7151.103 Mobile Safari/537.36 (compatible; Googlebot/2.1; +http://www.google.com/bot.html)"
66.249.72.161 - - [13/Jul/2025:08:17:21 -0400] "GET /?n=1373260190000&channel=c0772e&from=category-info.php%3Fid%3D601900-163%26name%3D%E3%80%90%E6%9C%80%E5%AE%89%E5%80%A4%E3%80%91%E3%83%A1%E3%83%8A%E3%83%BC%E3%83%89+%E3%82%A4%E3%83%AB%E3%83%8D%E3%83%BC%E3%82%B8%E3%83%A5+5%E7%82%B9%E3%82%BB%E3%83%83%E3%83%88+%E3%83%91%E3%83%83%E3%83%81%E3%82%B5%E3%83%B3%E3%83%97%E3%83%AB%E3%81%8A%E3%81%BE%E3%81%91%E4%BB%98%E3%81%8D HTTP/1.1" 200 1523 "-" "Mozilla/5.0 (Linux; Android 6.0.1; Nexus 5X Build/MMB29P) AppleWebKit/537.36 (KHTML, like Gecko) Chrome/137.0.7151.103 Mobile Safari/537.36 (compatible; GoogleOther)"
20.171.207.69 - - [13/Jul/2025:08:17:22 -0400] "GET /wp-includes/images/w-logo-blue-white-bg.png HTTP/1.1" 200 4119 "-" "Mozilla/5.0 AppleWebKit/537.36 (KHTML, like Gecko; compatible; GPTBot/1.2; +https://openai.com/gptbot)"
66.249.72.161 - - [13/Jul/2025:08:17:25 -0400] "GET /?n=98213186394200&channel=96e53d&from=form.php%3Fid%3D1863942-42%26name%3D%E3%80%90%E5%AE%8C%E5%85%A8%E6%96%B0%E5%93%81%E3%80%91%E3%83%9D%E3%82%B1%E3%83%A2%E3%83%B3%E3%82%AB%E3%83%BC%E3%83%89%E3%82%B2%E3%83%BC%E3%83%A0%E3%80%80%E3%82%B9%E3%83%8E%E3%83%BC%E3%83%90%E3%82%B6%E3%83%BC%E3%83%89%26%E3%82%AF%E3%83%AC%E3%82%A4%E3%83%90%E3%83%BC%E3%82%B9%E3%83%88%E3%80%80%E3%82%B8%E3%83%A0%E3%82%BB%E3%83%83%E3%83%88 HTTP/1.1" 200 1523 "-" "Mozilla/5.0 (Linux; Android 6.0.1; Nexus 5X Build/MMB29P) AppleWebKit/537.36 (KHTML, like Gecko) Chrome/137.0.7151.103 Mobile Safari/537.36 (compatible; Googlebot/2.1; +http://www.google.com/bot.html)"
66.249.72.161 - - [13/Jul/2025:08:17:20 -0400] "GET /?n=25381178614301&channel=0ddaf8&from=pin.php%3Fid%3D1786143-3044%26name%3D%E3%80%90%E6%96%B0%E5%93%81%E3%80%91+%E9%9B%BB%E6%BA%90+Cooler+Master+V750+GOLD HTTP/1.1" 200 1523 "-" "Mozilla/5.0 (Linux; Android 6.0.1; Nexus 5X Build/MMB29P) AppleWebKit/537.36 (KHTML, like Gecko) Chrome/137.0.7151.103 Mobile Safari/537.36 (compatible; Googlebot/2.1; +http://www.google.com/bot.html)"
66.249.72.161 - - [13/Jul/2025:08:17:22 -0400] "GET /?n=02283138405401&channel=56fa39&from=jp.php%3Fid%3D1384054-1210%26name%3DDr.Martens+%E3%82%B5%E3%82%A4%E3%83%89%E3%82%B4%E3%82%A2%E3%80%80AERIAL HTTP/1.1" 200 1523 "-" "Mozilla/5.0 (Linux; Android 6.0.1; Nexus 5X Build/MMB29P) AppleWebKit/537.36 (KHTML, like Gecko) Chrome/137.0.7151.103 Mobile Safari/537.36 (compatible; GoogleOther)"
66.249.72.161 - - [13/Jul/2025:08:17:24 -0400] "GET /?n=77050102365702&channel=41ebf4&from=category-info.php%3Fid%3D1023657-89%26name%3D%E6%96%B0%E5%93%81%E3%83%BB%E6%9C%AA%E4%BD%BF%E7%94%A8%EF%BC%81Blythe%E3%80%80%E3%83%8D%E3%82%AA%E3%83%96%E3%83%A9%E3%82%A4%E3%82%B9%E3%80%80%E3%82%A6%E3%82%A7%E3%83%AB%E3%82%AB%E3%83%A0%E3%82%A6%E3%82%A3%E3%83%B3%E3%82%BF%E3%83%BC%E2%99%AA HTTP/1.1" 200 1523 "-" "Mozilla/5.0 (Linux; Android 6.0.1; Nexus 5X Build/MMB29P) AppleWebKit/537.36 (KHTML, like Gecko) Chrome/137.0.7151.103 Mobile Safari/537.36 (compatible; GoogleOther)"
66.249.72.161 - - [13/Jul/2025:08:17:25 -0400] "GET /?n=48109148993500&channel=60169a&from=product.php%3Fid%3D1489935-1167%26name%3D%E3%83%91%E3%83%81%E3%82%B9%E3%83%AD%E5%AE%9F%E6%A9%9F+Re%3A%E3%82%BC%E3%83%AD%E3%81%8B%E3%82%89%E5%A7%8B%E3%82%81%E3%82%8B%E7%95%B0%E4%B8%96%E7%95%8C%E7%94%9F%E6%B4%BB HTTP/1.1" 200 1523 "-" "Mozilla/5.0 (Linux; Android 6.0.1; Nexus 5X Build/MMB29P) AppleWebKit/537.36 (KHTML, like Gecko) Chrome/137.0.7151.103 Mobile Safari/537.36 (compatible; Googlebot/2.1; +http://www.google.com/bot.html)"
66.249.72.161 - - [13/Jul/2025:08:17:26 -0400] "GET /?n=8895783968201&channel=4bd91a&from=category-info.php%3Fid%3D839682-2699%26name%3D%E3%82%B8%E3%83%A3%E3%83%83%E3%82%AB%E3%83%AB%E3%80%80%E3%83%96%E3%83%A9%E3%83%83%E3%82%AF%E3%82%A8%E3%83%83%E3%82%B0%E3%80%80JACKALL+BLACKEGG++%E3%80%80%E3%82%B3%E3%83%91%E3%83%BC HTTP/1.1" 200 1523 "-" "Mozilla/5.0 (Linux; Android 6.0.1; Nexus 5X Build/MMB29P) AppleWebKit/537.36 (KHTML, like Gecko) Chrome/137.0.7151.103 Mobile Safari/537.36 (compatible; GoogleOther)"
66.249.72.161 - - [13/Jul/2025:08:17:29 -0400] "GET /?n=41601176409603&channel=b86c0f&from=news.php%3Fid%3D1764096-235%26name%3Dpopochan%E6%A7%98%E5%B0%82%E7%94%A8+DANTON+%E3%83%95%E3%83%BC%E3%83%89%E4%BB%98%E3%81%8D%E3%82%BF%E3%83%83%E3%82%B5%E3%83%BC+%E3%82%B7%E3%83%A7%E3%83%BC%E3%83%88%E3%83%80%E3%82%A6%E3%83%B3 HTTP/1.1" 200 1523 "-" "Mozilla/5.0 (Linux; Android 6.0.1; Nexus 5X Build/MMB29P) AppleWebKit/537.36 (KHTML, like Gecko) Chrome/137.0.7151.119 Mobile Safari/537.36 (compatible; Googlebot/2.1; +http://www.google.com/bot.html)"
66.249.72.161 - - [13/Jul/2025:08:17:29 -0400] "GET /?n=0064192331803&channel=35d446&from=pin.php%3Fid%3D923318-989%26name%3D%E3%81%93%E3%82%8C%E3%81%8B%E3%82%89%E3%81%AE%E5%AD%A3%E7%AF%80%E3%81%AB%21+%E3%82%AD%E3%83%A3%E3%83%AD%E3%82%A6%E3%82%A7%E3%82%A4+%E3%82%A6%E3%82%A4%E3%83%B3%E3%83%89%E3%82%A6%E3%83%96%E3%83%AC%E3%83%BC%E3%82%AB%E3%83%BC+%E3%82%B5%E3%82%A4%E3%82%BAL++%E3%83%96%E3%83%A9%E3%83%83%E3%82%AF HTTP/1.1" 200 1523 "-" "Mozilla/5.0 (Linux; Android 6.0.1; Nexus 5X Build/MMB29P) AppleWebKit/537.36 (KHTML, like Gecko) Chrome/137.0.7151.103 Mobile Safari/537.36 (compatible; GoogleOther)"
66.249.72.161 - - [13/Jul/2025:08:17:30 -0400] "GET /?n=9416283945705&channel=a2c830&from=category-info.php%3Fid%3D839457-479%26name%3D%E3%82%B5%E3%83%B3%E3%83%88%E3%83%BC%E3%83%8B+%E3%83%80%E3%83%96%E3%83%AB%E3%83%A2%E3%83%B3%E3%82%AF+%E9%9D%B4 HTTP/1.1" 200 1523 "-" "Mozilla/5.0 (Linux; Android 6.0.1; Nexus 5X Build/MMB29P) AppleWebKit/537.36 (KHTML, like Gecko) Chrome/137.0.7151.103 Mobile Safari/537.36 (compatible; GoogleOther)"
66.249.72.161 - - [13/Jul/2025:08:17:25 -0400] "GET /?n=98051194918403&channel=b90808&from=goods.php%3Fid%3D1949184-1351%26name%3DRP5+%E3%82%B9%E3%83%86%E3%83%83%E3%83%97%E3%83%AF%E3%82%B4%E3%83%B3%E3%82%B9%E3%83%91%E3%83%BC%E3%83%80+%E5%B7%A6%E3%83%98%E3%83%83%E3%83%89%E3%83%A9%E3%82%A4%E3%83%88+LED+100-62282+%E7%B4%94%E6%AD%A3 HTTP/1.1" 200 1523 "-" "Mozilla/5.0 (Linux; Android 6.0.1; Nexus 5X Build/MMB29P) AppleWebKit/537.36 (KHTML, like Gecko) Chrome/137.0.7151.103 Mobile Safari/537.36 (compatible; Googlebot/2.1; +http://www.google.com/bot.html)"
66.249.72.161 - - [13/Jul/2025:08:17:27 -0400] "GET /?n=44339131917001&channel=aaca3d&from=pin.php%3Fid%3D1319170-432%26name%3D%E3%83%86%E3%82%A3%E3%83%B3%E3%83%90%E3%83%BC%E3%83%A9%E3%83%B3%E3%83%89%E2%99%A1%E3%83%96%E3%83%BC%E3%83%84 HTTP/1.1" 200 1523 "-" "Mozilla/5.0 (Linux; Android 6.0.1; Nexus 5X Build/MMB29P) AppleWebKit/537.36 (KHTML, like Gecko) Chrome/137.0.7151.103 Mobile Safari/537.36 (compatible; GoogleOther)"
20.171.207.69 - - [13/Jul/2025:08:17:30 -0400] "GET /wp-includes/images/admin-bar-sprite-2x.png HTTP/1.1" 200 3999 "-" "Mozilla/5.0 AppleWebKit/537.36 (KHTML, like Gecko; compatible; GPTBot/1.2; +https://openai.com/gptbot)"
66.249.72.161 - - [13/Jul/2025:08:17:34 -0400] "GET /?n=0788768899801&channel=aaca3d&from=news.php%3Fid%3D688998-432%26name%3DKidsLoveGaite+%C3%97+TheOldCuriosityShop HTTP/1.1" 200 1523 "-" "Mozilla/5.0 (Linux; Android 6.0.1; Nexus 5X Build/MMB29P) AppleWebKit/537.36 (KHTML, like Gecko) Chrome/137.0.7151.103 Mobile Safari/537.36 (compatible; GoogleOther)"
66.249.72.161 - - [13/Jul/2025:08:17:35 -0400] "GET /?n=13278108417700&channel=c5ab9f&from=blog.php%3Fid%3D1084177-2614%26name%3D%E3%83%9E%E3%82%A4%E3%83%9F%E6%A7%98%E5%B0%82%E7%94%A8%E2%9D%97%E2%9C%A830%E4%BD%93%E3%82%BB%E3%83%83%E3%83%88%E2%9C%A8%E4%B8%8D%E4%BA%8C%E5%AE%B6+%E3%83%9A%E3%82%B3%E3%81%A1%E3%82%83%E3%82%93%E4%BA%BA%E5%BD%A2 HTTP/1.1" 200 1523 "-" "Mozilla/5.0 (Linux; Android 6.0.1; Nexus 5X Build/MMB29P) AppleWebKit/537.36 (KHTML, like Gecko) Chrome/137.0.7151.103 Mobile Safari/537.36 (compatible; GoogleOther)"
66.249.72.161 - - [13/Jul/2025:08:17:38 -0400] "GET /?n=86770104669603&channel=fcc5df&from=article.php%3Fid%3D1046696-172%26name%3DiPhone+12+mini+128GB+SIM%E3%83%95%E3%83%AA%E3%83%BC%E3%80%80%E3%83%9B%E3%83%AF%E3%82%A4%E3%83%88 HTTP/1.1" 200 1523 "-" "Mozilla/5.0 (Linux; Android 6.0.1; Nexus 5X Build/MMB29P) AppleWebKit/537.36 (KHTML, like Gecko) Chrome/137.0.7151.103 Mobile Safari/537.36 (compatible; Googlebot/2.1; +http://www.google.com/bot.html)"
66.249.72.161 - - [13/Jul/2025:08:17:38 -0400] "GET /?n=51772182631303&channel=a6f6de&from=shared.php%3Fid%3D1826313-7335%26name%3D15841610+%E3%83%98%E3%83%83%E3%83%89%E3%83%A9%E3%82%A4%E3%83%88%E9%85%8D%E7%B7%9A%E3%83%8F%E3%83%BC%E3%83%8D%E3%82%B9+GMC+Sierra+1500+2007-2013+2500HD+3500HD+%E5%AF%BE%E5%BF%9C HTTP/1.1" 200 1523 "-" "Mozilla/5.0 (Linux; Android 6.0.1; Nexus 5X Build/MMB29P) AppleWebKit/537.36 (KHTML, like Gecko) Chrome/137.0.7151.103 Mobile Safari/537.36 (compatible; Googlebot/2.1; +http://www.google.com/bot.html)"
20.171.207.69 - - [13/Jul/2025:08:17:39 -0400] "GET /wp-includes/images/uploader-icons-2x.png HTTP/1.1" 200 3542 "-" "Mozilla/5.0 AppleWebKit/537.36 (KHTML, like Gecko; compatible; GPTBot/1.2; +https://openai.com/gptbot)"
66.249.72.161 - - [13/Jul/2025:08:17:40 -0400] "GET /?n=14044157312501&channel=46c7e3&from=pin.php%3Fid%3D1573125-365%26name%3D%E3%80%90%E5%80%A4%E4%B8%8B%E3%81%92%E3%80%91Supreme+Stone+Island+%E3%82%B9%E3%82%A6%E3%82%A7%E3%83%83%E3%83%88+S HTTP/1.1" 200 1523 "-" "Mozilla/5.0 (Linux; Android 6.0.1; Nexus 5X Build/MMB29P) AppleWebKit/537.36 (KHTML, like Gecko) Chrome/137.0.7151.103 Mobile Safari/537.36 (compatible; GoogleOther)"
20.171.207.69 - - [13/Jul/2025:08:17:32 -0400] "GET /wp-includes/images/arrow-pointer-blue.png HTTP/1.1" 200 793 "-" "Mozilla/5.0 AppleWebKit/537.36 (KHTML, like Gecko; compatible; GPTBot/1.2; +https://openai.com/gptbot)"
66.249.72.161 - - [13/Jul/2025:08:17:32 -0400] "GET /?n=40878126861905&channel=60169a&from=goods.php%3Fid%3D1268619-1167%26name%3D%E5%AE%B6%E5%BA%AD%E7%94%A8%E6%94%B9%E9%80%A0%E6%B8%88%E3%81%BF%E3%82%B9%E3%83%AD%E3%83%83%E3%83%88%E5%AE%9F%E6%A9%9F%E3%80%80S%E3%83%91%E3%83%81%E3%82%B9%E3%83%AD%E3%81%B2%E3%81%90%E3%82%89%E3%81%97%E3%81%AE%E3%81%AA%E3%81%8F%E9%A0%83%E3%81%AB%E7%A5%AD2PX%E3%80%80%E9%80%81%E6%96%99%E8%BE%BC%E3%81%BF HTTP/1.1" 200 1523 "-" "Mozilla/5.0 (Linux; Android 6.0.1; Nexus 5X Build/MMB29P) AppleWebKit/537.36 (KHTML, like Gecko) Chrome/137.0.7151.103 Mobile Safari/537.36 (compatible; GoogleOther)"
20.171.207.69 - - [13/Jul/2025:08:17:34 -0400] "GET /wp-includes/images/arrow-pointer-blue-2x.png HTTP/1.1" 200 1666 "-" "Mozilla/5.0 AppleWebKit/537.36 (KHTML, like Gecko; compatible; GPTBot/1.2; +https://openai.com/gptbot)"
66.249.72.161 - - [13/Jul/2025:08:17:37 -0400] "GET /?n=26026153244201&channel=d426d5&from=blog.php%3Fid%3D1532442-77%26name%3DNIKE+CLASSIC+CORTEZ+x+Stranger+Things HTTP/1.1" 200 1523 "-" "Mozilla/5.0 (Linux; Android 6.0.1; Nexus 5X Build/MMB29P) AppleWebKit/537.36 (KHTML, like Gecko) Chrome/137.0.7151.103 Mobile Safari/537.36 (compatible; GoogleOther)"
66.249.72.161 - - [13/Jul/2025:08:17:39 -0400] "GET /?n=8460738233801&channel=ae8f69&from=pin.php%3Fid%3D382338-1913%26name%3D%E3%80%90M1996-162-120%E3%80%91%E3%83%91%E3%82%BD%E3%82%B3%E3%83%B3%E3%83%87%E3%82%B9%E3%82%AF+l%E5%AD%97%E3%83%87%E3%82%B9%E3%82%AF+%E5%B9%85110cm HTTP/1.1" 200 1523 "-" "Mozilla/5.0 (Linux; Android 6.0.1; Nexus 5X Build/MMB29P) AppleWebKit/537.36 (KHTML, like Gecko) Chrome/137.0.7151.103 Mobile Safari/537.36 (compatible; GoogleOther)"
20.171.207.69 - - [13/Jul/2025:08:17:40 -0400] "GET /wp-includes/images/uploader-icons.png HTTP/1.1" 200 1556 "-" "Mozilla/5.0 AppleWebKit/537.36 (KHTML, like Gecko; compatible; GPTBot/1.2; +https://openai.com/gptbot)"
20.171.207.69 - - [13/Jul/2025:08:17:42 -0400] "GET /wp-includes/images/rss-2x.png HTTP/1.1" 200 1306 "-" "Mozilla/5.0 AppleWebKit/537.36 (KHTML, like Gecko; compatible; GPTBot/1.2; +https://openai.com/gptbot)"
20.171.207.69 - - [13/Jul/2025:08:17:44 -0400] "GET /wp-includes/images/xit-2x.gif HTTP/1.1" 200 825 "-" "Mozilla/5.0 AppleWebKit/537.36 (KHTML, like Gecko; compatible; GPTBot/1.2; +https://openai.com/gptbot)"
66.249.72.161 - - [13/Jul/2025:08:17:45 -0400] "GET /?n=7251328362300&channel=8c8a88&from=form.php%3Fid%3D283623-685%26name%3D21SS+Supreme+Cargo+Flight+Pant+34+%E9%BB%92 HTTP/1.1" 200 1523 "-" "Mozilla/5.0 (Linux; Android 6.0.1; Nexus 5X Build/MMB29P) AppleWebKit/537.36 (KHTML, like Gecko) Chrome/137.0.7151.103 Mobile Safari/537.36 (compatible; GoogleOther)"
66.249.72.161 - - [13/Jul/2025:08:17:46 -0400] "GET /?n=89030123187501&channel=373f5d&from=pin.php%3Fid%3D1231875-2179%26name%3D%E4%B8%B9%E5%BE%8C%E3%81%AE%E8%97%A4%E5%B8%83%E3%80%80%E9%81%8A%E7%B5%B2%E8%88%8E%E3%80%80%E8%A2%8B%E5%90%8D%E5%8F%A4%E5%B1%8B%E5%B8%AF%E3%80%80%E4%BA%AC%E8%A2%8B%E5%B8%AF%E3%80%80%E8%87%AA%E7%84%B6%E5%B8%83 HTTP/1.1" 200 1523 "-" "Mozilla/5.0 (Linux; Android 6.0.1; Nexus 5X Build/MMB29P) AppleWebKit/537.36 (KHTML, like Gecko) Chrome/137.0.7151.103 Mobile Safari/537.36 (compatible; GoogleOther)"
66.249.72.161 - - [13/Jul/2025:08:17:47 -0400] "GET /?n=71291184433405&channel=96e53d&from=blog.php%3Fid%3D1844334-42%26name%3D%E3%80%90PSA10%E3%80%91%E3%82%B2%E3%83%83%E3%82%B3%E3%82%A6%E3%82%ACex+SAR+SV5a+090%2F066+Greninja HTTP/1.1" 200 1523 "-" "Mozilla/5.0 (Linux; Android 6.0.1; Nexus 5X Build/MMB29P) AppleWebKit/537.36 (KHTML, like Gecko) Chrome/137.0.7151.103 Mobile Safari/537.36 (compatible; GoogleOther)"
66.249.72.161 - - [13/Jul/2025:08:17:42 -0400] "GET /?n=65928200266901&channel=aaca3d&from=info.php%3Fid%3D2002669-432%26name%3Dhisatomo1941+%E6%A7%98%E5%B0%82%E7%94%A8%E3%81%A7%E3%81%99%E3%80%82 HTTP/1.1" 200 1523 "-" "Mozilla/5.0 (Linux; Android 6.0.1; Nexus 5X Build/MMB29P) AppleWebKit/537.36 (KHTML, like Gecko) Chrome/137.0.7151.103 Mobile Safari/537.36 (compatible; GoogleOther)"
66.249.72.161 - - [13/Jul/2025:08:17:48 -0400] "GET /?n=8132586652002&channel=aeede3&from=info.php%3Fid%3D866520-422%26name%3DTASCAM%E3%80%80DR-40 HTTP/1.1" 200 1523 "-" "Mozilla/5.0 (Linux; Android 6.0.1; Nexus 5X Build/MMB29P) AppleWebKit/537.36 (KHTML, like Gecko) Chrome/137.0.7151.103 Mobile Safari/537.36 (compatible; GoogleOther)"
66.249.72.161 - - [13/Jul/2025:08:17:50 -0400] "GET /?n=09227117772800&channel=a03b37&from=goods.php%3Fid%3D1177728-664%26name%3D%E5%A3%81%E6%8E%9B%E3%81%91+%E3%83%80%E3%83%AB%E3%83%9E+%E9%81%94%E7%A3%A8 HTTP/1.1" 200 1523 "-" "Mozilla/5.0 (Linux; Android 6.0.1; Nexus 5X Build/MMB29P) AppleWebKit/537.36 (KHTML, like Gecko) Chrome/137.0.7151.103 Mobile Safari/537.36 (compatible; Googlebot/2.1; +http://www.google.com/bot.html)"
20.171.207.69 - - [13/Jul/2025:08:17:51 -0400] "GET /wp-includes/images/down_arrow-2x.gif HTTP/1.1" 200 84 "-" "Mozilla/5.0 AppleWebKit/537.36 (KHTML, like Gecko; compatible; GPTBot/1.2; +https://openai.com/gptbot)"
66.249.72.161 - - [13/Jul/2025:08:17:53 -0400] "GET /?n=95220133498105&channel=aaca3d&from=blog.php%3Fid%3D1334981-432%26name%3D%E6%96%B0%E5%93%81%E3%80%81%E6%9C%AA%E4%BD%BF%E7%94%A8%E3%80%80RED+WING++2933++25.0cm HTTP/1.1" 200 1523 "-" "Mozilla/5.0 (Linux; Android 6.0.1; Nexus 5X Build/MMB29P) AppleWebKit/537.36 (KHTML, like Gecko) Chrome/137.0.7151.103 Mobile Safari/537.36 (compatible; GoogleOther)"
66.249.72.161 - - [13/Jul/2025:08:17:55 -0400] "GET /?n=71709115195101&channel=69144e&from=pin.php%3Fid%3D1151951-222%26name%3DBTS+%E9%98%B2%E5%BC%BE%E5%B0%91%E5%B9%B4%E5%9B%A3+%E9%9D%9E%E5%A3%B2%E5%93%81+%E3%82%BF%E3%83%AF%E3%83%AC%E3%82%B3%E9%99%90%E5%AE%9A+%E3%83%A1%E3%82%A4%E3%82%AD%E3%83%B3%E3%82%B0DVD+5%E6%9E%9A%E3%82%BB%E3%83%83%E3%83%88%28%E6%9C%AA%E5%86%8D%E7%94%9F%29 HTTP/1.1" 200 1523 "-" "Mozilla/5.0 (Linux; Android 6.0.1; Nexus 5X Build/MMB29P) AppleWebKit/537.36 (KHTML, like Gecko) Chrome/137.0.7151.103 Mobile Safari/537.36 (compatible; GoogleOther)"
66.249.72.161 - - [13/Jul/2025:08:17:57 -0400] "GET /?n=2791298580003&channel=d426d5&from=category-info.php%3Fid%3D985800-77%26name%3D%E6%9C%AC%E6%97%A5%E9%99%90%E5%AE%9A%E5%80%A4%E4%B8%8B%E3%81%92+NIKE+AIR+JORDAN+4 HTTP/1.1" 200 1523 "-" "Mozilla/5.0 (Linux; Android 6.0.1; Nexus 5X Build/MMB29P) AppleWebKit/537.36 (KHTML, like Gecko) Chrome/137.0.7151.103 Mobile Safari/537.36 (compatible; GoogleOther)"
66.249.72.161 - - [13/Jul/2025:08:17:58 -0400] "GET /?n=87999113680500&channel=ce0566&from=info.php%3Fid%3D1136805-665%26name%3DATTACHMENT+%E3%82%A2%E3%82%BF%E3%83%83%E3%83%81%E3%83%A1%E3%83%B3%E3%83%88+%E9%B9%BF%E9%9D%A9+%E3%83%87%E3%82%A3%E3%82%A2%E3%82%B9%E3%82%AD%E3%83%B3%E3%83%AC%E3%82%B6%E3%83%BC%E3%83%80%E3%82%A6%E3%83%B3%E3%83%99%E3%82%B9%E3%83%88 HTTP/1.1" 200 1523 "-" "Mozilla/5.0 (Linux; Android 6.0.1; Nexus 5X Build/MMB29P) AppleWebKit/537.36 (KHTML, like Gecko) Chrome/137.0.7151.103 Mobile Safari/537.36 (compatible; GoogleOther)"
66.249.72.162 - - [13/Jul/2025:08:18:01 -0400] "GET /?n=7908247792408&channel=6d8041&from=category-info.php%3Fid%3D477924-321%26name%3D%E3%80%90%E7%BE%8E%E5%93%81%E3%80%91%E3%83%AD%E3%83%B3%E3%82%B7%E3%83%A3%E3%83%B3+%E3%83%AD%E3%82%BE+%E3%83%88%E3%83%BC%E3%83%88%E3%83%90%E3%83%83%E3%82%B0+%E3%83%95%E3%83%A9%E3%83%B3%E3%82%B9%E8%A3%BD+%E3%82%B7%E3%83%AB%E3%83%90%E3%83%BC%E9%87%91%E5%85%B7+%E3%83%AC%E3%82%B6%E3%83%BC+A4%E5%8F%AF HTTP/1.1" 200 1523 "-" "Mozilla/5.0 (Linux; Android 6.0.1; Nexus 5X Build/MMB29P) AppleWebKit/537.36 (KHTML, like Gecko) Chrome/137.0.7151.103 Mobile Safari/537.36 (compatible; GoogleOther)"
66.249.72.161 - - [13/Jul/2025:08:17:49 -0400] "GET /?n=42342109605100&channel=0e5c4d&from=shop.php%3Fid%3D1096051-149%26name%3Dyoshie+inaba+%E9%AB%98%E5%93%81%E8%B3%AA%E3%83%9F%E3%83%B3%E3%82%AF%E3%83%95%E3%82%A1%E3%83%BC%E5%B7%BB%E7%89%A9%E3%83%9E%E3%83%95%E3%83%A9%E3%83%BC%E6%96%B0%E5%93%81%E6%9C%AA%E4%BD%BF%E7%94%A8%E4%B8%89%E8%B6%8A%E4%BC%8A%E5%8B%A2%E4%B8%B9%E8%B3%BC%E5%85%A5 HTTP/1.1" 200 1523 "-" "Mozilla/5.0 (Linux; Android 6.0.1; Nexus 5X Build/MMB29P) AppleWebKit/537.36 (KHTML, like Gecko) Chrome/137.0.7151.103 Mobile Safari/537.36 (compatible; Googlebot/2.1; +http://www.google.com/bot.html)"
66.249.72.161 - - [13/Jul/2025:08:17:50 -0400] "GET /?n=80929185977100&channel=d426d5&from=article.php%3Fid%3D1859771-77%26name%3DNIKE+%C3%97+sacai+AIR+ZOOM+CORTEZ+SP+29cm HTTP/1.1" 200 1523 "-" "Mozilla/5.0 (Linux; Android 6.0.1; Nexus 5X Build/MMB29P) AppleWebKit/537.36 (KHTML, like Gecko) Chrome/137.0.7151.103 Mobile Safari/537.36 (compatible; GoogleOther)"
66.249.72.161 - - [13/Jul/2025:08:17:52 -0400] "GET /?n=99373164788000&channel=8dec0b&from=category-info.php%3Fid%3D1647880-117%26name%3D%E3%80%90%E3%83%86%E3%82%A3%E3%83%83%E3%83%97%E6%A7%98%E5%B0%82%E7%94%A8%E3%80%91%E3%80%90%E7%BE%8E%E5%93%81%E3%80%91Macbook+%E3%83%9E%E3%83%83%E3%82%AF+12inch HTTP/1.1" 200 1523 "-" "Mozilla/5.0 (Linux; Android 6.0.1; Nexus 5X Build/MMB29P) AppleWebKit/537.36 (KHTML, like Gecko) Chrome/137.0.7151.103 Mobile Safari/537.36 (compatible; GoogleOther)"
66.249.72.161 - - [13/Jul/2025:08:17:52 -0400] "GET /?n=10746198392503&channel=d426d5&from=shared.php%3Fid%3D1983925-77%26name%3Dmg%E6%A7%98%E5%B0%82%E7%94%A8 HTTP/1.1" 200 1523 "-" "Mozilla/5.0 (Linux; Android 6.0.1; Nexus 5X Build/MMB29P) AppleWebKit/537.36 (KHTML, like Gecko) Chrome/137.0.7151.103 Mobile Safari/537.36 (compatible; Googlebot/2.1; +http://www.google.com/bot.html)"
20.171.207.69 - - [13/Jul/2025:08:17:54 -0400] "GET /wp-includes/certificates/ca-bundle.crt HTTP/1.1" 200 236599 "-" "Mozilla/5.0 AppleWebKit/537.36 (KHTML, like Gecko; compatible; GPTBot/1.2; +https://openai.com/gptbot)"
66.249.72.161 - - [13/Jul/2025:08:17:59 -0400] "GET /?n=9498936145500&channel=740872&from=blog.php%3Fid%3D361455-3884%26name%3D%E8%BB%8A%E7%94%A8%E3%82%A8%E3%82%A2%E3%82%B3%E3%83%B3%E8%AA%BF%E6%95%B4%E3%82%B9%E3%82%A4%E3%83%83%E3%83%81%E3%83%9C%E3%82%BF%E3%83%B3+1607567780+Compatible+With+Peugeot+For+308+2012+20 HTTP/1.1" 200 1523 "-" "Mozilla/5.0 (Linux; Android 6.0.1; Nexus 5X Build/MMB29P) AppleWebKit/537.36 (KHTML, like Gecko) Chrome/137.0.7151.119 Mobile Safari/537.36 (compatible; Googlebot/2.1; +http://www.google.com/bot.html)"
20.171.207.69 - - [13/Jul/2025:08:17:59 -0400] "GET /wp-includes/class-wp-exception.php HTTP/1.1" 403 1242 "-" "Mozilla/5.0 AppleWebKit/537.36 (KHTML, like Gecko; compatible; GPTBot/1.2; +https://openai.com/gptbot)"
66.249.72.163 - - [13/Jul/2025:08:18:01 -0400] "GET /?n=0382874943303&channel=d426d5&from=news.php%3Fid%3D749433-77%26name%3DNIKE+AIR+%E3%83%A2%E3%82%A2%E3%83%86%E3%83%B3 HTTP/1.1" 200 1523 "-" "Mozilla/5.0 (Linux; Android 6.0.1; Nexus 5X Build/MMB29P) AppleWebKit/537.36 (KHTML, like Gecko) Chrome/137.0.7151.119 Mobile Safari/537.36 (compatible; Googlebot/2.1; +http://www.google.com/bot.html)"
66.249.72.163 - - [13/Jul/2025:08:18:02 -0400] "GET /?n=29030136323108&channel=a9931f&from=info.php%3Fid%3D1363231-1431%26name%3D%E3%82%A8%E3%83%97%E3%82%BD%E3%83%B3+EPSON+PX-1004%E3%80%80A3+%E3%83%97%E3%83%AA%E3%83%B3%E3%82%BF%E3%83%BC+USB%E3%82%B1%E3%83%BC%E3%83%96%E3%83%AB%E3%80%81%E3%82%A4%E3%83%B3%E3%82%AF%E4%BB%98 HTTP/1.1" 200 1523 "-" "Mozilla/5.0 (Linux; Android 6.0.1; Nexus 5X Build/MMB29P) AppleWebKit/537.36 (KHTML, like Gecko) Chrome/137.0.7151.103 Mobile Safari/537.36 (compatible; GoogleOther)"