66.249.72.161 - - [13/Jul/2025:08:07:19 -0400] "GET /?n=01702190284600&channel=8ff1fd&from=jp.php%3Fid%3D1902846-1017%26name%3DDVD++%E3%81%B2%E3%81%96%E3%81%AE%E7%97%9B%E3%81%BF%E3%80%801%E5%88%86%E9%80%9F%E6%94%BB%E3%80%8C%E5%AF%9D%E3%82%8B%E3%81%A0%E3%81%91%E3%80%81%E3%81%BB%E3%81%A3%E3%81%9F%E3%82%89%E3%81%8B%E3%81%97%E3%80%8D HTTP/1.1" 200 1523 "-" "Mozilla/5.0 (Linux; Android 6.0.1; Nexus 5X Build/MMB29P) AppleWebKit/537.36 (KHTML, like Gecko) Chrome/137.0.7151.103 Mobile Safari/537.36 (compatible; GoogleOther)"
66.249.72.161 - - [13/Jul/2025:08:07:20 -0400] "GET /?n=9336038257102&channel=a2c830&from=pin.php%3Fid%3D382571-479%26name%3D%E3%83%96%E3%83%AB%E3%83%83%E3%82%AF%E3%82%B9%E3%83%96%E3%83%A9%E3%82%B6%E3%83%BC%E3%82%BA+%EF%BC%B5%E3%83%81%E3%83%83%E3%83%97+%E3%83%89%E3%83%BC%E3%83%90%E3%83%BC%E9%A2%A8 HTTP/1.1" 200 1523 "-" "Mozilla/5.0 (Linux; Android 6.0.1; Nexus 5X Build/MMB29P) AppleWebKit/537.36 (KHTML, like Gecko) Chrome/137.0.7151.103 Mobile Safari/537.36 (compatible; GoogleOther)"
216.73.216.162 - - [13/Jul/2025:08:07:25 -0400] "GET /new/wp-includes/style-engine/?location=%2Fhome%2Finteuuod%2Fpublic_html%2Fwp-includes%2Fblocks%2Fmore HTTP/1.1" 200 3509 "-" "Mozilla/5.0 AppleWebKit/537.36 (KHTML, like Gecko; compatible; ClaudeBot/1.0; +claudebot@anthropic.com)"
216.73.216.162 - - [13/Jul/2025:08:07:25 -0400] "GET /new/wp-includes/style-engine/index.php?location=%2Fhome%2Finteuuod%2Fpublic_html%2Fnew%2Fwp-includes%2Fblocks%2Fgallery%2F HTTP/1.1" 200 3711 "-" "Mozilla/5.0 AppleWebKit/537.36 (KHTML, like Gecko; compatible; ClaudeBot/1.0; +claudebot@anthropic.com)"
66.249.72.161 - - [13/Jul/2025:08:07:12 -0400] "GET /?n=08751109058300&channel=9dcc03&from=category-info.php%3Fid%3D1090583-974%26name%3D%E3%83%A6%E3%83%BC%E3%82%AD%E3%83%A3%E3%83%B3+%E3%83%94%E3%83%B3%E3%82%BA%E3%83%A9%E3%83%BC+%E3%82%A2%E3%83%A1%E3%83%AA%E3%82%AB%E3%83%B3+%E3%82%A4%E3%83%B3%E3%82%B0%E3%83%AA%E3%83%83%E3%82%B7%E3%83%A5+5+Pimsleur HTTP/1.1" 200 1523 "-" "Mozilla/5.0 (Linux; Android 6.0.1; Nexus 5X Build/MMB29P) AppleWebKit/537.36 (KHTML, like Gecko) Chrome/137.0.7151.103 Mobile Safari/537.36 (compatible; GoogleOther)"
66.249.72.161 - - [13/Jul/2025:08:07:14 -0400] "GET /?n=07810120958600&channel=7e31ef&from=brands.php%3Fid%3D1209586-2573%26name%3D%E3%80%90%E5%AE%9A%E4%BE%A111%2C500%E5%86%86%E3%80%91%E3%83%A2%E3%83%8A%E3%83%AB%E3%82%B7%E3%83%BC%E3%83%80+NEO+II+PRO+26.5 HTTP/1.1" 200 1523 "-" "Mozilla/5.0 (Linux; Android 6.0.1; Nexus 5X Build/MMB29P) AppleWebKit/537.36 (KHTML, like Gecko) Chrome/137.0.7151.103 Mobile Safari/537.36 (compatible; Googlebot/2.1; +http://www.google.com/bot.html)"
66.249.72.161 - - [13/Jul/2025:08:07:15 -0400] "GET /?n=9085760096301&channel=f90763&from=category-info.php%3Fid%3D600963-2150%26name%3D%E3%80%90%E9%9D%9E%E5%A3%B2%E5%93%81%E3%80%91%E3%83%89%E3%83%A9%E3%82%B4%E3%83%B3%E3%83%9C%E3%83%BC%E3%83%AB%E5%8A%87%E5%A0%B4%E8%B2%A9%E4%BF%83%E3%83%9D%E3%82%B9%E3%82%BF%E3%83%BC HTTP/1.1" 200 1523 "-" "Mozilla/5.0 (Linux; Android 6.0.1; Nexus 5X Build/MMB29P) AppleWebKit/537.36 (KHTML, like Gecko) Chrome/137.0.7151.103 Mobile Safari/537.36 (compatible; GoogleOther)"
66.249.72.161 - - [13/Jul/2025:08:07:16 -0400] "GET /?n=71031162918408&channel=f6c65b&from=goods.php%3Fid%3D1629184-738%26name%3DCOMOLI+21SS+%E3%83%95%E3%83%AC%E3%83%B3%E3%83%81%E3%83%96%E3%83%AB%E3%83%BC+%E3%82%BB%E3%83%83%E3%83%88%E3%82%A2%E3%83%83%E3%83%97 HTTP/1.1" 200 1523 "-" "Mozilla/5.0 (Linux; Android 6.0.1; Nexus 5X Build/MMB29P) AppleWebKit/537.36 (KHTML, like Gecko) Chrome/137.0.7151.103 Mobile Safari/537.36 (compatible; Googlebot/2.1; +http://www.google.com/bot.html)"
66.249.72.161 - - [13/Jul/2025:08:07:21 -0400] "GET /?n=1902933607400&channel=d426d5&from=shared.php%3Fid%3D336074-77%26name%3D%E6%96%B0%E5%93%81+adidas+%E3%82%A2%E3%83%87%E3%82%A3%E3%83%80%E3%82%B9+SAMBA+ADV+%E3%82%B5%E3%83%B3%E3%83%90+US11+29 HTTP/1.1" 200 1523 "-" "Mozilla/5.0 (Linux; Android 6.0.1; Nexus 5X Build/MMB29P) AppleWebKit/537.36 (KHTML, like Gecko) Chrome/137.0.7151.103 Mobile Safari/537.36 (compatible; GoogleOther)"
66.249.72.161 - - [13/Jul/2025:08:07:25 -0400] "GET /?n=20717121908301&channel=d6de89&from=pin.php%3Fid%3D1219083-1979%26name%3Dmeikotan%E6%A7%98%E5%B0%82%E7%94%A8%E3%83%9A%E3%83%BC%E3%82%B8%E2%99%A1 HTTP/1.1" 200 1523 "-" "Mozilla/5.0 (Linux; Android 6.0.1; Nexus 5X Build/MMB29P) AppleWebKit/537.36 (KHTML, like Gecko) Chrome/137.0.7151.103 Mobile Safari/537.36 (compatible; GoogleOther)"
216.73.216.162 - - [13/Jul/2025:08:07:25 -0400] "GET /new/wp-includes/style-engine/index.php?location=%2Fhome%2Finteuuod%2Fpublic_html%2Fnew%2Fwp-includes%2Fblocks%2Fpost-author-name%2F HTTP/1.1" 200 3513 "-" "Mozilla/5.0 AppleWebKit/537.36 (KHTML, like Gecko; compatible; ClaudeBot/1.0; +claudebot@anthropic.com)"
216.73.216.162 - - [13/Jul/2025:08:07:25 -0400] "GET /new/wp-includes/style-engine/?location=%2Fhome%2Finteuuod%2Fpublic_html%2F1663847279691%2Fwp-content%2Fmu-plugins HTTP/1.1" 200 3408 "-" "Mozilla/5.0 AppleWebKit/537.36 (KHTML, like Gecko; compatible; ClaudeBot/1.0; +claudebot@anthropic.com)"
216.73.216.162 - - [13/Jul/2025:08:07:25 -0400] "GET /new/wp-includes/style-engine/?full_path=%2Fhome%2Finteuuod%2Fpublic_html%2Fnew%2Fwp-includes%2Fblocks%2Fquery-pagination-next&location=%2F HTTP/1.1" 200 3890 "-" "Mozilla/5.0 AppleWebKit/537.36 (KHTML, like Gecko; compatible; ClaudeBot/1.0; +claudebot@anthropic.com)"
216.73.216.162 - - [13/Jul/2025:08:07:25 -0400] "GET /new/wp-includes/style-engine/index.php?file_location=%2Fusr%2Fbin%2F%2Fc++&location=%2Fusr%2Fbin%2F HTTP/1.1" 200 18502 "-" "Mozilla/5.0 AppleWebKit/537.36 (KHTML, like Gecko; compatible; ClaudeBot/1.0; +claudebot@anthropic.com)"
216.73.216.162 - - [13/Jul/2025:08:07:25 -0400] "GET /new/wp-includes/style-engine/?full_path=%2Fhome%2Finteuuod%2Fpublic_html%2Fwp-content%2Fwptouch-data&location=%2F HTTP/1.1" 200 3848 "-" "Mozilla/5.0 AppleWebKit/537.36 (KHTML, like Gecko; compatible; ClaudeBot/1.0; +claudebot@anthropic.com)"
216.73.216.162 - - [13/Jul/2025:08:07:25 -0400] "GET /new/wp-includes/style-engine/?location=%2Fhome%2Finteuuod%2Fpublic_html%2F1663847279691%2Fwp-includes%2FSimplePie HTTP/1.1" 200 3484 "-" "Mozilla/5.0 AppleWebKit/537.36 (KHTML, like Gecko; compatible; ClaudeBot/1.0; +claudebot@anthropic.com)"
216.73.216.162 - - [13/Jul/2025:08:07:25 -0400] "GET /new/wp-includes/style-engine/index.php?file_location=%2Fusr%2Fsbin%2F%2Fdnssec-verify&location=%2Fusr%2Fsbin%2F HTTP/1.1" 200 4990 "-" "Mozilla/5.0 AppleWebKit/537.36 (KHTML, like Gecko; compatible; ClaudeBot/1.0; +claudebot@anthropic.com)"
216.73.216.162 - - [13/Jul/2025:08:07:25 -0400] "GET /new/wp-includes/style-engine/?file_location=%2Fhome%2Finteuuod%2Fpublic_html%2Fnew%2Fwp-includes%2Fblocks%2Fsocial-link%2F%2Fblock.json&location=%2Fhome%2Finteuuod%2Fpublic_html%2Fnew%2Fwp-includes%2Fblocks%2Fsocial-link%2F HTTP/1.1" 200 3913 "-" "Mozilla/5.0 AppleWebKit/537.36 (KHTML, like Gecko; compatible; ClaudeBot/1.0; +claudebot@anthropic.com)"
216.73.216.162 - - [13/Jul/2025:08:07:25 -0400] "GET /new/wp-includes/style-engine/?full_path=%2Fhome%2Finteuuod%2Fpublic_html%2Fnew%2Fwp-includes%2Fblocks%2Fnavigation&location=%2F HTTP/1.1" 200 3861 "-" "Mozilla/5.0 AppleWebKit/537.36 (KHTML, like Gecko; compatible; ClaudeBot/1.0; +claudebot@anthropic.com)"
216.73.216.162 - - [13/Jul/2025:08:07:25 -0400] "GET /new/wp-includes/style-engine/index.php?file_location=%2Fhome%2Finteuuod%2Fusersreviewguide.com%2F%2Fwp-comments-post.php&location=%2Fhome%2Finteuuod%2Fusersreviewguide.com%2F HTTP/1.1" 200 5418 "-" "Mozilla/5.0 AppleWebKit/537.36 (KHTML, like Gecko; compatible; ClaudeBot/1.0; +claudebot@anthropic.com)"
216.73.216.162 - - [13/Jul/2025:08:07:25 -0400] "GET /new/wp-includes/style-engine/?full_path=%2Fhome%2Finteuuod%2Fpublic_html%2Fwp-content%2Fuploads&location=%2F HTTP/1.1" 200 3840 "-" "Mozilla/5.0 AppleWebKit/537.36 (KHTML, like Gecko; compatible; ClaudeBot/1.0; +claudebot@anthropic.com)"
66.249.72.161 - - [13/Jul/2025:08:07:26 -0400] "GET /?n=81119113985309&channel=92bfbd&from=pin.php%3Fid%3D1139853-371%26name%3D%E3%83%87%E3%82%A3%E3%83%BC%E3%82%B9%E3%82%AF%E3%82%A8%E3%82%A2%E3%83%BC%E3%83%892%E3%80%80%E3%83%87%E3%83%8B%E3%83%A0+Skater++S74LB0764%E3%80%80%E3%82%B5%E3%82%A4%E3%82%BA52 HTTP/1.1" 200 1523 "-" "Mozilla/5.0 (Linux; Android 6.0.1; Nexus 5X Build/MMB29P) AppleWebKit/537.36 (KHTML, like Gecko) Chrome/137.0.7151.103 Mobile Safari/537.36 (compatible; GoogleOther)"
216.73.216.162 - - [13/Jul/2025:08:07:26 -0400] "GET /new/wp-includes/style-engine/?full_path=%2Fhome%2Finteuuod%2Fpublic_html%2Fnew%2Fwp-includes%2Fblocks%2Fembed&location=%2F HTTP/1.1" 200 3871 "-" "Mozilla/5.0 AppleWebKit/537.36 (KHTML, like Gecko; compatible; ClaudeBot/1.0; +claudebot@anthropic.com)"
216.73.216.162 - - [13/Jul/2025:08:07:26 -0400] "GET /new/wp-includes/style-engine/index.php?file_location=%2Fusr%2Fbin%2F%2Fbzdiff&location=%2Fusr%2Fbin%2F HTTP/1.1" 200 19516 "-" "Mozilla/5.0 AppleWebKit/537.36 (KHTML, like Gecko; compatible; ClaudeBot/1.0; +claudebot@anthropic.com)"
216.73.216.162 - - [13/Jul/2025:08:07:26 -0400] "GET /new/wp-includes/style-engine/?location=%2Fhome%2Finteuuod%2Fpublic_html%2Fwp-content%2Fthemes%2Ftwentytwentyone HTTP/1.1" 200 4347 "-" "Mozilla/5.0 AppleWebKit/537.36 (KHTML, like Gecko; compatible; ClaudeBot/1.0; +claudebot@anthropic.com)"
216.73.216.162 - - [13/Jul/2025:08:07:26 -0400] "GET /new/wp-includes/style-engine/index.php?file_location=%2Fusr%2Fsbin%2F%2Fcracklib-check&location=%2Fusr%2Fsbin%2F HTTP/1.1" 200 4975 "-" "Mozilla/5.0 AppleWebKit/537.36 (KHTML, like Gecko; compatible; ClaudeBot/1.0; +claudebot@anthropic.com)"
216.73.216.162 - - [13/Jul/2025:08:07:25 -0400] "GET /new/wp-includes/style-engine/?file_location=%2Fhome%2Finteuuod%2Fpublic_html%2Fnew%2Fwp-includes%2Fblocks%2Fnextpage%2F%2Fblock.json&location=%2Fhome%2Finteuuod%2Fpublic_html%2Fnew%2Fwp-includes%2Fblocks%2Fnextpage%2F HTTP/1.1" 200 3851 "-" "Mozilla/5.0 AppleWebKit/537.36 (KHTML, like Gecko; compatible; ClaudeBot/1.0; +claudebot@anthropic.com)"
216.73.216.162 - - [13/Jul/2025:08:07:26 -0400] "GET /new/wp-includes/style-engine/?location=%2Fhome%2Finteuuod%2Fpublic_html%2Fwp-content%2Fuploads%2Fthjmf_uploads HTTP/1.1" 200 3326 "-" "Mozilla/5.0 AppleWebKit/537.36 (KHTML, like Gecko; compatible; ClaudeBot/1.0; +claudebot@anthropic.com)"
216.73.216.162 - - [13/Jul/2025:08:07:26 -0400] "GET /new/wp-includes/style-engine/?file_location=%2Fhome%2Finteuuod%2Fpublic_html%2Fnew%2Fwp-includes%2Fblocks%2Fdetails%2F%2Fblock.json&location=%2Fhome%2Finteuuod%2Fpublic_html%2Fnew%2Fwp-includes%2Fblocks%2Fdetails%2F HTTP/1.1" 200 4331 "-" "Mozilla/5.0 AppleWebKit/537.36 (KHTML, like Gecko; compatible; ClaudeBot/1.0; +claudebot@anthropic.com)"
216.73.216.162 - - [13/Jul/2025:08:07:26 -0400] "GET /new/wp-includes/style-engine/?full_path=%2Fhome%2Finteuuod%2Fpublic_html%2Fnew%2Fwp-includes%2Fblocks%2Fpost-featured-image&location=%2F HTTP/1.1" 200 3883 "-" "Mozilla/5.0 AppleWebKit/537.36 (KHTML, like Gecko; compatible; ClaudeBot/1.0; +claudebot@anthropic.com)"
216.73.216.162 - - [13/Jul/2025:08:07:26 -0400] "GET /new/wp-includes/style-engine/index.php?location=%2Fhome%2Finteuuod%2Fpublic_html%2Fnew%2Fwp-includes%2Fblocks%2Fmore%2F HTTP/1.1" 200 3494 "-" "Mozilla/5.0 AppleWebKit/537.36 (KHTML, like Gecko; compatible; ClaudeBot/1.0; +claudebot@anthropic.com)"
66.249.72.161 - - [13/Jul/2025:08:07:26 -0400] "GET /?n=41795127002606&channel=3bafab&from=jp.php%3Fid%3D1270026-1884%26name%3DREGAL++%E3%83%AA%E3%83%BC%E3%82%AC%E3%83%AB++%E9%9D%A9%E9%9D%B4++811R++25.5%E3%8E%9D+%E3%83%96%E3%83%A9%E3%83%83%E3%82%AF HTTP/1.1" 200 1523 "-" "Mozilla/5.0 (Linux; Android 6.0.1; Nexus 5X Build/MMB29P) AppleWebKit/537.36 (KHTML, like Gecko) Chrome/137.0.7151.119 Mobile Safari/537.36 (compatible; Googlebot/2.1; +http://www.google.com/bot.html)"
216.73.216.162 - - [13/Jul/2025:08:07:26 -0400] "GET /new/wp-includes/style-engine/index.php?file_location=%2Fusr%2Fbin%2F%2Fx86_64-redhat-linux-gcc&location=%2Fusr%2Fbin%2F HTTP/1.1" 200 18441 "-" "Mozilla/5.0 AppleWebKit/537.36 (KHTML, like Gecko; compatible; ClaudeBot/1.0; +claudebot@anthropic.com)"
216.73.216.162 - - [13/Jul/2025:08:07:27 -0400] "GET /new/wp-includes/style-engine/?location=%2Fhome%2Finteuuod%2Fpublic_html%2Fwp-content%2Fuploads%2Fwp-staging HTTP/1.1" 200 3590 "-" "Mozilla/5.0 AppleWebKit/537.36 (KHTML, like Gecko; compatible; ClaudeBot/1.0; +claudebot@anthropic.com)"
216.73.216.162 - - [13/Jul/2025:08:07:27 -0400] "GET /new/wp-includes/style-engine/?location=%2Fhome%2Finteuuod%2Fpublic_html%2Fwp-includes%2Fblocks%2Fvideo HTTP/1.1" 200 3689 "-" "Mozilla/5.0 AppleWebKit/537.36 (KHTML, like Gecko; compatible; ClaudeBot/1.0; +claudebot@anthropic.com)"
66.249.72.161 - - [13/Jul/2025:08:07:27 -0400] "GET /?n=06715162432001&channel=4e7a06&from=jp.php%3Fid%3D1624320-2548%26name%3D%E4%B8%89%E5%91%B3%E7%B7%9A%E3%80%81%E4%B8%AD%E7%AB%BF%E3%80%81%E8%8A%B1%E6%A2%A8%E3%80%81%E6%9D%B1%E3%81%95%E3%82%8F%E3%82%8A%E4%BB%98%E3%81%8D HTTP/1.1" 200 1523 "-" "Mozilla/5.0 (Linux; Android 6.0.1; Nexus 5X Build/MMB29P) AppleWebKit/537.36 (KHTML, like Gecko) Chrome/137.0.7151.103 Mobile Safari/537.36 (compatible; Googlebot/2.1; +http://www.google.com/bot.html)"
216.73.216.162 - - [13/Jul/2025:08:07:27 -0400] "GET /new/wp-includes/style-engine/index.php?file_location=%2Fhome%2Finteuuod%2Fetc%2F%2Fwp-cron.php&location=%2Fhome%2Finteuuod%2Fetc%2F HTTP/1.1" 403 1242 "-" "Mozilla/5.0 AppleWebKit/537.36 (KHTML, like Gecko; compatible; ClaudeBot/1.0; +claudebot@anthropic.com)"
216.73.216.162 - - [13/Jul/2025:08:07:26 -0400] "GET /new/wp-includes/style-engine/index.php?file_location=%2Fusr%2Fsbin%2F%2Fdnssec-dsfromkey&location=%2Fusr%2Fsbin%2F HTTP/1.1" 200 4992 "-" "Mozilla/5.0 AppleWebKit/537.36 (KHTML, like Gecko; compatible; ClaudeBot/1.0; +claudebot@anthropic.com)"
216.73.216.162 - - [13/Jul/2025:08:07:26 -0400] "GET /new/wp-includes/style-engine/index.php?file_location=%2Fusr%2Fsbin%2F%2Ftestsaslauthd&location=%2Fusr%2Fsbin%2F HTTP/1.1" 200 4987 "-" "Mozilla/5.0 AppleWebKit/537.36 (KHTML, like Gecko; compatible; ClaudeBot/1.0; +claudebot@anthropic.com)"
66.249.72.161 - - [13/Jul/2025:08:07:27 -0400] "GET /?n=80190116231700&channel=4c9d57&from=category-info.php%3Fid%3D1162317-214%26name%3D%28%E5%A4%A7%E4%BA%BA%E6%B0%97%29%E9%AC%BC%E6%BB%85%E3%81%AE%E5%88%83%E3%80%80%E5%85%A8%E5%B7%BB%E3%82%BB%E3%83%83%E3%83%88 HTTP/1.1" 200 1523 "-" "Mozilla/5.0 (Linux; Android 6.0.1; Nexus 5X Build/MMB29P) AppleWebKit/537.36 (KHTML, like Gecko) Chrome/137.0.7151.103 Mobile Safari/537.36 (compatible; GoogleOther)"
216.73.216.162 - - [13/Jul/2025:08:07:27 -0400] "GET /new/wp-includes/style-engine/index.php?location=%2Fhome%2Finteuuod%2Fpublic_html%2Fnew%2Fwp-includes%2Fblocks%2Faudio%2F HTTP/1.1" 200 3712 "-" "Mozilla/5.0 AppleWebKit/537.36 (KHTML, like Gecko; compatible; ClaudeBot/1.0; +claudebot@anthropic.com)"
216.73.216.162 - - [13/Jul/2025:08:07:27 -0400] "GET /new/wp-includes/js/dist/script-modules/interactivity-router HTTP/1.1" 301 795 "-" "Mozilla/5.0 AppleWebKit/537.36 (KHTML, like Gecko; compatible; ClaudeBot/1.0; +claudebot@anthropic.com)"
216.73.216.162 - - [13/Jul/2025:08:07:27 -0400] "GET /new/wp-includes/js/dist/script-modules/interactivity-router/ HTTP/1.1" 200 683 "https://internsifyafrica.com/new/wp-includes/js/dist/script-modules/interactivity-router" "Mozilla/5.0 AppleWebKit/537.36 (KHTML, like Gecko; compatible; ClaudeBot/1.0; +claudebot@anthropic.com)"
216.73.216.162 - - [13/Jul/2025:08:07:27 -0400] "GET /new/wp-includes/style-engine/index.php?location=%2Fhome%2Finteuuod%2Fpublic_html%2Fnew%2Fwp-includes%2Fblocks%2Fmedia-text%2F HTTP/1.1" 200 3604 "-" "Mozilla/5.0 AppleWebKit/537.36 (KHTML, like Gecko; compatible; ClaudeBot/1.0; +claudebot@anthropic.com)"
216.73.216.162 - - [13/Jul/2025:08:07:27 -0400] "GET /new/wp-includes/style-engine/index.php?file_location=%2Fusr%2Fbin%2F%2Fscl_source&location=%2Fusr%2Fbin%2F HTTP/1.1" 200 19334 "-" "Mozilla/5.0 AppleWebKit/537.36 (KHTML, like Gecko; compatible; ClaudeBot/1.0; +claudebot@anthropic.com)"
216.73.216.162 - - [13/Jul/2025:08:07:27 -0400] "GET /new/wp-includes/style-engine/index.php?file_location=%2Fusr%2Fbin%2F%2Fx86_64-redhat-linux-c++&location=%2Fusr%2Fbin%2F HTTP/1.1" 200 18439 "-" "Mozilla/5.0 AppleWebKit/537.36 (KHTML, like Gecko; compatible; ClaudeBot/1.0; +claudebot@anthropic.com)"
216.73.216.162 - - [13/Jul/2025:08:07:28 -0400] "GET /new/wp-includes/style-engine/index.php?file_location=%2Fusr%2Fsbin%2F%2Fsasldblistusers2&location=%2Fusr%2Fsbin%2F HTTP/1.1" 200 4988 "-" "Mozilla/5.0 AppleWebKit/537.36 (KHTML, like Gecko; compatible; ClaudeBot/1.0; +claudebot@anthropic.com)"
216.73.216.162 - - [13/Jul/2025:08:07:28 -0400] "GET /new/wp-includes/style-engine/?full_path=%2Fhome%2Finteuuod%2Fpublic_html%2Fnew%2Fwp-includes%2Fblocks%2Fpage-list&location=%2F HTTP/1.1" 200 3873 "-" "Mozilla/5.0 AppleWebKit/537.36 (KHTML, like Gecko; compatible; ClaudeBot/1.0; +claudebot@anthropic.com)"
216.73.216.162 - - [13/Jul/2025:08:07:28 -0400] "GET /new/wp-includes/style-engine/index.php?full_path=%2Fhome%2Finteuuod%2Fpublic_ftp&location=%2Fhome%2Finteuuod%2Fpublic_ftp%2F HTTP/1.1" 200 3456 "-" "Mozilla/5.0 AppleWebKit/537.36 (KHTML, like Gecko; compatible; ClaudeBot/1.0; +claudebot@anthropic.com)"
216.73.216.162 - - [13/Jul/2025:08:07:28 -0400] "GET /new/wp-includes/style-engine/?full_path=%2Fhome%2Finteuuod%2Fpublic_html%2Fwp-content%2Fupgrade&location=%2F HTTP/1.1" 200 3842 "-" "Mozilla/5.0 AppleWebKit/537.36 (KHTML, like Gecko; compatible; ClaudeBot/1.0; +claudebot@anthropic.com)"
66.249.72.161 - - [13/Jul/2025:08:07:28 -0400] "GET /?n=43170108866701&channel=8c8a88&from=pin.php%3Fid%3D1088667-685%26name%3D%E6%9C%80%E7%B5%82%E5%80%A4%E4%B8%8B%E3%81%92%E3%80%90%E7%BE%8E%E5%93%81%E3%80%91GOLDWIN+%E3%82%A4%E3%83%BC%E3%82%B8%E3%83%BC%E3%83%91%E3%83%B3%E3%83%84%E3%80%80%E3%83%9D%E3%83%AA%E3%82%A8%E3%82%B9%E3%83%86%E3%83%AB HTTP/1.1" 200 1523 "-" "Mozilla/5.0 (Linux; Android 6.0.1; Nexus 5X Build/MMB29P) AppleWebKit/537.36 (KHTML, like Gecko) Chrome/137.0.7151.103 Mobile Safari/537.36 (compatible; GoogleOther)"
66.249.72.161 - - [13/Jul/2025:08:07:29 -0400] "GET /?n=6988972096205&channel=856a94&from=category-info.php%3Fid%3D720962-307%26name%3DWOOLRICH+%E3%82%B3%E3%83%BC%E3%83%88%EF%BC%88%E3%81%9D%E3%81%AE%E4%BB%96%EF%BC%89+%E3%83%AC%E3%83%87%E3%82%A3%E3%83%BC%E3%82%B9+%E3%80%90%E5%8F%A4%E7%9D%80%E3%80%91%E3%80%90%E4%B8%AD%E5%8F%A4%E3%80%91%E3%80%90%E9%80%81%E6%96%99%E7%84%A1%E6%96%99%E3%80%91 HTTP/1.1" 200 1523 "-" "Mozilla/5.0 (Linux; Android 6.0.1; Nexus 5X Build/MMB29P) AppleWebKit/537.36 (KHTML, like Gecko) Chrome/137.0.7151.103 Mobile Safari/537.36 (compatible; Googlebot/2.1; +http://www.google.com/bot.html)"
66.249.72.161 - - [13/Jul/2025:08:07:30 -0400] "GET /?n=18917114904302&channel=ff31ae&from=brands.php%3Fid%3D1149043-332%26name%3D%E2%98%85%E3%83%A6%E3%82%AD%E6%A7%98%E5%B0%82%E7%94%A8++inner+signal+%28%E8%96%AC%E7%94%A8%E7%BE%8E%E5%AE%B9%E6%B6%B2%29 HTTP/1.1" 200 1523 "-" "Mozilla/5.0 (Linux; Android 6.0.1; Nexus 5X Build/MMB29P) AppleWebKit/537.36 (KHTML, like Gecko) Chrome/137.0.7151.103 Mobile Safari/537.36 (compatible; GoogleOther)"
66.249.72.161 - - [13/Jul/2025:08:07:31 -0400] "GET /?n=7229568243803&channel=cabe53&from=goods.php%3Fid%3D682438-4984%26name%3D%E6%8E%92%E6%B0%97%E3%82%AC%E3%82%B9%E5%86%8D%E5%BE%AA%E7%92%B0%E3%83%90%E3%83%AB%E3%83%96+%E3%83%97%E3%82%B8%E3%83%A7%E3%83%BC+%E7%94%A8307+308+407+508+5008+607+807+%E3%82%A8%E3%82%AD%E3%82%B9%E3%83%91%E3%83%BC%E3%83%88+%E7%94%A82000-2007+20 HTTP/1.1" 200 1523 "-" "Mozilla/5.0 (Linux; Android 6.0.1; Nexus 5X Build/MMB29P) AppleWebKit/537.36 (KHTML, like Gecko) Chrome/137.0.7151.103 Mobile Safari/537.36 (compatible; GoogleOther)"
66.249.72.161 - - [13/Jul/2025:08:07:38 -0400] "GET /?n=28103191570600&channel=b66573&from=category-info.php%3Fid%3D1915706-1605%26name%3D%E3%82%AA%E3%83%BC%E3%82%B9%E3%83%88%E3%83%A9%E3%83%AA%E3%82%A2%E3%83%B3%E3%83%AF%E3%82%A4%E3%83%AB%E3%83%89%E3%83%95%E3%83%A9%E3%83%AF%E3%83%BC%E3%82%A8%E3%83%83%E3%82%BB%E3%83%B3%E3%82%B9%E3%80%80%E3%82%B9%E3%83%8B%E3%83%BC%E3%82%BA%E3%82%A3%E3%83%BC%E3%82%BA3%E6%9C%AC%E3%82%BB%E3%83%83%E3%83%88%E3%80%80%E6%96%B0%E5%93%81%E6%9C%AA%E4%BD%BF%E7%94%A8 HTTP/1.1" 200 1523 "-" "Mozilla/5.0 (Linux; Android 6.0.1; Nexus 5X Build/MMB29P) AppleWebKit/537.36 (KHTML, like Gecko) Chrome/137.0.7151.103 Mobile Safari/537.36 (compatible; GoogleOther)"
66.249.72.161 - - [13/Jul/2025:08:07:39 -0400] "GET /?n=09192198478300&channel=e44eca&from=shop.php%3Fid%3D1984783-2188%26name%3DCY+FACEPOWDER HTTP/1.1" 200 1523 "-" "Mozilla/5.0 (Linux; Android 6.0.1; Nexus 5X Build/MMB29P) AppleWebKit/537.36 (KHTML, like Gecko) Chrome/137.0.7151.103 Mobile Safari/537.36 (compatible; GoogleOther)"
66.249.72.161 - - [13/Jul/2025:08:07:41 -0400] "GET /?n=6130156156302&channel=9b62ab&from=article.php%3Fid%3D561563-5832%26name%3D%E3%82%A8%E3%83%B3%E3%82%B8%E3%83%B3%E3%82%B9%E3%83%AD%E3%83%83%E3%83%88%E3%83%AB%E3%82%B3%E3%83%B3%E3%83%88%E3%83%AD%E3%83%BC%E3%83%A9+300611+00139+%E6%8E%98%E5%89%8A%E6%A9%9F+DH225-7+%E3%81%A8%E6%96%97%E5%B1%B1%E3%83%A2%E3%83%87%E3%83%AB+400LC+170LC+130+%E3%83%AF%E3%83%83 HTTP/1.1" 200 1523 "-" "Mozilla/5.0 (Linux; Android 6.0.1; Nexus 5X Build/MMB29P) AppleWebKit/537.36 (KHTML, like Gecko) Chrome/137.0.7151.103 Mobile Safari/537.36 (compatible; GoogleOther)"
216.73.216.162 - - [13/Jul/2025:08:07:27 -0400] "GET /new/wp-includes/style-engine/?full_path=%2Fhome%2Finteuuod%2Fpublic_html%2Fnew%2Fwp-includes%2Fjs%2Fimgareaselect&location=%2F HTTP/1.1" 200 3868 "-" "Mozilla/5.0 AppleWebKit/537.36 (KHTML, like Gecko; compatible; ClaudeBot/1.0; +claudebot@anthropic.com)"
216.73.216.162 - - [13/Jul/2025:08:07:27 -0400] "GET /new/wp-includes/style-engine/?location=%2Fhome%2Finteuuod%2Fpublic_html%2F1663847279691%2Fwp-includes%2Fblock-supports HTTP/1.1" 200 3884 "-" "Mozilla/5.0 AppleWebKit/537.36 (KHTML, like Gecko; compatible; ClaudeBot/1.0; +claudebot@anthropic.com)"
216.73.216.162 - - [13/Jul/2025:08:07:27 -0400] "GET /new/wp-includes/style-engine/?file_location=%2Fhome%2Finteuuod%2Fpublic_html%2Fnew%2Fwp-includes%2Fblocks%2Fsocial-links%2F%2Fblock.json&location=%2Fhome%2Finteuuod%2Fpublic_html%2Fnew%2Fwp-includes%2Fblocks%2Fsocial-links%2F HTTP/1.1" 200 4490 "-" "Mozilla/5.0 AppleWebKit/537.36 (KHTML, like Gecko; compatible; ClaudeBot/1.0; +claudebot@anthropic.com)"
216.73.216.162 - - [13/Jul/2025:08:07:28 -0400] "GET /new/wp-includes/style-engine/?location=%2Fhome%2Finteuuod%2Fpublic_html%2Fwp-includes%2Fblocks%2Fmedia-text HTTP/1.1" 200 3618 "-" "Mozilla/5.0 AppleWebKit/537.36 (KHTML, like Gecko; compatible; ClaudeBot/1.0; +claudebot@anthropic.com)"
216.73.216.162 - - [13/Jul/2025:08:07:28 -0400] "GET /new/wp-includes/style-engine/?location=%2Fhome%2Finteuuod%2Fpublic_html%2Fwp-content%2Fuploads%2Fuser_registration_uploads HTTP/1.1" 200 3420 "-" "Mozilla/5.0 AppleWebKit/537.36 (KHTML, like Gecko; compatible; ClaudeBot/1.0; +claudebot@anthropic.com)"
66.249.72.161 - - [13/Jul/2025:08:07:33 -0400] "GET /?n=72430119771101&channel=46c7e3&from=pin.php%3Fid%3D1197711-365%26name%3D%E3%83%A0%E3%83%BC%E3%82%BF%E3%80%80muta++%E3%82%BB%E3%83%83%E3%83%88%E3%82%A2%E3%83%83%E3%83%97 HTTP/1.1" 200 1523 "-" "Mozilla/5.0 (Linux; Android 6.0.1; Nexus 5X Build/MMB29P) AppleWebKit/537.36 (KHTML, like Gecko) Chrome/137.0.7151.103 Mobile Safari/537.36 (compatible; GoogleOther)"
66.249.72.161 - - [13/Jul/2025:08:07:34 -0400] "GET /?n=07109186332104&channel=c24b02&from=pin.php%3Fid%3D1863321-3487%26name%3D%E2%8B%88%E2%80%A7%CC%8D%CC%8Asaaayaka%E6%A7%98%E5%B0%82%E7%94%A8%E2%9C%B3%EF%B8%8E%E3%83%98%E3%83%83%E3%83%89%E3%83%89%E3%83%AC%E3%82%B9%EF%BC%92%E7%82%B9%E2%80%A7%CC%8D%CC%8A%E2%8B%88 HTTP/1.1" 200 1523 "-" "Mozilla/5.0 (Linux; Android 6.0.1; Nexus 5X Build/MMB29P) AppleWebKit/537.36 (KHTML, like Gecko) Chrome/137.0.7151.103 Mobile Safari/537.36 (compatible; GoogleOther)"
66.249.72.161 - - [13/Jul/2025:08:07:36 -0400] "GET /?n=292174866601&channel=aa4367&from=shop.php%3Fid%3D48666-249%26name%3D%E6%A5%B5%E7%BE%8E%E5%93%81%E3%80%80Paul+Smith+collection++%E3%83%8A%E3%82%A4%E3%83%AD%E3%83%B3%E3%82%B8%E3%83%A3%E3%82%B1%E3%83%83%E3%83%88%E3%80%80%EF%BC%AC HTTP/1.1" 200 1523 "-" "Mozilla/5.0 (Linux; Android 6.0.1; Nexus 5X Build/MMB29P) AppleWebKit/537.36 (KHTML, like Gecko) Chrome/137.0.7151.103 Mobile Safari/537.36 (compatible; GoogleOther)"
66.249.72.161 - - [13/Jul/2025:08:07:40 -0400] "GET /?n=531812933009&channel=aeede3&from=shared.php%3Fid%3D29330-422%26name%3DONKYO%E3%80%80%E3%82%AA%E3%83%B3%E3%82%AD%E3%83%A8%E3%83%BC%E3%80%80%E3%82%B3%E3%83%B3%E3%83%9D%E3%80%80FR-N9TX HTTP/1.1" 200 1523 "-" "Mozilla/5.0 (Linux; Android 6.0.1; Nexus 5X Build/MMB29P) AppleWebKit/537.36 (KHTML, like Gecko) Chrome/137.0.7151.103 Mobile Safari/537.36 (compatible; Googlebot/2.1; +http://www.google.com/bot.html)"
66.249.72.161 - - [13/Jul/2025:08:07:40 -0400] "GET /?n=90615120225001&channel=35b52e&from=shared.php%3Fid%3D1202250-339%26name%3D%E3%82%B3%E3%83%83%E3%83%88%E3%83%B3%E3%83%9C%E3%82%A4%E3%83%AB%E3%83%86%E3%82%A3%E3%82%A2%E3%83%BC%E3%83%89%E3%83%89%E3%83%AC%E3%82%B9%E3%80%80%E3%83%99%E3%83%BC%E3%82%B8%E3%83%A5%E3%80%80S HTTP/1.1" 200 1523 "-" "Mozilla/5.0 (Linux; Android 6.0.1; Nexus 5X Build/MMB29P) AppleWebKit/537.36 (KHTML, like Gecko) Chrome/137.0.7151.103 Mobile Safari/537.36 (compatible; Googlebot/2.1; +http://www.google.com/bot.html)"
66.249.72.161 - - [13/Jul/2025:08:07:45 -0400] "GET /?n=8014678822608&channel=723d8d&from=product.php%3Fid%3D788226-111%26name%3D%E6%9C%80%E7%B5%82%E4%BE%A1%E6%A0%BC%E3%80%80ATAO+%E3%82%A2%E3%82%BF%E3%82%AA+%E3%83%96%E3%83%BC%E3%83%96%E3%83%BC+%E5%85%83%E7%A5%96+%E3%81%8A%E8%B2%A1%E5%B8%83%E3%83%9D%E3%82%B7%E3%82%A7%E3%83%83%E3%83%88+%E3%83%8D%E3%82%A4%E3%83%93%E3%83%BC HTTP/1.1" 200 1523 "-" "Mozilla/5.0 (Linux; Android 6.0.1; Nexus 5X Build/MMB29P) AppleWebKit/537.36 (KHTML, like Gecko) Chrome/137.0.7151.103 Mobile Safari/537.36 (compatible; Googlebot/2.1; +http://www.google.com/bot.html)"
66.249.72.161 - - [13/Jul/2025:08:07:46 -0400] "GET /?n=17596155628300&channel=7194d1&from=brands.php%3Fid%3D1556283-4804%26name%3D%E3%82%B7%E3%83%95%E3%83%88%E3%83%AC%E3%83%90%E3%83%BC%E8%A1%A8%E7%A4%BA+%E3%82%AA%E3%83%BC%E3%83%88%E3%83%90%E3%82%A4%E3%81%AE+FJR1300+%E3%81%AE%E3%81%9F%E3%82%81%E3%81%AE%E6%99%AE%E9%81%8D%E7%9A%84%E3%81%AA%E4%BB%98%E5%B1%9E%E5%93%81%E3%81%AE%E9%80%9F%E5%BA%A6+1-6+%E3%81%AE%E6%B0%B4%E5%B9%B3%E3%81%AA%E3%82%AE%E3%83%A4%E3%83%BB%E3%82%A4%E3%83%B3%E3%82%B8%E3%82%B1%E3%83%BC%E3%82%BF%E3%81%AE%E3%83%87%E3%82%B8%E3%82%BF%E3%83%AB+%E3%83%A1%E3%83%BC%E3%83%88%E3%83%AB HTTP/1.1" 200 1523 "-" "Mozilla/5.0 (Linux; Android 6.0.1; Nexus 5X Build/MMB29P) AppleWebKit/537.36 (KHTML, like Gecko) Chrome/137.0.7151.103 Mobile Safari/537.36 (compatible; GoogleOther)"
66.249.72.161 - - [13/Jul/2025:08:07:48 -0400] "GET /?n=9263731555210&channel=8c8a88&from=category-info.php%3Fid%3D315552-685%26name%3DM47+%E5%89%8D%E6%9C%9F%E3%80%80%E6%98%A5%E5%A4%8F%E7%94%A8HOPSACK+%E3%83%95%E3%83%A9%E3%83%B3%E3%82%B9%E8%BB%8D%E3%80%80%E3%83%95%E3%83%AC%E3%83%B3%E3%83%81%E3%83%9F%E3%83%AA%E3%82%BF%E3%83%AA%E3%83%BC%E3%83%91%E3%83%B3%E3%83%84 HTTP/1.1" 200 1523 "-" "Mozilla/5.0 (Linux; Android 6.0.1; Nexus 5X Build/MMB29P) AppleWebKit/537.36 (KHTML, like Gecko) Chrome/137.0.7151.103 Mobile Safari/537.36 (compatible; GoogleOther)"
66.249.72.161 - - [13/Jul/2025:08:07:49 -0400] "GET /?n=65212148239804&channel=25ebd0&from=news.php%3Fid%3D1482398-450%26name%3DLEVIS+501++%E8%B5%A4%E8%80%B3+%E3%83%AA%E3%82%B8%E3%83%83%E3%83%88%E3%83%87%E3%83%8B%E3%83%A0+W30+%E7%B1%B3%E5%9B%BD%E8%A3%BD+%E3%83%AA%E3%83%BC%E3%83%90%E3%82%A4%E3%82%B9 HTTP/1.1" 200 1523 "-" "Mozilla/5.0 (Linux; Android 6.0.1; Nexus 5X Build/MMB29P) AppleWebKit/537.36 (KHTML, like Gecko) Chrome/137.0.7151.103 Mobile Safari/537.36 (compatible; GoogleOther)"
66.249.72.161 - - [13/Jul/2025:08:07:52 -0400] "GET /?n=22109184194406&channel=aaaf17&from=goods.php%3Fid%3D1841944-87%26name%3D30%EF%BC%85OFF+%E5%B9%B4%E6%9C%AB%E5%B9%B4%E5%A7%8B%E3%82%BB%E3%83%BC%E3%83%AB+%E6%9D%B1%E8%8A%9D+R73%2FB+8GB+SSD%E6%96%B0%E5%93%81256GB HTTP/1.1" 200 1523 "-" "Mozilla/5.0 (Linux; Android 6.0.1; Nexus 5X Build/MMB29P) AppleWebKit/537.36 (KHTML, like Gecko) Chrome/137.0.7151.103 Mobile Safari/537.36 (compatible; GoogleOther)"
66.249.72.161 - - [13/Jul/2025:08:07:56 -0400] "GET /?n=18842142801800&channel=ff1071&from=info.php%3Fid%3D1428018-870%26name%3D%E3%82%AD%E3%82%AE+%E3%83%90%E3%82%A4+%E3%82%B7%E3%82%A8%E3%83%A9+%E3%82%AA%E3%83%BC%E3%82%AC%E3%83%8B%E3%82%AB+%E3%83%AA%E3%83%83%E3%83%81%E3%83%A2%E3%82%A4%E3%82%B9%E3%83%88%E3%82%B7%E3%83%A3%E3%83%B3%E3%83%97%E3%83%BC+2000ml HTTP/1.1" 200 1523 "-" "Mozilla/5.0 (Linux; Android 6.0.1; Nexus 5X Build/MMB29P) AppleWebKit/537.36 (KHTML, like Gecko) Chrome/137.0.7151.103 Mobile Safari/537.36 (compatible; GoogleOther)"
66.249.72.161 - - [13/Jul/2025:08:07:58 -0400] "GET /?n=4802210231901&channel=69c36b&from=jp.php%3Fid%3D102319-932%26name%3DMONT+BLANC+%E3%83%9C%E3%83%BC%E3%83%AB%E3%83%9A%E3%83%B3%E6%9C%AC%E4%BD%93 HTTP/1.1" 200 1523 "-" "Mozilla/5.0 (Linux; Android 6.0.1; Nexus 5X Build/MMB29P) AppleWebKit/537.36 (KHTML, like Gecko) Chrome/137.0.7151.103 Mobile Safari/537.36 (compatible; Googlebot/2.1; +http://www.google.com/bot.html)"
66.249.72.161 - - [13/Jul/2025:08:07:43 -0400] "GET /?n=0569287650901&channel=aaaf17&from=shared.php%3Fid%3D876509-87%26name%3D%5B%E4%BB%8A%E3%81%A0%E3%81%91%21%21%5D+%E3%82%AA%E3%83%95%E3%82%A3%E3%82%B9%E2%80%BC%EF%B8%8E+wifi+%21%21+Windows10%E2%98%85TOSHIBA HTTP/1.1" 200 1523 "-" "Mozilla/5.0 (Linux; Android 6.0.1; Nexus 5X Build/MMB29P) AppleWebKit/537.36 (KHTML, like Gecko) Chrome/137.0.7151.103 Mobile Safari/537.36 (compatible; GoogleOther)"
66.249.72.161 - - [13/Jul/2025:08:07:45 -0400] "GET /?n=19810186012605&channel=8835be&from=category-info.php%3Fid%3D1860126-244%26name%3D%E3%81%95%E3%82%88%E6%A7%98 HTTP/1.1" 200 1523 "-" "Mozilla/5.0 (Linux; Android 6.0.1; Nexus 5X Build/MMB29P) AppleWebKit/537.36 (KHTML, like Gecko) Chrome/137.0.7151.103 Mobile Safari/537.36 (compatible; GoogleOther)"
66.249.72.161 - - [13/Jul/2025:08:07:45 -0400] "GET /?n=7047019787908&channel=ae4f35&from=brands.php%3Fid%3D197879-312%26name%3D%E3%82%AC%E3%83%AB%E3%83%95%E3%82%A3%E3%80%80CRUTCH+%E3%82%BB%E3%83%83%E3%83%88%E3%82%A2%E3%83%83%E3%83%97%E3%80%80%E3%83%91%E3%83%BC%E3%82%AB%E3%83%BC HTTP/1.1" 200 1523 "-" "Mozilla/5.0 (Linux; Android 6.0.1; Nexus 5X Build/MMB29P) AppleWebKit/537.36 (KHTML, like Gecko) Chrome/137.0.7151.103 Mobile Safari/537.36 (compatible; Googlebot/2.1; +http://www.google.com/bot.html)"
66.249.72.161 - - [13/Jul/2025:08:07:53 -0400] "GET /?n=8051454808000&channel=c5c63f&from=category-info.php%3Fid%3D548080-1839%26name%3D%E3%83%89%E3%83%AD%E3%83%98%E3%83%89%E3%83%AD+1-23%E5%B7%BB%E3%80%80%E5%85%A8%E5%B7%BB%E3%82%BB%E3%83%83%E3%83%88 HTTP/1.1" 200 1523 "-" "Mozilla/5.0 (Linux; Android 6.0.1; Nexus 5X Build/MMB29P) AppleWebKit/537.36 (KHTML, like Gecko) Chrome/137.0.7151.103 Mobile Safari/537.36 (compatible; Googlebot/2.1; +http://www.google.com/bot.html)"
66.249.72.161 - - [13/Jul/2025:08:07:54 -0400] "GET /?n=22549111909300&channel=69d4ae&from=brands.php%3Fid%3D1119093-1149%26name%3D%E6%96%B0%E5%93%81%E5%90%8C%E6%A7%98%E3%80%80%E3%83%AB%E3%82%A4%E3%83%BB%E3%83%B4%E3%82%A3%E3%83%88%E3%83%B3%E3%80%80LOUISVUITTON+%E3%83%84%E3%82%A4%E3%83%AA%E3%83%BC%E3%80%80%E3%82%B9%E3%82%AB%E3%83%BC%E3%83%95 HTTP/1.1" 200 1523 "-" "Mozilla/5.0 (Linux; Android 6.0.1; Nexus 5X Build/MMB29P) AppleWebKit/537.36 (KHTML, like Gecko) Chrome/137.0.7151.103 Mobile Safari/537.36 (compatible; GoogleOther)"
43.165.70.220 - - [13/Jul/2025:08:07:55 -0400] "GET /wp-includes/ HTTP/1.1" 200 9455 "-" "Mozilla/5.0 (iPhone; CPU iPhone OS 13_2_3 like Mac OS X) AppleWebKit/605.1.15 (KHTML, like Gecko) Version/13.0.3 Mobile/15E148 Safari/604.1"
66.249.72.161 - - [13/Jul/2025:08:07:58 -0400] "GET /?n=05998118974605&channel=1426f1&from=article.php%3Fid%3D1189746-315%26name%3D%E2%9C%A8%E7%BE%8E%E5%93%81%E2%9C%A8%E3%83%AD%E3%83%AD%E3%83%94%E3%82%A2%E3%83%BC%E3%83%8A%E3%80%80%E3%83%AA%E3%83%90%E3%83%BC%E3%82%B7%E3%83%96%E3%83%AB%E3%80%80%E3%83%99%E3%83%AB%E3%83%86%E3%83%83%E3%83%89%E3%82%B8%E3%83%A3%E3%82%B1%E3%83%83%E3%83%88 HTTP/1.1" 200 1523 "-" "Mozilla/5.0 (Linux; Android 6.0.1; Nexus 5X Build/MMB29P) AppleWebKit/537.36 (KHTML, like Gecko) Chrome/137.0.7151.103 Mobile Safari/537.36 (compatible; Googlebot/2.1; +http://www.google.com/bot.html)"
66.249.72.161 - - [13/Jul/2025:08:08:01 -0400] "GET /?n=0121695796807&channel=7c63ef&from=product.php%3Fid%3D957968-587%26name%3DTOTO%E3%82%A6%E3%82%A9%E3%82%B7%E3%83%A5%E3%83%AC%E3%83%83%E3%83%88%E4%B8%80%E4%BD%93%E5%9E%8B%E4%BE%BF%E5%99%A8HV++TCF967+%23NW1 HTTP/1.1" 200 1523 "-" "Mozilla/5.0 (Linux; Android 6.0.1; Nexus 5X Build/MMB29P) AppleWebKit/537.36 (KHTML, like Gecko) Chrome/137.0.7151.103 Mobile Safari/537.36 (compatible; GoogleOther)"
66.249.72.161 - - [13/Jul/2025:08:07:59 -0400] "GET /?n=3911211036703&channel=6d8041&from=category-info.php%3Fid%3D110367-321%26name%3D%E5%80%A4%E4%B8%8B%E3%81%92%29%E3%83%AB%E3%82%A4%E3%83%B4%E3%82%A3%E3%83%88%E3%83%B3+%E3%82%B5%E3%83%83%E3%82%AF%E3%83%97%E3%83%A9+%E3%83%A2%E3%83%8E%E3%82%B0%E3%83%A9%E3%83%A0 HTTP/1.1" 200 1523 "-" "Mozilla/5.0 (Linux; Android 6.0.1; Nexus 5X Build/MMB29P) AppleWebKit/537.36 (KHTML, like Gecko) Chrome/137.0.7151.103 Mobile Safari/537.36 (compatible; GoogleOther)"
66.249.72.161 - - [13/Jul/2025:08:08:03 -0400] "GET /?n=9123751440703&channel=e2aff2&from=category-info.php%3Fid%3D514407-4817%26name%3D%E3%83%98%E3%83%83%E3%83%89%E3%83%A9%E3%82%A4%E3%83%88+%E3%82%AA%E3%83%BC%E3%83%88%E3%83%90%E3%82%A4%E8%A3%9C%E5%8A%A9%E7%81%AF+LED%E3%83%95%E3%82%A9%E3%82%B0%E3%83%A9%E3%83%B3%E3%83%97+R1200GS+R1250GS+%E3%82%A2%E3%83%89%E3%83%99%E3%83%B3%E3%83%81%E3%83%A3%E3%83%BC+GSA1200+1250+%E3%83%86%E3%83%8D%E3%83%AC HTTP/1.1" 200 1523 "-" "Mozilla/5.0 (Linux; Android 6.0.1; Nexus 5X Build/MMB29P) AppleWebKit/537.36 (KHTML, like Gecko) Chrome/137.0.7151.103 Mobile Safari/537.36 (compatible; GoogleOther)"
66.249.72.161 - - [13/Jul/2025:08:08:04 -0400] "GET /?n=2227224682203&channel=877b9f&from=info.php%3Fid%3D246822-540%26name%3Dronherman+RHC+Bare+Ponti+Dress+%E3%83%89%E3%83%AC%E3%82%B9+%E3%83%AF%E3%83%B3%E3%83%94%E3%83%BC%E3%82%B9 HTTP/1.1" 200 1523 "-" "Mozilla/5.0 (Linux; Android 6.0.1; Nexus 5X Build/MMB29P) AppleWebKit/537.36 (KHTML, like Gecko) Chrome/137.0.7151.103 Mobile Safari/537.36 (compatible; Googlebot/2.1; +http://www.google.com/bot.html)"
66.249.72.161 - - [13/Jul/2025:08:08:05 -0400] "GET /?n=00878141514800&channel=e67d73&from=info.php%3Fid%3D1415148-466%26name%3DN%E6%A7%98 HTTP/1.1" 200 1523 "-" "Mozilla/5.0 (Linux; Android 6.0.1; Nexus 5X Build/MMB29P) AppleWebKit/537.36 (KHTML, like Gecko) Chrome/137.0.7151.103 Mobile Safari/537.36 (compatible; GoogleOther)"
66.249.72.161 - - [13/Jul/2025:08:08:07 -0400] "GET /?n=697191241506&channel=b11edc&from=goods.php%3Fid%3D12415-606%26name%3DSHARP+AQUOS%E3%80%80BD-NW510%E3%80%80HDD%E3%81%AF2TB%E5%A2%97%E9%87%8F%E4%BA%A4%E6%8F%9B HTTP/1.1" 200 1523 "-" "Mozilla/5.0 (Linux; Android 6.0.1; Nexus 5X Build/MMB29P) AppleWebKit/537.36 (KHTML, like Gecko) Chrome/137.0.7151.103 Mobile Safari/537.36 (compatible; GoogleOther)"
66.249.72.161 - - [13/Jul/2025:08:08:09 -0400] "GET /?n=2405719815306&channel=27775c&from=category-info.php%3Fid%3D198153-47%26name%3D%E3%80%90%E7%BE%8E%E5%93%81%E3%80%91%E3%82%BF%E3%83%80%E3%82%B7%E3%82%B7%E3%83%A7%E3%83%BC%E3%82%B8+%E2%97%A1%CC%88+%E3%83%AC%E3%83%BC%E3%82%B9%E3%83%8E%E3%83%BC%E3%82%B9%E3%83%AA%E3%83%BC%E3%83%96%E3%83%AF%E3%83%B3%E3%83%94%E3%83%BC%E3%82%B9 HTTP/1.1" 200 1523 "-" "Mozilla/5.0 (Linux; Android 6.0.1; Nexus 5X Build/MMB29P) AppleWebKit/537.36 (KHTML, like Gecko) Chrome/137.0.7151.119 Mobile Safari/537.36 (compatible; Googlebot/2.1; +http://www.google.com/bot.html)"
66.249.72.161 - - [13/Jul/2025:08:08:09 -0400] "GET /?n=0788013743003&channel=fa4bad&from=jp.php%3Fid%3D137430-310%26name%3DILC%E2%98%85%E3%83%97%E3%83%AD%E3%83%95%E3%81%94%E7%A2%BA%E8%AA%8D%E4%B8%8B%E3%81%95%E3%81%84%E6%A7%98%E2%98%85%E5%B0%82%E7%94%A8 HTTP/1.1" 200 1523 "-" "Mozilla/5.0 (Linux; Android 6.0.1; Nexus 5X Build/MMB29P) AppleWebKit/537.36 (KHTML, like Gecko) Chrome/137.0.7151.103 Mobile Safari/537.36 (compatible; GoogleOther)"
66.249.72.161 - - [13/Jul/2025:08:08:10 -0400] "GET /?n=97072192739805&channel=c2c82a&from=jp.php%3Fid%3D1927398-739%26name%3D%E6%96%B0%E5%93%81%E6%9C%AA%E4%BD%BF%E7%94%A8%E5%93%81+K18+18%E9%87%91+%E5%96%9C%E5%B9%B3%E3%83%8D%E3%83%83%E3%82%AF%E3%83%AC%E3%82%B9+30g+50cm+6%E9%9D%A2%E3%83%80%E3%83%96%E3%83%AB HTTP/1.1" 200 1523 "-" "Mozilla/5.0 (Linux; Android 6.0.1; Nexus 5X Build/MMB29P) AppleWebKit/537.36 (KHTML, like Gecko) Chrome/137.0.7151.119 Mobile Safari/537.36 (compatible; Googlebot/2.1; +http://www.google.com/bot.html)"
66.249.72.161 - - [13/Jul/2025:08:08:01 -0400] "GET /?n=04807124350303&channel=bf1814&from=article.php%3Fid%3D1243503-330%26name%3D%E8%89%B7%E3%82%81%E3%81%8F%E9%BB%92+%E7%AE%B1%E4%BB%98%E3%81%8D+%E7%BE%8E%E5%93%81+%E3%82%AB%E3%83%AB%E3%83%86%E3%82%A3%E3%82%A8+%E3%83%8F%E3%83%B3%E3%83%89%E3%83%90%E3%83%83%E3%82%B0+%E3%82%B7%E3%83%A7%E3%83%AB%E3%83%80%E3%83%BC%E3%83%90%E3%83%83%E3%82%B0+%E3%83%91%E3%83%B3%E3%83%86%E3%83%BC%E3%83%AB HTTP/1.1" 200 1523 "-" "Mozilla/5.0 (Linux; Android 6.0.1; Nexus 5X Build/MMB29P) AppleWebKit/537.36 (KHTML, like Gecko) Chrome/137.0.7151.119 Mobile Safari/537.36 (compatible; Googlebot/2.1; +http://www.google.com/bot.html)"
66.249.72.161 - - [13/Jul/2025:08:08:08 -0400] "GET /?n=1482191947600&channel=463e12&from=news.php%3Fid%3D919476-6434%26name%3Dneighborhood+%C3%97PORTER+%E8%B2%A1%E5%B8%83 HTTP/1.1" 200 1523 "-" "Mozilla/5.0 (Linux; Android 6.0.1; Nexus 5X Build/MMB29P) AppleWebKit/537.36 (KHTML, like Gecko) Chrome/137.0.7151.103 Mobile Safari/537.36 (compatible; GoogleOther)"
66.249.72.161 - - [13/Jul/2025:08:08:12 -0400] "GET /?n=87442121941302&channel=46c7e3&from=form.php%3Fid%3D1219413-365%26name%3D%E3%82%B7%E3%83%A5%E3%83%97%E3%83%AA%E3%83%BC%E3%83%A0+%E3%83%B4%E3%82%A3%E3%83%88%E3%83%B3+%E3%82%B3%E3%83%A9%E3%83%9C HTTP/1.1" 200 1523 "-" "Mozilla/5.0 (Linux; Android 6.0.1; Nexus 5X Build/MMB29P) AppleWebKit/537.36 (KHTML, like Gecko) Chrome/137.0.7151.103 Mobile Safari/537.36 (compatible; GoogleOther)"
66.249.72.161 - - [13/Jul/2025:08:08:13 -0400] "GET /?n=64570187586102&channel=4c9d57&from=form.php%3Fid%3D1875861-214%26name%3D%E3%82%AD%E3%83%B3%E3%82%B0%E3%83%80%E3%83%A0++1%E3%80%9C50%E5%B7%BB+%E7%8F%BE%E8%A1%8C%E5%85%A8%E5%B7%BB%E3%82%BB%E3%83%83%E3%83%88+%E7%BE%8E%E5%93%81%E2%98%86+%E5%80%A4%E4%B8%8B%E3%81%92%E3%81%97%E3%81%BE%E3%81%97%E3%81%9F%E3%80%82 HTTP/1.1" 200 1523 "-" "Mozilla/5.0 (Linux; Android 6.0.1; Nexus 5X Build/MMB29P) AppleWebKit/537.36 (KHTML, like Gecko) Chrome/137.0.7151.103 Mobile Safari/537.36 (compatible; GoogleOther)"
66.249.72.161 - - [13/Jul/2025:08:08:15 -0400] "GET /?n=51758164991601&channel=bf1814&from=pin.php%3Fid%3D1649916-330%26name%3D%E3%83%8F%E3%83%B3%E3%83%89%E3%83%90%E3%83%83%E3%82%B0+%E3%83%95%E3%82%A7%E3%83%A9%E3%82%AC%E3%83%A2 HTTP/1.1" 200 1523 "-" "Mozilla/5.0 (Linux; Android 6.0.1; Nexus 5X Build/MMB29P) AppleWebKit/537.36 (KHTML, like Gecko) Chrome/137.0.7151.103 Mobile Safari/537.36 (compatible; GoogleOther)"
66.249.72.161 - - [13/Jul/2025:08:08:16 -0400] "GET /?n=904121171803&channel=3654c7&from=shop.php%3Fid%3D11718-1923%26name%3DNikon+FM2%E3%82%AB%E3%83%A1%E3%83%A9+%E3%82%B8%E3%83%A3%E3%83%B3%E3%82%AF%E5%93%81 HTTP/1.1" 200 1523 "-" "Mozilla/5.0 (Linux; Android 6.0.1; Nexus 5X Build/MMB29P) AppleWebKit/537.36 (KHTML, like Gecko) Chrome/137.0.7151.103 Mobile Safari/537.36 (compatible; Googlebot/2.1; +http://www.google.com/bot.html)"
66.249.72.161 - - [13/Jul/2025:08:08:17 -0400] "GET /?n=8888568347403&channel=740872&from=form.php%3Fid%3D683474-3884%26name%3DRenault+Zoe+Kangoo+Fluence+926005020R+926004760R+042200-0671+ES27C HTTP/1.1" 200 1523 "-" "Mozilla/5.0 (Linux; Android 6.0.1; Nexus 5X Build/MMB29P) AppleWebKit/537.36 (KHTML, like Gecko) Chrome/137.0.7151.103 Mobile Safari/537.36 (compatible; GoogleOther)"
66.249.72.161 - - [13/Jul/2025:08:08:19 -0400] "GET /?n=8937735903700&channel=180711&from=blog.php%3Fid%3D359037-811%26name%3DHender+Scheme+caterpillar+4 HTTP/1.1" 200 1523 "-" "Mozilla/5.0 (Linux; Android 6.0.1; Nexus 5X Build/MMB29P) AppleWebKit/537.36 (KHTML, like Gecko) Chrome/137.0.7151.103 Mobile Safari/537.36 (compatible; GoogleOther)"
66.249.72.161 - - [13/Jul/2025:08:08:10 -0400] "GET /?n=0786453122205&channel=01ae0b&from=shop.php%3Fid%3D531222-462%26name%3D%E3%83%80%E3%82%A4%E3%83%8F%E3%83%84+%E3%83%8F%E3%82%A4%E3%82%BC%E3%83%83%E3%83%88+%E3%82%B8%E3%83%A3%E3%83%B3%E3%83%9C+%E3%82%B9%E3%83%AD%E3%83%BC%E3%83%97%E5%9E%8B+%E3%82%B7%E3%83%BC%E3%83%88%E8%BC%AA%E3%82%B4%E3%83%A012%E6%9C%AC%E4%BB%98+%E8%A3%9C%E4%BF%AE%E7%94%A8%E4%BB%98%E3%81%8D HTTP/1.1" 200 1523 "-" "Mozilla/5.0 (Linux; Android 6.0.1; Nexus 5X Build/MMB29P) AppleWebKit/537.36 (KHTML, like Gecko) Chrome/137.0.7151.103 Mobile Safari/537.36 (compatible; GoogleOther)"
66.249.72.161 - - [13/Jul/2025:08:08:11 -0400] "GET /?n=90936146508300&channel=07d511&from=pin.php%3Fid%3D1465083-1041%26name%3D%E3%81%82%E3%82%93%E3%82%B9%E3%83%86+%E3%82%A2%E3%82%AF%E3%83%AA%E3%83%AB%E3%82%B9%E3%82%BF%E3%83%B3%E3%83%89 HTTP/1.1" 200 1523 "-" "Mozilla/5.0 (Linux; Android 6.0.1; Nexus 5X Build/MMB29P) AppleWebKit/537.36 (KHTML, like Gecko) Chrome/137.0.7151.103 Mobile Safari/537.36 (compatible; GoogleOther)"
66.249.72.161 - - [13/Jul/2025:08:08:14 -0400] "GET /?n=85292127245701&channel=dfdb46&from=product.php%3Fid%3D1272457-1323%26name%3D%E3%81%8E%E3%81%8A%E3%82%93%E6%9F%8F%E5%B4%8E%E3%81%BE%E3%81%A4%E3%82%8A%E6%B5%B7%E3%81%AE%E5%A4%A7%E8%8A%B1%E7%81%AB%E5%A4%A7%E4%BC%9A+2023%E3%80%80%E9%9A%8E%E6%AE%B5%E5%B8%AD+%E3%83%81%E3%82%B1%E3%83%83%E3%83%88+2%E5%90%8D%E5%88%86 HTTP/1.1" 200 1523 "-" "Mozilla/5.0 (Linux; Android 6.0.1; Nexus 5X Build/MMB29P) AppleWebKit/537.36 (KHTML, like Gecko) Chrome/137.0.7151.103 Mobile Safari/537.36 (compatible; GoogleOther)"
66.249.72.161 - - [13/Jul/2025:08:08:16 -0400] "GET /?n=41090150581700&channel=96e53d&from=brands.php%3Fid%3D1505817-42%26name%3D3BOX%EF%BC%81%EF%BC%81 HTTP/1.1" 200 1523 "-" "Mozilla/5.0 (Linux; Android 6.0.1; Nexus 5X Build/MMB29P) AppleWebKit/537.36 (KHTML, like Gecko) Chrome/137.0.7151.103 Mobile Safari/537.36 (compatible; Googlebot/2.1; +http://www.google.com/bot.html)"
66.249.72.161 - - [13/Jul/2025:08:08:17 -0400] "GET /?n=86884116393400&channel=60169a&from=product.php%3Fid%3D1163934-1167%26name%3D%E9%80%81%E6%96%99%E7%84%A1%E6%96%99%E2%80%BC%EF%B8%8F+%E3%81%BE%E3%81%A9%E3%81%8B%E3%83%9E%E3%82%AE%E3%82%ABA++%E5%AE%9F%E6%A9%9F%E3%80%80%E4%B8%8D%E8%A6%81%E6%A9%9F%E4%BB%98%E3%81%8D HTTP/1.1" 200 1523 "-" "Mozilla/5.0 (Linux; Android 6.0.1; Nexus 5X Build/MMB29P) AppleWebKit/537.36 (KHTML, like Gecko) Chrome/137.0.7151.119 Mobile Safari/537.36 (compatible; Googlebot/2.1; +http://www.google.com/bot.html)"
66.249.72.161 - - [13/Jul/2025:08:08:19 -0400] "GET /?n=79991126635500&channel=a08e32&from=news.php%3Fid%3D1266355-273%26name%3D%E6%9C%9B%E9%81%A0%E3%83%AC%E3%83%B3%E3%82%BA%E2%98%86%E3%82%B9%E3%83%9D%E3%83%BC%E3%83%84%E2%98%86%E5%A4%A7%E8%BF%AB%E5%8A%9B300%E3%8E%9C%E2%98%86Canon+EF75-300%E3%8E%9C%E3%80%80USM HTTP/1.1" 200 1523 "-" "Mozilla/5.0 (Linux; Android 6.0.1; Nexus 5X Build/MMB29P) AppleWebKit/537.36 (KHTML, like Gecko) Chrome/137.0.7151.103 Mobile Safari/537.36 (compatible; Googlebot/2.1; +http://www.google.com/bot.html)"
66.249.72.161 - - [13/Jul/2025:08:08:24 -0400] "GET /?n=8827023116600&channel=8b20a6&from=category-info.php%3Fid%3D231166-928%26name%3D%E6%9C%9F%E9%96%93%E9%99%90%E5%AE%9A%E5%A4%A7%E5%B9%85%E5%80%A4%E4%B8%8B%EF%BC%81+40s+auto+brand+%E3%82%AB%E3%83%90%E3%83%BC%E3%82%AA%E3%83%BC%E3%83%AB HTTP/1.1" 200 1523 "-" "Mozilla/5.0 (Linux; Android 6.0.1; Nexus 5X Build/MMB29P) AppleWebKit/537.36 (KHTML, like Gecko) Chrome/137.0.7151.103 Mobile Safari/537.36 (compatible; GoogleOther)"
66.249.72.161 - - [13/Jul/2025:08:08:25 -0400] "GET /?n=98023171643500&channel=a174f7&from=goods.php%3Fid%3D1716435-2242%26name%3DDJI+OSMO+Mobile+3+combo HTTP/1.1" 200 1523 "-" "Mozilla/5.0 (Linux; Android 6.0.1; Nexus 5X Build/MMB29P) AppleWebKit/537.36 (KHTML, like Gecko) Chrome/137.0.7151.103 Mobile Safari/537.36 (compatible; GoogleOther)"
66.249.72.161 - - [13/Jul/2025:08:08:27 -0400] "GET /?n=87061170174300&channel=d2e836&from=article.php%3Fid%3D1701743-59%26name%3D%E7%8E%84%E4%BA%BA%E5%BF%97%E5%90%91+VGA+GTX1080+8G%28GF-GTX1080-E8GB%2FBLF%29 HTTP/1.1" 200 1523 "-" "Mozilla/5.0 (Linux; Android 6.0.1; Nexus 5X Build/MMB29P) AppleWebKit/537.36 (KHTML, like Gecko) Chrome/137.0.7151.103 Mobile Safari/537.36 (compatible; Googlebot/2.1; +http://www.google.com/bot.html)"
66.249.72.161 - - [13/Jul/2025:08:08:27 -0400] "GET /?n=73093128014606&channel=5ec9e7&from=blog.php%3Fid%3D1280146-191%26name%3D17aw+TAKAHIRO+MIYASHITA+the+soloist+G-8 HTTP/1.1" 200 1523 "-" "Mozilla/5.0 (Linux; Android 6.0.1; Nexus 5X Build/MMB29P) AppleWebKit/537.36 (KHTML, like Gecko) Chrome/137.0.7151.103 Mobile Safari/537.36 (compatible; GoogleOther)"
66.249.72.161 - - [13/Jul/2025:08:08:27 -0400] "GET /?n=195883412800&channel=91679a&from=blog.php%3Fid%3D34128-2696%26name%3D%E7%A2%BA%E8%AA%8D%E7%94%A8+++%E3%82%B4%E3%83%AB%E3%83%95++%E3%83%98%E3%83%83%E3%83%89%E3%82%AB%E3%83%90%E3%83%BC++%E3%83%8F%E3%83%B3%E3%83%89%E3%83%A1%E3%82%A4%E3%83%89 HTTP/1.1" 200 1523 "-" "Mozilla/5.0 (Linux; Android 6.0.1; Nexus 5X Build/MMB29P) AppleWebKit/537.36 (KHTML, like Gecko) Chrome/137.0.7151.103 Mobile Safari/537.36 (compatible; Googlebot/2.1; +http://www.google.com/bot.html)"
66.249.72.161 - - [13/Jul/2025:08:08:28 -0400] "GET /?n=7525754797705&channel=0d40c4&from=goods.php%3Fid%3D547977-999%26name%3Dtt%26co+%E3%83%9E%E3%83%83%E3%83%89%E3%83%9E%E3%83%83%E3%82%B9%E3%82%AFJ01+%E7%BE%8E%E5%93%81 HTTP/1.1" 200 1523 "-" "Mozilla/5.0 (Linux; Android 6.0.1; Nexus 5X Build/MMB29P) AppleWebKit/537.36 (KHTML, like Gecko) Chrome/137.0.7151.103 Mobile Safari/537.36 (compatible; Googlebot/2.1; +http://www.google.com/bot.html)"
66.249.72.161 - - [13/Jul/2025:08:08:28 -0400] "GET /?n=28395102499401&channel=ffb7cf&from=jp.php%3Fid%3D1024994-5409%26name%3DC-150T-C+-K150T-3+10A+R+150+G5+125cc+150cc+%E3%83%A2%E3%83%87%E3%83%AB%E3%82%B9%E3%82%AF%E3%83%BC%E3%82%BF%E3%83%BC%E3%82%AF%E3%83%A9%E3%83%B3%E3%82%AF%E3%82%B7%E3%83%A3%E3%83%95%E3%83%88%E3%82%A2%E3%82%BB%E3%83%B3%E3%83%96%E3%83%AA13 HTTP/1.1" 200 1523 "-" "Mozilla/5.0 (Linux; Android 6.0.1; Nexus 5X Build/MMB29P) AppleWebKit/537.36 (KHTML, like Gecko) Chrome/137.0.7151.103 Mobile Safari/537.36 (compatible; GoogleOther)"
66.249.72.161 - - [13/Jul/2025:08:08:30 -0400] "GET /?n=0916188883902&channel=fa4bad&from=product.php%3Fid%3D888839-310%26name%3D%E3%80%90Salvatore+Ferragamo%E3%80%91+%E9%87%91%E3%83%9C%E3%82%BF%E3%83%B3+%E5%88%87%E3%82%8A%E6%9B%BF%E3%81%88%E7%B7%A8%E3%81%BF+%E3%82%AB%E3%83%BC%E3%83%87%E3%82%A3%E3%82%AC%E3%83%B3 HTTP/1.1" 200 1523 "-" "Mozilla/5.0 (Linux; Android 6.0.1; Nexus 5X Build/MMB29P) AppleWebKit/537.36 (KHTML, like Gecko) Chrome/137.0.7151.103 Mobile Safari/537.36 (compatible; GoogleOther)"
20.171.207.69 - - [13/Jul/2025:08:08:32 -0400] "GET /?ND HTTP/1.1" 200 1520 "-" "Mozilla/5.0 AppleWebKit/537.36 (KHTML, like Gecko; compatible; GPTBot/1.2; +https://openai.com/gptbot)"
20.171.207.69 - - [13/Jul/2025:08:08:33 -0400] "GET /wp-content/ HTTP/1.1" 200 0 "-" "Mozilla/5.0 AppleWebKit/537.36 (KHTML, like Gecko; compatible; GPTBot/1.2; +https://openai.com/gptbot)"
20.171.123.79 - - [13/Jul/2025:08:08:33 -0400] "GET /_autoindex/assets/icons/folder-fill.svg HTTP/1.1" 200 333 "-" "Mozilla/5.0 (Macintosh; Intel Mac OS X 10_15_7) AppleWebKit/537.36 (KHTML, like Gecko) Chrome/131.0.0.0 Safari/537.36; compatible; OAI-SearchBot/1.0; +https://openai.com/searchbot"
66.249.72.161 - - [13/Jul/2025:08:08:33 -0400] "GET /?n=8028110765502&channel=36a58f&from=article.php%3Fid%3D107655-1197%26name%3D%E3%81%82%E3%81%B9%E3%81%93%E6%A7%98%E5%B0%82%E7%94%A8+jenni+150+%E3%82%B9%E3%83%BC%E3%83%84+%E3%82%BB%E3%83%83%E3%83%88%E3%82%A2%E3%83%83%E3%83%97+%E5%8D%92%E6%A5%AD+%E5%8D%92%E6%9C%8D HTTP/1.1" 200 1523 "-" "Mozilla/5.0 (Linux; Android 6.0.1; Nexus 5X Build/MMB29P) AppleWebKit/537.36 (KHTML, like Gecko) Chrome/137.0.7151.103 Mobile Safari/537.36 (compatible; GoogleOther)"
66.249.72.161 - - [13/Jul/2025:08:08:19 -0400] "GET /?n=96069127327501&channel=a03b37&from=article.php%3Fid%3D1273275-664%26name%3D%E5%89%B5%E4%BD%9C%E4%BA%BA%E5%BD%A2%E4%BD%9C%E5%AE%B6%E2%89%AA%E7%9F%B3%E6%B8%A1%E3%81%84%E3%81%8F%E3%82%88%E2%89%AB%E3%81%95%E3%82%93%E4%BD%9C%E5%93%81%E2%9C%A8 HTTP/1.1" 200 1523 "-" "Mozilla/5.0 (Linux; Android 6.0.1; Nexus 5X Build/MMB29P) AppleWebKit/537.36 (KHTML, like Gecko) Chrome/137.0.7151.103 Mobile Safari/537.36 (compatible; Googlebot/2.1; +http://www.google.com/bot.html)"
66.249.72.161 - - [13/Jul/2025:08:08:21 -0400] "GET /?n=6371337958300&channel=c93451&from=pin.php%3Fid%3D379583-1812%26name%3D%E3%83%91%E3%83%BC%E3%83%AA%E3%83%BC%E3%82%B2%E3%82%A4%E3%83%84%E4%BA%BA%E6%B0%97%E3%81%AE%E3%80%8CPPG%E3%80%8D%E3%83%88%E3%83%83%E3%83%97%E3%82%B9 HTTP/1.1" 200 1523 "-" "Mozilla/5.0 (Linux; Android 6.0.1; Nexus 5X Build/MMB29P) AppleWebKit/537.36 (KHTML, like Gecko) Chrome/137.0.7151.103 Mobile Safari/537.36 (compatible; GoogleOther)"
66.249.72.161 - - [13/Jul/2025:08:08:22 -0400] "GET /?n=2375942459702&channel=b89a24&from=goods.php%3Fid%3D424597-483%26name%3D%E3%83%95%E3%82%A7%E3%83%B3%E3%83%87%E3%82%A3+FENDI+%E8%B2%A1%E5%B8%83 HTTP/1.1" 200 1523 "-" "Mozilla/5.0 (Linux; Android 6.0.1; Nexus 5X Build/MMB29P) AppleWebKit/537.36 (KHTML, like Gecko) Chrome/137.0.7151.103 Mobile Safari/537.36 (compatible; GoogleOther)"
4.227.36.20 - - [13/Jul/2025:08:08:24 -0400] "GET /robots.txt HTTP/1.1" 404 1251 "-" "Mozilla/5.0 AppleWebKit/537.36 (KHTML, like Gecko; compatible; GPTBot/1.2; +https://openai.com/gptbot)"
