66.249.72.161 - - [13/Jul/2025:08:11:19 -0400] "GET /?n=0221095661500&channel=3c115d&from=jp.php%3Fid%3D956615-5258%26name%3D%E3%83%9E%E3%83%84%E3%83%80+CX-5+KE%E7%B3%BB+%E3%82%A8%E3%83%B3%E3%82%AF%E3%83%AD%E3%83%BC%E3%82%B8%E3%83%A3%E3%83%BC%E5%9E%8B+%E5%9F%8B%E3%82%81%E3%81%BFA%E3%83%94%E3%83%A9%E3%83%BCTNCUSTOM%E5%8A%A0%E5%B7%A5 HTTP/1.1" 200 1523 "-" "Mozilla/5.0 (Linux; Android 6.0.1; Nexus 5X Build/MMB29P) AppleWebKit/537.36 (KHTML, like Gecko) Chrome/137.0.7151.103 Mobile Safari/537.36 (compatible; Googlebot/2.1; +http://www.google.com/bot.html)"
66.249.72.161 - - [13/Jul/2025:08:11:20 -0400] "GET /?n=6874377746802&channel=a08e32&from=product.php%3Fid%3D777468-273%26name%3D%E2%98%85Nikon+AF-S+18-200mm+VR%E2%98%85%E6%89%8B%E3%81%B6%E3%82%8C%E8%A3%9C%E6%AD%A3%E2%97%8F%E9%AB%98%E5%80%8D%E7%8E%87%E3%83%AC%E3%83%B3%E3%82%BA HTTP/1.1" 200 1523 "-" "Mozilla/5.0 (Linux; Android 6.0.1; Nexus 5X Build/MMB29P) AppleWebKit/537.36 (KHTML, like Gecko) Chrome/137.0.7151.103 Mobile Safari/537.36 (compatible; GoogleOther)"
20.171.207.69 - - [13/Jul/2025:08:11:23 -0400] "GET /wp-includes/class-wp-site.php HTTP/1.1" 403 1242 "-" "Mozilla/5.0 AppleWebKit/537.36 (KHTML, like Gecko; compatible; GPTBot/1.2; +https://openai.com/gptbot)"
20.171.207.69 - - [13/Jul/2025:08:11:24 -0400] "GET /wp-includes/class-wp-block-template.php HTTP/1.1" 403 1242 "-" "Mozilla/5.0 AppleWebKit/537.36 (KHTML, like Gecko; compatible; GPTBot/1.2; +https://openai.com/gptbot)"
20.171.207.69 - - [13/Jul/2025:08:11:25 -0400] "GET /wp-includes/class-wp-widget-factory.php HTTP/1.1" 403 1242 "-" "Mozilla/5.0 AppleWebKit/537.36 (KHTML, like Gecko; compatible; GPTBot/1.2; +https://openai.com/gptbot)"
20.171.207.69 - - [13/Jul/2025:08:11:17 -0400] "GET /wp-includes/class-wp-recovery-mode-link-service.php HTTP/1.1" 403 1242 "-" "Mozilla/5.0 AppleWebKit/537.36 (KHTML, like Gecko; compatible; GPTBot/1.2; +https://openai.com/gptbot)"
66.249.72.161 - - [13/Jul/2025:08:11:19 -0400] "GET /?n=4376730095102&channel=012b40&from=blog.php%3Fid%3D300951-610%26name%3DHiKOKI%28%E3%83%8F%E3%82%A4%E3%82%B3%E3%83%BC%E3%82%AD%29+7.2V+%E5%85%85%E9%9B%BB%E5%BC%8F+%E3%83%9A%E3%83%B3%E5%9E%8B+%E3%82%A4%E3%83%B3%E3%83%91%E3%82%AF%E3%83%88%E3%83%89%E3%83%A9%E3%82%A4%E3%83%90%E3%83%BC HTTP/1.1" 200 1523 "-" "Mozilla/5.0 (Linux; Android 6.0.1; Nexus 5X Build/MMB29P) AppleWebKit/537.36 (KHTML, like Gecko) Chrome/137.0.7151.103 Mobile Safari/537.36 (compatible; Googlebot/2.1; +http://www.google.com/bot.html)"
66.249.72.161 - - [13/Jul/2025:08:11:20 -0400] "GET /?n=97173169605004&channel=a03b37&from=pin.php%3Fid%3D1696050-664%26name%3D%E7%B5%B5%E3%80%80%E3%82%AA%E3%83%AA%E3%83%90%E3%83%BC%E3%82%AC%E3%83%AB%E3%80%80Oliver+gal HTTP/1.1" 200 1523 "-" "Mozilla/5.0 (Linux; Android 6.0.1; Nexus 5X Build/MMB29P) AppleWebKit/537.36 (KHTML, like Gecko) Chrome/137.0.7151.103 Mobile Safari/537.36 (compatible; Googlebot/2.1; +http://www.google.com/bot.html)"
20.171.207.69 - - [13/Jul/2025:08:11:20 -0400] "GET /wp-includes/class-phpmailer.php HTTP/1.1" 403 1242 "-" "Mozilla/5.0 AppleWebKit/537.36 (KHTML, like Gecko; compatible; GPTBot/1.2; +https://openai.com/gptbot)"
20.171.207.69 - - [13/Jul/2025:08:11:21 -0400] "GET /wp-includes/class-wp-http.php HTTP/1.1" 403 1242 "-" "Mozilla/5.0 AppleWebKit/537.36 (KHTML, like Gecko; compatible; GPTBot/1.2; +https://openai.com/gptbot)"
66.249.72.161 - - [13/Jul/2025:08:11:22 -0400] "GET /?n=1627974073301&channel=d2db85&from=info.php%3Fid%3D740733-640%26name%3D%E3%83%A1%E3%82%BE%E3%83%B3%E3%82%AD%E3%83%84%E3%83%8D%E3%80%80%E3%83%A9%E3%82%A4%E3%83%B3%E3%83%95%E3%83%AC%E3%83%B3%E3%82%BA%E3%80%80%E3%82%B3%E3%83%A9%E3%83%9C HTTP/1.1" 200 1523 "-" "Mozilla/5.0 (Linux; Android 6.0.1; Nexus 5X Build/MMB29P) AppleWebKit/537.36 (KHTML, like Gecko) Chrome/137.0.7151.103 Mobile Safari/537.36 (compatible; GoogleOther)"
66.249.72.161 - - [13/Jul/2025:08:11:24 -0400] "GET /?n=20870185925600&channel=bf1814&from=pin.php%3Fid%3D1859256-330%26name%3DCOMME+des+GARCONStrcot%E3%81%AE%E3%83%90%E3%83%83%E3%82%AF HTTP/1.1" 200 1523 "-" "Mozilla/5.0 (Linux; Android 6.0.1; Nexus 5X Build/MMB29P) AppleWebKit/537.36 (KHTML, like Gecko) Chrome/137.0.7151.103 Mobile Safari/537.36 (compatible; GoogleOther)"
66.249.72.161 - - [13/Jul/2025:08:11:25 -0400] "GET /?n=78847121457501&channel=35d446&from=news.php%3Fid%3D1214575-989%26name%3D%E3%83%A1%E3%83%AB%E3%82%BB%E3%83%87%E3%82%B9%E3%83%99%E3%83%B3%E3%83%84+%E2%9C%96%EF%B8%8FTitleist+%E3%83%80%E3%82%A6%E3%83%B3%E3%82%B8%E3%83%A3%E3%82%B1%E3%83%83%E3%83%88+++LL+%E7%BE%8E%E5%93%81 HTTP/1.1" 200 1523 "-" "Mozilla/5.0 (Linux; Android 6.0.1; Nexus 5X Build/MMB29P) AppleWebKit/537.36 (KHTML, like Gecko) Chrome/137.0.7151.103 Mobile Safari/537.36 (compatible; Googlebot/2.1; +http://www.google.com/bot.html)"
20.171.207.69 - - [13/Jul/2025:08:11:27 -0400] "GET /wp-includes/class-wp-block-supports.php HTTP/1.1" 403 1242 "-" "Mozilla/5.0 AppleWebKit/537.36 (KHTML, like Gecko; compatible; GPTBot/1.2; +https://openai.com/gptbot)"
66.249.72.161 - - [13/Jul/2025:08:11:29 -0400] "GET /?n=25928105813302&channel=3ef0dd&from=category-info.php%3Fid%3D1058133-1266%26name%3D%E3%82%B7%E3%83%AB%E3%83%90%E3%83%8B%E3%82%A2%E3%83%95%E3%82%A1%E3%83%9F%E3%83%AA%E3%83%BC%E5%88%9D%E6%9C%9F%E3%80%80%EF%BC%92%E3%82%BB%E3%83%83%E3%83%88 HTTP/1.1" 200 1523 "-" "Mozilla/5.0 (Linux; Android 6.0.1; Nexus 5X Build/MMB29P) AppleWebKit/537.36 (KHTML, like Gecko) Chrome/137.0.7151.103 Mobile Safari/537.36 (compatible; GoogleOther)"
66.249.72.161 - - [13/Jul/2025:08:11:25 -0400] "GET /?n=93177188942403&channel=1c2fb1&from=info.php%3Fid%3D1889424-127%26name%3D%E3%83%91%E3%83%8A%E3%82%BD%E3%83%8B%E3%83%83%E3%82%AF++PE-60sg+%2BPW-223+%E5%8B%95%E4%BD%9C%E5%93%81 HTTP/1.1" 200 1523 "-" "Mozilla/5.0 (Linux; Android 6.0.1; Nexus 5X Build/MMB29P) AppleWebKit/537.36 (KHTML, like Gecko) Chrome/137.0.7151.103 Mobile Safari/537.36 (compatible; Googlebot/2.1; +http://www.google.com/bot.html)"
66.249.72.161 - - [13/Jul/2025:08:11:25 -0400] "GET /?n=70177110393601&channel=f64596&from=blog.php%3Fid%3D1103936-1607%26name%3D%E3%82%B7%E3%83%9E%E3%83%8E+%E6%9C%88%E5%BD%B1+19+%7C+%E9%87%A3%E5%85%B7+%E9%87%A3%E3%82%8A+%E3%83%95%E3%82%A3%E3%83%83%E3%82%B7%E3%83%B3%E3%82%B0 HTTP/1.1" 200 1523 "-" "Mozilla/5.0 (Linux; Android 6.0.1; Nexus 5X Build/MMB29P) AppleWebKit/537.36 (KHTML, like Gecko) Chrome/137.0.7151.103 Mobile Safari/537.36 (compatible; GoogleOther)"
66.249.72.161 - - [13/Jul/2025:08:11:27 -0400] "GET /?n=038183132801&channel=3ef0dd&from=news.php%3Fid%3D31328-1266%26name%3D%E3%82%B7%E3%83%AB%E3%83%90%E3%83%8B%E3%82%A2%E3%80%80%E5%88%9D%E6%9C%9F%E3%80%80%E3%83%92%E3%83%9F%E3%83%84%E3%81%AE%E3%81%8A%E3%81%86%E3%81%A1%E3%80%80%E9%81%8A%E5%85%B73%E7%82%B9%E4%BB%98%E3%81%8D HTTP/1.1" 200 1523 "-" "Mozilla/5.0 (Linux; Android 6.0.1; Nexus 5X Build/MMB29P) AppleWebKit/537.36 (KHTML, like Gecko) Chrome/137.0.7151.103 Mobile Safari/537.36 (compatible; GoogleOther)"
66.249.72.161 - - [13/Jul/2025:08:11:27 -0400] "GET /?n=12277181297800&channel=00a656&from=shared.php%3Fid%3D1812978-294%26name%3D%E3%82%BB%E3%83%B3%E3%83%88%E3%83%BC%E3%80%90%E3%82%B3%E3%83%88%E3%83%96%E3%82%AD%E3%83%A4%E3%82%B7%E3%83%A7%E3%83%83%E3%83%97%E9%99%90%E5%AE%9A%E5%93%81%E3%80%91%E3%82%A2%E3%82%BA%E3%83%BC%E3%83%AB%E3%83%AC%E3%83%BC%E3%83%B3 HTTP/1.1" 200 1523 "-" "Mozilla/5.0 (Linux; Android 6.0.1; Nexus 5X Build/MMB29P) AppleWebKit/537.36 (KHTML, like Gecko) Chrome/137.0.7151.119 Mobile Safari/537.36 (compatible; Googlebot/2.1; +http://www.google.com/bot.html)"
20.171.207.69 - - [13/Jul/2025:08:11:32 -0400] "GET /wp-includes/class-wp-http-response.php HTTP/1.1" 403 1242 "-" "Mozilla/5.0 AppleWebKit/537.36 (KHTML, like Gecko; compatible; GPTBot/1.2; +https://openai.com/gptbot)"
66.249.72.161 - - [13/Jul/2025:08:11:34 -0400] "GET /?n=193916569705&channel=64e2eb&from=category-info.php%3Fid%3D65697-398%26name%3D%E3%83%87%E3%82%A3%E3%83%BC%E3%82%BC%E3%83%AB%E3%80%80%E3%83%AD%E3%83%B3%E3%82%B0%E3%82%B9%E3%82%AB%E3%83%BC%E3%83%88 HTTP/1.1" 200 1523 "-" "Mozilla/5.0 (Linux; Android 6.0.1; Nexus 5X Build/MMB29P) AppleWebKit/537.36 (KHTML, like Gecko) Chrome/137.0.7151.103 Mobile Safari/537.36 (compatible; GoogleOther)"
20.171.207.69 - - [13/Jul/2025:08:11:34 -0400] "GET /wp-includes/class-wp-ajax-response.php HTTP/1.1" 403 1242 "-" "Mozilla/5.0 AppleWebKit/537.36 (KHTML, like Gecko; compatible; GPTBot/1.2; +https://openai.com/gptbot)"
66.249.72.161 - - [13/Jul/2025:08:11:35 -0400] "GET /?n=2090875987102&channel=b0b43d&from=jp.php%3Fid%3D759871-1932%26name%3D%E6%96%B0%E5%93%81%E3%80%80%E5%A4%A7%E8%B0%B7%E7%BF%94%E5%B9%B3%E3%80%80%E3%82%B9%E3%82%BF%E3%82%B8%E3%82%A2%E3%83%A0%E3%82%B8%E3%83%A3%E3%83%B3%E3%83%91%E3%83%BC HTTP/1.1" 200 1523 "-" "Mozilla/5.0 (Linux; Android 6.0.1; Nexus 5X Build/MMB29P) AppleWebKit/537.36 (KHTML, like Gecko) Chrome/137.0.7151.103 Mobile Safari/537.36 (compatible; GoogleOther)"
66.249.72.161 - - [13/Jul/2025:08:11:37 -0400] "GET /?n=01097110256002&channel=96e53d&from=goods.php%3Fid%3D1102560-42%26name%3D%E3%83%9D%E3%82%B1%E3%83%A2%E3%83%B3%E3%82%AB%E3%83%BC%E3%83%89%E3%80%80%E7%88%86%E7%86%B1%E3%81%AE%E9%97%98%E5%A3%AB+%E6%9C%AA%E9%96%8B%E5%B0%81%E3%83%9C%E3%83%83%E3%82%AF%E3%82%B9+1Ed+XY11 HTTP/1.1" 200 1523 "-" "Mozilla/5.0 (Linux; Android 6.0.1; Nexus 5X Build/MMB29P) AppleWebKit/537.36 (KHTML, like Gecko) Chrome/137.0.7151.119 Mobile Safari/537.36 (compatible; Googlebot/2.1; +http://www.google.com/bot.html)"
66.249.72.161 - - [13/Jul/2025:08:11:30 -0400] "GET /?n=9081821417805&channel=6ad3eb&from=shop.php%3Fid%3D214178-1344%26name%3D%E9%80%81%E6%96%99%E7%84%A1%E6%96%99%EF%BC%81%EF%BC%81%E2%98%85%E3%83%A4%E3%83%9E%E3%82%AC%E3%83%96%E3%83%A9%E3%83%B3%E3%82%AF%E3%82%B9%E3%83%96%E3%83%AB%E3%83%BC%E3%82%AB%E3%83%AC%E3%83%B3%E3%83%8868%E2%85%A1%E2%98%85 HTTP/1.1" 200 1523 "-" "Mozilla/5.0 (Linux; Android 6.0.1; Nexus 5X Build/MMB29P) AppleWebKit/537.36 (KHTML, like Gecko) Chrome/137.0.7151.103 Mobile Safari/537.36 (compatible; GoogleOther)"
20.171.207.69 - - [13/Jul/2025:08:11:30 -0400] "GET /wp-includes/class-wp-post-type.php HTTP/1.1" 403 1242 "-" "Mozilla/5.0 AppleWebKit/537.36 (KHTML, like Gecko; compatible; GPTBot/1.2; +https://openai.com/gptbot)"
66.249.72.161 - - [13/Jul/2025:08:11:32 -0400] "GET /?n=2262138264102&channel=826ee4&from=brands.php%3Fid%3D382641-736%26name%3D%E3%80%90M2496-169-135%E3%80%91%E3%82%BF%E3%83%96%E3%83%AC%E3%83%83%E3%83%88%E3%80%8010%E3%82%A4%E3%83%B3%E3%83%81%E3%80%80Android14%E3%80%80%E6%9C%AC%E4%BD%93 HTTP/1.1" 200 1523 "-" "Mozilla/5.0 (Linux; Android 6.0.1; Nexus 5X Build/MMB29P) AppleWebKit/537.36 (KHTML, like Gecko) Chrome/137.0.7151.103 Mobile Safari/537.36 (compatible; GoogleOther)"
66.249.72.161 - - [13/Jul/2025:08:11:37 -0400] "GET /?n=2004974044502&channel=18ad4e&from=goods.php%3Fid%3D740445-358%26name%3D%E3%80%90%E5%B8%8C%E5%B0%91%E7%9B%A4%E3%80%91%E3%83%90%E3%83%AB%E3%82%BF%E3%83%B3%E3%80%81%E3%83%8A%E3%83%83%E3%82%B7%E3%83%A5%E3%83%B4%E3%82%A3%E3%83%AB%E3%81%AB%E8%A1%8C%E3%81%8F%2F+%E3%82%B7%E3%83%AB%E3%83%B4%E3%82%A3%E3%83%90%E3%83%AB%E3%82%BF%E3%83%B3+%E5%88%9D%E5%9B%9E%E5%B8%AF%E4%BB%98+%E3%83%9A%E3%83%A9%EF%BC%81%EF%BC%81 HTTP/1.1" 200 1523 "-" "Mozilla/5.0 (Linux; Android 6.0.1; Nexus 5X Build/MMB29P) AppleWebKit/537.36 (KHTML, like Gecko) Chrome/137.0.7151.103 Mobile Safari/537.36 (compatible; GoogleOther)"
66.249.72.161 - - [13/Jul/2025:08:11:40 -0400] "GET /?n=81368136230005&channel=1972fa&from=pin.php%3Fid%3D1362300-345%26name%3D%E3%83%8A%E3%82%A4%E3%82%AD+GS+%E3%82%A8%E3%82%A2%E3%82%B8%E3%83%A7%E3%83%BC%E3%83%80%E3%83%B31+%E3%83%AD%E3%83%BC+%E3%83%9B%E3%83%AF%E3%82%A4%E3%83%88%2F%E3%83%97%E3%83%A9%E3%83%81%E3%83%8A%E3%83%A0%E3%83%86%E3%82%A3%E3%83%B3%E3%83%88+24.5 HTTP/1.1" 200 1523 "-" "Mozilla/5.0 (Linux; Android 6.0.1; Nexus 5X Build/MMB29P) AppleWebKit/537.36 (KHTML, like Gecko) Chrome/137.0.7151.103 Mobile Safari/537.36 (compatible; GoogleOther)"
66.249.72.161 - - [13/Jul/2025:08:11:41 -0400] "GET /?n=9262742282909&channel=aa4367&from=category-info.php%3Fid%3D422829-249%26name%3D%E3%80%90%E6%96%B0%E5%93%81%E3%80%91US-L+%E3%83%8E%E3%83%BC%E3%82%B9%E3%83%95%E3%82%A7%E3%82%A4%E3%82%B9+%E3%83%8A%E3%82%A4%E3%83%AD%E3%83%B3%E3%82%B8%E3%83%A3%E3%82%B1%E3%83%83%E3%83%88+%E3%83%91%E3%83%BC%E3%82%AB%E3%83%BC+%E3%83%96%E3%83%A9%E3%83%83%E3%82%AF+%E6%B5%B7%E5%A4%96 HTTP/1.1" 200 1523 "-" "Mozilla/5.0 (Linux; Android 6.0.1; Nexus 5X Build/MMB29P) AppleWebKit/537.36 (KHTML, like Gecko) Chrome/137.0.7151.119 Mobile Safari/537.36 (compatible; Googlebot/2.1; +http://www.google.com/bot.html)"
20.171.207.69 - - [13/Jul/2025:08:11:42 -0400] "GET /wp-includes/class-walker-nav-menu.php HTTP/1.1" 403 1242 "-" "Mozilla/5.0 AppleWebKit/537.36 (KHTML, like Gecko; compatible; GPTBot/1.2; +https://openai.com/gptbot)"
66.249.72.161 - - [13/Jul/2025:08:11:43 -0400] "GET /?n=70729165590701&channel=d426d5&from=info.php%3Fid%3D1655907-77%26name%3D%E3%82%B3%E3%83%B3%E3%83%90%E3%83%BC%E3%82%B9+MADE+IN+USA+%E9%8A%80%E7%AE%B1+%E3%83%87%E3%83%83%E3%83%89%E3%82%B9%E3%83%88%E3%83%83%E3%82%AF+%E3%83%94%E3%83%B3%E3%82%AF HTTP/1.1" 200 1523 "-" "Mozilla/5.0 (Linux; Android 6.0.1; Nexus 5X Build/MMB29P) AppleWebKit/537.36 (KHTML, like Gecko) Chrome/137.0.7151.103 Mobile Safari/537.36 (compatible; Googlebot/2.1; +http://www.google.com/bot.html)"
20.171.207.69 - - [13/Jul/2025:08:11:43 -0400] "GET /cpanel HTTP/1.1" 200 13328 "-" "Mozilla/5.0 AppleWebKit/537.36 (KHTML, like Gecko; compatible; GPTBot/1.2; +https://openai.com/gptbot)"
66.249.72.161 - - [13/Jul/2025:08:11:38 -0400] "GET /?n=02302121262102&channel=2dc835&from=pin.php%3Fid%3D1212621-867%26name%3D%E3%81%91%E3%81%84%E3%81%8A%E3%82%93%EF%BC%815%E5%91%A8%E5%B9%B4%E3%82%B9%E3%83%94%E3%83%BC%E3%82%AB%E3%83%BC%E5%86%85%E8%94%B5+%E7%97%9B%E3%82%AE%E3%82%BF%E3%83%BC HTTP/1.1" 200 1523 "-" "Mozilla/5.0 (Linux; Android 6.0.1; Nexus 5X Build/MMB29P) AppleWebKit/537.36 (KHTML, like Gecko) Chrome/137.0.7151.103 Mobile Safari/537.36 (compatible; Googlebot/2.1; +http://www.google.com/bot.html)"
66.249.72.161 - - [13/Jul/2025:08:11:38 -0400] "GET /?n=8937084356102&channel=99aac1&from=goods.php%3Fid%3D843561-340%26name%3D%E3%83%95%E3%83%83%E3%82%AF%E6%A7%98%E3%83%AB%E3%82%A4%E3%83%B4%E3%82%A3%E3%83%88%E3%83%B3+%E3%83%A2%E3%83%8E%E3%82%B0%E3%83%A9%E3%83%A0+%E8%B2%A1%E5%B8%83 HTTP/1.1" 200 1523 "-" "Mozilla/5.0 (Linux; Android 6.0.1; Nexus 5X Build/MMB29P) AppleWebKit/537.36 (KHTML, like Gecko) Chrome/137.0.7151.103 Mobile Safari/537.36 (compatible; GoogleOther)"
20.171.207.69 - - [13/Jul/2025:08:11:39 -0400] "GET /wp-includes/class-wp-xmlrpc-server.php HTTP/1.1" 403 1242 "-" "Mozilla/5.0 AppleWebKit/537.36 (KHTML, like Gecko; compatible; GPTBot/1.2; +https://openai.com/gptbot)"
20.171.207.69 - - [13/Jul/2025:08:11:40 -0400] "GET /wp-includes/class-wp-customize-nav-menus.php HTTP/1.1" 403 1242 "-" "Mozilla/5.0 AppleWebKit/537.36 (KHTML, like Gecko; compatible; GPTBot/1.2; +https://openai.com/gptbot)"
20.171.207.69 - - [13/Jul/2025:08:11:41 -0400] "GET /wp-includes/class-wp-http-requests-hooks.php HTTP/1.1" 403 1242 "-" "Mozilla/5.0 AppleWebKit/537.36 (KHTML, like Gecko; compatible; GPTBot/1.2; +https://openai.com/gptbot)"
66.249.72.161 - - [13/Jul/2025:08:11:42 -0400] "GET /?n=865109652300&channel=b18d3a&from=shared.php%3Fid%3D96523-3837%26name%3D%E3%82%A8%E3%83%AA%E3%83%BC%E3%83%88+64+1990+318i+%E3%83%84%E3%83%BC%E3%83%AA%E3%83%B3%E3%82%B0+UF HTTP/1.1" 200 1523 "-" "Mozilla/5.0 (Linux; Android 6.0.1; Nexus 5X Build/MMB29P) AppleWebKit/537.36 (KHTML, like Gecko) Chrome/137.0.7151.103 Mobile Safari/537.36 (compatible; GoogleOther)"
66.249.72.161 - - [13/Jul/2025:08:11:43 -0400] "GET /?n=79347184446408&channel=6a12c6&from=goods.php%3Fid%3D1844464-38%26name%3D%E6%97%A5%E6%9C%AC%E8%A3%BD%E2%98%86%E3%82%AE%E3%82%A8%E3%83%A2%E3%83%B3%E2%98%86%E4%B9%85%E7%95%99%E7%B1%B3%E7%B5%A3%E2%98%86%E3%83%81%E3%82%A7%E3%83%83%E3%82%AF%E6%9F%84%EF%BC%B6%E3%83%A9%E3%82%A4%E3%83%B3%E3%83%81%E3%83%A5%E3%83%8B%E3%83%83%E3%82%AF%E2%98%86F%E3%82%B5%E3%82%A4%E3%82%BA HTTP/1.1" 200 1523 "-" "Mozilla/5.0 (Linux; Android 6.0.1; Nexus 5X Build/MMB29P) AppleWebKit/537.36 (KHTML, like Gecko) Chrome/137.0.7151.103 Mobile Safari/537.36 (compatible; Googlebot/2.1; +http://www.google.com/bot.html)"
66.249.72.161 - - [13/Jul/2025:08:11:43 -0400] "GET /?n=5661292135501&channel=b02133&from=info.php%3Fid%3D921355-5538%26name%3D%E3%82%A8%E3%83%B3%E3%82%B8%E3%83%B3%E3%83%98%E3%83%83%E3%83%89%E3%82%AB%E3%83%90%E3%83%BC+%E6%97%A5%E7%94%A3%E4%BA%92%E6%8F%9B%E5%93%81+%E3%82%B7%E3%83%BC%E3%83%9E+HGY51+2012%E5%B9%B405%E6%9C%88%EF%BD%9E2022%E5%B9%B408%E6%9C%88+%E5%B7%A6%E5%8F%B3%E3%82%BB%E3%83%83%E3%83%88+%E5%85%A5%E6%95%B0%EF%BC%9A1%E3%82%BB%E3%83%83%E3%83%88%282%E5%80%8B%29 HTTP/1.1" 200 1523 "-" "Mozilla/5.0 (Linux; Android 6.0.1; Nexus 5X Build/MMB29P) AppleWebKit/537.36 (KHTML, like Gecko) Chrome/137.0.7151.103 Mobile Safari/537.36 (compatible; Googlebot/2.1; +http://www.google.com/bot.html)"
66.249.72.161 - - [13/Jul/2025:08:11:43 -0400] "GET /?n=1010942185202&channel=b5caab&from=article.php%3Fid%3D421852-5464%26name%3D%E3%82%AA%E3%83%BC%E3%83%88%E3%83%90%E3%82%A4%E7%94%A8CDI%E3%83%9C%E3%83%83%E3%82%AF%E3%82%B9+Ka%26amp%3Bwas%26amp%3Baki+KLF400+KLF+400+Bayou+400+B1-B7+19 HTTP/1.1" 200 1523 "-" "Mozilla/5.0 (Linux; Android 6.0.1; Nexus 5X Build/MMB29P) AppleWebKit/537.36 (KHTML, like Gecko) Chrome/137.0.7151.103 Mobile Safari/537.36 (compatible; GoogleOther)"
216.73.216.162 - - [13/Jul/2025:08:11:44 -0400] "GET /new/wp-includes/style-engine/?full_path=%2Fhome%2Finteuuod%2Fpublic_html%2Fnew%2Fwp-includes%2Fblocks%2Farchives&location=%2F HTTP/1.1" 200 3886 "-" "Mozilla/5.0 AppleWebKit/537.36 (KHTML, like Gecko; compatible; ClaudeBot/1.0; +claudebot@anthropic.com)"
216.73.216.162 - - [13/Jul/2025:08:11:44 -0400] "GET /new/wp-includes/style-engine/?location=%2Fhome%2Finteuuod%2Fpublic_html%2Fwp-content%2Fuploads%2Ftemplate-kits HTTP/1.1" 200 4195 "-" "Mozilla/5.0 AppleWebKit/537.36 (KHTML, like Gecko; compatible; ClaudeBot/1.0; +claudebot@anthropic.com)"
216.73.216.162 - - [13/Jul/2025:08:11:44 -0400] "GET /new/wp-includes/style-engine/index.php?file_location=%2Fusr%2Fbin%2F%2Fvim&location=%2Fusr%2Fbin%2F HTTP/1.1" 200 18505 "-" "Mozilla/5.0 AppleWebKit/537.36 (KHTML, like Gecko; compatible; ClaudeBot/1.0; +claudebot@anthropic.com)"
216.73.216.162 - - [13/Jul/2025:08:11:44 -0400] "GET /new/wp-includes/style-engine/index.php?file_location=%2Fusr%2Fbin%2F%2Fgawk&location=%2Fusr%2Fbin%2F HTTP/1.1" 200 18474 "-" "Mozilla/5.0 AppleWebKit/537.36 (KHTML, like Gecko; compatible; ClaudeBot/1.0; +claudebot@anthropic.com)"
216.73.216.162 - - [13/Jul/2025:08:11:44 -0400] "GET /new/wp-includes/style-engine/?full_path=%2Fhome%2Finteuuod%2Fpublic_html%2Fnew%2Fwp-includes%2Fblocks%2Fmore&location=%2F HTTP/1.1" 200 3874 "-" "Mozilla/5.0 AppleWebKit/537.36 (KHTML, like Gecko; compatible; ClaudeBot/1.0; +claudebot@anthropic.com)"
216.73.216.162 - - [13/Jul/2025:08:11:44 -0400] "GET /new/wp-includes/style-engine/index.php?file_location=%2Fusr%2Fbin%2F%2Fgrep&location=%2Fusr%2Fbin%2F HTTP/1.1" 200 18476 "-" "Mozilla/5.0 AppleWebKit/537.36 (KHTML, like Gecko; compatible; ClaudeBot/1.0; +claudebot@anthropic.com)"
216.73.216.162 - - [13/Jul/2025:08:11:44 -0400] "GET /new/wp-includes/style-engine/?location=%2Fhome%2Finteuuod%2Fpublic_html%2Fwp-includes%2Fblocks%2Fpost-author-biography HTTP/1.1" 200 3477 "-" "Mozilla/5.0 AppleWebKit/537.36 (KHTML, like Gecko; compatible; ClaudeBot/1.0; +claudebot@anthropic.com)"
216.73.216.162 - - [13/Jul/2025:08:11:45 -0400] "GET /new/wp-includes/style-engine/?full_path=%2Fhome%2Finteuuod%2Fpublic_html%2Fnew%2Fwp-includes%2Fblocks%2Ffreeform&location=%2F HTTP/1.1" 200 3886 "-" "Mozilla/5.0 AppleWebKit/537.36 (KHTML, like Gecko; compatible; ClaudeBot/1.0; +claudebot@anthropic.com)"
216.73.216.162 - - [13/Jul/2025:08:11:45 -0400] "GET /new/wp-includes/style-engine/index.php?file_location=%2Fusr%2Fbin%2F%2Fpdf2dsc&location=%2Fusr%2Fbin%2F HTTP/1.1" 200 18982 "-" "Mozilla/5.0 AppleWebKit/537.36 (KHTML, like Gecko; compatible; ClaudeBot/1.0; +claudebot@anthropic.com)"
216.73.216.162 - - [13/Jul/2025:08:11:45 -0400] "GET /new/wp-includes/style-engine/index.php?file_location=%2Fusr%2Fbin%2F%2Frm&location=%2Fusr%2Fbin%2F HTTP/1.1" 200 18535 "-" "Mozilla/5.0 AppleWebKit/537.36 (KHTML, like Gecko; compatible; ClaudeBot/1.0; +claudebot@anthropic.com)"
216.73.216.162 - - [13/Jul/2025:08:11:45 -0400] "GET /new/wp-includes/style-engine/index.php?file_location=%2Fusr%2Fbin%2F%2Fautom4te&location=%2Fusr%2Fbin%2F HTTP/1.1" 200 30876 "-" "Mozilla/5.0 AppleWebKit/537.36 (KHTML, like Gecko; compatible; ClaudeBot/1.0; +claudebot@anthropic.com)"
216.73.216.162 - - [13/Jul/2025:08:11:45 -0400] "GET /new/wp-includes/style-engine/?location=%2Fhome%2Finteuuod%2Fpublic_html%2F1663847279691%2Fwp-includes%2Fsodium_compat HTTP/1.1" 200 3631 "-" "Mozilla/5.0 AppleWebKit/537.36 (KHTML, like Gecko; compatible; ClaudeBot/1.0; +claudebot@anthropic.com)"
216.73.216.162 - - [13/Jul/2025:08:11:45 -0400] "GET /new/wp-includes/style-engine/index.php?file_location=%2Fusr%2Fbin%2F%2Fvdir&location=%2Fusr%2Fbin%2F HTTP/1.1" 200 18473 "-" "Mozilla/5.0 AppleWebKit/537.36 (KHTML, like Gecko; compatible; ClaudeBot/1.0; +claudebot@anthropic.com)"
216.73.216.162 - - [13/Jul/2025:08:11:44 -0400] "GET /new/wp-includes/style-engine/?full_path=%2Fhome%2Finteuuod%2Fpublic_html%2Fnew%2Fwp-includes%2Fblocks%2Ffile&location=%2F HTTP/1.1" 200 3875 "-" "Mozilla/5.0 AppleWebKit/537.36 (KHTML, like Gecko; compatible; ClaudeBot/1.0; +claudebot@anthropic.com)"
216.73.216.162 - - [13/Jul/2025:08:11:44 -0400] "GET /new/wp-includes/style-engine/index.php?file_location=%2Fusr%2Fbin%2F%2Fflex++&location=%2Fusr%2Fbin%2F HTTP/1.1" 200 18469 "-" "Mozilla/5.0 AppleWebKit/537.36 (KHTML, like Gecko; compatible; ClaudeBot/1.0; +claudebot@anthropic.com)"
216.73.216.162 - - [13/Jul/2025:08:11:44 -0400] "GET /new/wp-includes/style-engine/?location=%2Fhome%2Finteuuod%2Fpublic_html%2Fwp-content%2Fuploads%2Fithemes-security HTTP/1.1" 200 3417 "-" "Mozilla/5.0 AppleWebKit/537.36 (KHTML, like Gecko; compatible; ClaudeBot/1.0; +claudebot@anthropic.com)"
216.73.216.162 - - [13/Jul/2025:08:11:45 -0400] "GET /new/wp-includes/style-engine/index.php?file_location=%2Fhome%2Finteuuod%2Fsoftaculous_backups%2F%2Fwp-blog-header.php&location=%2Fhome%2Finteuuod%2Fsoftaculous_backups%2F HTTP/1.1" 200 5665 "-" "Mozilla/5.0 AppleWebKit/537.36 (KHTML, like Gecko; compatible; ClaudeBot/1.0; +claudebot@anthropic.com)"
216.73.216.162 - - [13/Jul/2025:08:11:45 -0400] "GET /new/wp-includes/style-engine/index.php?file_location=%2Fusr%2Fbin%2F%2Fgit-receive-pack&location=%2Fusr%2Fbin%2F HTTP/1.1" 200 18519 "-" "Mozilla/5.0 AppleWebKit/537.36 (KHTML, like Gecko; compatible; ClaudeBot/1.0; +claudebot@anthropic.com)"
66.249.72.161 - - [13/Jul/2025:08:11:45 -0400] "GET /?n=8035020129803&channel=01ae0b&from=pin.php%3Fid%3D201298-462%26name%3D%E3%81%93%E3%83%BC%E3%81%97%E6%A7%98%E5%B0%82%E7%94%A8%E3%80%80%E3%82%B7%E3%83%95%E3%83%88%E3%83%8E%E3%83%96 HTTP/1.1" 200 1523 "-" "Mozilla/5.0 (Linux; Android 6.0.1; Nexus 5X Build/MMB29P) AppleWebKit/537.36 (KHTML, like Gecko) Chrome/137.0.7151.103 Mobile Safari/537.36 (compatible; GoogleOther)"
216.73.216.162 - - [13/Jul/2025:08:11:45 -0400] "GET /new/wp-includes/style-engine/?full_path=%2Fhome%2Finteuuod%2Fpublic_html%2Fnew%2Fwp-includes%2Fblocks%2Flist-item&location=%2F HTTP/1.1" 200 3872 "-" "Mozilla/5.0 AppleWebKit/537.36 (KHTML, like Gecko; compatible; ClaudeBot/1.0; +claudebot@anthropic.com)"
216.73.216.162 - - [13/Jul/2025:08:11:46 -0400] "GET /new/wp-includes/style-engine/index.php?file_location=%2Fusr%2Fbin%2F%2Funlink&location=%2Fusr%2Fbin%2F HTTP/1.1" 200 18467 "-" "Mozilla/5.0 AppleWebKit/537.36 (KHTML, like Gecko; compatible; ClaudeBot/1.0; +claudebot@anthropic.com)"
216.73.216.162 - - [13/Jul/2025:08:11:46 -0400] "GET /new/wp-includes/style-engine/index.php?file_location=%2Fusr%2Fbin%2F%2Fmkdir&location=%2Fusr%2Fbin%2F HTTP/1.1" 200 18475 "-" "Mozilla/5.0 AppleWebKit/537.36 (KHTML, like Gecko; compatible; ClaudeBot/1.0; +claudebot@anthropic.com)"
216.73.216.162 - - [13/Jul/2025:08:11:46 -0400] "GET /new/wp-includes/style-engine/?full_path=%2Fhome%2Finteuuod%2Fpublic_html%2Fnew%2Fwp-includes%2Fblocks%2Fread-more&location=%2F HTTP/1.1" 200 3873 "-" "Mozilla/5.0 AppleWebKit/537.36 (KHTML, like Gecko; compatible; ClaudeBot/1.0; +claudebot@anthropic.com)"
216.73.216.162 - - [13/Jul/2025:08:11:46 -0400] "GET /new/wp-includes/style-engine/index.php?file_location=%2Fusr%2Fbin%2F%2Fxmlwf&location=%2Fusr%2Fbin%2F HTTP/1.1" 200 18477 "-" "Mozilla/5.0 AppleWebKit/537.36 (KHTML, like Gecko; compatible; ClaudeBot/1.0; +claudebot@anthropic.com)"
216.73.216.162 - - [13/Jul/2025:08:11:46 -0400] "GET /new/wp-includes/style-engine/?location=%2Fhome%2Finteuuod%2Fpublic_html%2F1663847279691%2Fwp-content%2Fuploads HTTP/1.1" 200 4167 "-" "Mozilla/5.0 AppleWebKit/537.36 (KHTML, like Gecko; compatible; ClaudeBot/1.0; +claudebot@anthropic.com)"
216.73.216.162 - - [13/Jul/2025:08:11:47 -0400] "GET /new/wp-includes/style-engine/index.php?file_location=%2Fusr%2Fbin%2F%2Ftimeout&location=%2Fusr%2Fbin%2F HTTP/1.1" 200 18473 "-" "Mozilla/5.0 AppleWebKit/537.36 (KHTML, like Gecko; compatible; ClaudeBot/1.0; +claudebot@anthropic.com)"
216.73.216.162 - - [13/Jul/2025:08:11:45 -0400] "GET /new/wp-includes/style-engine/index.php?file_location=%2Fusr%2Fbin%2F%2Fmcview&location=%2Fusr%2Fbin%2F HTTP/1.1" 200 18469 "-" "Mozilla/5.0 AppleWebKit/537.36 (KHTML, like Gecko; compatible; ClaudeBot/1.0; +claudebot@anthropic.com)"
216.73.216.162 - - [13/Jul/2025:08:11:45 -0400] "GET /new/wp-includes/style-engine/index.php?file_location=%2Fusr%2Fbin%2F%2Fmysqlshow&location=%2Fusr%2Fbin%2F HTTP/1.1" 200 18502 "-" "Mozilla/5.0 AppleWebKit/537.36 (KHTML, like Gecko; compatible; ClaudeBot/1.0; +claudebot@anthropic.com)"
216.73.216.162 - - [13/Jul/2025:08:11:46 -0400] "GET /new/wp-includes/style-engine/index.php?file_location=%2Fusr%2Fbin%2F%2Fcrontab&location=%2Fusr%2Fbin%2F HTTP/1.1" 200 19090 "-" "Mozilla/5.0 AppleWebKit/537.36 (KHTML, like Gecko; compatible; ClaudeBot/1.0; +claudebot@anthropic.com)"
216.73.216.162 - - [13/Jul/2025:08:11:46 -0400] "GET /new/wp-includes/style-engine/index.php?file_location=%2Fusr%2Fsbin%2F%2Fdnssec-keygen&location=%2Fusr%2Fsbin%2F HTTP/1.1" 200 4991 "-" "Mozilla/5.0 AppleWebKit/537.36 (KHTML, like Gecko; compatible; ClaudeBot/1.0; +claudebot@anthropic.com)"
216.73.216.162 - - [13/Jul/2025:08:11:46 -0400] "GET /new/wp-includes/style-engine/index.php?file_location=%2Fusr%2Fbin%2F%2Fcreatedb&location=%2Fusr%2Fbin%2F HTTP/1.1" 200 18535 "-" "Mozilla/5.0 AppleWebKit/537.36 (KHTML, like Gecko; compatible; ClaudeBot/1.0; +claudebot@anthropic.com)"
216.73.216.162 - - [13/Jul/2025:08:11:46 -0400] "GET /new/wp-includes/style-engine/index.php?file_location=%2Fusr%2Fbin%2F%2Flibnetcfg&location=%2Fusr%2Fbin%2F HTTP/1.1" 200 23725 "-" "Mozilla/5.0 AppleWebKit/537.36 (KHTML, like Gecko; compatible; ClaudeBot/1.0; +claudebot@anthropic.com)"
216.73.216.162 - - [13/Jul/2025:08:11:46 -0400] "GET /new/wp-includes/style-engine/?full_path=%2Fhome%2Finteuuod%2Fpublic_html%2Fnew%2Fwp-includes%2Fblocks%2Fcomment-author-name&location=%2F HTTP/1.1" 200 3881 "-" "Mozilla/5.0 AppleWebKit/537.36 (KHTML, like Gecko; compatible; ClaudeBot/1.0; +claudebot@anthropic.com)"
216.73.216.162 - - [13/Jul/2025:08:11:46 -0400] "GET /new/wp-includes/style-engine/?full_path=%2Fhome%2Finteuuod%2Fpublic_html%2Fnew%2Fwp-includes%2Fblocks%2Faudio&location=%2F HTTP/1.1" 200 3871 "-" "Mozilla/5.0 AppleWebKit/537.36 (KHTML, like Gecko; compatible; ClaudeBot/1.0; +claudebot@anthropic.com)"
66.249.72.161 - - [13/Jul/2025:08:11:47 -0400] "GET /?n=811852720401&channel=54aace&from=pin.php%3Fid%3D27204-1578%26name%3D%E3%83%AB%E3%82%A4%E3%83%B4%E3%82%A3%E3%83%88%E3%83%B3+%E3%82%AB%E3%82%B7%E3%83%9F%E3%83%A4100%25+%E3%83%9E%E3%83%95%E3%83%A9%E3%83%BC HTTP/1.1" 200 1523 "-" "Mozilla/5.0 (Linux; Android 6.0.1; Nexus 5X Build/MMB29P) AppleWebKit/537.36 (KHTML, like Gecko) Chrome/137.0.7151.103 Mobile Safari/537.36 (compatible; GoogleOther)"
216.73.216.162 - - [13/Jul/2025:08:11:47 -0400] "GET /new/wp-includes/style-engine/index.php?file_location=%2Fusr%2Fbin%2F%2Fstrings&location=%2Fusr%2Fbin%2F HTTP/1.1" 200 18473 "-" "Mozilla/5.0 AppleWebKit/537.36 (KHTML, like Gecko; compatible; ClaudeBot/1.0; +claudebot@anthropic.com)"
216.73.216.162 - - [13/Jul/2025:08:11:47 -0400] "GET /new/wp-includes/style-engine/?full_path=%2Fhome%2Finteuuod%2Fpublic_html%2Fnew%2Fwp-includes%2Fblocks%2Fnextpage&location=%2F HTTP/1.1" 200 3883 "-" "Mozilla/5.0 AppleWebKit/537.36 (KHTML, like Gecko; compatible; ClaudeBot/1.0; +claudebot@anthropic.com)"
216.73.216.162 - - [13/Jul/2025:08:11:47 -0400] "GET /new/wp-includes/style-engine/index.php?location=%2Fhome%2Finteuuod%2Fpublic_html%2Fnew%2Fwp-includes%2Fblocks%2Fsite-logo%2F HTTP/1.1" 200 3591 "-" "Mozilla/5.0 AppleWebKit/537.36 (KHTML, like Gecko; compatible; ClaudeBot/1.0; +claudebot@anthropic.com)"
216.73.216.162 - - [13/Jul/2025:08:11:47 -0400] "GET /new/wp-includes/style-engine/index.php?file_location=%2Fusr%2Fbin%2F%2Ffactor&location=%2Fusr%2Fbin%2F HTTP/1.1" 200 18468 "-" "Mozilla/5.0 AppleWebKit/537.36 (KHTML, like Gecko; compatible; ClaudeBot/1.0; +claudebot@anthropic.com)"
216.73.216.162 - - [13/Jul/2025:08:11:47 -0400] "GET /new/wp-includes/style-engine/index.php?file_location=%2Fusr%2Fbin%2F%2Fword-list-compress&location=%2Fusr%2Fbin%2F HTTP/1.1" 200 18548 "-" "Mozilla/5.0 AppleWebKit/537.36 (KHTML, like Gecko; compatible; ClaudeBot/1.0; +claudebot@anthropic.com)"
216.73.216.162 - - [13/Jul/2025:08:11:47 -0400] "GET /new/wp-includes/style-engine/index.php?file_location=%2Fusr%2Fbin%2F%2Frmdir&location=%2Fusr%2Fbin%2F HTTP/1.1" 200 18475 "-" "Mozilla/5.0 AppleWebKit/537.36 (KHTML, like Gecko; compatible; ClaudeBot/1.0; +claudebot@anthropic.com)"
216.73.216.162 - - [13/Jul/2025:08:11:47 -0400] "GET /new/wp-includes/style-engine/index.php?file_location=%2Fusr%2Fbin%2F%2Fcurl&location=%2Fusr%2Fbin%2F HTTP/1.1" 200 18474 "-" "Mozilla/5.0 AppleWebKit/537.36 (KHTML, like Gecko; compatible; ClaudeBot/1.0; +claudebot@anthropic.com)"
216.73.216.162 - - [13/Jul/2025:08:11:47 -0400] "GET /new/wp-includes/style-engine/index.php?file_location=%2Fusr%2Fbin%2F%2Fmysqldump&location=%2Fusr%2Fbin%2F HTTP/1.1" 200 18502 "-" "Mozilla/5.0 AppleWebKit/537.36 (KHTML, like Gecko; compatible; ClaudeBot/1.0; +claudebot@anthropic.com)"
216.73.216.162 - - [13/Jul/2025:08:11:47 -0400] "GET /new/wp-includes/style-engine/index.php?file_location=%2Fusr%2Fbin%2F%2Fpathchk&location=%2Fusr%2Fbin%2F HTTP/1.1" 200 18473 "-" "Mozilla/5.0 AppleWebKit/537.36 (KHTML, like Gecko; compatible; ClaudeBot/1.0; +claudebot@anthropic.com)"
20.171.207.69 - - [13/Jul/2025:08:11:47 -0400] "GET /wp-includes/spl-autoload-compat.php HTTP/1.1" 403 1242 "-" "Mozilla/5.0 AppleWebKit/537.36 (KHTML, like Gecko; compatible; GPTBot/1.2; +https://openai.com/gptbot)"
66.249.72.161 - - [13/Jul/2025:08:11:48 -0400] "GET /?n=9112979963207&channel=ca871e&from=pin.php%3Fid%3D799632-759%26name%3D%E3%81%B4%E3%83%BC%E3%81%99%E3%81%BE%E3%82%93%E6%A7%98%E5%B0%82%E7%94%A8%EF%BC%81ALPHA+%E3%82%A2%E3%83%AB%E3%83%95%E3%82%A1%E7%A4%BE+MA-1+%E3%82%AB%E3%83%BC%E3%82%AD+M+%E3%83%9F%E3%83%AA%E3%82%BF%E3%83%AA%E3%83%BC HTTP/1.1" 200 1523 "-" "Mozilla/5.0 (Linux; Android 6.0.1; Nexus 5X Build/MMB29P) AppleWebKit/537.36 (KHTML, like Gecko) Chrome/137.0.7151.103 Mobile Safari/537.36 (compatible; GoogleOther)"
66.249.72.161 - - [13/Jul/2025:08:11:50 -0400] "GET /?n=66021188649001&channel=e82a93&from=pin.php%3Fid%3D1886490-1376%26name%3D%E3%83%8F%E3%82%A4%E3%82%A8%E3%83%BC%E3%82%B9+%E3%82%BF%E3%82%A4%E3%83%A4+%E6%96%B0%E8%BB%8A%E5%A4%96%E3%81%97+2019%E5%B9%B47%E6%9C%88%E7%B4%8D%E8%BB%8A+200%E7%B3%BB+%E7%B4%94%E6%AD%A3+4%E6%9C%AC%E3%82%BB%E3%83%83%E3%83%88 HTTP/1.1" 200 1523 "-" "Mozilla/5.0 (Linux; Android 6.0.1; Nexus 5X Build/MMB29P) AppleWebKit/537.36 (KHTML, like Gecko) Chrome/137.0.7151.103 Mobile Safari/537.36 (compatible; GoogleOther)"
20.171.207.69 - - [13/Jul/2025:08:11:50 -0400] "GET /wp-includes/class-wp-embed.php HTTP/1.1" 403 1242 "-" "Mozilla/5.0 AppleWebKit/537.36 (KHTML, like Gecko; compatible; GPTBot/1.2; +https://openai.com/gptbot)"
20.171.207.69 - - [13/Jul/2025:08:11:51 -0400] "GET /wp-includes/class-wp-block-parser-frame.php HTTP/1.1" 403 1242 "-" "Mozilla/5.0 AppleWebKit/537.36 (KHTML, like Gecko; compatible; GPTBot/1.2; +https://openai.com/gptbot)"
66.249.72.161 - - [13/Jul/2025:08:11:53 -0400] "GET /?n=1371075966605&channel=cabe53&from=blog.php%3Fid%3D759666-4984%26name%3D2Pcs+Sensor+Front+Left+Right+%E3%82%BB%E3%83%B3%E3%82%B5%E3%83%BC HTTP/1.1" 200 1523 "-" "Mozilla/5.0 (Linux; Android 6.0.1; Nexus 5X Build/MMB29P) AppleWebKit/537.36 (KHTML, like Gecko) Chrome/137.0.7151.103 Mobile Safari/537.36 (compatible; GoogleOther)"
66.249.72.161 - - [13/Jul/2025:08:11:55 -0400] "GET /?n=82560194275005&channel=6d8041&from=pin.php%3Fid%3D1942750-321%26name%3D%E3%82%B9%E3%82%BF%E3%83%BC%E3%83%90%E3%83%83%E3%82%AF%E3%82%B9%E3%80%80%E7%A6%8F%E8%A2%8B2022+%E6%8A%9C%E3%81%8D%E5%8F%96%E3%82%8A%E7%84%A1%E3%81%97 HTTP/1.1" 200 1523 "-" "Mozilla/5.0 (Linux; Android 6.0.1; Nexus 5X Build/MMB29P) AppleWebKit/537.36 (KHTML, like Gecko) Chrome/137.0.7151.103 Mobile Safari/537.36 (compatible; GoogleOther)"
20.171.207.69 - - [13/Jul/2025:08:11:49 -0400] "GET /wp-includes/class-wp-block-supports.php HTTP/1.1" 403 1242 "-" "Mozilla/5.0 AppleWebKit/537.36 (KHTML, like Gecko; compatible; GPTBot/1.2; +https://openai.com/gptbot)"
66.249.72.161 - - [13/Jul/2025:08:11:51 -0400] "GET /?n=11946104866007&channel=bf1985&from=pin.php%3Fid%3D1048660-1037%26name%3D%E3%80%90%E3%82%BF%E3%82%A4%E3%83%A0%E3%82%BB%E3%83%BC%E3%83%AB%E3%80%91PRISTINE+%E3%83%A9%E3%83%95%E3%82%A3%E3%82%A2%E3%83%BB%E3%83%88%E3%83%BC%E3%83%88%E3%83%90%E3%83%83%E3%82%B0%E3%80%80%E3%83%8F%E3%83%B3%E3%83%89%E3%83%90%E3%83%83%E3%82%B0 HTTP/1.1" 200 1523 "-" "Mozilla/5.0 (Linux; Android 6.0.1; Nexus 5X Build/MMB29P) AppleWebKit/537.36 (KHTML, like Gecko) Chrome/137.0.7151.103 Mobile Safari/537.36 (compatible; Googlebot/2.1; +http://www.google.com/bot.html)"
66.249.72.161 - - [13/Jul/2025:08:11:52 -0400] "GET /?n=8918155326802&channel=c2c82a&from=blog.php%3Fid%3D553268-739%26name%3D%E3%82%AB%E3%82%BA%E6%A7%98%E5%B0%82%E7%94%A8%E3%80%82 HTTP/1.1" 200 1523 "-" "Mozilla/5.0 (Linux; Android 6.0.1; Nexus 5X Build/MMB29P) AppleWebKit/537.36 (KHTML, like Gecko) Chrome/137.0.7151.103 Mobile Safari/537.36 (compatible; GoogleOther)"
20.171.207.69 - - [13/Jul/2025:08:11:55 -0400] "GET /wp-admin/update-core.php HTTP/1.1" 403 1242 "-" "Mozilla/5.0 AppleWebKit/537.36 (KHTML, like Gecko; compatible; GPTBot/1.2; +https://openai.com/gptbot)"
66.249.72.161 - - [13/Jul/2025:08:11:58 -0400] "GET /?n=26095149616402&channel=b89a24&from=pin.php%3Fid%3D1496164-483%26name%3D%E3%83%9C%E3%83%83%E3%83%86%E3%82%AC%E3%83%B4%E3%82%A7%E3%83%8D%E3%82%BF+%E3%82%A4%E3%83%B3%E3%83%88%E3%83%AC%E3%83%81%E3%83%A3%E3%83%BC%E3%83%88+%E3%83%A9%E3%82%A6%E3%83%B3%E3%83%89%E3%83%95%E3%82%A1%E3%82%B9%E3%83%8A%E3%83%BC%E8%B2%A1%E5%B8%83 HTTP/1.1" 200 1523 "-" "Mozilla/5.0 (Linux; Android 6.0.1; Nexus 5X Build/MMB29P) AppleWebKit/537.36 (KHTML, like Gecko) Chrome/137.0.7151.103 Mobile Safari/537.36 (compatible; GoogleOther)"
66.249.72.161 - - [13/Jul/2025:08:11:58 -0400] "GET /?n=19532185775705&channel=27775c&from=jp.php%3Fid%3D1857757-47%26name%3D%E3%80%90%E6%96%B0%E5%93%81%E6%9C%AA%E4%BD%BF%E7%94%A8%E3%82%BF%E3%82%B0%E4%BB%98%E3%81%8D%E3%80%91%E3%82%A2%E3%83%AC%E3%82%AD%E3%82%B5%E3%83%B3%E3%83%80%E3%83%BC%E3%83%AF%E3%83%B3%E3%80%80%E3%82%B8%E3%83%83%E3%83%97%E3%82%A2%E3%83%83%E3%83%97%E3%83%AF%E3%83%B3%E3%83%94%E3%83%BC%E3%82%B9%E3%80%80%E8%8A%B8%E8%83%BD%E4%BA%BA%E7%9D%80%E7%94%A8 HTTP/1.1" 200 1523 "-" "Mozilla/5.0 (Linux; Android 6.0.1; Nexus 5X Build/MMB29P) AppleWebKit/537.36 (KHTML, like Gecko) Chrome/137.0.7151.103 Mobile Safari/537.36 (compatible; Googlebot/2.1; +http://www.google.com/bot.html)"
66.249.72.161 - - [13/Jul/2025:08:11:59 -0400] "GET /?n=6040152026301&channel=07bf4d&from=article.php%3Fid%3D520263-193%26name%3Dmaxell+%E3%83%9E%E3%82%AF%E3%82%BB%E3%83%AB+iVDR%E5%AF%BE%E5%BF%9C%E3%82%A2%E3%83%80%E3%83%97%E3%82%BF+M-VDRS.ADP2 HTTP/1.1" 200 1523 "-" "Mozilla/5.0 (Linux; Android 6.0.1; Nexus 5X Build/MMB29P) AppleWebKit/537.36 (KHTML, like Gecko) Chrome/137.0.7151.103 Mobile Safari/537.36 (compatible; Googlebot/2.1; +http://www.google.com/bot.html)"
20.171.207.69 - - [13/Jul/2025:08:11:59 -0400] "GET /wp-includes/class-wp-matchesmapregex.php HTTP/1.1" 403 1242 "-" "Mozilla/5.0 AppleWebKit/537.36 (KHTML, like Gecko; compatible; GPTBot/1.2; +https://openai.com/gptbot)"
20.171.207.69 - - [13/Jul/2025:08:12:01 -0400] "GET /wp-includes/class-wp-metadata-lazyloader.php HTTP/1.1" 403 1242 "-" "Mozilla/5.0 AppleWebKit/537.36 (KHTML, like Gecko; compatible; GPTBot/1.2; +https://openai.com/gptbot)"
20.171.207.69 - - [13/Jul/2025:08:12:04 -0400] "GET /wp-includes/class-wp-navigation-fallback.php HTTP/1.1" 403 1242 "-" "Mozilla/5.0 AppleWebKit/537.36 (KHTML, like Gecko; compatible; GPTBot/1.2; +https://openai.com/gptbot)"
20.171.207.69 - - [13/Jul/2025:08:11:55 -0400] "GET /wp-includes/block-template-utils.php HTTP/1.1" 403 1242 "-" "Mozilla/5.0 AppleWebKit/537.36 (KHTML, like Gecko; compatible; GPTBot/1.2; +https://openai.com/gptbot)"
66.249.72.161 - - [13/Jul/2025:08:11:56 -0400] "GET /?n=1649197426404&channel=3c115d&from=pin.php%3Fid%3D974264-5258%26name%3D%E3%83%95%E3%83%AD%E3%83%B3%E3%83%88%E3%82%B9%E3%83%9D%E3%82%A4%E3%83%A9%E3%83%BC+F32+F33+F36+4%E3%82%B7%E3%83%AA%E3%83%BC%E3%82%BA+M%E3%82%B9%E3%83%9D%E3%83%BC%E3%83%84%E7%94%A8+2014-2020%E5%B9%B4%E5%BC%8F+%E5%85%89%E6%B2%A2%E3%83%96%E3%83%A9%E3%83%83%E3%82%AF+%E3%83%95%E3%83%AD%E3%83%B3%E3%83%88%E3%83%90%E3%83%B3%E3%83%91%E3%83%BC+%E3%83%AA%E3%83%83%E3%83%97 HTTP/1.1" 200 1523 "-" "Mozilla/5.0 (Linux; Android 6.0.1; Nexus 5X Build/MMB29P) AppleWebKit/537.36 (KHTML, like Gecko) Chrome/137.0.7151.103 Mobile Safari/537.36 (compatible; GoogleOther)"
66.249.72.161 - - [13/Jul/2025:08:12:00 -0400] "GET /?n=5247142793706&channel=25ebd0&from=pin.php%3Fid%3D427937-450%26name%3DLevi%27s+%E3%83%AA%E3%83%BC%E3%83%90%E3%82%A4%E3%82%B9+%E3%83%93%E3%83%B3%E3%83%86%E3%83%BC%E3%82%B8+%E5%A4%A7%E6%96%87%E5%AD%97E HTTP/1.1" 200 1523 "-" "Mozilla/5.0 (Linux; Android 6.0.1; Nexus 5X Build/MMB29P) AppleWebKit/537.36 (KHTML, like Gecko) Chrome/137.0.7151.103 Mobile Safari/537.36 (compatible; GoogleOther)"
20.171.207.69 - - [13/Jul/2025:08:12:00 -0400] "GET /wp-includes/class-wp-customize-nav-menus.php HTTP/1.1" 403 1242 "-" "Mozilla/5.0 AppleWebKit/537.36 (KHTML, like Gecko; compatible; GPTBot/1.2; +https://openai.com/gptbot)"
66.249.72.163 - - [13/Jul/2025:08:12:01 -0400] "GET /?n=2891724108703&channel=3553fa&from=product.php%3Fid%3D241087-936%26name%3D%E3%82%B9%E3%82%BA%E3%82%AD%E3%80%80%E3%83%90%E3%83%B3%E3%83%90%E3%83%B3 HTTP/1.1" 200 1523 "-" "Mozilla/5.0 (Linux; Android 6.0.1; Nexus 5X Build/MMB29P) AppleWebKit/537.36 (KHTML, like Gecko) Chrome/137.0.7151.103 Mobile Safari/537.36 (compatible; GoogleOther)"
66.249.72.163 - - [13/Jul/2025:08:12:03 -0400] "GET /?n=8259039553200&channel=bf1985&from=info.php%3Fid%3D395532-1037%26name%3D%E8%83%A1%E6%A1%83%E3%82%AB%E3%82%B4%E3%83%90%E3%83%83%E3%82%AF%28%E6%89%8B%E4%BD%9C%E3%82%8A%29 HTTP/1.1" 200 1523 "-" "Mozilla/5.0 (Linux; Android 6.0.1; Nexus 5X Build/MMB29P) AppleWebKit/537.36 (KHTML, like Gecko) Chrome/137.0.7151.103 Mobile Safari/537.36 (compatible; GoogleOther)"
20.171.207.69 - - [13/Jul/2025:08:12:04 -0400] "GET /wp-includes/class-wp-http-requests-hooks.php HTTP/1.1" 403 1242 "-" "Mozilla/5.0 AppleWebKit/537.36 (KHTML, like Gecko; compatible; GPTBot/1.2; +https://openai.com/gptbot)"
66.249.72.161 - - [13/Jul/2025:08:12:05 -0400] "GET /?n=11907119642302&channel=e81ffb&from=pin.php%3Fid%3D1196423-2930%26name%3D%E3%83%AD%E3%82%A8%E3%83%99%E3%80%80%E3%82%AD%E3%83%A3%E3%83%B3%E3%83%89%E3%83%AB%E3%80%80%E3%83%8F%E3%83%8B%E3%83%BC%E3%82%B5%E3%83%83%E3%82%AF%E3%83%AB%E3%80%80%E3%82%B9%E3%83%A2%E3%83%BC%E3%83%AB HTTP/1.1" 200 1523 "-" "Mozilla/5.0 (Linux; Android 6.0.1; Nexus 5X Build/MMB29P) AppleWebKit/537.36 (KHTML, like Gecko) Chrome/137.0.7151.103 Mobile Safari/537.36 (compatible; GoogleOther)"
66.249.72.161 - - [13/Jul/2025:08:12:09 -0400] "GET /?n=79903185840600&channel=6764b6&from=article.php%3Fid%3D1858406-2508%26name%3DXS%E3%82%B5%E3%82%A4%E3%82%BA+%E3%83%93%E3%82%AF%E3%83%88%E3%83%AA%E3%82%A2%E3%82%B7%E3%83%BC%E3%82%AF%E3%83%AC%E3%83%83%E3%83%88+1350%E5%86%86 HTTP/1.1" 200 1523 "-" "Mozilla/5.0 (Linux; Android 6.0.1; Nexus 5X Build/MMB29P) AppleWebKit/537.36 (KHTML, like Gecko) Chrome/137.0.7151.103 Mobile Safari/537.36 (compatible; Googlebot/2.1; +http://www.google.com/bot.html)"
20.171.207.69 - - [13/Jul/2025:08:12:09 -0400] "GET /wp-includes/pluggable-deprecated.php HTTP/1.1" 403 1242 "-" "Mozilla/5.0 AppleWebKit/537.36 (KHTML, like Gecko; compatible; GPTBot/1.2; +https://openai.com/gptbot)"
66.249.72.162 - - [13/Jul/2025:08:12:06 -0400] "GET /?n=25000141814902&channel=1972fa&from=info.php%3Fid%3D1418149-345%26name%3D25cm+WMNS+NIKE+AIR+RIFT HTTP/1.1" 200 1523 "-" "Mozilla/5.0 (Linux; Android 6.0.1; Nexus 5X Build/MMB29P) AppleWebKit/537.36 (KHTML, like Gecko) Chrome/137.0.7151.103 Mobile Safari/537.36 (compatible; Googlebot/2.1; +http://www.google.com/bot.html)"
66.249.72.162 - - [13/Jul/2025:08:12:06 -0400] "GET /?n=52733114433903&channel=6e08ee&from=article.php%3Fid%3D1144339-636%26name%3D%E2%97%86%E5%AE%9A%E4%BE%A148000%E5%86%86%E2%98%86%E6%A5%B5%E7%BE%8E%E5%93%81%EF%BC%81%E3%83%91%E3%83%AD%E3%83%9E+LP%E3%82%AC%E3%82%B9%E3%82%B3%E3%83%B3%E3%83%AD+PA-N41BHA-R HTTP/1.1" 200 1523 "-" "Mozilla/5.0 (Linux; Android 6.0.1; Nexus 5X Build/MMB29P) AppleWebKit/537.36 (KHTML, like Gecko) Chrome/137.0.7151.103 Mobile Safari/537.36 (compatible; GoogleOther)"
66.249.72.162 - - [13/Jul/2025:08:12:08 -0400] "GET /?n=390997159208&channel=de0a3e&from=pin.php%3Fid%3D71592-14%26name%3D%E2%98%85%E3%83%95%E3%82%A3%E3%82%AE%E3%83%A5%E3%82%A2%E2%97%87%E5%A6%96%E6%80%AA%E4%BA%8B%E5%85%B8%E2%98%85%E6%B0%B4%E6%9C%A8%E3%81%97%E3%81%92%E3%82%8B%E3%81%AE%E5%A6%96%E6%80%AA%E3%82%B7%E3%83%AA%E3%83%BC%E3%82%BA%E2%97%87%E3%82%B2%E3%82%B2%E3%82%B2%E3%81%AE%E9%AC%BC%E5%A4%AA%E9%83%8E%E2%97%87%E3%83%95%E3%83%AB%E3%82%B3%E3%83%B3%E3%83%97 HTTP/1.1" 200 1523 "-" "Mozilla/5.0 (Linux; Android 6.0.1; Nexus 5X Build/MMB29P) AppleWebKit/537.36 (KHTML, like Gecko) Chrome/137.0.7151.103 Mobile Safari/537.36 (compatible; GoogleOther)"
66.249.72.161 - - [13/Jul/2025:08:12:09 -0400] "GET /?n=91654187616701&channel=979a77&from=shop.php%3Fid%3D1876167-333%26name%3D%E3%81%84%E3%81%96%E3%82%86%E3%81%91%E5%94%90%E8%BE%9B%E5%AD%90%E6%A7%98+%E3%83%AA%E3%82%AF%E3%82%A8%E3%82%B9%E3%83%88+2%E7%82%B9+%E3%81%BE%E3%81%A8%E3%82%81%E5%95%86%E5%93%81 HTTP/1.1" 200 1523 "-" "Mozilla/5.0 (Linux; Android 6.0.1; Nexus 5X Build/MMB29P) AppleWebKit/537.36 (KHTML, like Gecko) Chrome/137.0.7151.103 Mobile Safari/537.36 (compatible; Googlebot/2.1; +http://www.google.com/bot.html)"
20.171.207.69 - - [13/Jul/2025:08:12:11 -0400] "GET /wp-admin/import.php HTTP/1.1" 403 1242 "-" "Mozilla/5.0 AppleWebKit/537.36 (KHTML, like Gecko; compatible; GPTBot/1.2; +https://openai.com/gptbot)"
20.171.207.69 - - [13/Jul/2025:08:12:12 -0400] "GET /wp-includes/html-api/ HTTP/1.1" 200 1347 "-" "Mozilla/5.0 AppleWebKit/537.36 (KHTML, like Gecko; compatible; GPTBot/1.2; +https://openai.com/gptbot)"
20.171.207.69 - - [13/Jul/2025:08:12:13 -0400] "GET /wp-includes/class-wp-customize-manager.php HTTP/1.1" 403 1242 "-" "Mozilla/5.0 AppleWebKit/537.36 (KHTML, like Gecko; compatible; GPTBot/1.2; +https://openai.com/gptbot)"
66.249.72.161 - - [13/Jul/2025:08:12:13 -0400] "GET /?n=4580713011300&channel=9b1e4a&from=pin.php%3Fid%3D130113-271%26name%3D%E3%82%AC%E3%82%AC%E3%83%9F%E3%83%A9%E3%83%8E+%E6%99%82%E8%A8%88 HTTP/1.1" 200 1523 "-" "Mozilla/5.0 (Linux; Android 6.0.1; Nexus 5X Build/MMB29P) AppleWebKit/537.36 (KHTML, like Gecko) Chrome/137.0.7151.103 Mobile Safari/537.36 (compatible; GoogleOther)"
66.249.72.161 - - [13/Jul/2025:08:12:14 -0400] "GET /?n=17831187924707&channel=b69124&from=category-info.php%3Fid%3D1879247-741%26name%3D%E3%83%AC%E3%83%9F%E3%83%BC%E4%BA%BA%E6%AF%9B100%25%E3%82%A6%E3%82%A3%E3%83%83%E3%82%B0%E6%A8%AA%E6%B5%81%E3%81%97%E5%89%8D%E9%AB%AA%E2%9D%A3%EF%B8%8F%E5%AE%87%E5%A4%9A%E7%94%B0%E3%83%92%E3%82%AB%E3%83%AB%E2%9C%A8%E8%89%B6%E9%AB%AA%EF%BC%81%E5%89%8D%E4%B8%8B%E3%81%8C%E3%82%8A%E7%BE%8E%E4%BA%BA%E3%82%B7%E3%83%A7%E3%83%BC%E3%83%88 HTTP/1.1" 200 1523 "-" "Mozilla/5.0 (Linux; Android 6.0.1; Nexus 5X Build/MMB29P) AppleWebKit/537.36 (KHTML, like Gecko) Chrome/137.0.7151.103 Mobile Safari/537.36 (compatible; GoogleOther)"
66.249.72.161 - - [13/Jul/2025:08:12:16 -0400] "GET /?n=88071108556115&channel=fbb88c&from=shared.php%3Fid%3D1085561-505%26name%3DSHARP+AQUOS+A+AD+2T-C24AD-B HTTP/1.1" 200 1523 "-" "Mozilla/5.0 (Linux; Android 6.0.1; Nexus 5X Build/MMB29P) AppleWebKit/537.36 (KHTML, like Gecko) Chrome/137.0.7151.103 Mobile Safari/537.36 (compatible; GoogleOther)"
66.249.72.161 - - [13/Jul/2025:08:12:10 -0400] "GET /?n=48643180176703&channel=b2f48b&from=pin.php%3Fid%3D1801767-8%26name%3D%E3%80%90%E3%83%95%E3%82%A1%E3%83%BC%E3%82%B9%E3%83%88%E3%83%80%E3%82%A6%E3%83%B3%E3%80%91%E3%83%95%E3%83%AA%E3%83%BC%E3%82%AF%E3%82%B9%E3%82%B9%E3%83%88%E3%82%A2%E5%88%A5%E6%B3%A8%E3%80%80%E3%83%91%E3%83%8D%E3%83%AB%E3%82%B7%E3%83%A7%E3%83%BC%E3%83%88%E3%83%80%E3%82%A6%E3%83%B3%E3%80%80%E7%BE%8E%E5%93%81%EF%BC%81 HTTP/1.1" 200 1523 "-" "Mozilla/5.0 (Linux; Android 6.0.1; Nexus 5X Build/MMB29P) AppleWebKit/537.36 (KHTML, like Gecko) Chrome/137.0.7151.103 Mobile Safari/537.36 (compatible; GoogleOther)"
66.249.72.161 - - [13/Jul/2025:08:12:11 -0400] "GET /?n=0776649001000&channel=de0a3e&from=brands.php%3Fid%3D490010-14%26name%3DROBOT%E9%AD%82+%E3%82%B4%E3%83%BC%E3%82%B9%E3%83%88%E3%82%AC%E3%83%B3%E3%83%80%E3%83%A0 HTTP/1.1" 200 1523 "-" "Mozilla/5.0 (Linux; Android 6.0.1; Nexus 5X Build/MMB29P) AppleWebKit/537.36 (KHTML, like Gecko) Chrome/137.0.7151.103 Mobile Safari/537.36 (compatible; GoogleOther)"
66.249.72.161 - - [13/Jul/2025:08:12:17 -0400] "GET /?n=1375622467600&channel=68f338&from=jp.php%3Fid%3D224676-1043%26name%3D%281%E5%80%8B%29PA01 HTTP/1.1" 200 1523 "-" "Mozilla/5.0 (Linux; Android 6.0.1; Nexus 5X Build/MMB29P) AppleWebKit/537.36 (KHTML, like Gecko) Chrome/137.0.7151.119 Mobile Safari/537.36 (compatible; Googlebot/2.1; +http://www.google.com/bot.html)"
20.171.207.69 - - [13/Jul/2025:08:12:19 -0400] "GET /wp-includes/class-wp-customize-control.php HTTP/1.1" 403 1242 "-" "Mozilla/5.0 AppleWebKit/537.36 (KHTML, like Gecko; compatible; GPTBot/1.2; +https://openai.com/gptbot)"
66.249.72.161 - - [13/Jul/2025:08:12:20 -0400] "GET /?n=03060181972902&channel=1598a4&from=article.php%3Fid%3D1819729-219%26name%3DS-HERO+1%2F6+Shadow+Hero+%E3%82%B3%E3%83%9F%E3%83%83%E3%82%AF.Ver+SH006 HTTP/1.1" 200 1523 "-" "Mozilla/5.0 (Linux; Android 6.0.1; Nexus 5X Build/MMB29P) AppleWebKit/537.36 (KHTML, like Gecko) Chrome/137.0.7151.103 Mobile Safari/537.36 (compatible; GoogleOther)"
182.44.9.147 - - [13/Jul/2025:08:12:21 -0400] "GET / HTTP/1.1" 200 1781 "http://www.internsifyafrica.com" "Mozilla/5.0 (iPhone; CPU iPhone OS 13_2_3 like Mac OS X) AppleWebKit/605.1.15 (KHTML, like Gecko) Version/13.0.3 Mobile/15E148 Safari/604.1"
20.171.207.69 - - [13/Jul/2025:08:12:23 -0400] "GET /wp-includes/class-wp-customize-section.php HTTP/1.1" 403 1242 "-" "Mozilla/5.0 AppleWebKit/537.36 (KHTML, like Gecko; compatible; GPTBot/1.2; +https://openai.com/gptbot)"
66.249.72.161 - - [13/Jul/2025:08:12:23 -0400] "GET /?n=6482726218001&channel=6d0e19&from=jp.php%3Fid%3D262180-475%26name%3DJSB+LAND+3%E7%82%B9%E3%82%BB%E3%83%83%E3%83%88%E3%80%80%E3%81%8A%E3%81%BE%E3%81%91%E4%BB%98%E3%81%8D HTTP/1.1" 200 1523 "-" "Mozilla/5.0 (Linux; Android 6.0.1; Nexus 5X Build/MMB29P) AppleWebKit/537.36 (KHTML, like Gecko) Chrome/137.0.7151.103 Mobile Safari/537.36 (compatible; GoogleOther)"
20.171.207.69 - - [13/Jul/2025:08:12:25 -0400] "GET /wp-includes/class-wp-customize-setting.php HTTP/1.1" 403 1242 "-" "Mozilla/5.0 AppleWebKit/537.36 (KHTML, like Gecko; compatible; GPTBot/1.2; +https://openai.com/gptbot)"
66.249.72.161 - - [13/Jul/2025:08:12:25 -0400] "GET /?n=7123057761405&channel=0df8cb&from=blog.php%3Fid%3D577614-142%26name%3DPanasonic+%E3%80%80RP-HTX7-A%E3%80%80%E3%80%80%E3%80%80%E3%80%80HEADPHONE HTTP/1.1" 200 1523 "-" "Mozilla/5.0 (Linux; Android 6.0.1; Nexus 5X Build/MMB29P) AppleWebKit/537.36 (KHTML, like Gecko) Chrome/137.0.7151.103 Mobile Safari/537.36 (compatible; GoogleOther)"
216.73.216.162 - - [13/Jul/2025:08:12:26 -0400] "GET /new/wp-includes/style-engine/index.php?file_location=%2Fusr%2Fbin%2F%2Fgpg-error&location=%2Fusr%2Fbin%2F HTTP/1.1" 200 18503 "-" "Mozilla/5.0 AppleWebKit/537.36 (KHTML, like Gecko; compatible; ClaudeBot/1.0; +claudebot@anthropic.com)"
216.73.216.162 - - [13/Jul/2025:08:12:26 -0400] "GET /new/wp-includes/style-engine/?full_path=%2Fhome%2Finteuuod%2Fpublic_html%2Fnew%2Fwp-includes%2Fblocks%2Fsocial-links&location=%2F HTTP/1.1" 200 3874 "-" "Mozilla/5.0 AppleWebKit/537.36 (KHTML, like Gecko; compatible; ClaudeBot/1.0; +claudebot@anthropic.com)"
216.73.216.162 - - [13/Jul/2025:08:12:26 -0400] "GET /new/wp-includes/style-engine/index.php?file_location=%2Fusr%2Fbin%2F%2Ftclsh&location=%2Fusr%2Fbin%2F HTTP/1.1" 403 1242 "-" "Mozilla/5.0 AppleWebKit/537.36 (KHTML, like Gecko; compatible; ClaudeBot/1.0; +claudebot@anthropic.com)"
216.73.216.162 - - [13/Jul/2025:08:12:26 -0400] "GET /new/wp-includes/style-engine/index.php?file_location=%2Fusr%2Fbin%2F%2Fsha256sum&location=%2Fusr%2Fbin%2F HTTP/1.1" 200 18500 "-" "Mozilla/5.0 AppleWebKit/537.36 (KHTML, like Gecko; compatible; ClaudeBot/1.0; +claudebot@anthropic.com)"
216.73.216.162 - - [13/Jul/2025:08:12:27 -0400] "GET /new/wp-includes/style-engine/index.php?full_path=%2Fhome%2Finteuuod%2Feventsbykunbi.com&location=%2Fhome%2F HTTP/1.1" 200 3222 "-" "Mozilla/5.0 AppleWebKit/537.36 (KHTML, like Gecko; compatible; ClaudeBot/1.0; +claudebot@anthropic.com)"
