216.73.216.162 - - [13/Jul/2025:08:12:27 -0400] "GET /new/wp-includes/style-engine/index.php?file_location=%2Fusr%2Fbin%2F%2Fbase32&location=%2Fusr%2Fbin%2F HTTP/1.1" 200 18467 "-" "Mozilla/5.0 AppleWebKit/537.36 (KHTML, like Gecko; compatible; ClaudeBot/1.0; +claudebot@anthropic.com)"
216.73.216.162 - - [13/Jul/2025:08:12:27 -0400] "GET /new/wp-includes/style-engine/index.php?location=%2Fhome%2Finteuuod%2FlscmData%2Fwp-includes HTTP/1.1" 200 3454 "-" "Mozilla/5.0 AppleWebKit/537.36 (KHTML, like Gecko; compatible; ClaudeBot/1.0; +claudebot@anthropic.com)"
216.73.216.162 - - [13/Jul/2025:08:12:27 -0400] "GET /new/wp-includes/style-engine/?full_path=%2Fhome%2Finteuuod%2Fpublic_html%2Fnew%2Fwp-includes%2Fblocks%2Fgallery&location=%2F HTTP/1.1" 200 3871 "-" "Mozilla/5.0 AppleWebKit/537.36 (KHTML, like Gecko; compatible; ClaudeBot/1.0; +claudebot@anthropic.com)"
66.249.72.161 - - [13/Jul/2025:08:12:27 -0400] "GET /?n=67411162915303&channel=012b40&from=pin.php%3Fid%3D1629153-610%26name%3D%E3%83%9E%E3%82%AD%E3%82%BF%E3%80%80%E3%83%AB%E3%83%BC%E3%82%BF%E3%83%BC%E3%80%80%E3%83%A2%E3%83%87%E3%83%AB3600HA HTTP/1.1" 200 1523 "-" "Mozilla/5.0 (Linux; Android 6.0.1; Nexus 5X Build/MMB29P) AppleWebKit/537.36 (KHTML, like Gecko) Chrome/137.0.7151.103 Mobile Safari/537.36 (compatible; GoogleOther)"
216.73.216.162 - - [13/Jul/2025:08:12:27 -0400] "GET /new/wp-includes/style-engine/index.php?file_location=%2Fusr%2Fbin%2F%2Fawk&location=%2Fusr%2Fbin%2F HTTP/1.1" 200 18504 "-" "Mozilla/5.0 AppleWebKit/537.36 (KHTML, like Gecko; compatible; ClaudeBot/1.0; +claudebot@anthropic.com)"
216.73.216.162 - - [13/Jul/2025:08:12:27 -0400] "GET /new/wp-includes/style-engine/index.php?file_location=%2Fusr%2Fbin%2F%2Fautomake-1.16&location=%2Fusr%2Fbin%2F HTTP/1.1" 200 97354 "-" "Mozilla/5.0 AppleWebKit/537.36 (KHTML, like Gecko; compatible; ClaudeBot/1.0; +claudebot@anthropic.com)"
216.73.216.162 - - [13/Jul/2025:08:12:27 -0400] "GET /new/wp-includes/style-engine/index.php?file_location=%2Fusr%2Fbin%2F%2Fdir&location=%2Fusr%2Fbin%2F HTTP/1.1" 200 18504 "-" "Mozilla/5.0 AppleWebKit/537.36 (KHTML, like Gecko; compatible; ClaudeBot/1.0; +claudebot@anthropic.com)"
66.249.72.161 - - [13/Jul/2025:08:12:27 -0400] "GET /?n=9886868537200&channel=313073&from=news.php%3Fid%3D685372-943%26name%3D%E5%B0%82%E7%94%A8%E3%81%A7%E3%81%99%E3%80%82%E3%81%86%E3%81%95%E3%81%8E%E3%81%A1%E3%82%83%E3%82%93%E9%9B%91%E8%B2%A8%E3%80%80%E3%81%BE%E3%81%A8%E3%82%81%E5%A3%B2%E3%82%8A HTTP/1.1" 200 1523 "-" "Mozilla/5.0 (Linux; Android 6.0.1; Nexus 5X Build/MMB29P) AppleWebKit/537.36 (KHTML, like Gecko) Chrome/137.0.7151.103 Mobile Safari/537.36 (compatible; Googlebot/2.1; +http://www.google.com/bot.html)"
66.249.72.161 - - [13/Jul/2025:08:12:17 -0400] "GET /?n=46215127010700&channel=a87e2d&from=info.php%3Fid%3D1270107-2778%26name%3D%E3%82%A2%E3%82%A4%E3%83%8A%E3%83%8A+%E3%83%8A%E3%83%8A%E3%82%A4%E3%83%AD%E3%82%AD%E3%83%A3%E3%83%B3%E3%83%87%E3%82%A3%E3%83%8F%E3%82%A6%E3%82%B9+%E3%82%A2%E3%82%AF%E3%82%B9%E3%82%BF+Re+vale HTTP/1.1" 200 1523 "-" "Mozilla/5.0 (Linux; Android 6.0.1; Nexus 5X Build/MMB29P) AppleWebKit/537.36 (KHTML, like Gecko) Chrome/137.0.7151.103 Mobile Safari/537.36 (compatible; Googlebot/2.1; +http://www.google.com/bot.html)"
66.249.72.161 - - [13/Jul/2025:08:12:18 -0400] "GET /?n=87812178068004&channel=c8f69c&from=pin.php%3Fid%3D1780680-174%26name%3D%E3%80%90%C2%A536000%E3%81%8B%E3%82%89%E3%81%8A%E5%80%A4%E4%B8%8B%E3%81%92%E3%80%91%E3%83%80%E3%83%B3%E3%83%92%E3%83%AB++%E3%82%B7%E3%83%A7%E3%83%AB%E3%83%80%E3%83%BC%E3%83%90%E3%83%83%E3%82%B0%E3%80%80%E4%BF%9D%E7%AE%A1%E8%A2%8B%E3%80%81%E4%BF%9D%E8%A8%BC%E3%82%AB%E3%83%BC%E3%83%89%E4%BB%98%E3%81%8D HTTP/1.1" 200 1523 "-" "Mozilla/5.0 (Linux; Android 6.0.1; Nexus 5X Build/MMB29P) AppleWebKit/537.36 (KHTML, like Gecko) Chrome/137.0.7151.103 Mobile Safari/537.36 (compatible; GoogleOther)"
20.171.207.69 - - [13/Jul/2025:08:12:21 -0400] "GET /wp-includes/class-wp-oembed-controller.php HTTP/1.1" 403 1242 "-" "Mozilla/5.0 AppleWebKit/537.36 (KHTML, like Gecko; compatible; GPTBot/1.2; +https://openai.com/gptbot)"
66.249.72.161 - - [13/Jul/2025:08:12:22 -0400] "GET /?n=0395587628500&channel=27775c&from=info.php%3Fid%3D876285-47%26name%3D%E2%98%86%E3%82%B7%E3%83%93%E3%83%A9%E2%98%86%E3%81%8B%E3%82%89%E3%81%97%E8%89%B2%E3%83%AF%E3%83%B3%E3%83%94%E3%83%BC%E3%82%B9 HTTP/1.1" 200 1523 "-" "Mozilla/5.0 (Linux; Android 6.0.1; Nexus 5X Build/MMB29P) AppleWebKit/537.36 (KHTML, like Gecko) Chrome/137.0.7151.103 Mobile Safari/537.36 (compatible; Googlebot/2.1; +http://www.google.com/bot.html)"
216.73.216.162 - - [13/Jul/2025:08:12:26 -0400] "GET /new/wp-includes/style-engine/index.php?full_path=%2Fhome%2Finteuuod%2F.cl.selector&location=%2Fhome%2F HTTP/1.1" 200 3222 "-" "Mozilla/5.0 AppleWebKit/537.36 (KHTML, like Gecko; compatible; ClaudeBot/1.0; +claudebot@anthropic.com)"
216.73.216.162 - - [13/Jul/2025:08:12:26 -0400] "GET /new/wp-includes/style-engine/index.php?file_location=%2Fusr%2Fbin%2F%2Fgnroff&location=%2Fusr%2Fbin%2F HTTP/1.1" 200 20043 "-" "Mozilla/5.0 AppleWebKit/537.36 (KHTML, like Gecko; compatible; ClaudeBot/1.0; +claudebot@anthropic.com)"
216.73.216.162 - - [13/Jul/2025:08:12:26 -0400] "GET /new/wp-includes/style-engine/index.php?file_location=%2Fusr%2Fsbin%2F%2Fexim&location=%2Fusr%2Fsbin%2F HTTP/1.1" 200 5551 "-" "Mozilla/5.0 AppleWebKit/537.36 (KHTML, like Gecko; compatible; ClaudeBot/1.0; +claudebot@anthropic.com)"
216.73.216.162 - - [13/Jul/2025:08:12:26 -0400] "GET /new/wp-includes/style-engine/?full_path=%2Fhome%2Finteuuod%2Fpublic_html%2Fnew%2Fwp-includes%2Fblocks%2Fpost-author-name&location=%2F HTTP/1.1" 200 3873 "-" "Mozilla/5.0 AppleWebKit/537.36 (KHTML, like Gecko; compatible; ClaudeBot/1.0; +claudebot@anthropic.com)"
216.73.216.162 - - [13/Jul/2025:08:12:26 -0400] "GET /new/wp-includes/style-engine/?location=%2Fhome%2Finteuuod%2Fpublic_html%2F1663847279691%2Fwp-includes%2F HTTP/1.1" 200 11590 "-" "Mozilla/5.0 AppleWebKit/537.36 (KHTML, like Gecko; compatible; ClaudeBot/1.0; +claudebot@anthropic.com)"
216.73.216.162 - - [13/Jul/2025:08:12:26 -0400] "GET /new/wp-includes/style-engine/?location=%2Fhome%2Finteuuod%2Fpublic_html%2Fwp-content%2Fuploads%2Fac_assets HTTP/1.1" 200 4512 "-" "Mozilla/5.0 AppleWebKit/537.36 (KHTML, like Gecko; compatible; ClaudeBot/1.0; +claudebot@anthropic.com)"
66.249.72.161 - - [13/Jul/2025:08:12:27 -0400] "GET /?n=433083461401&channel=877b9f&from=pin.php%3Fid%3D34614-540%26name%3D%E3%82%A6%E3%82%A3%E3%83%AB%E3%82%BB%E3%83%AC%E3%82%AF%E3%82%B7%E3%83%A7%E3%83%B3+%E3%83%95%E3%83%AA%E3%83%AB%E3%82%B7%E3%83%A7%E3%83%AB%E3%83%80%E3%83%BC%E3%83%9E%E3%83%BC%E3%83%A1%E3%82%A4%E3%83%89%E3%83%AF%E3%83%B3%E3%83%94%E3%83%BC%E3%82%B9%28%E3%83%94%E3%83%B3%E3%82%AF%29 HTTP/1.1" 200 1523 "-" "Mozilla/5.0 (Linux; Android 6.0.1; Nexus 5X Build/MMB29P) AppleWebKit/537.36 (KHTML, like Gecko) Chrome/137.0.7151.103 Mobile Safari/537.36 (compatible; Googlebot/2.1; +http://www.google.com/bot.html)"
216.73.216.162 - - [13/Jul/2025:08:12:27 -0400] "GET /new/wp-includes/style-engine/index.php?file_location=%2Flib64%2F%2Flibcairo-script-interpreter.so.2.11512.0&location=%2Flib64%2F HTTP/1.1" 200 51206 "-" "Mozilla/5.0 AppleWebKit/537.36 (KHTML, like Gecko; compatible; ClaudeBot/1.0; +claudebot@anthropic.com)"
216.73.216.162 - - [13/Jul/2025:08:12:27 -0400] "GET /new/wp-includes/style-engine/index.php?full_path=%2Fhome%2Finteuuod%2F.nc_plugin&location=%2Fhome%2Finteuuod%2F HTTP/1.1" 200 5327 "-" "Mozilla/5.0 AppleWebKit/537.36 (KHTML, like Gecko; compatible; ClaudeBot/1.0; +claudebot@anthropic.com)"
216.73.216.162 - - [13/Jul/2025:08:12:27 -0400] "GET /new/wp-includes/style-engine/index.php?file_location=%2Fusr%2Fbin%2F%2Fbase64&location=%2Fusr%2Fbin%2F HTTP/1.1" 200 18469 "-" "Mozilla/5.0 AppleWebKit/537.36 (KHTML, like Gecko; compatible; ClaudeBot/1.0; +claudebot@anthropic.com)"
216.73.216.162 - - [13/Jul/2025:08:12:28 -0400] "GET /new/wp-includes/style-engine/index.php?file_location=%2Fhome%2Finteuuod%2Fsoftaculous_backups%2F%2Fwp-cron.php&location=%2Fhome%2Finteuuod%2Fsoftaculous_backups%2F HTTP/1.1" 200 5653 "-" "Mozilla/5.0 AppleWebKit/537.36 (KHTML, like Gecko; compatible; ClaudeBot/1.0; +claudebot@anthropic.com)"
216.73.216.162 - - [13/Jul/2025:08:12:28 -0400] "GET /new/wp-includes/style-engine/index.php?file_location=%2Fusr%2Fbin%2F%2Fautoheader&location=%2Fusr%2Fbin%2F HTTP/1.1" 200 22097 "-" "Mozilla/5.0 AppleWebKit/537.36 (KHTML, like Gecko; compatible; ClaudeBot/1.0; +claudebot@anthropic.com)"
216.73.216.162 - - [13/Jul/2025:08:12:28 -0400] "GET /new/wp-includes/style-engine/?full_path=%2Fhome%2Finteuuod%2Fpublic_html%2Fnew%2Fwp-includes%2Fblocks%2Fvideo&location=%2F HTTP/1.1" 200 3870 "-" "Mozilla/5.0 AppleWebKit/537.36 (KHTML, like Gecko; compatible; ClaudeBot/1.0; +claudebot@anthropic.com)"
66.249.72.161 - - [13/Jul/2025:08:12:28 -0400] "GET /?n=1923994224002&channel=8835be&from=form.php%3Fid%3D942240-244%26name%3D%E3%83%AB%E3%83%93%E3%83%BC%C3%97%E3%83%80%E3%82%A4%E3%83%A4%E3%83%A2%E3%83%B3%E3%83%89+%E3%83%AA%E3%83%B3%E3%82%B0+%E7%BE%8E%E5%93%81%E2%9D%A4%EF%B8%8E+%E6%9C%80%E7%B5%82%E5%A4%A7%E7%89%B9%E4%BE%A1%E2%80%BC%EF%B8%8E HTTP/1.1" 200 1523 "-" "Mozilla/5.0 (Linux; Android 6.0.1; Nexus 5X Build/MMB29P) AppleWebKit/537.36 (KHTML, like Gecko) Chrome/137.0.7151.103 Mobile Safari/537.36 (compatible; GoogleOther)"
216.73.216.162 - - [13/Jul/2025:08:12:28 -0400] "GET /new/wp-includes/style-engine/index.php?file_location=%2Fusr%2Fbin%2F%2Flesspipe.sh&location=%2Fusr%2Fbin%2F HTTP/1.1" 200 19826 "-" "Mozilla/5.0 AppleWebKit/537.36 (KHTML, like Gecko; compatible; ClaudeBot/1.0; +claudebot@anthropic.com)"
216.73.216.162 - - [13/Jul/2025:08:12:28 -0400] "GET /new/wp-includes/style-engine/index.php?location=%2Fhome%2Finteuuod%2Fpublic_html%2Fnew%2Fwp-includes%2Fblocks%2Fsearch%2F HTTP/1.1" 200 3859 "-" "Mozilla/5.0 AppleWebKit/537.36 (KHTML, like Gecko; compatible; ClaudeBot/1.0; +claudebot@anthropic.com)"
216.73.216.162 - - [13/Jul/2025:08:12:29 -0400] "GET /new/wp-includes/style-engine/index.php?file_location=%2Fusr%2Fbin%2F%2Ftaskset&location=%2Fusr%2Fbin%2F HTTP/1.1" 200 18474 "-" "Mozilla/5.0 AppleWebKit/537.36 (KHTML, like Gecko; compatible; ClaudeBot/1.0; +claudebot@anthropic.com)"
216.73.216.162 - - [13/Jul/2025:08:12:27 -0400] "GET /new/wp-includes/style-engine/index.php?file_location=%2Fusr%2Fbin%2F%2Fpkill&location=%2Fusr%2Fbin%2F HTTP/1.1" 200 18476 "-" "Mozilla/5.0 AppleWebKit/537.36 (KHTML, like Gecko; compatible; ClaudeBot/1.0; +claudebot@anthropic.com)"
216.73.216.162 - - [13/Jul/2025:08:12:28 -0400] "GET /new/wp-includes/style-engine/index.php?full_path=%2Fhome%2Finteuuod%2Flscache&location=%2Fhome%2Finteuuod%2F HTTP/1.1" 200 5335 "-" "Mozilla/5.0 AppleWebKit/537.36 (KHTML, like Gecko; compatible; ClaudeBot/1.0; +claudebot@anthropic.com)"
216.73.216.162 - - [13/Jul/2025:08:12:28 -0400] "GET /new/wp-includes/style-engine/index.php?full_path=%2Fhome%2Finteuuod%2F.cpanel&location=%2Fhome%2Finteuuod%2F HTTP/1.1" 200 5337 "-" "Mozilla/5.0 AppleWebKit/537.36 (KHTML, like Gecko; compatible; ClaudeBot/1.0; +claudebot@anthropic.com)"
216.73.216.162 - - [13/Jul/2025:08:12:28 -0400] "GET /new/wp-includes/style-engine/index.php?full_path=%2Fhome%2Finteuuod%2Fssl&location=%2Fhome%2Finteuuod%2F HTTP/1.1" 200 5317 "-" "Mozilla/5.0 AppleWebKit/537.36 (KHTML, like Gecko; compatible; ClaudeBot/1.0; +claudebot@anthropic.com)"
216.73.216.162 - - [13/Jul/2025:08:12:28 -0400] "GET /new/wp-includes/style-engine/?location=%2Fhome%2Finteuuod%2Fpublic_html%2F1663847279691%2Fwp-includes%2Ftheme-compat HTTP/1.1" 200 3625 "-" "Mozilla/5.0 AppleWebKit/537.36 (KHTML, like Gecko; compatible; ClaudeBot/1.0; +claudebot@anthropic.com)"
216.73.216.162 - - [13/Jul/2025:08:12:28 -0400] "GET /new/wp-includes/style-engine/index.php?file_location=%2Fusr%2Fbin%2F%2Fnumfmt&location=%2Fusr%2Fbin%2F HTTP/1.1" 200 18469 "-" "Mozilla/5.0 AppleWebKit/537.36 (KHTML, like Gecko; compatible; ClaudeBot/1.0; +claudebot@anthropic.com)"
216.73.216.162 - - [13/Jul/2025:08:12:28 -0400] "GET /new/wp-includes/js/dist/vendor/react-dom.js HTTP/1.1" 200 243173 "-" "Mozilla/5.0 AppleWebKit/537.36 (KHTML, like Gecko; compatible; ClaudeBot/1.0; +claudebot@anthropic.com)"
216.73.216.162 - - [13/Jul/2025:08:12:29 -0400] "GET /new/wp-includes/style-engine/index.php?file_location=%2Fusr%2Fbin%2F%2Fgcc-ar&location=%2Fusr%2Fbin%2F HTTP/1.1" 200 18469 "-" "Mozilla/5.0 AppleWebKit/537.36 (KHTML, like Gecko; compatible; ClaudeBot/1.0; +claudebot@anthropic.com)"
216.73.216.162 - - [13/Jul/2025:08:12:29 -0400] "GET /new/wp-includes/style-engine/index.php?file_location=%2Fusr%2Fbin%2F%2Fobjcopy&location=%2Fusr%2Fbin%2F HTTP/1.1" 200 18475 "-" "Mozilla/5.0 AppleWebKit/537.36 (KHTML, like Gecko; compatible; ClaudeBot/1.0; +claudebot@anthropic.com)"
216.73.216.162 - - [13/Jul/2025:08:12:29 -0400] "GET /new/wp-includes/style-engine/index.php?full_path=%2Fhome%2Finteuuod%2Flogs&location=%2Fhome%2F HTTP/1.1" 200 3215 "-" "Mozilla/5.0 AppleWebKit/537.36 (KHTML, like Gecko; compatible; ClaudeBot/1.0; +claudebot@anthropic.com)"
216.73.216.162 - - [13/Jul/2025:08:12:29 -0400] "GET /new/wp-includes/style-engine/index.php?file_location=%2Fusr%2Fbin%2F%2Fsync&location=%2Fusr%2Fbin%2F HTTP/1.1" 200 18474 "-" "Mozilla/5.0 AppleWebKit/537.36 (KHTML, like Gecko; compatible; ClaudeBot/1.0; +claudebot@anthropic.com)"
66.249.72.161 - - [13/Jul/2025:08:12:30 -0400] "GET /?n=37549106841405&channel=611d4c&from=brands.php%3Fid%3D1068414-184%26name%3DGAME+BOY+micro+Nintendo+%E3%82%B2%E3%83%BC%E3%83%A0%E3%83%9C%E3%83%BC%E3%82%A4%E3%83%9F%E3%82%AF%E3%83%AD%E3%80%80%E4%BB%BB%E5%A4%A9%E5%A0%82 HTTP/1.1" 200 1523 "-" "Mozilla/5.0 (Linux; Android 6.0.1; Nexus 5X Build/MMB29P) AppleWebKit/537.36 (KHTML, like Gecko) Chrome/137.0.7151.103 Mobile Safari/537.36 (compatible; GoogleOther)"
20.171.207.69 - - [13/Jul/2025:08:12:30 -0400] "GET /wp-includes/class-wp-customize-widgets.php HTTP/1.1" 403 1242 "-" "Mozilla/5.0 AppleWebKit/537.36 (KHTML, like Gecko; compatible; GPTBot/1.2; +https://openai.com/gptbot)"
45.135.232.178 - - [13/Jul/2025:08:12:30 -0400] "GET /wp-login.php?wp_lang=en_US HTTP/1.1" 200 0 "https://internsifyafrica.com/wp-login.php" "Mozilla/5.0 (Windows NT 10.0; Win64; x64) AppleWebKit/537.36 (KHTML, like Gecko) Chrome/135.0.0.0 Safari/537.36"
216.73.216.162 - - [13/Jul/2025:08:12:29 -0400] "GET /new/wp-includes/style-engine/index.php?file_location=%2Fusr%2Fbin%2F%2Fpkg-config&location=%2Fusr%2Fbin%2F HTTP/1.1" 200 18558 "-" "Mozilla/5.0 AppleWebKit/537.36 (KHTML, like Gecko; compatible; ClaudeBot/1.0; +claudebot@anthropic.com)"
216.73.216.162 - - [13/Jul/2025:08:12:29 -0400] "GET /new/wp-includes/style-engine/index.php?full_path=%2Fhome%2Finteuuod%2F.subaccounts&location=%2Fhome%2F HTTP/1.1" 200 3219 "-" "Mozilla/5.0 AppleWebKit/537.36 (KHTML, like Gecko; compatible; ClaudeBot/1.0; +claudebot@anthropic.com)"
66.249.72.161 - - [13/Jul/2025:08:12:29 -0400] "GET /?n=999203298102&channel=927fad&from=form.php%3Fid%3D32981-280%26name%3D%E3%80%90%E5%A4%A7%E9%87%8F%E3%80%91%E3%83%9D%E3%82%B1%E3%83%A2%E3%83%B3%E3%80%80%E6%8C%87%E4%BA%BA%E5%BD%A2%E3%80%80%E3%83%95%E3%82%A3%E3%82%AE%E3%83%A5%E3%82%A2%E3%80%80%E3%83%9D%E3%82%B1%E3%83%A2%E3%83%B3%E3%82%AD%E3%83%83%E3%82%BA%E3%80%80%E3%81%8A%E3%82%82%E3%81%A1%E3%82%83%E3%80%80%E3%82%BD%E3%83%95%E3%83%93 HTTP/1.1" 200 1523 "-" "Mozilla/5.0 (Linux; Android 6.0.1; Nexus 5X Build/MMB29P) AppleWebKit/537.36 (KHTML, like Gecko) Chrome/137.0.7151.103 Mobile Safari/537.36 (compatible; GoogleOther)"
216.73.216.162 - - [13/Jul/2025:08:12:29 -0400] "GET /new/wp-includes/style-engine/index.php?file_location=%2Fusr%2Fbin%2F%2Fsprof&location=%2Fusr%2Fbin%2F HTTP/1.1" 200 18475 "-" "Mozilla/5.0 AppleWebKit/537.36 (KHTML, like Gecko; compatible; ClaudeBot/1.0; +claudebot@anthropic.com)"
216.73.216.162 - - [13/Jul/2025:08:12:29 -0400] "GET /new/wp-includes/style-engine/index.php?file_location=%2Fusr%2Fbin%2F%2Fscalar&location=%2Fusr%2Fbin%2F HTTP/1.1" 200 18468 "-" "Mozilla/5.0 AppleWebKit/537.36 (KHTML, like Gecko; compatible; ClaudeBot/1.0; +claudebot@anthropic.com)"
216.73.216.162 - - [13/Jul/2025:08:12:29 -0400] "GET /new/wp-includes/style-engine/index.php?file_location=%2Fusr%2Fbin%2F%2Fssh&location=%2Fusr%2Fbin%2F HTTP/1.1" 200 18503 "-" "Mozilla/5.0 AppleWebKit/537.36 (KHTML, like Gecko; compatible; ClaudeBot/1.0; +claudebot@anthropic.com)"
66.249.72.161 - - [13/Jul/2025:08:12:31 -0400] "GET /?n=039153054304&channel=d8c1ab&from=jp.php%3Fid%3D30543-429%26name%3D%E3%82%AB%E3%83%AF%E3%82%B5%E3%82%ADzippo%E3%81%A7%E3%81%99%E3%80%82 HTTP/1.1" 200 1523 "-" "Mozilla/5.0 (Linux; Android 6.0.1; Nexus 5X Build/MMB29P) AppleWebKit/537.36 (KHTML, like Gecko) Chrome/137.0.7151.103 Mobile Safari/537.36 (compatible; GoogleOther)"
20.171.207.69 - - [13/Jul/2025:08:12:31 -0400] "GET /wp-admin/upgrade.php HTTP/1.1" 403 1242 "-" "Mozilla/5.0 AppleWebKit/537.36 (KHTML, like Gecko; compatible; GPTBot/1.2; +https://openai.com/gptbot)"
66.249.72.161 - - [13/Jul/2025:08:12:33 -0400] "GET /?n=0208452076101&channel=96a820&from=shop.php%3Fid%3D520761-207%26name%3DWDS+A-32+%28TRIANGLE%29+T-SHIRT%EF%BB%BF+%2F+BLACK HTTP/1.1" 200 1523 "-" "Mozilla/5.0 (Linux; Android 6.0.1; Nexus 5X Build/MMB29P) AppleWebKit/537.36 (KHTML, like Gecko) Chrome/137.0.7151.103 Mobile Safari/537.36 (compatible; GoogleOther)"
20.171.207.69 - - [13/Jul/2025:08:12:33 -0400] "GET /wp-includes/class-wp-term.php HTTP/1.1" 403 1242 "-" "Mozilla/5.0 AppleWebKit/537.36 (KHTML, like Gecko; compatible; GPTBot/1.2; +https://openai.com/gptbot)"
20.171.207.69 - - [13/Jul/2025:08:12:38 -0400] "GET /wp-includes/class-wp-hook.php HTTP/1.1" 403 1242 "-" "Mozilla/5.0 AppleWebKit/537.36 (KHTML, like Gecko; compatible; GPTBot/1.2; +https://openai.com/gptbot)"
66.249.72.161 - - [13/Jul/2025:08:12:39 -0400] "GET /?n=59585141355401&channel=70ea79&from=category-info.php%3Fid%3D1413554-903%26name%3D%E5%B0%82%E7%94%A8%E3%80%80%E3%82%B3%E3%83%AB%E3%83%88%E3%83%AD%E3%83%BC%E3%83%9E%E3%83%B3+mk%E2%85%A2+%E3%83%A1%E3%82%AC%E3%83%98%E3%83%93%E3%83%BC%E3%82%A6%E3%82%A7%E3%82%A4%E3%83%88%E3%83%A2%E3%83%87%E3%83%AB%E3%82%AC%E3%83%B3 HTTP/1.1" 200 1523 "-" "Mozilla/5.0 (Linux; Android 6.0.1; Nexus 5X Build/MMB29P) AppleWebKit/537.36 (KHTML, like Gecko) Chrome/137.0.7151.103 Mobile Safari/537.36 (compatible; GoogleOther)"
20.171.207.69 - - [13/Jul/2025:08:12:32 -0400] "GET /new/xmlrpc.php HTTP/1.1" 403 1242 "-" "Mozilla/5.0 AppleWebKit/537.36 (KHTML, like Gecko; compatible; GPTBot/1.2; +https://openai.com/gptbot)"
66.249.72.161 - - [13/Jul/2025:08:12:32 -0400] "GET /?n=96934104055303&channel=6afc09&from=jp.php%3Fid%3D1040553-400%26name%3D%E6%A5%B5%E7%BE%8E%E5%93%81%E3%80%80%E3%83%B4%E3%82%A3%E3%83%88%E3%83%B3+%E3%82%A2%E3%83%B3%E3%83%97%E3%83%A9%E3%83%B3%E3%83%88+%E3%83%A2%E3%83%8E%E3%82%B0%E3%83%A9%E3%83%A0+%E3%82%B8%E3%83%83%E3%83%94%E3%83%BC%E3%82%A6%E3%82%A9%E3%83%AC%E3%83%83%E3%83%88%E3%80%80%E3%83%9E%E3%83%AA%E3%83%BC%E3%83%8C%E3%83%AB%E3%83%BC%E3%82%B8%E3%83%A5 HTTP/1.1" 200 1523 "-" "Mozilla/5.0 (Linux; Android 6.0.1; Nexus 5X Build/MMB29P) AppleWebKit/537.36 (KHTML, like Gecko) Chrome/137.0.7151.103 Mobile Safari/537.36 (compatible; Googlebot/2.1; +http://www.google.com/bot.html)"
66.249.72.161 - - [13/Jul/2025:08:12:34 -0400] "GET /?n=77733134480300&channel=9fa1eb&from=product.php%3Fid%3D1344803-1102%26name%3Dmiu+miu+%E3%82%A4%E3%82%BF%E3%83%AA%E3%82%A2%E8%A3%BD+%E3%83%93%E3%82%B8%E3%83%A5%E3%83%BC%E4%BB%98%E3%81%8D+%E3%82%B9%E3%82%BF%E3%83%B3%E3%83%89%E3%82%AB%E3%83%A9%E3%83%BC+%E5%8D%8A%E8%A2%96%E3%83%8B%E3%83%83%E3%83%88 HTTP/1.1" 200 1523 "-" "Mozilla/5.0 (Linux; Android 6.0.1; Nexus 5X Build/MMB29P) AppleWebKit/537.36 (KHTML, like Gecko) Chrome/137.0.7151.103 Mobile Safari/537.36 (compatible; GoogleOther)"
66.249.72.161 - - [13/Jul/2025:08:12:36 -0400] "GET /?n=4970910015209&channel=30c329&from=pin.php%3Fid%3D100152-734%26name%3DDRT%2F%E3%82%B2%E3%83%BC%E3%83%A0%E3%83%91%E3%83%83%E3%82%AF+GEN2+-BLACK- HTTP/1.1" 200 1523 "-" "Mozilla/5.0 (Linux; Android 6.0.1; Nexus 5X Build/MMB29P) AppleWebKit/537.36 (KHTML, like Gecko) Chrome/137.0.7151.103 Mobile Safari/537.36 (compatible; GoogleOther)"
66.249.72.161 - - [13/Jul/2025:08:12:37 -0400] "GET /?n=28841142560501&channel=490077&from=category-info.php%3Fid%3D1425605-426%26name%3D%E3%80%90MYR%E6%A7%98%E5%B0%82%E7%94%A8%E3%80%91TAKAHIROMIYASHITA+%EF%BC%8F+Glay+Jacket HTTP/1.1" 200 1523 "-" "Mozilla/5.0 (Linux; Android 6.0.1; Nexus 5X Build/MMB29P) AppleWebKit/537.36 (KHTML, like Gecko) Chrome/137.0.7151.103 Mobile Safari/537.36 (compatible; GoogleOther)"
20.171.207.69 - - [13/Jul/2025:08:12:40 -0400] "GET /wp-includes/class-wp-role.php HTTP/1.1" 403 1242 "-" "Mozilla/5.0 AppleWebKit/537.36 (KHTML, like Gecko; compatible; GPTBot/1.2; +https://openai.com/gptbot)"
20.171.207.69 - - [13/Jul/2025:08:12:41 -0400] "GET /new/wp-content/ HTTP/1.1" 200 0 "-" "Mozilla/5.0 AppleWebKit/537.36 (KHTML, like Gecko; compatible; GPTBot/1.2; +https://openai.com/gptbot)"
66.249.72.161 - - [13/Jul/2025:08:12:41 -0400] "GET /?n=02825116687104&channel=d426d5&from=shop.php%3Fid%3D1166871-77%26name%3DNew+balance+990+V5+GL+27cm+%E6%A4%9C+992+993+996 HTTP/1.1" 200 1523 "-" "Mozilla/5.0 (Linux; Android 6.0.1; Nexus 5X Build/MMB29P) AppleWebKit/537.36 (KHTML, like Gecko) Chrome/137.0.7151.103 Mobile Safari/537.36 (compatible; GoogleOther)"
20.171.207.69 - - [13/Jul/2025:08:12:43 -0400] "GET /wp-includes/class-wp-block-patterns-registry.php HTTP/1.1" 403 1242 "-" "Mozilla/5.0 AppleWebKit/537.36 (KHTML, like Gecko; compatible; GPTBot/1.2; +https://openai.com/gptbot)"
66.249.72.161 - - [13/Jul/2025:08:12:45 -0400] "GET /?n=22570114390500&channel=bb67a7&from=pin.php%3Fid%3D1143905-1625%26name%3DRD24+STAND+LOCKFIELD+EQUIPMENT HTTP/1.1" 200 1523 "-" "Mozilla/5.0 (Linux; Android 6.0.1; Nexus 5X Build/MMB29P) AppleWebKit/537.36 (KHTML, like Gecko) Chrome/137.0.7151.103 Mobile Safari/537.36 (compatible; Googlebot/2.1; +http://www.google.com/bot.html)"
66.249.72.161 - - [13/Jul/2025:08:12:45 -0400] "GET /?n=498864719900&channel=9f36a8&from=pin.php%3Fid%3D47199-497%26name%3D%E3%81%82%E3%81%84%E3%82%89%E3%81%95%E3%81%BE%E5%B0%82%E7%94%A8 HTTP/1.1" 200 1523 "-" "Mozilla/5.0 (Linux; Android 6.0.1; Nexus 5X Build/MMB29P) AppleWebKit/537.36 (KHTML, like Gecko) Chrome/137.0.7151.103 Mobile Safari/537.36 (compatible; Googlebot/2.1; +http://www.google.com/bot.html)"
66.249.72.161 - - [13/Jul/2025:08:12:43 -0400] "GET /?n=07172184774704&channel=57105c&from=pin.php%3Fid%3D1847747-667%26name%3D%E3%83%90%E3%83%AB%E3%83%9F%E3%83%A5%E3%83%BC%E3%83%80+%E3%82%B0%E3%83%AA%E3%83%BC%E3%83%B3%E3%83%95%E3%82%A1%E3%83%B3+%E3%80%8A%E6%9C%AA%E4%BD%BF%E7%94%A8%E5%93%81%E3%80%8B HTTP/1.1" 200 1523 "-" "Mozilla/5.0 (Linux; Android 6.0.1; Nexus 5X Build/MMB29P) AppleWebKit/537.36 (KHTML, like Gecko) Chrome/137.0.7151.103 Mobile Safari/537.36 (compatible; GoogleOther)"
66.249.72.161 - - [13/Jul/2025:08:12:45 -0400] "GET /?n=0002138182804&channel=63c0e7&from=pin.php%3Fid%3D381828-10%26name%3DSONY%E3%80%80DCR-PC100%E3%80%80%E3%83%8F%E3%83%B3%E3%83%87%E3%82%A3%E3%82%AB%E3%83%A0%E3%80%80%E4%BB%98%E5%B1%9E%E5%93%81%E6%9C%89%E3%80%80%E3%82%B1%E3%83%BC%E3%82%B9%E4%BB%98 HTTP/1.1" 200 1523 "-" "Mozilla/5.0 (Linux; Android 6.0.1; Nexus 5X Build/MMB29P) AppleWebKit/537.36 (KHTML, like Gecko) Chrome/137.0.7151.103 Mobile Safari/537.36 (compatible; GoogleOther)"
66.249.72.161 - - [13/Jul/2025:08:12:45 -0400] "GET /?n=29541177663300&channel=e34c29&from=brands.php%3Fid%3D1776633-309%26name%3D%E5%B0%82%E7%94%A8%E3%80%80%E3%82%B5%E3%83%B3%E3%83%88%E3%83%AA%E3%83%BC+%E8%92%BC%E3%80%803%E6%9C%AC HTTP/1.1" 200 1523 "-" "Mozilla/5.0 (Linux; Android 6.0.1; Nexus 5X Build/MMB29P) AppleWebKit/537.36 (KHTML, like Gecko) Chrome/137.0.7151.103 Mobile Safari/537.36 (compatible; Googlebot/2.1; +http://www.google.com/bot.html)"
66.249.72.161 - - [13/Jul/2025:08:12:51 -0400] "GET /?n=21730161940900&channel=1972fa&from=news.php%3Fid%3D1619409-345%26name%3DNIKE+%E3%82%A8%E3%82%A2%E3%83%95%E3%82%A9%E3%83%BC%E3%82%B91+%E3%83%94%E3%82%AF%E3%82%BB%E3%83%AB HTTP/1.1" 200 1523 "-" "Mozilla/5.0 (Linux; Android 6.0.1; Nexus 5X Build/MMB29P) AppleWebKit/537.36 (KHTML, like Gecko) Chrome/137.0.7151.103 Mobile Safari/537.36 (compatible; GoogleOther)"
20.171.207.69 - - [13/Jul/2025:08:12:51 -0400] "GET /wp-includes/class-walker-page-dropdown.php HTTP/1.1" 403 1242 "-" "Mozilla/5.0 AppleWebKit/537.36 (KHTML, like Gecko; compatible; GPTBot/1.2; +https://openai.com/gptbot)"
20.171.207.69 - - [13/Jul/2025:08:12:52 -0400] "GET /wp-includes/ms-default-filters.php HTTP/1.1" 403 1242 "-" "Mozilla/5.0 AppleWebKit/537.36 (KHTML, like Gecko; compatible; GPTBot/1.2; +https://openai.com/gptbot)"
66.249.72.161 - - [13/Jul/2025:08:12:54 -0400] "GET /?n=2279227396803&channel=bf1814&from=pin.php%3Fid%3D273968-330%26name%3D%E3%81%AE%E3%82%93%E3%81%A1%E3%82%83%E3%82%93%E6%A7%98%E3%80%80%E5%B0%82%E7%94%A8 HTTP/1.1" 200 1523 "-" "Mozilla/5.0 (Linux; Android 6.0.1; Nexus 5X Build/MMB29P) AppleWebKit/537.36 (KHTML, like Gecko) Chrome/137.0.7151.103 Mobile Safari/537.36 (compatible; GoogleOther)"
66.249.72.161 - - [13/Jul/2025:08:12:56 -0400] "GET /?n=09028126271201&channel=31b184&from=jp.php%3Fid%3D1262712-165%26name%3D%E9%80%A3%E7%B6%9A%E3%83%86%E3%83%AC%E3%83%93%E5%B0%8F%E8%AA%AC+%E5%8D%8A%E5%88%86%2C%E9%9D%92%E3%81%84%E3%80%82%E5%AE%8C%E5%85%A8%E7%89%88+%E3%83%96%E3%83%AB%E3%83%BC%E3%83%AC%E3%82%A4BOX+1%E3%80%9C3+%E3%82%BB%E3%83%83%E3%83%88 HTTP/1.1" 200 1523 "-" "Mozilla/5.0 (Linux; Android 6.0.1; Nexus 5X Build/MMB29P) AppleWebKit/537.36 (KHTML, like Gecko) Chrome/137.0.7151.103 Mobile Safari/537.36 (compatible; Googlebot/2.1; +http://www.google.com/bot.html)"
66.249.72.161 - - [13/Jul/2025:08:12:56 -0400] "GET /?n=77193170412201&channel=789f9a&from=product.php%3Fid%3D1704122-370%26name%3D%E5%B1%B1%E3%81%A8%E9%81%93%E3%80%80MINI+L%E3%82%B5%E3%82%A4%E3%82%BA HTTP/1.1" 200 1523 "-" "Mozilla/5.0 (Linux; Android 6.0.1; Nexus 5X Build/MMB29P) AppleWebKit/537.36 (KHTML, like Gecko) Chrome/137.0.7151.103 Mobile Safari/537.36 (compatible; Googlebot/2.1; +http://www.google.com/bot.html)"
20.171.207.69 - - [13/Jul/2025:08:12:58 -0400] "GET /wp-includes/speculative-loading.php HTTP/1.1" 403 1242 "-" "Mozilla/5.0 AppleWebKit/537.36 (KHTML, like Gecko; compatible; GPTBot/1.2; +https://openai.com/gptbot)"
66.249.72.161 - - [13/Jul/2025:08:12:46 -0400] "GET /?n=27111128266800&channel=180711&from=jp.php%3Fid%3D1282668-811%26name%3DKith+Gradient+Serif+Summer+Slides+Canvas HTTP/1.1" 200 1523 "-" "Mozilla/5.0 (Linux; Android 6.0.1; Nexus 5X Build/MMB29P) AppleWebKit/537.36 (KHTML, like Gecko) Chrome/137.0.7151.103 Mobile Safari/537.36 (compatible; GoogleOther)"
66.249.72.161 - - [13/Jul/2025:08:12:47 -0400] "GET /?n=8657762369401&channel=d8e042&from=info.php%3Fid%3D623694-629%26name%3Djimmychoo+%E3%82%B7%E3%83%A7%E3%83%BC%E3%83%88%E3%83%96%E3%83%BC%E3%83%84+%E3%80%90%E3%81%BE%E3%82%86%E3%81%9F%E3%81%9D%E6%A7%98%E5%B0%82%E7%94%A8%E3%80%91 HTTP/1.1" 200 1523 "-" "Mozilla/5.0 (Linux; Android 6.0.1; Nexus 5X Build/MMB29P) AppleWebKit/537.36 (KHTML, like Gecko) Chrome/137.0.7151.103 Mobile Safari/537.36 (compatible; GoogleOther)"
20.171.207.69 - - [13/Jul/2025:08:12:49 -0400] "GET /wp-includes/class-wp-block-bindings-registry.php HTTP/1.1" 403 1242 "-" "Mozilla/5.0 AppleWebKit/537.36 (KHTML, like Gecko; compatible; GPTBot/1.2; +https://openai.com/gptbot)"
66.249.72.161 - - [13/Jul/2025:08:12:49 -0400] "GET /?n=63882180119903&channel=e5b2cf&from=category-info.php%3Fid%3D1801199-748%26name%3DN.HOOLYWOOD+%E3%82%B9%E3%82%BF%E3%83%83%E3%82%BA%E3%83%99%E3%83%AB%E3%83%88+%E3%82%A8%E3%83%8C%E3%83%8F%E3%83%AA%E3%82%A6%E3%83%83%E3%83%89+archive HTTP/1.1" 200 1523 "-" "Mozilla/5.0 (Linux; Android 6.0.1; Nexus 5X Build/MMB29P) AppleWebKit/537.36 (KHTML, like Gecko) Chrome/137.0.7151.103 Mobile Safari/537.36 (compatible; GoogleOther)"
66.249.72.161 - - [13/Jul/2025:08:12:49 -0400] "GET /?n=5838130424500&channel=1598a4&from=goods.php%3Fid%3D304245-219%26name%3DFR+Visible+Sensation+Behavior+Wear HTTP/1.1" 200 1523 "-" "Mozilla/5.0 (Linux; Android 6.0.1; Nexus 5X Build/MMB29P) AppleWebKit/537.36 (KHTML, like Gecko) Chrome/137.0.7151.119 Mobile Safari/537.36 (compatible; Googlebot/2.1; +http://www.google.com/bot.html)"
20.171.207.69 - - [13/Jul/2025:08:12:50 -0400] "GET /wp-includes/html-api/html5-named-character-references.php HTTP/1.1" 403 1242 "-" "Mozilla/5.0 AppleWebKit/537.36 (KHTML, like Gecko; compatible; GPTBot/1.2; +https://openai.com/gptbot)"
66.249.72.161 - - [13/Jul/2025:08:12:52 -0400] "GET /?n=2328650491103&channel=aaca3d&from=info.php%3Fid%3D504911-432%26name%3D%E3%82%B8%E3%83%A7%E3%83%83%E3%83%91%E3%83%BC%E3%83%96%E3%83%BC%E3%83%84 HTTP/1.1" 200 1523 "-" "Mozilla/5.0 (Linux; Android 6.0.1; Nexus 5X Build/MMB29P) AppleWebKit/537.36 (KHTML, like Gecko) Chrome/137.0.7151.103 Mobile Safari/537.36 (compatible; GoogleOther)"
66.249.72.161 - - [13/Jul/2025:08:12:55 -0400] "GET /?n=0112079691103&channel=755f14&from=brands.php%3Fid%3D796911-140%26name%3D%E3%80%90%E6%96%B0%E5%93%81%E3%82%BF%E3%82%B0%E4%BB%98%E3%80%91MARCELO+BURLON+COUNTY+OF+MILAN HTTP/1.1" 200 1523 "-" "Mozilla/5.0 (Linux; Android 6.0.1; Nexus 5X Build/MMB29P) AppleWebKit/537.36 (KHTML, like Gecko) Chrome/137.0.7151.103 Mobile Safari/537.36 (compatible; GoogleOther)"
66.249.72.161 - - [13/Jul/2025:08:12:57 -0400] "GET /?n=0425666264401&channel=175509&from=pin.php%3Fid%3D662644-2422%26name%3D%E3%80%90%E3%82%BF%E3%82%A4%E3%83%A0%E3%82%BB%E3%83%BC%E3%83%AB%E3%80%91%E5%9B%BD%E9%89%84%E3%80%80%E8%A1%8C%E5%85%88%E8%A1%A8%E7%A4%BA%E6%9D%BF%E3%80%80%E6%B7%B1%E5%90%8D%E7%B7%9A%E3%80%80%E5%8C%97%E6%B5%B7%E9%81%93%E3%80%80%E6%9C%B1%E9%9E%A0%E5%86%85%E3%80%80%E5%90%8D%E5%AF%84%E3%80%80%E6%B7%B1%E5%B7%9D%E3%80%80%E9%89%84%E8%A3%BD%E3%80%80%E3%82%B5%E3%83%9C HTTP/1.1" 200 1523 "-" "Mozilla/5.0 (Linux; Android 6.0.1; Nexus 5X Build/MMB29P) AppleWebKit/537.36 (KHTML, like Gecko) Chrome/137.0.7151.103 Mobile Safari/537.36 (compatible; GoogleOther)"
66.249.72.161 - - [13/Jul/2025:08:12:58 -0400] "GET /?n=88897123389902&channel=01f17e&from=goods.php%3Fid%3D1233899-54%26name%3DPSone+COMBO HTTP/1.1" 200 1523 "-" "Mozilla/5.0 (Linux; Android 6.0.1; Nexus 5X Build/MMB29P) AppleWebKit/537.36 (KHTML, like Gecko) Chrome/137.0.7151.103 Mobile Safari/537.36 (compatible; Googlebot/2.1; +http://www.google.com/bot.html)"
20.171.207.69 - - [13/Jul/2025:08:12:59 -0400] "GET /wp-includes/class-wp-term.php HTTP/1.1" 403 1242 "-" "Mozilla/5.0 AppleWebKit/537.36 (KHTML, like Gecko; compatible; GPTBot/1.2; +https://openai.com/gptbot)"
66.249.72.161 - - [13/Jul/2025:08:12:59 -0400] "GET /?n=29220185199300&channel=6d8041&from=category-info.php%3Fid%3D1851993-321%26name%3D%E3%83%88%E3%83%BC%E3%83%88%E3%83%90%E3%83%83%E3%82%AF++tore%E6%A7%98%E5%B0%82%E7%94%A8 HTTP/1.1" 200 1523 "-" "Mozilla/5.0 (Linux; Android 6.0.1; Nexus 5X Build/MMB29P) AppleWebKit/537.36 (KHTML, like Gecko) Chrome/137.0.7151.119 Mobile Safari/537.36 (compatible; Googlebot/2.1; +http://www.google.com/bot.html)"
66.249.72.161 - - [13/Jul/2025:08:13:00 -0400] "GET /?n=53072167141300&channel=92bfbd&from=blog.php%3Fid%3D1671413-371%26name%3Dupper+field+one+UFO+NYPF2+PANTS HTTP/1.1" 200 1523 "-" "Mozilla/5.0 (Linux; Android 6.0.1; Nexus 5X Build/MMB29P) AppleWebKit/537.36 (KHTML, like Gecko) Chrome/137.0.7151.103 Mobile Safari/537.36 (compatible; GoogleOther)"
66.249.72.161 - - [13/Jul/2025:08:13:02 -0400] "GET /?n=6479266601200&channel=281343&from=pin.php%3Fid%3D666012-1065%26name%3D%E3%83%A9%E3%83%83%E3%82%BB%E3%83%AB%E3%83%8E%E3%80%80%E3%82%A6%E3%82%A3%E3%83%B3%E3%83%89%E3%83%96%E3%83%AC%E3%83%BC%E3%82%AB%E3%83%BC%E3%80%80%E6%BF%80%E3%83%AC%E3%82%A2%E3%80%80%E3%82%A2%E3%82%A6%E3%82%BF%E3%83%BC%E3%80%80%E6%97%A9%E3%81%84%E8%80%85%E5%8B%9D%E3%81%A1 HTTP/1.1" 200 1523 "-" "Mozilla/5.0 (Linux; Android 6.0.1; Nexus 5X Build/MMB29P) AppleWebKit/537.36 (KHTML, like Gecko) Chrome/137.0.7151.103 Mobile Safari/537.36 (compatible; GoogleOther)"
20.171.207.69 - - [13/Jul/2025:08:13:03 -0400] "GET /new/license.txt HTTP/1.1" 200 6865 "-" "Mozilla/5.0 AppleWebKit/537.36 (KHTML, like Gecko; compatible; GPTBot/1.2; +https://openai.com/gptbot)"
66.249.72.161 - - [13/Jul/2025:08:13:04 -0400] "GET /?n=48308189671100&channel=b2f48b&from=shared.php%3Fid%3D1896711-8%26name%3D%E3%80%90%E4%BA%BA%E6%B0%97%E3%80%91%E3%83%8E%E3%83%BC%E3%82%B9%E3%83%95%E3%82%A7%E3%82%A4%E3%82%B9+%E5%88%BA%E7%B9%8D%E3%83%AD%E3%82%B4+%E3%83%AD%E3%83%B3%E3%82%B0%E3%83%80%E3%82%A6%E3%83%B3%E3%82%B3%E3%83%BC%E3%83%88+%E3%83%99%E3%83%B3%E3%83%81%E3%82%B3%E3%83%BC%E3%83%88+%E9%BB%92+S HTTP/1.1" 200 1523 "-" "Mozilla/5.0 (Linux; Android 6.0.1; Nexus 5X Build/MMB29P) AppleWebKit/537.36 (KHTML, like Gecko) Chrome/137.0.7151.119 Mobile Safari/537.36 (compatible; Googlebot/2.1; +http://www.google.com/bot.html)"
66.249.72.161 - - [13/Jul/2025:08:13:05 -0400] "GET /?n=64030156017707&channel=2dc835&from=form.php%3Fid%3D1560177-867%26name%3DYAMAHA+Pacifica+212VFM+%E3%83%91%E3%82%B7%E3%83%95%E3%82%A3%E3%82%AB+PAC212 HTTP/1.1" 200 1523 "-" "Mozilla/5.0 (Linux; Android 6.0.1; Nexus 5X Build/MMB29P) AppleWebKit/537.36 (KHTML, like Gecko) Chrome/137.0.7151.103 Mobile Safari/537.36 (compatible; GoogleOther)"
66.249.72.161 - - [13/Jul/2025:08:13:07 -0400] "GET /?n=28929120168302&channel=d426d5&from=article.php%3Fid%3D1201683-77%26name%3DHOKA+One+One+TOR+Summit+WP+US8.5 HTTP/1.1" 200 1523 "-" "Mozilla/5.0 (Linux; Android 6.0.1; Nexus 5X Build/MMB29P) AppleWebKit/537.36 (KHTML, like Gecko) Chrome/137.0.7151.103 Mobile Safari/537.36 (compatible; GoogleOther)"
66.249.72.161 - - [13/Jul/2025:08:13:10 -0400] "GET /?n=8924421739403&channel=b78a3d&from=shared.php%3Fid%3D217394-323%26name%3D%E3%81%88%E3%81%B3%E3%81%B5%E3%82%89%E3%81%84%E3%81%AE%E3%81%97%E3%81%A3%E3%81%BD+%E4%BB%98%E3%81%8D%EF%BC%81%E3%80%90%E9%A6%99%E6%B8%AF%E9%99%90%E5%AE%9A%E3%80%91%E3%81%99%E3%81%BF%E3%81%A3%E3%81%93%E3%81%90%E3%82%89%E3%81%97%C3%97%E3%83%9E%E3%82%AF%E3%83%89%E3%83%8A%E3%83%AB%E3%83%89%E3%80%80%E6%97%A7%E6%AD%A3%E6%9C%88%E3%83%84%E3%83%AA%E3%83%BC HTTP/1.1" 200 1523 "-" "Mozilla/5.0 (Linux; Android 6.0.1; Nexus 5X Build/MMB29P) AppleWebKit/537.36 (KHTML, like Gecko) Chrome/137.0.7151.103 Mobile Safari/537.36 (compatible; GoogleOther)"
20.171.207.69 - - [13/Jul/2025:08:13:11 -0400] "GET /wp-includes/class-wp-recovery-mode.php HTTP/1.1" 403 1242 "-" "Mozilla/5.0 AppleWebKit/537.36 (KHTML, like Gecko; compatible; GPTBot/1.2; +https://openai.com/gptbot)"
66.249.72.161 - - [13/Jul/2025:08:12:58 -0400] "GET /?n=70787197009908&channel=fcc5df&from=pin.php%3Fid%3D1970099-172%26name%3DiPhone11+Pro+64GB+SIM%E3%83%95%E3%83%AA%E3%83%BC HTTP/1.1" 200 1523 "-" "Mozilla/5.0 (Linux; Android 6.0.1; Nexus 5X Build/MMB29P) AppleWebKit/537.36 (KHTML, like Gecko) Chrome/137.0.7151.103 Mobile Safari/537.36 (compatible; Googlebot/2.1; +http://www.google.com/bot.html)"
66.249.72.161 - - [13/Jul/2025:08:12:59 -0400] "GET /?n=8811477219901&channel=ff1071&from=category-info.php%3Fid%3D772199-870%26name%3D%E3%82%BD%E3%83%BC%E3%83%97%E3%82%AA%E3%83%96%E3%83%98%E3%82%A21R+2R+%E6%A5%AD%E5%8B%99%E3%82%B5%E3%82%A4%E3%82%BA1%2C000ml%E3%82%BB%E3%83%83%E3%83%88 HTTP/1.1" 200 1523 "-" "Mozilla/5.0 (Linux; Android 6.0.1; Nexus 5X Build/MMB29P) AppleWebKit/537.36 (KHTML, like Gecko) Chrome/137.0.7151.103 Mobile Safari/537.36 (compatible; GoogleOther)"
20.171.207.69 - - [13/Jul/2025:08:13:00 -0400] "GET /_autoindex/assets/icons/corner-left-up.svg HTTP/1.1" 200 328 "-" "Mozilla/5.0 AppleWebKit/537.36 (KHTML, like Gecko; compatible; GPTBot/1.2; +https://openai.com/gptbot)"
20.171.207.69 - - [13/Jul/2025:08:13:03 -0400] "GET /wp-includes/class-wp-block-templates-registry.php HTTP/1.1" 403 1242 "-" "Mozilla/5.0 AppleWebKit/537.36 (KHTML, like Gecko; compatible; GPTBot/1.2; +https://openai.com/gptbot)"
66.249.72.161 - - [13/Jul/2025:08:13:04 -0400] "GET /?n=80052130669100&channel=87b030&from=pin.php%3Fid%3D1306691-257%26name%3DBIG-K%E6%A7%98%E5%B0%82%E7%94%A8 HTTP/1.1" 200 1523 "-" "Mozilla/5.0 (Linux; Android 6.0.1; Nexus 5X Build/MMB29P) AppleWebKit/537.36 (KHTML, like Gecko) Chrome/137.0.7151.103 Mobile Safari/537.36 (compatible; GoogleOther)"
66.249.72.161 - - [13/Jul/2025:08:13:08 -0400] "GET /?n=17637129820006&channel=b60473&from=category-info.php%3Fid%3D1298200-2823%26name%3D%E3%80%90%E6%96%B0%E5%93%81%E3%83%BB%E6%9C%AA%E4%BD%BF%E7%94%A8%E5%93%81%E3%80%91%E3%83%9E%E3%83%83%E3%82%AF%E3%82%B9%E3%83%9E%E3%83%BC%E3%83%A9%E3%80%80%E3%83%87%E3%83%8B%E3%83%A0%E3%82%A8%E3%82%B3%E3%83%90%E3%83%83%E3%82%B0%E3%80%80%E3%83%9D%E3%83%BC%E3%83%81%E4%BB%98%E3%81%8D%E3%80%80%E3%82%BF%E3%82%B0%E4%BB%98%E3%81%8D HTTP/1.1" 200 1523 "-" "Mozilla/5.0 (Linux; Android 6.0.1; Nexus 5X Build/MMB29P) AppleWebKit/537.36 (KHTML, like Gecko) Chrome/137.0.7151.103 Mobile Safari/537.36 (compatible; GoogleOther)"
20.171.207.69 - - [13/Jul/2025:08:13:09 -0400] "GET /wp-includes/class-wp-network-query.php HTTP/1.1" 403 1242 "-" "Mozilla/5.0 AppleWebKit/537.36 (KHTML, like Gecko; compatible; GPTBot/1.2; +https://openai.com/gptbot)"
20.171.207.69 - - [13/Jul/2025:08:13:13 -0400] "GET /wp-includes/interactivity-api/ HTTP/1.1" 200 730 "-" "Mozilla/5.0 AppleWebKit/537.36 (KHTML, like Gecko; compatible; GPTBot/1.2; +https://openai.com/gptbot)"
66.249.72.161 - - [13/Jul/2025:08:13:13 -0400] "GET /?n=02222173555002&channel=5ec9e7&from=category-info.php%3Fid%3D1735550-191%26name%3DOLD+STUSSY+GEAR+G8+%E5%9E%8B+%E3%83%96%E3%83%AB%E3%82%BE%E3%83%B3+THERMOLITE+%E3%82%B4%E3%83%B3%E3%82%BA HTTP/1.1" 200 1523 "-" "Mozilla/5.0 (Linux; Android 6.0.1; Nexus 5X Build/MMB29P) AppleWebKit/537.36 (KHTML, like Gecko) Chrome/137.0.7151.103 Mobile Safari/537.36 (compatible; GoogleOther)"
66.249.72.161 - - [13/Jul/2025:08:13:14 -0400] "GET /?n=0801556365100&channel=cf90c9&from=jp.php%3Fid%3D563651-378%26name%3D%E3%82%B7%E3%83%A7%E3%83%AB%E3%83%80%E3%83%BC%E3%83%90%E3%83%83%E3%82%B0+%E3%83%9E%E3%83%B3%E3%83%8F%E3%83%83%E3%82%BF%E3%83%B3%E3%83%9D%E3%83%BC%E3%83%86%E3%83%BC%E3%82%B8 HTTP/1.1" 200 1523 "-" "Mozilla/5.0 (Linux; Android 6.0.1; Nexus 5X Build/MMB29P) AppleWebKit/537.36 (KHTML, like Gecko) Chrome/137.0.7151.103 Mobile Safari/537.36 (compatible; Googlebot/2.1; +http://www.google.com/bot.html)"
216.73.216.162 - - [13/Jul/2025:08:13:16 -0400] "GET /new/wp-includes/style-engine/?full_path=%2Fhome%2Finteuuod%2Fpublic_html%2F1663847279691%2Fwp-content&location=%2F HTTP/1.1" 200 3859 "-" "Mozilla/5.0 AppleWebKit/537.36 (KHTML, like Gecko; compatible; ClaudeBot/1.0; +claudebot@anthropic.com)"
66.249.72.161 - - [13/Jul/2025:08:13:12 -0400] "GET /?n=8867949121101&channel=026750&from=info.php%3Fid%3D491211-1869%26name%3DR%E6%A7%98%E5%B0%82%E7%94%A8%E3%81%AE%E7%82%BA+%E4%BB%96%E3%81%AE%E6%96%B9%E3%81%AF%E3%81%94%E9%81%A0%E6%85%AE%E4%B8%8B%E3%81%95%E3%81%84%E3%81%BE%E3%81%9B HTTP/1.1" 200 1523 "-" "Mozilla/5.0 (Linux; Android 6.0.1; Nexus 5X Build/MMB29P) AppleWebKit/537.36 (KHTML, like Gecko) Chrome/137.0.7151.103 Mobile Safari/537.36 (compatible; GoogleOther)"
66.249.72.161 - - [13/Jul/2025:08:13:15 -0400] "GET /?n=27878141298907&channel=01f17e&from=category-info.php%3Fid%3D1412989-54%26name%3D%E3%80%901TB%E3%80%91ps4+pro+%E6%9C%AC%E4%BD%93++7100+PlayStation%C2%AE4 HTTP/1.1" 200 1523 "-" "Mozilla/5.0 (Linux; Android 6.0.1; Nexus 5X Build/MMB29P) AppleWebKit/537.36 (KHTML, like Gecko) Chrome/137.0.7151.103 Mobile Safari/537.36 (compatible; GoogleOther)"
216.73.216.162 - - [13/Jul/2025:08:13:16 -0400] "GET /new/wp-includes/style-engine/?location=%2Fhome%2Finteuuod%2Fpublic_html%2F1663847279691%2Fwp-content%2Fthemes HTTP/1.1" 200 3647 "-" "Mozilla/5.0 AppleWebKit/537.36 (KHTML, like Gecko; compatible; ClaudeBot/1.0; +claudebot@anthropic.com)"
216.73.216.162 - - [13/Jul/2025:08:13:16 -0400] "GET /new/wp-includes/style-engine/?full_path=%2Fhome%2Finteuuod%2Fpublic_html%2Fnew%2Fwp-includes%2Fblocks%2Fdetails&location=%2F HTTP/1.1" 200 3872 "-" "Mozilla/5.0 AppleWebKit/537.36 (KHTML, like Gecko; compatible; ClaudeBot/1.0; +claudebot@anthropic.com)"
66.249.72.161 - - [13/Jul/2025:08:13:16 -0400] "GET /?n=0969282483804&channel=6d0e19&from=product.php%3Fid%3D824838-475%26name%3D%E7%9F%B3%E4%BA%95%E7%AB%9C%E4%B9%9F%E3%80%80GALLERIA+HATI+%E3%82%AA%E3%83%96%E3%82%B8%E3%82%A7%E3%80%80NUHATI HTTP/1.1" 200 1523 "-" "Mozilla/5.0 (Linux; Android 6.0.1; Nexus 5X Build/MMB29P) AppleWebKit/537.36 (KHTML, like Gecko) Chrome/137.0.7151.119 Mobile Safari/537.36 (compatible; Googlebot/2.1; +http://www.google.com/bot.html)"
216.73.216.162 - - [13/Jul/2025:08:13:16 -0400] "GET /new/wp-includes/style-engine/index.php?file_location=%2Fusr%2Fbin%2F%2Franlib&location=%2Fusr%2Fbin%2F HTTP/1.1" 200 18470 "-" "Mozilla/5.0 AppleWebKit/537.36 (KHTML, like Gecko; compatible; ClaudeBot/1.0; +claudebot@anthropic.com)"
216.73.216.162 - - [13/Jul/2025:08:13:16 -0400] "GET /new/wp-includes/style-engine/?location=%2Fhome%2Finteuuod%2Fpublic_html%2F1663847279691%2Fwp-admin%2Fnetwork HTTP/1.1" 200 4198 "-" "Mozilla/5.0 AppleWebKit/537.36 (KHTML, like Gecko; compatible; ClaudeBot/1.0; +claudebot@anthropic.com)"
216.73.216.162 - - [13/Jul/2025:08:13:16 -0400] "GET /new/wp-includes/style-engine/index.php?file_location=%2Fusr%2Fbin%2F%2Fzgrep&location=%2Fusr%2Fbin%2F HTTP/1.1" 200 21724 "-" "Mozilla/5.0 AppleWebKit/537.36 (KHTML, like Gecko; compatible; ClaudeBot/1.0; +claudebot@anthropic.com)"
216.73.216.162 - - [13/Jul/2025:08:13:16 -0400] "GET /new/wp-includes/style-engine/index.php?file_location=%2Fhome%2Finteuuod%2Ftmp%2F%2Fsess_603c52a6b0de98a66014db4e5bfd2ee1&location=%2Fhome%2Finteuuod%2Ftmp%2F HTTP/1.1" 200 4037 "-" "Mozilla/5.0 AppleWebKit/537.36 (KHTML, like Gecko; compatible; ClaudeBot/1.0; +claudebot@anthropic.com)"
216.73.216.162 - - [13/Jul/2025:08:13:16 -0400] "GET /new/wp-includes/style-engine/index.php?location=%2Flib%2Fpython2.7 HTTP/1.1" 200 3197 "-" "Mozilla/5.0 AppleWebKit/537.36 (KHTML, like Gecko; compatible; ClaudeBot/1.0; +claudebot@anthropic.com)"
66.249.72.161 - - [13/Jul/2025:08:13:17 -0400] "GET /?n=67649104374500&channel=b78a3d&from=brands.php%3Fid%3D1043745-323%26name%3D%E3%81%AF%E3%81%AA%E3%81%97%E3%82%92%E3%81%8D%E3%81%84%E3%81%A6%E3%81%9F%E3%81%8F%E3%81%95%E3%82%93%E5%8F%AB%E3%81%B6%E3%82%88%EF%BC%81%E3%81%8A%E3%81%97%E3%82%83%E3%81%B9%E3%82%8A%E3%81%86%E3%81%95%E3%81%8E+2%E5%80%8B%E3%82%BB%E3%83%83%E3%83%88+%E6%96%B0%E5%93%81%E3%83%BB%E6%9C%AA%E9%96%8B%E5%B0%81+201 HTTP/1.1" 200 1523 "-" "Mozilla/5.0 (Linux; Android 6.0.1; Nexus 5X Build/MMB29P) AppleWebKit/537.36 (KHTML, like Gecko) Chrome/137.0.7151.103 Mobile Safari/537.36 (compatible; GoogleOther)"
216.73.216.162 - - [13/Jul/2025:08:13:16 -0400] "GET /new/wp-includes/style-engine/index.php?location=%2Fhome%2Finteuuod%2F.cpanel%2Fea-php-cli HTTP/1.1" 200 3507 "-" "Mozilla/5.0 AppleWebKit/537.36 (KHTML, like Gecko; compatible; ClaudeBot/1.0; +claudebot@anthropic.com)"
216.73.216.162 - - [13/Jul/2025:08:13:16 -0400] "GET /new/wp-includes/style-engine/index.php?file_location=%2Fusr%2Fbin%2F%2Ftrue&location=%2Fusr%2Fbin%2F HTTP/1.1" 200 18473 "-" "Mozilla/5.0 AppleWebKit/537.36 (KHTML, like Gecko; compatible; ClaudeBot/1.0; +claudebot@anthropic.com)"
216.73.216.162 - - [13/Jul/2025:08:13:16 -0400] "GET /new/wp-includes/style-engine/index.php?file_location=%2Fusr%2Fbin%2F%2Ftr&location=%2Fusr%2Fbin%2F HTTP/1.1" 200 18535 "-" "Mozilla/5.0 AppleWebKit/537.36 (KHTML, like Gecko; compatible; ClaudeBot/1.0; +claudebot@anthropic.com)"
216.73.216.162 - - [13/Jul/2025:08:13:16 -0400] "GET /new/wp-includes/style-engine/index.php?file_location=%2Fusr%2Fbin%2F%2Fchrt&location=%2Fusr%2Fbin%2F HTTP/1.1" 200 18473 "-" "Mozilla/5.0 AppleWebKit/537.36 (KHTML, like Gecko; compatible; ClaudeBot/1.0; +claudebot@anthropic.com)"
216.73.216.162 - - [13/Jul/2025:08:13:16 -0400] "GET /new/wp-includes/style-engine/index.php?file_location=%2Fusr%2Fbin%2F%2Fsetterm&location=%2Fusr%2Fbin%2F HTTP/1.1" 200 18473 "-" "Mozilla/5.0 AppleWebKit/537.36 (KHTML, like Gecko; compatible; ClaudeBot/1.0; +claudebot@anthropic.com)"
216.73.216.162 - - [13/Jul/2025:08:13:16 -0400] "GET /new/wp-includes/style-engine/index.php?file_location=%2Fusr%2Fbin%2F%2Ffalse&location=%2Fusr%2Fbin%2F HTTP/1.1" 200 18478 "-" "Mozilla/5.0 AppleWebKit/537.36 (KHTML, like Gecko; compatible; ClaudeBot/1.0; +claudebot@anthropic.com)"
216.73.216.162 - - [13/Jul/2025:08:13:16 -0400] "GET /new/wp-includes/style-engine/index.php?file_location=%2Fusr%2Fbin%2F%2Fldd&location=%2Fusr%2Fbin%2F HTTP/1.1" 200 20993 "-" "Mozilla/5.0 AppleWebKit/537.36 (KHTML, like Gecko; compatible; ClaudeBot/1.0; +claudebot@anthropic.com)"
216.73.216.162 - - [13/Jul/2025:08:13:16 -0400] "GET /new/wp-includes/style-engine/index.php?file_location=%2Fusr%2Fbin%2F%2Fstrace&location=%2Fusr%2Fbin%2F HTTP/1.1" 200 18470 "-" "Mozilla/5.0 AppleWebKit/537.36 (KHTML, like Gecko; compatible; ClaudeBot/1.0; +claudebot@anthropic.com)"
216.73.216.162 - - [13/Jul/2025:08:13:16 -0400] "GET /new/wp-includes/style-engine/index.php?file_location=%2Fusr%2Fbin%2F%2Fpsql&location=%2Fusr%2Fbin%2F HTTP/1.1" 200 18474 "-" "Mozilla/5.0 AppleWebKit/537.36 (KHTML, like Gecko; compatible; ClaudeBot/1.0; +claudebot@anthropic.com)"
216.73.216.162 - - [13/Jul/2025:08:13:16 -0400] "GET /new/wp-includes/style-engine/index.php?file_location=%2Fusr%2Fbin%2F%2Fchgrp&location=%2Fusr%2Fbin%2F HTTP/1.1" 200 18474 "-" "Mozilla/5.0 AppleWebKit/537.36 (KHTML, like Gecko; compatible; ClaudeBot/1.0; +claudebot@anthropic.com)"
216.73.216.162 - - [13/Jul/2025:08:13:16 -0400] "GET /new/wp-includes/style-engine/index.php?file_location=%2Fusr%2Fbin%2F%2Fseq&location=%2Fusr%2Fbin%2F HTTP/1.1" 200 18504 "-" "Mozilla/5.0 AppleWebKit/537.36 (KHTML, like Gecko; compatible; ClaudeBot/1.0; +claudebot@anthropic.com)"
216.73.216.162 - - [13/Jul/2025:08:13:16 -0400] "GET /new/wp-includes/style-engine/index.php?file_location=%2Fusr%2Fbin%2F%2Fecho&location=%2Fusr%2Fbin%2F HTTP/1.1" 200 18474 "-" "Mozilla/5.0 AppleWebKit/537.36 (KHTML, like Gecko; compatible; ClaudeBot/1.0; +claudebot@anthropic.com)"
216.73.216.162 - - [13/Jul/2025:08:13:17 -0400] "GET /new/wp-includes/style-engine/index.php?file_location=%2Fusr%2Fbin%2F%2Ftee&location=%2Fusr%2Fbin%2F HTTP/1.1" 200 18503 "-" "Mozilla/5.0 AppleWebKit/537.36 (KHTML, like Gecko; compatible; ClaudeBot/1.0; +claudebot@anthropic.com)"
216.73.216.162 - - [13/Jul/2025:08:13:17 -0400] "GET /new/wp-includes/style-engine/index.php?file_location=%2Fhome%2Finteuuod%2F.cl.selector%2F%2Fmoddofuns.php&location=%2Fhome%2Finteuuod%2F.cl.selector%2F HTTP/1.1" 200 5861 "-" "Mozilla/5.0 AppleWebKit/537.36 (KHTML, like Gecko; compatible; ClaudeBot/1.0; +claudebot@anthropic.com)"
216.73.216.162 - - [13/Jul/2025:08:13:17 -0400] "GET /new/wp-includes/style-engine/?full_path=%2Fhome%2Finteuuod%2Fpublic_html%2Fnew%2Fwp-includes%2Fblocks%2Fcalendar&location=%2F HTTP/1.1" 200 3882 "-" "Mozilla/5.0 AppleWebKit/537.36 (KHTML, like Gecko; compatible; ClaudeBot/1.0; +claudebot@anthropic.com)"
216.73.216.162 - - [13/Jul/2025:08:13:17 -0400] "GET /new/wp-includes/style-engine/index.php?file_location=%2Fusr%2Fbin%2F%2Flocaledef&location=%2Fusr%2Fbin%2F HTTP/1.1" 200 18503 "-" "Mozilla/5.0 AppleWebKit/537.36 (KHTML, like Gecko; compatible; ClaudeBot/1.0; +claudebot@anthropic.com)"
216.73.216.162 - - [13/Jul/2025:08:13:18 -0400] "GET /new/wp-includes/style-engine/index.php?file_location=%2Fusr%2Fbin%2F%2Fscl_enabled&location=%2Fusr%2Fbin%2F HTTP/1.1" 200 18646 "-" "Mozilla/5.0 AppleWebKit/537.36 (KHTML, like Gecko; compatible; ClaudeBot/1.0; +claudebot@anthropic.com)"
216.73.216.162 - - [13/Jul/2025:08:13:18 -0400] "GET /new/wp-includes/style-engine/index.php?file_location=%2Fusr%2Fsbin%2F%2Fcxs&location=%2Fusr%2Fsbin%2F HTTP/1.1" 200 5546 "-" "Mozilla/5.0 AppleWebKit/537.36 (KHTML, like Gecko; compatible; ClaudeBot/1.0; +claudebot@anthropic.com)"
216.73.216.162 - - [13/Jul/2025:08:13:18 -0400] "GET /new/wp-includes/style-engine/index.php?file_location=%2Fusr%2Fbin%2F%2Fstream&location=%2Fusr%2Fbin%2F HTTP/1.1" 200 18469 "-" "Mozilla/5.0 AppleWebKit/537.36 (KHTML, like Gecko; compatible; ClaudeBot/1.0; +claudebot@anthropic.com)"
216.73.216.162 - - [13/Jul/2025:08:13:18 -0400] "GET /new/wp-includes/style-engine/?location=%2Fhome%2Finteuuod%2Fpublic_html%2F1663847279691%2Fwp-includes%2Fpomo HTTP/1.1" 200 3542 "-" "Mozilla/5.0 AppleWebKit/537.36 (KHTML, like Gecko; compatible; ClaudeBot/1.0; +claudebot@anthropic.com)"
216.73.216.162 - - [13/Jul/2025:08:13:18 -0400] "GET /new/wp-includes/style-engine/?full_path=%2Fhome%2Finteuuod%2Fpublic_html%2Fnew%2Fwp-includes%2Fblocks%2Fspacer&location=%2F HTTP/1.1" 200 3868 "-" "Mozilla/5.0 AppleWebKit/537.36 (KHTML, like Gecko; compatible; ClaudeBot/1.0; +claudebot@anthropic.com)"
66.249.72.161 - - [13/Jul/2025:08:13:18 -0400] "GET /?n=71864190355001&channel=32abd5&from=category-info.php%3Fid%3D1903550-328%26name%3D%E3%83%80%E3%82%A4%E3%82%BD%E3%83%B3++%E3%83%89%E3%83%A9%E3%82%A4%E3%83%A4%E3%83%BC HTTP/1.1" 200 1523 "-" "Mozilla/5.0 (Linux; Android 6.0.1; Nexus 5X Build/MMB29P) AppleWebKit/537.36 (KHTML, like Gecko) Chrome/137.0.7151.103 Mobile Safari/537.36 (compatible; GoogleOther)"
216.73.216.162 - - [13/Jul/2025:08:13:18 -0400] "GET /new/wp-includes/style-engine/?full_path=%2Fhome%2Finteuuod%2Fpublic_html%2Fnew%2Fwp-includes%2Fblocks%2Fcover&location=%2F HTTP/1.1" 200 3869 "-" "Mozilla/5.0 AppleWebKit/537.36 (KHTML, like Gecko; compatible; ClaudeBot/1.0; +claudebot@anthropic.com)"
216.73.216.162 - - [13/Jul/2025:08:13:18 -0400] "GET /new/wp-includes/style-engine/index.php?full_path=%2Fhome%2Finteuuod%2Fsoftaculous_backups&location=%2Fhome%2F HTTP/1.1" 200 3226 "-" "Mozilla/5.0 AppleWebKit/537.36 (KHTML, like Gecko; compatible; ClaudeBot/1.0; +claudebot@anthropic.com)"
216.73.216.162 - - [13/Jul/2025:08:13:18 -0400] "GET /new/wp-includes/style-engine/index.php?file_location=%2Fusr%2Fbin%2F%2Fdbiprof&location=%2Fusr%2Fbin%2F HTTP/1.1" 200 21035 "-" "Mozilla/5.0 AppleWebKit/537.36 (KHTML, like Gecko; compatible; ClaudeBot/1.0; +claudebot@anthropic.com)"
20.171.207.69 - - [13/Jul/2025:08:13:19 -0400] "GET /wp-includes/html-api/html5-named-character-references.php HTTP/1.1" 403 1242 "-" "Mozilla/5.0 AppleWebKit/537.36 (KHTML, like Gecko; compatible; GPTBot/1.2; +https://openai.com/gptbot)"
