20.171.207.69 - - [13/Jul/2025:08:14:20 -0400] "GET /wp-includes/template-canvas.php HTTP/1.1" 403 1242 "-" "Mozilla/5.0 AppleWebKit/537.36 (KHTML, like Gecko; compatible; GPTBot/1.2; +https://openai.com/gptbot)"
20.171.207.69 - - [13/Jul/2025:08:14:22 -0400] "GET /wp-includes/theme-templates.php HTTP/1.1" 403 1242 "-" "Mozilla/5.0 AppleWebKit/537.36 (KHTML, like Gecko; compatible; GPTBot/1.2; +https://openai.com/gptbot)"
20.171.207.69 - - [13/Jul/2025:08:14:23 -0400] "GET /wp-includes/interactivity-api/class-wp-interactivity-api-directives-processor.php HTTP/1.1" 403 1242 "-" "Mozilla/5.0 AppleWebKit/537.36 (KHTML, like Gecko; compatible; GPTBot/1.2; +https://openai.com/gptbot)"
66.249.72.161 - - [13/Jul/2025:08:14:25 -0400] "GET /?n=00232109758400&channel=abb647&from=info.php%3Fid%3D1097584-228%26name%3D%E3%81%BE%E3%81%B5%E3%82%86%E5%85%88%E7%94%9F%E3%80%803%E5%91%A8%E5%B9%B4%E8%A8%98%E5%BF%B5%E3%82%B0%E3%83%83%E3%82%BA%E3%80%80%E7%9B%B4%E7%AD%86%E3%82%B5%E3%82%A4%E3%83%B3%E9%87%91 HTTP/1.1" 200 1523 "-" "Mozilla/5.0 (Linux; Android 6.0.1; Nexus 5X Build/MMB29P) AppleWebKit/537.36 (KHTML, like Gecko) Chrome/137.0.7151.103 Mobile Safari/537.36 (compatible; GoogleOther)"
66.249.72.161 - - [13/Jul/2025:08:14:27 -0400] "GET /?n=6092775375007&channel=4a3acd&from=article.php%3Fid%3D753750-498%26name%3DPABLO+VINCI++Panama+hat%E3%80%80kinema++%E3%82%AD%E3%83%8D%E3%83%9E HTTP/1.1" 200 1523 "-" "Mozilla/5.0 (Linux; Android 6.0.1; Nexus 5X Build/MMB29P) AppleWebKit/537.36 (KHTML, like Gecko) Chrome/137.0.7151.103 Mobile Safari/537.36 (compatible; GoogleOther)"
20.171.207.69 - - [13/Jul/2025:08:14:29 -0400] "GET /new/wp-login.php?redirect_to=https%3A%2F%2Finternsifyafrica.com%2Fnew%2Fwp-admin%2F&reauth=1 HTTP/1.1" 200 1724 "-" "Mozilla/5.0 AppleWebKit/537.36 (KHTML, like Gecko; compatible; GPTBot/1.2; +https://openai.com/gptbot)"
68.65.123.43 - - [13/Jul/2025:08:14:29 -0400] "POST /new/wp-cron.php?doing_wp_cron=1752408869.9377050399780273437500 HTTP/1.1" 404 1251 "-" "WordPress/6.8.1; https://internsifyafrica.com/new"
20.171.207.69 - - [13/Jul/2025:08:14:29 -0400] "GET /new/wp-admin/ HTTP/1.1" 302 0 "-" "Mozilla/5.0 AppleWebKit/537.36 (KHTML, like Gecko; compatible; GPTBot/1.2; +https://openai.com/gptbot)"
66.249.72.161 - - [13/Jul/2025:08:14:30 -0400] "GET /?n=47744167357502&channel=158666&from=pin.php%3Fid%3D1673575-260%26name%3DAppleDesign%EF%BC%9A+The+Work+of+the+Apple HTTP/1.1" 200 1523 "-" "Mozilla/5.0 (Linux; Android 6.0.1; Nexus 5X Build/MMB29P) AppleWebKit/537.36 (KHTML, like Gecko) Chrome/137.0.7151.103 Mobile Safari/537.36 (compatible; GoogleOther)"
20.171.207.69 - - [13/Jul/2025:08:14:31 -0400] "GET /wp-includes/class-wp-theme-json-schema.php HTTP/1.1" 403 1242 "-" "Mozilla/5.0 AppleWebKit/537.36 (KHTML, like Gecko; compatible; GPTBot/1.2; +https://openai.com/gptbot)"
66.249.72.161 - - [13/Jul/2025:08:14:32 -0400] "GET /?n=62994172812401&channel=453bb1&from=pin.php%3Fid%3D1728124-2170%26name%3D%E3%82%BD%E3%83%8B%E3%83%BC%E3%80%80%EF%BC%B3%EF%BC%AF%EF%BC%AE%EF%BC%B9%E3%80%80%EF%BC%A6%EF%BC%AD%2F%EF%BC%A1%EF%BC%AD%E3%82%B9%E3%83%86%E3%83%AC%E3%82%AA%E3%83%A9%E3%82%B8%E3%82%AA%E3%82%AB%E3%82%BB%E3%83%83%E3%83%88%E3%80%80%EF%BC%A3%EF%BC%A6-%EF%BC%92%EF%BC%97%EF%BC%90%EF%BC%90 HTTP/1.1" 200 1523 "-" "Mozilla/5.0 (Linux; Android 6.0.1; Nexus 5X Build/MMB29P) AppleWebKit/537.36 (KHTML, like Gecko) Chrome/137.0.7151.103 Mobile Safari/537.36 (compatible; GoogleOther)"
66.249.72.161 - - [13/Jul/2025:08:14:34 -0400] "GET /?n=58128121643600&channel=a4ccd4&from=category-info.php%3Fid%3D1216436-909%26name%3Dpingu%E6%A7%98%E5%B0%82%E7%94%A8%EF%BC%81%E3%83%84%E3%82%A4%E3%83%BC%E3%83%89%E3%82%B8%E3%83%A3%E3%82%B1%E3%83%83%E3%83%88%28%2A%5E%5E%2A%29%E7%BE%8E%E5%93%81%E2%98%85 HTTP/1.1" 200 1523 "-" "Mozilla/5.0 (Linux; Android 6.0.1; Nexus 5X Build/MMB29P) AppleWebKit/537.36 (KHTML, like Gecko) Chrome/137.0.7151.103 Mobile Safari/537.36 (compatible; GoogleOther)"
20.171.207.69 - - [13/Jul/2025:08:14:34 -0400] "GET /wp-includes/admin-bar.php HTTP/1.1" 403 1242 "-" "Mozilla/5.0 AppleWebKit/537.36 (KHTML, like Gecko; compatible; GPTBot/1.2; +https://openai.com/gptbot)"
66.249.72.161 - - [13/Jul/2025:08:14:35 -0400] "GET /?n=0103777464103&channel=88eab5&from=category-info.php%3Fid%3D774641-3156%26name%3D%E3%80%90%E3%83%96%E3%83%A9%E3%83%83%E3%82%AFSM%E3%82%B5%E3%82%A4%E3%82%BA%E3%80%91%E3%83%90%E3%83%BC%E3%82%B5%E3%82%B0%E3%83%AA%E3%83%83%E3%83%97+%E3%83%91%E3%83%AF%E3%83%BC%E3%82%B0%E3%83%AA%E3%83%83%E3%83%97 HTTP/1.1" 200 1523 "-" "Mozilla/5.0 (Linux; Android 6.0.1; Nexus 5X Build/MMB29P) AppleWebKit/537.36 (KHTML, like Gecko) Chrome/137.0.7151.103 Mobile Safari/537.36 (compatible; GoogleOther)"
66.249.72.161 - - [13/Jul/2025:08:14:38 -0400] "GET /?n=32732169382700&channel=e63230&from=product.php%3Fid%3D1693827-1250%26name%3D%E3%83%90%E3%83%B3%E3%83%80%E3%82%A4+RE100+1%2F100+MSN-04II+%E3%83%8A%E3%82%A4%E3%83%81%E3%83%B3%E3%82%B2%E3%83%BC%E3%83%AB HTTP/1.1" 200 1523 "-" "Mozilla/5.0 (Linux; Android 6.0.1; Nexus 5X Build/MMB29P) AppleWebKit/537.36 (KHTML, like Gecko) Chrome/137.0.7151.103 Mobile Safari/537.36 (compatible; GoogleOther)"
20.171.207.69 - - [13/Jul/2025:08:14:41 -0400] "GET /wp-admin/install.php HTTP/1.1" 403 1242 "-" "Mozilla/5.0 AppleWebKit/537.36 (KHTML, like Gecko; compatible; GPTBot/1.2; +https://openai.com/gptbot)"
43.157.179.227 - - [13/Jul/2025:08:14:42 -0400] "GET /wp-config-sample.php HTTP/1.1" 403 1242 "-" "Mozilla/5.0 (iPhone; CPU iPhone OS 13_2_3 like Mac OS X) AppleWebKit/605.1.15 (KHTML, like Gecko) Version/13.0.3 Mobile/15E148 Safari/604.1"
20.171.207.69 - - [13/Jul/2025:08:14:42 -0400] "GET /wp-includes/class-wp-dependency.php HTTP/1.1" 403 1242 "-" "Mozilla/5.0 AppleWebKit/537.36 (KHTML, like Gecko; compatible; GPTBot/1.2; +https://openai.com/gptbot)"
66.249.72.161 - - [13/Jul/2025:08:14:31 -0400] "GET /?n=07905116639001&channel=e35d48&from=product.php%3Fid%3D1166390-375%26name%3D%E6%96%B0%E5%93%81%E3%80%80%E3%82%B5%E3%83%B3%E3%82%B5%E3%83%BC%E3%83%95%E3%80%80%E3%83%AD%E3%83%B3%E3%82%B0%E3%82%B9%E3%83%AA%E3%83%BC%E3%83%96%E3%80%80%E3%82%A2%E3%83%AD%E3%83%8F%E3%82%B7%E3%83%A3%E3%83%84%E3%80%80%E8%8A%B1%E6%9F%84%E3%80%80%E3%83%AC%E3%82%A4%E3%80%802007%E5%B9%B4%E3%83%A2%E3%83%87%E3%83%AB HTTP/1.1" 200 1523 "-" "Mozilla/5.0 (Linux; Android 6.0.1; Nexus 5X Build/MMB29P) AppleWebKit/537.36 (KHTML, like Gecko) Chrome/137.0.7151.103 Mobile Safari/537.36 (compatible; GoogleOther)"
66.249.72.161 - - [13/Jul/2025:08:14:34 -0400] "GET /?n=92805120464303&channel=fcc5df&from=brands.php%3Fid%3D1204643-172%26name%3DOPPO+A5+2020+%E6%A5%BD%E5%A4%A9%E7%89%88 HTTP/1.1" 200 1523 "-" "Mozilla/5.0 (Linux; Android 6.0.1; Nexus 5X Build/MMB29P) AppleWebKit/537.36 (KHTML, like Gecko) Chrome/137.0.7151.103 Mobile Safari/537.36 (compatible; Googlebot/2.1; +http://www.google.com/bot.html)"
66.249.72.161 - - [13/Jul/2025:08:14:34 -0400] "GET /?n=99980185147102&channel=8c15a5&from=category-info.php%3Fid%3D1851471-325%26name%3D%E3%83%9D%E3%82%B1%E3%83%A2%E3%83%B3+%E3%81%AF%E3%81%A1%E3%81%BF%E3%81%A4%E3%83%AC%E3%83%A2%E3%83%B3+%E3%82%B3%E3%82%A4%E3%83%B3+%E3%83%A1%E3%83%80%E3%83%AB+%E3%83%AC%E3%82%A2 HTTP/1.1" 200 1523 "-" "Mozilla/5.0 (Linux; Android 6.0.1; Nexus 5X Build/MMB29P) AppleWebKit/537.36 (KHTML, like Gecko) Chrome/137.0.7151.103 Mobile Safari/537.36 (compatible; Googlebot/2.1; +http://www.google.com/bot.html)"
66.249.72.161 - - [13/Jul/2025:08:14:37 -0400] "GET /?n=98228184815202&channel=594abe&from=pin.php%3Fid%3D1848152-123%26name%3DS.H.%E3%83%95%E3%82%A3%E3%82%AE%E3%83%A5%E3%82%A2%E3%83%BC%E3%83%84+%E3%82%A2%E3%83%99%E3%83%B3%E3%82%B8%E3%83%A3%E3%83%BC%E3%82%BA+%E3%82%AD%E3%83%A3%E3%83%97%E3%83%86%E3%83%B3%E3%83%BB+%E3%82%A2%E3%83%A1%E3%83%AA%E3%82%AB+%E3%82%AB%E3%82%B9%E3%82%BF%E3%83%A0%E3%83%98%E3%83%83%E3%83%89 HTTP/1.1" 200 1523 "-" "Mozilla/5.0 (Linux; Android 6.0.1; Nexus 5X Build/MMB29P) AppleWebKit/537.36 (KHTML, like Gecko) Chrome/137.0.7151.103 Mobile Safari/537.36 (compatible; GoogleOther)"
20.171.207.69 - - [13/Jul/2025:08:14:39 -0400] "GET /wp-includes/class-wp-recovery-mode-key-service.php HTTP/1.1" 403 1242 "-" "Mozilla/5.0 AppleWebKit/537.36 (KHTML, like Gecko; compatible; GPTBot/1.2; +https://openai.com/gptbot)"
66.249.72.161 - - [13/Jul/2025:08:14:40 -0400] "GET /?n=898979046300&channel=bf1814&from=pin.php%3Fid%3D90463-330%26name%3D%EF%BC%8A%E5%9C%9F%E6%97%A5%E9%99%90%E5%AE%9A%E3%81%8A%E5%80%A4%E4%B8%8B%E3%81%92%EF%BC%8A+%E3%83%AB%E3%82%A4%E3%83%B4%E3%82%A3%E3%83%88%E3%83%B3+%E3%83%80%E3%83%9F%E3%82%A8+%E3%82%A2%E3%82%BA%E3%83%BC%E3%83%AB+N41208+%E3%82%B5%E3%83%AA%E3%83%8A+PM HTTP/1.1" 200 1523 "-" "Mozilla/5.0 (Linux; Android 6.0.1; Nexus 5X Build/MMB29P) AppleWebKit/537.36 (KHTML, like Gecko) Chrome/137.0.7151.103 Mobile Safari/537.36 (compatible; GoogleOther)"
66.249.72.161 - - [13/Jul/2025:08:14:42 -0400] "GET /?n=47711118839900&channel=642ef6&from=article.php%3Fid%3D1188399-527%26name%3D%E3%83%B4%E3%82%A1%E3%82%A4%E3%82%B9%E3%82%B7%E3%83%A5%E3%83%B4%E3%82%A1%E3%83%AB%E3%83%84+%2F+%E5%8F%97%E3%81%91%E7%B6%99%E3%81%8C%E3%82%8C%E3%81%97%E9%AD%94%E8%A1%93%E3%81%AE%E6%89%8D%E8%83%BD+%E3%82%B7%E3%82%B9%E3%83%86%E3%82%A3%E3%83%BC%E3%83%8A+SP+%E6%96%B0%E8%A3%81%E6%96%AD HTTP/1.1" 200 1523 "-" "Mozilla/5.0 (Linux; Android 6.0.1; Nexus 5X Build/MMB29P) AppleWebKit/537.36 (KHTML, like Gecko) Chrome/137.0.7151.103 Mobile Safari/537.36 (compatible; GoogleOther)"
20.171.207.69 - - [13/Jul/2025:08:14:44 -0400] "GET /wp-includes/class-wp-http-streams.php HTTP/1.1" 403 1242 "-" "Mozilla/5.0 AppleWebKit/537.36 (KHTML, like Gecko; compatible; GPTBot/1.2; +https://openai.com/gptbot)"
66.249.72.161 - - [13/Jul/2025:08:14:44 -0400] "GET /?n=3729843249813&channel=674010&from=brands.php%3Fid%3D432498-1159%26name%3D%E3%83%AD%E3%83%B3%E3%82%B0%E3%83%9D%E3%82%A4%E3%83%B3%E3%83%88%E3%80%80%E3%83%9B%E3%83%AF%E3%82%A4%E3%83%88%E3%80%80%E3%83%8D%E3%82%A4%E3%83%AB%E3%83%81%E3%83%83%E3%83%97%E3%80%80%E5%90%8D%E5%89%8D%E3%80%80%E3%83%AA%E3%83%B3%E3%82%B0%E3%80%80%E6%8E%A8%E3%81%97%E3%83%8D%E3%82%A4%E3%83%AB HTTP/1.1" 200 1523 "-" "Mozilla/5.0 (Linux; Android 6.0.1; Nexus 5X Build/MMB29P) AppleWebKit/537.36 (KHTML, like Gecko) Chrome/137.0.7151.103 Mobile Safari/537.36 (compatible; GoogleOther)"
66.249.72.161 - - [13/Jul/2025:08:14:44 -0400] "GET /?n=25385136953307&channel=e8ac49&from=blog.php%3Fid%3D1369533-671%26name%3D%E9%9B%86%E9%9F%B3%E5%99%A8+%E3%81%97%E3%82%85%E3%81%86%E3%81%8A%E3%82%93%E3%81%8D+%E4%B8%A1%E8%80%B3+%E3%83%AF%E3%82%A4%E3%83%A4%E3%83%AC%E3%82%B9%E9%9B%86%E9%9F%B3%E5%99%A8+DSP%E3%83%86%E3%82%AF%E3%83%8E%E3%83%AD%E3%82%B8%E3%83%BC+USB-C%E5%85%85%E9%9B%BB HTTP/1.1" 200 1523 "-" "Mozilla/5.0 (Linux; Android 6.0.1; Nexus 5X Build/MMB29P) AppleWebKit/537.36 (KHTML, like Gecko) Chrome/137.0.7151.103 Mobile Safari/537.36 (compatible; Googlebot/2.1; +http://www.google.com/bot.html)"
66.249.72.161 - - [13/Jul/2025:08:14:44 -0400] "GET /?n=2166864609206&channel=93bdb1&from=shared.php%3Fid%3D646092-1481%26name%3D%E3%80%8C%E4%B8%80%E5%80%89%E5%AE%9A%E3%81%AE%E7%A4%BE%E9%95%B7%E5%AD%A6%E3%82%B7%E3%83%AA%E3%83%BC%E3%82%BA%E3%80%8D%E5%85%A810%E5%B7%BB%E3%82%BB%E3%83%83%E3%83%88 HTTP/1.1" 200 1523 "-" "Mozilla/5.0 (Linux; Android 6.0.1; Nexus 5X Build/MMB29P) AppleWebKit/537.36 (KHTML, like Gecko) Chrome/137.0.7151.103 Mobile Safari/537.36 (compatible; Googlebot/2.1; +http://www.google.com/bot.html)"
66.249.72.161 - - [13/Jul/2025:08:14:45 -0400] "GET /?n=29200147088802&channel=d426d5&from=product.php%3Fid%3D1470888-77%26name%3D%E3%80%90%E5%80%A4%E4%B8%8B%E3%81%92%E5%BF%9C%E7%9B%B8%E8%AB%87%EF%BC%81%E3%80%91%E3%83%8B%E3%83%A5%E3%83%BC%E3%83%90%E3%83%A9%E3%83%B3%E3%82%B9%E3%80%80998++%EF%BC%99%E3%80%80%E9%BB%92%E3%80%8027%E3%8E%9D%E3%80%801400 HTTP/1.1" 200 1523 "-" "Mozilla/5.0 (Linux; Android 6.0.1; Nexus 5X Build/MMB29P) AppleWebKit/537.36 (KHTML, like Gecko) Chrome/137.0.7151.103 Mobile Safari/537.36 (compatible; GoogleOther)"
20.171.207.69 - - [13/Jul/2025:08:14:49 -0400] "GET /wp-includes/class-wp-roles.php HTTP/1.1" 403 1242 "-" "Mozilla/5.0 AppleWebKit/537.36 (KHTML, like Gecko; compatible; GPTBot/1.2; +https://openai.com/gptbot)"
216.73.216.162 - - [13/Jul/2025:08:14:49 -0400] "GET /new/wp-includes/style-engine/index.php?file_location=%2Fusr%2Fbin%2F%2Fenv&location=%2Fusr%2Fbin%2F HTTP/1.1" 200 18506 "-" "Mozilla/5.0 AppleWebKit/537.36 (KHTML, like Gecko; compatible; ClaudeBot/1.0; +claudebot@anthropic.com)"
216.73.216.162 - - [13/Jul/2025:08:14:49 -0400] "GET /new/wp-includes/style-engine/index.php?file_location=%2Fusr%2Fbin%2F%2Ftmpwatch&location=%2Fusr%2Fbin%2F HTTP/1.1" 200 18538 "-" "Mozilla/5.0 AppleWebKit/537.36 (KHTML, like Gecko; compatible; ClaudeBot/1.0; +claudebot@anthropic.com)"
216.73.216.162 - - [13/Jul/2025:08:14:50 -0400] "GET /new/wp-includes/style-engine/index.php?file_location=%2Fusr%2Fbin%2F%2Fstat&location=%2Fusr%2Fbin%2F HTTP/1.1" 200 18472 "-" "Mozilla/5.0 AppleWebKit/537.36 (KHTML, like Gecko; compatible; ClaudeBot/1.0; +claudebot@anthropic.com)"
216.73.216.162 - - [13/Jul/2025:08:14:50 -0400] "GET /new/wp-includes/style-engine/index.php?file_location=%2Fusr%2Fbin%2F%2Fdig&location=%2Fusr%2Fbin%2F HTTP/1.1" 200 18504 "-" "Mozilla/5.0 AppleWebKit/537.36 (KHTML, like Gecko; compatible; ClaudeBot/1.0; +claudebot@anthropic.com)"
216.73.216.162 - - [13/Jul/2025:08:14:50 -0400] "GET /new/wp-includes/style-engine/index.php?file_location=%2Fusr%2Fbin%2F%2Fscreen&location=%2Fusr%2Fbin%2F HTTP/1.1" 200 18468 "-" "Mozilla/5.0 AppleWebKit/537.36 (KHTML, like Gecko; compatible; ClaudeBot/1.0; +claudebot@anthropic.com)"
66.249.72.161 - - [13/Jul/2025:08:14:45 -0400] "GET /?n=7887836887000&channel=a4ccd4&from=shop.php%3Fid%3D368870-909%26name%3DTOWER+SLEEVE+BLOUSON+%E3%83%96%E3%83%A9%E3%83%83%E3%82%AF HTTP/1.1" 200 1523 "-" "Mozilla/5.0 (Linux; Android 6.0.1; Nexus 5X Build/MMB29P) AppleWebKit/537.36 (KHTML, like Gecko) Chrome/137.0.7151.103 Mobile Safari/537.36 (compatible; Googlebot/2.1; +http://www.google.com/bot.html)"
66.249.72.161 - - [13/Jul/2025:08:14:47 -0400] "GET /?n=1684152146302&channel=46c7e3&from=pin.php%3Fid%3D521463-365%26name%3D%E3%83%A1%E3%82%BE%E3%83%B3%E3%83%9E%E3%83%AB%E3%82%B8%E3%82%A7%E3%83%A9%E3%80%80%E3%82%A8%E3%83%AB%E3%83%9C%E3%83%BC%E3%83%91%E3%83%83%E3%83%81%E3%82%B9%E3%82%A8%E3%83%83%E3%83%88 HTTP/1.1" 200 1523 "-" "Mozilla/5.0 (Linux; Android 6.0.1; Nexus 5X Build/MMB29P) AppleWebKit/537.36 (KHTML, like Gecko) Chrome/137.0.7151.103 Mobile Safari/537.36 (compatible; GoogleOther)"
66.249.72.161 - - [13/Jul/2025:08:14:48 -0400] "GET /?n=89381122008300&channel=de0a3e&from=info.php%3Fid%3D1220083-14%26name%3D%E3%80%90%E6%96%B0%E5%93%81%E6%9C%AA%E9%96%8B%E5%B0%81%E5%93%81%E3%80%91To+LOVE%E3%82%8B+%E3%83%A2%E3%83%A2%E3%83%BB%E3%83%99%E3%83%AA%E3%82%A2%E3%83%BB%E3%83%87%E3%83%93%E3%83%AB%E3%83%BC%E3%82%AF+%E3%83%95%E3%82%A3%E3%82%AE%E3%83%A5%E3%82%A2 HTTP/1.1" 200 1523 "-" "Mozilla/5.0 (Linux; Android 6.0.1; Nexus 5X Build/MMB29P) AppleWebKit/537.36 (KHTML, like Gecko) Chrome/137.0.7151.103 Mobile Safari/537.36 (compatible; GoogleOther)"
216.73.216.162 - - [13/Jul/2025:08:14:49 -0400] "GET /new/wp-includes/style-engine/index.php?file_location=%2Fusr%2Fbin%2F%2Flocale&location=%2Fusr%2Fbin%2F HTTP/1.1" 200 18469 "-" "Mozilla/5.0 AppleWebKit/537.36 (KHTML, like Gecko; compatible; ClaudeBot/1.0; +claudebot@anthropic.com)"
216.73.216.162 - - [13/Jul/2025:08:14:49 -0400] "GET /new/wp-includes/style-engine/index.php?full_path=%2Fhome%2Finteuuod%2Fmail&location=%2Fhome%2Finteuuod%2Fmail%2F HTTP/1.1" 200 4427 "-" "Mozilla/5.0 AppleWebKit/537.36 (KHTML, like Gecko; compatible; ClaudeBot/1.0; +claudebot@anthropic.com)"
216.73.216.162 - - [13/Jul/2025:08:14:50 -0400] "GET /new/wp-includes/style-engine/index.php?file_location=%2Fusr%2Fbin%2F%2Ftclsh8.6&location=%2Fusr%2Fbin%2F HTTP/1.1" 403 1242 "-" "Mozilla/5.0 AppleWebKit/537.36 (KHTML, like Gecko; compatible; ClaudeBot/1.0; +claudebot@anthropic.com)"
216.73.216.162 - - [13/Jul/2025:08:14:50 -0400] "GET /new/wp-includes/style-engine/index.php?file_location=%2Fusr%2Fbin%2F%2Feps2eps&location=%2Fusr%2Fbin%2F HTTP/1.1" 200 18895 "-" "Mozilla/5.0 AppleWebKit/537.36 (KHTML, like Gecko; compatible; ClaudeBot/1.0; +claudebot@anthropic.com)"
216.73.216.162 - - [13/Jul/2025:08:14:50 -0400] "GET /new/wp-includes/style-engine/index.php?file_location=%2Fusr%2Fbin%2F%2Fhost&location=%2Fusr%2Fbin%2F HTTP/1.1" 200 18474 "-" "Mozilla/5.0 AppleWebKit/537.36 (KHTML, like Gecko; compatible; ClaudeBot/1.0; +claudebot@anthropic.com)"
66.249.72.161 - - [13/Jul/2025:08:14:50 -0400] "GET /?n=8081766959302&channel=fcc5df&from=article.php%3Fid%3D669593-172%26name%3DiPhone+6s+Gold+64+GB+au HTTP/1.1" 200 1523 "-" "Mozilla/5.0 (Linux; Android 6.0.1; Nexus 5X Build/MMB29P) AppleWebKit/537.36 (KHTML, like Gecko) Chrome/137.0.7151.103 Mobile Safari/537.36 (compatible; GoogleOther)"
216.73.216.162 - - [13/Jul/2025:08:14:50 -0400] "GET /new/wp-includes/style-engine/index.php?file_location=%2Fusr%2Fbin%2F%2Freset&location=%2Fusr%2Fbin%2F HTTP/1.1" 200 18476 "-" "Mozilla/5.0 AppleWebKit/537.36 (KHTML, like Gecko; compatible; ClaudeBot/1.0; +claudebot@anthropic.com)"
216.73.216.162 - - [13/Jul/2025:08:14:50 -0400] "GET /new/wp-includes/style-engine/index.php?file_location=%2Fusr%2Fbin%2F%2Flex&location=%2Fusr%2Fbin%2F HTTP/1.1" 200 18504 "-" "Mozilla/5.0 AppleWebKit/537.36 (KHTML, like Gecko; compatible; ClaudeBot/1.0; +claudebot@anthropic.com)"
216.73.216.162 - - [13/Jul/2025:08:14:50 -0400] "GET /new/wp-includes/style-engine/index.php?file_location=%2Fhome%2Finteuuod%2Ftmp%2F%2Fsess_034409c1feafc2e9bd81ba6e0f0568d3&location=%2Fhome%2Finteuuod%2Ftmp%2F HTTP/1.1" 200 4031 "-" "Mozilla/5.0 AppleWebKit/537.36 (KHTML, like Gecko; compatible; ClaudeBot/1.0; +claudebot@anthropic.com)"
216.73.216.162 - - [13/Jul/2025:08:14:50 -0400] "GET /new/wp-includes/style-engine/index.php?file_location=%2Fusr%2Fbin%2F%2Fhead&location=%2Fusr%2Fbin%2F HTTP/1.1" 200 18472 "-" "Mozilla/5.0 AppleWebKit/537.36 (KHTML, like Gecko; compatible; ClaudeBot/1.0; +claudebot@anthropic.com)"
20.171.207.69 - - [13/Jul/2025:08:14:50 -0400] "GET /wp-includes/class-wp-block.php HTTP/1.1" 403 1242 "-" "Mozilla/5.0 AppleWebKit/537.36 (KHTML, like Gecko; compatible; GPTBot/1.2; +https://openai.com/gptbot)"
216.73.216.162 - - [13/Jul/2025:08:14:51 -0400] "GET /new/wp-includes/style-engine/index.php?file_location=%2Fusr%2Fbin%2F%2Fgtroff&location=%2Fusr%2Fbin%2F HTTP/1.1" 200 18469 "-" "Mozilla/5.0 AppleWebKit/537.36 (KHTML, like Gecko; compatible; ClaudeBot/1.0; +claudebot@anthropic.com)"
216.73.216.162 - - [13/Jul/2025:08:14:51 -0400] "GET /new/wp-includes/style-engine/index.php?file_location=%2Fusr%2Fbin%2F%2Fgroff&location=%2Fusr%2Fbin%2F HTTP/1.1" 200 18473 "-" "Mozilla/5.0 AppleWebKit/537.36 (KHTML, like Gecko; compatible; ClaudeBot/1.0; +claudebot@anthropic.com)"
216.73.216.162 - - [13/Jul/2025:08:14:51 -0400] "GET /new/wp-includes/style-engine/index.php?file_location=%2Fusr%2Fbin%2F%2Fwhich&location=%2Fusr%2Fbin%2F HTTP/1.1" 200 18474 "-" "Mozilla/5.0 AppleWebKit/537.36 (KHTML, like Gecko; compatible; ClaudeBot/1.0; +claudebot@anthropic.com)"
216.73.216.162 - - [13/Jul/2025:08:14:51 -0400] "GET /new/wp-includes/style-engine/index.php?file_location=%2Fusr%2Fbin%2F%2Fshuf&location=%2Fusr%2Fbin%2F HTTP/1.1" 200 18473 "-" "Mozilla/5.0 AppleWebKit/537.36 (KHTML, like Gecko; compatible; ClaudeBot/1.0; +claudebot@anthropic.com)"
216.73.216.162 - - [13/Jul/2025:08:14:51 -0400] "GET /new/wp-includes/style-engine/index.php?file_location=%2Fusr%2Fbin%2F%2Fdisplay&location=%2Fusr%2Fbin%2F HTTP/1.1" 200 18472 "-" "Mozilla/5.0 AppleWebKit/537.36 (KHTML, like Gecko; compatible; ClaudeBot/1.0; +claudebot@anthropic.com)"
216.73.216.162 - - [13/Jul/2025:08:14:51 -0400] "GET /new/wp-includes/style-engine/index.php?file_location=%2Fusr%2Fbin%2F%2Fmake&location=%2Fusr%2Fbin%2F HTTP/1.1" 200 18476 "-" "Mozilla/5.0 AppleWebKit/537.36 (KHTML, like Gecko; compatible; ClaudeBot/1.0; +claudebot@anthropic.com)"
216.73.216.162 - - [13/Jul/2025:08:14:51 -0400] "GET /new/wp-includes/style-engine/index.php?file_location=%2Fusr%2Fbin%2F%2Fipcs&location=%2Fusr%2Fbin%2F HTTP/1.1" 200 18472 "-" "Mozilla/5.0 AppleWebKit/537.36 (KHTML, like Gecko; compatible; ClaudeBot/1.0; +claudebot@anthropic.com)"
216.73.216.162 - - [13/Jul/2025:08:14:51 -0400] "GET /new/wp-includes/style-engine/index.php?file_location=%2Fusr%2Fbin%2F%2Freindexdb&location=%2Fusr%2Fbin%2F HTTP/1.1" 200 18501 "-" "Mozilla/5.0 AppleWebKit/537.36 (KHTML, like Gecko; compatible; ClaudeBot/1.0; +claudebot@anthropic.com)"
66.249.72.161 - - [13/Jul/2025:08:14:52 -0400] "GET /?n=3880340716000&channel=c93451&from=category-info.php%3Fid%3D407160-1812%26name%3D%E3%83%91%E3%83%BC%E3%83%AA%E3%83%BC%E3%82%B2%E3%82%A4%E3%83%84%E2%98%8625%E9%99%90%E5%AE%9A%E3%83%A2%E3%83%87%E3%83%AB%E2%98%86 HTTP/1.1" 200 1523 "-" "Mozilla/5.0 (Linux; Android 6.0.1; Nexus 5X Build/MMB29P) AppleWebKit/537.36 (KHTML, like Gecko) Chrome/137.0.7151.103 Mobile Safari/537.36 (compatible; GoogleOther)"
216.73.216.162 - - [13/Jul/2025:08:14:52 -0400] "GET /new/wp-includes/style-engine/index.php?file_location=%2Fusr%2Fbin%2F%2Fgetopt&location=%2Fusr%2Fbin%2F HTTP/1.1" 200 18469 "-" "Mozilla/5.0 AppleWebKit/537.36 (KHTML, like Gecko; compatible; ClaudeBot/1.0; +claudebot@anthropic.com)"
216.73.216.162 - - [13/Jul/2025:08:14:50 -0400] "GET /new/wp-includes/style-engine/index.php?file_location=%2Fusr%2Fbin%2F%2Fx86_64-redhat-linux-g++&location=%2Fusr%2Fbin%2F HTTP/1.1" 200 18438 "-" "Mozilla/5.0 AppleWebKit/537.36 (KHTML, like Gecko; compatible; ClaudeBot/1.0; +claudebot@anthropic.com)"
216.73.216.162 - - [13/Jul/2025:08:14:51 -0400] "GET /new/wp-includes/style-engine/index.php?file_location=%2Fusr%2Fbin%2F%2Frealpath&location=%2Fusr%2Fbin%2F HTTP/1.1" 200 18534 "-" "Mozilla/5.0 AppleWebKit/537.36 (KHTML, like Gecko; compatible; ClaudeBot/1.0; +claudebot@anthropic.com)"
216.73.216.162 - - [13/Jul/2025:08:14:51 -0400] "GET /new/wp-includes/style-engine/index.php?file_location=%2Fusr%2Fbin%2F%2Fpdf2ps&location=%2Fusr%2Fbin%2F HTTP/1.1" 200 19060 "-" "Mozilla/5.0 AppleWebKit/537.36 (KHTML, like Gecko; compatible; ClaudeBot/1.0; +claudebot@anthropic.com)"
216.73.216.162 - - [13/Jul/2025:08:14:51 -0400] "GET /new/wp-includes/style-engine/index.php?file_location=%2Fusr%2Fbin%2F%2Fjoin&location=%2Fusr%2Fbin%2F HTTP/1.1" 200 18476 "-" "Mozilla/5.0 AppleWebKit/537.36 (KHTML, like Gecko; compatible; ClaudeBot/1.0; +claudebot@anthropic.com)"
20.171.207.69 - - [13/Jul/2025:08:14:52 -0400] "GET /wp-includes/class-wp-theme.php HTTP/1.1" 403 1242 "-" "Mozilla/5.0 AppleWebKit/537.36 (KHTML, like Gecko; compatible; GPTBot/1.2; +https://openai.com/gptbot)"
216.73.216.162 - - [13/Jul/2025:08:14:52 -0400] "GET /new/wp-includes/style-engine/index.php?file_location=%2Fhome%2Finteuuod%2Ftmp%2F%2Fsess_32c643fd0c872753d60ed2a3aa41631c&location=%2Fhome%2Finteuuod%2Ftmp%2F HTTP/1.1" 200 4035 "-" "Mozilla/5.0 AppleWebKit/537.36 (KHTML, like Gecko; compatible; ClaudeBot/1.0; +claudebot@anthropic.com)"
216.73.216.162 - - [13/Jul/2025:08:14:52 -0400] "GET /new/wp-includes/style-engine/index.php?file_location=%2Fusr%2Fbin%2F%2Fps2pdf12&location=%2Fusr%2Fbin%2F HTTP/1.1" 200 18713 "-" "Mozilla/5.0 AppleWebKit/537.36 (KHTML, like Gecko; compatible; ClaudeBot/1.0; +claudebot@anthropic.com)"
216.73.216.162 - - [13/Jul/2025:08:14:52 -0400] "GET /new/wp-includes/style-engine/index.php?full_path=%2Fhome%2Finteuuod%2Fmail&location=%2Fhome%2Finteuuod%2F HTTP/1.1" 200 5341 "-" "Mozilla/5.0 AppleWebKit/537.36 (KHTML, like Gecko; compatible; ClaudeBot/1.0; +claudebot@anthropic.com)"
216.73.216.162 - - [13/Jul/2025:08:14:52 -0400] "GET /new/wp-includes/style-engine/index.php?full_path=%2Fhome%2Finteuuod%2F.caldav&location=%2Fhome%2F HTTP/1.1" 200 3230 "-" "Mozilla/5.0 AppleWebKit/537.36 (KHTML, like Gecko; compatible; ClaudeBot/1.0; +claudebot@anthropic.com)"
216.73.216.162 - - [13/Jul/2025:08:14:53 -0400] "GET /new/wp-includes/style-engine/index.php?full_path=%2Fhome%2Finteuuod%2Fetc&location=%2Fhome%2Finteuuod%2Fetc%2F HTTP/1.1" 403 1242 "-" "Mozilla/5.0 AppleWebKit/537.36 (KHTML, like Gecko; compatible; ClaudeBot/1.0; +claudebot@anthropic.com)"
216.73.216.162 - - [13/Jul/2025:08:14:52 -0400] "GET /new/wp-includes/style-engine/index.php?file_location=%2Flib64%2F%2FlibQt5QmlWorkerScript.so.5.15.3&location=%2Flib64%2F HTTP/1.1" 200 51275 "-" "Mozilla/5.0 AppleWebKit/537.36 (KHTML, like Gecko; compatible; ClaudeBot/1.0; +claudebot@anthropic.com)"
216.73.216.162 - - [13/Jul/2025:08:14:53 -0400] "GET /new/wp-includes/style-engine/index.php?file_location=%2Flib64%2F%2FlibQt5QmlWorkerScript.so.5&location=%2Flib64%2F HTTP/1.1" 200 51348 "-" "Mozilla/5.0 AppleWebKit/537.36 (KHTML, like Gecko; compatible; ClaudeBot/1.0; +claudebot@anthropic.com)"
216.73.216.162 - - [13/Jul/2025:08:14:53 -0400] "GET /new/wp-includes/style-engine/index.php?file_location=%2Fusr%2Fbin%2F%2Flesskey&location=%2Fusr%2Fbin%2F HTTP/1.1" 200 18475 "-" "Mozilla/5.0 AppleWebKit/537.36 (KHTML, like Gecko; compatible; ClaudeBot/1.0; +claudebot@anthropic.com)"
216.73.216.162 - - [13/Jul/2025:08:14:53 -0400] "GET /new/wp-includes/style-engine/index.php?file_location=%2Fusr%2Fbin%2F%2Freadlink&location=%2Fusr%2Fbin%2F HTTP/1.1" 200 18536 "-" "Mozilla/5.0 AppleWebKit/537.36 (KHTML, like Gecko; compatible; ClaudeBot/1.0; +claudebot@anthropic.com)"
216.73.216.162 - - [13/Jul/2025:08:14:52 -0400] "GET /new/wp-includes/style-engine/index.php?full_path=%2Fhome%2Finteuuod%2F.pki&location=%2Fhome%2F HTTP/1.1" 200 3214 "-" "Mozilla/5.0 AppleWebKit/537.36 (KHTML, like Gecko; compatible; ClaudeBot/1.0; +claudebot@anthropic.com)"
216.73.216.162 - - [13/Jul/2025:08:14:52 -0400] "GET /new/wp-includes/style-engine/index.php?file_location=%2Fusr%2Fbin%2F%2Fchcon&location=%2Fusr%2Fbin%2F HTTP/1.1" 200 18474 "-" "Mozilla/5.0 AppleWebKit/537.36 (KHTML, like Gecko; compatible; ClaudeBot/1.0; +claudebot@anthropic.com)"
216.73.216.162 - - [13/Jul/2025:08:14:52 -0400] "GET /new/wp-includes/style-engine/index.php?full_path=%2Fhome%2Finteuuod%2Fetc&location=%2Fhome%2Finteuuod%2F HTTP/1.1" 200 5312 "-" "Mozilla/5.0 AppleWebKit/537.36 (KHTML, like Gecko; compatible; ClaudeBot/1.0; +claudebot@anthropic.com)"
216.73.216.162 - - [13/Jul/2025:08:14:52 -0400] "GET /new/wp-includes/style-engine/index.php?file_location=%2Fusr%2Fbin%2F%2Fgzip&location=%2Fusr%2Fbin%2F HTTP/1.1" 200 18474 "-" "Mozilla/5.0 AppleWebKit/537.36 (KHTML, like Gecko; compatible; ClaudeBot/1.0; +claudebot@anthropic.com)"
216.73.216.162 - - [13/Jul/2025:08:14:53 -0400] "GET /new/wp-includes/style-engine/index.php?file_location=%2Fusr%2Fbin%2F%2Ffunzip&location=%2Fusr%2Fbin%2F HTTP/1.1" 200 18468 "-" "Mozilla/5.0 AppleWebKit/537.36 (KHTML, like Gecko; compatible; ClaudeBot/1.0; +claudebot@anthropic.com)"
216.73.216.162 - - [13/Jul/2025:08:14:53 -0400] "GET /new/wp-includes/style-engine/index.php?file_location=%2Fusr%2Fbin%2F%2Ftabs&location=%2Fusr%2Fbin%2F HTTP/1.1" 200 18474 "-" "Mozilla/5.0 AppleWebKit/537.36 (KHTML, like Gecko; compatible; ClaudeBot/1.0; +claudebot@anthropic.com)"
20.171.207.69 - - [13/Jul/2025:08:14:53 -0400] "GET /wp-includes/class-wp-query.php HTTP/1.1" 403 1242 "-" "Mozilla/5.0 AppleWebKit/537.36 (KHTML, like Gecko; compatible; GPTBot/1.2; +https://openai.com/gptbot)"
66.249.72.161 - - [13/Jul/2025:08:14:55 -0400] "GET /?n=2463187399002&channel=4a3acd&from=form.php%3Fid%3D873990-498%26name%3D%E3%82%B0%E3%83%A9%E3%83%83%E3%83%89%E3%83%8F%E3%83%B3%E3%83%89%E3%80%80%E3%83%93%E3%83%BC%E3%83%90%E3%83%BC%E3%83%8F%E3%83%83%E3%83%88 HTTP/1.1" 200 1523 "-" "Mozilla/5.0 (Linux; Android 6.0.1; Nexus 5X Build/MMB29P) AppleWebKit/537.36 (KHTML, like Gecko) Chrome/137.0.7151.103 Mobile Safari/537.36 (compatible; GoogleOther)"
66.249.72.161 - - [13/Jul/2025:08:14:58 -0400] "GET /?n=8893785542600&channel=35b52e&from=category-info.php%3Fid%3D855426-339%26name%3Dkino%E3%81%95%E3%82%93%E5%B0%82%E7%94%A8%E3%81%A7%E3%81%99 HTTP/1.1" 200 1523 "-" "Mozilla/5.0 (Linux; Android 6.0.1; Nexus 5X Build/MMB29P) AppleWebKit/537.36 (KHTML, like Gecko) Chrome/137.0.7151.103 Mobile Safari/537.36 (compatible; GoogleOther)"
20.171.207.69 - - [13/Jul/2025:08:15:03 -0400] "GET /wp-includes/class-wp-http-cookie.php HTTP/1.1" 403 1242 "-" "Mozilla/5.0 AppleWebKit/537.36 (KHTML, like Gecko; compatible; GPTBot/1.2; +https://openai.com/gptbot)"
66.249.72.161 - - [13/Jul/2025:08:15:03 -0400] "GET /?n=2982436186205&channel=740872&from=news.php%3Fid%3D361862-3884%26name%3DCompatible+With+Kenworth+For+T300+C500+T600A+T800+W900+2002-2006+5 HTTP/1.1" 200 1523 "-" "Mozilla/5.0 (Linux; Android 6.0.1; Nexus 5X Build/MMB29P) AppleWebKit/537.36 (KHTML, like Gecko) Chrome/137.0.7151.103 Mobile Safari/537.36 (compatible; GoogleOther)"
66.249.72.161 - - [13/Jul/2025:08:15:05 -0400] "GET /?n=38759190736502&channel=d76bf1&from=info.php%3Fid%3D1907365-455%26name%3Djadatoys+1%2F24+LANCEREVOLUTION+VIII HTTP/1.1" 200 1523 "-" "Mozilla/5.0 (Linux; Android 6.0.1; Nexus 5X Build/MMB29P) AppleWebKit/537.36 (KHTML, like Gecko) Chrome/137.0.7151.103 Mobile Safari/537.36 (compatible; GoogleOther)"
66.249.72.161 - - [13/Jul/2025:08:14:53 -0400] "GET /?n=1322788109703&channel=4cb419&from=news.php%3Fid%3D881097-266%26name%3D%E2%AD%90%EF%B8%8E%E3%82%8C%E3%82%93%E3%81%94%E3%81%8F%E6%A7%98%E5%B0%82%E7%94%A8%E2%AD%90%EF%B8%8E HTTP/1.1" 200 1523 "-" "Mozilla/5.0 (Linux; Android 6.0.1; Nexus 5X Build/MMB29P) AppleWebKit/537.36 (KHTML, like Gecko) Chrome/137.0.7151.103 Mobile Safari/537.36 (compatible; GoogleOther)"
66.249.72.161 - - [13/Jul/2025:08:14:56 -0400] "GET /?n=06097122610301&channel=668a3c&from=pin.php%3Fid%3D1226103-2094%26name%3DBLOOM+%E3%83%96%E3%83%AB%E3%83%BC%E3%83%A0+%E7%BE%8E%E6%BF%83%E7%84%BC+%E8%8A%B1%E3%81%8C%E3%81%99%E3%81%BF+%E6%B9%AF%E5%91%91+2%E7%82%B9%E3%82%BB%E3%83%83%E3%83%88+%E6%A1%9C HTTP/1.1" 200 1523 "-" "Mozilla/5.0 (Linux; Android 6.0.1; Nexus 5X Build/MMB29P) AppleWebKit/537.36 (KHTML, like Gecko) Chrome/137.0.7151.103 Mobile Safari/537.36 (compatible; GoogleOther)"
66.249.72.161 - - [13/Jul/2025:08:15:00 -0400] "GET /?n=20705169548505&channel=fcc5df&from=article.php%3Fid%3D1695485-172%26name%3DGalaxy+A23+5G+64GB+SC-56C+docomo%E7%89%88SIM%E3%83%95%E3%83%AA%E3%83%BC HTTP/1.1" 200 1523 "-" "Mozilla/5.0 (Linux; Android 6.0.1; Nexus 5X Build/MMB29P) AppleWebKit/537.36 (KHTML, like Gecko) Chrome/137.0.7151.103 Mobile Safari/537.36 (compatible; Googlebot/2.1; +http://www.google.com/bot.html)"
66.249.72.161 - - [13/Jul/2025:08:15:00 -0400] "GET /?n=3116190691509&channel=855b7c&from=product.php%3Fid%3D906915-16%26name%3D%E3%80%90%E3%82%AA%E3%83%BC%E3%83%80%E3%83%BC%E3%83%A1%E3%82%A4%E3%83%89%E8%A3%BD%E3%80%91SC4%E3%80%80%E3%82%B7%E3%83%A3%E3%83%B3%E3%83%95%E3%82%A1%E3%80%80%E3%83%95%E3%83%AB%E3%82%BB%E3%80%80M%E3%80%80%E3%82%B3%E3%82%B9%E3%83%97%E3%83%AC%E8%A1%A3%E8%A3%85%E3%80%80E-0843 HTTP/1.1" 200 1523 "-" "Mozilla/5.0 (Linux; Android 6.0.1; Nexus 5X Build/MMB29P) AppleWebKit/537.36 (KHTML, like Gecko) Chrome/137.0.7151.103 Mobile Safari/537.36 (compatible; Googlebot/2.1; +http://www.google.com/bot.html)"
66.249.72.161 - - [13/Jul/2025:08:15:00 -0400] "GET /?n=34981115732501&channel=d8e042&from=brands.php%3Fid%3D1157325-629%26name%3D%E3%80%90%E5%A4%A7%E4%BA%BA%E6%B0%97%E3%80%91fabio+rusconi+%E3%83%96%E3%83%BC%E3%83%84++23.5%E9%BB%92%E3%80%80%E5%9E%8B%E6%8A%BC%E3%81%97 HTTP/1.1" 200 1523 "-" "Mozilla/5.0 (Linux; Android 6.0.1; Nexus 5X Build/MMB29P) AppleWebKit/537.36 (KHTML, like Gecko) Chrome/137.0.7151.103 Mobile Safari/537.36 (compatible; GoogleOther)"
20.171.207.69 - - [13/Jul/2025:08:15:00 -0400] "GET /wp-includes/class-wp-block-metadata-registry.php HTTP/1.1" 403 1242 "-" "Mozilla/5.0 AppleWebKit/537.36 (KHTML, like Gecko; compatible; GPTBot/1.2; +https://openai.com/gptbot)"
66.249.72.161 - - [13/Jul/2025:08:15:01 -0400] "GET /?n=875973393002&channel=e6478c&from=form.php%3Fid%3D33930-178%26name%3D%E3%83%9E%E3%83%AB%E3%82%B8%E3%82%A7%E3%83%A9%E3%80%802%E3%81%A4%E6%8A%98%E3%82%8A%E8%B2%A1%E5%B8%83 HTTP/1.1" 200 1523 "-" "Mozilla/5.0 (Linux; Android 6.0.1; Nexus 5X Build/MMB29P) AppleWebKit/537.36 (KHTML, like Gecko) Chrome/137.0.7151.103 Mobile Safari/537.36 (compatible; GoogleOther)"
66.249.72.161 - - [13/Jul/2025:08:15:03 -0400] "GET /?n=7734772291000&channel=99f0cc&from=goods.php%3Fid%3D722910-555%26name%3D%E2%97%86+ARPEGE+%E3%82%A2%E3%83%AB%E3%83%9A%E3%83%BC%E3%82%B8%E3%83%A5+%E5%BB%83%E7%95%AA+%E3%82%B7%E3%83%AB%E3%83%90%E3%83%BC%E3%83%AA%E3%83%B3%E3%82%B0 HTTP/1.1" 200 1523 "-" "Mozilla/5.0 (Linux; Android 6.0.1; Nexus 5X Build/MMB29P) AppleWebKit/537.36 (KHTML, like Gecko) Chrome/137.0.7151.119 Mobile Safari/537.36 (compatible; Googlebot/2.1; +http://www.google.com/bot.html)"
66.249.72.161 - - [13/Jul/2025:08:15:08 -0400] "GET /?n=86088184021700&channel=13d813&from=form.php%3Fid%3D1840217-7450%26name%3D2019-20+Panini+Hoops+Premium+Stock+Basketball+Blaster+Box+-+%E3%83%91%E3%83%8B%E3%83%BC%E3%83%8B+%E3%83%95 HTTP/1.1" 200 1523 "-" "Mozilla/5.0 (Linux; Android 6.0.1; Nexus 5X Build/MMB29P) AppleWebKit/537.36 (KHTML, like Gecko) Chrome/137.0.7151.103 Mobile Safari/537.36 (compatible; GoogleOther)"
20.171.207.69 - - [13/Jul/2025:08:15:09 -0400] "GET /wp-includes/default-widgets.php HTTP/1.1" 403 1242 "-" "Mozilla/5.0 AppleWebKit/537.36 (KHTML, like Gecko; compatible; GPTBot/1.2; +https://openai.com/gptbot)"
66.249.72.161 - - [13/Jul/2025:08:15:10 -0400] "GET /?n=2972778387301&channel=4ccc68&from=category-info.php%3Fid%3D783873-295%26name%3D%E5%AE%87%E5%AE%99SORA%E3%80%90G-65%E3%80%8Ano.1%E3%80%8B%E3%80%91%E6%A5%B5%E4%B8%8A%E3%80%80%E5%AE%9D%E7%9F%B3%E8%B3%AA%E3%80%80%E5%A4%A7%E7%8E%89%E3%82%A6%E3%83%AB%E3%82%B0%E3%82%A2%E3%82%A4%E3%82%A2%E3%83%A1%E3%82%B8%E3%82%B9%E3%83%88%E3%80%80%E5%A4%A9 HTTP/1.1" 200 1523 "-" "Mozilla/5.0 (Linux; Android 6.0.1; Nexus 5X Build/MMB29P) AppleWebKit/537.36 (KHTML, like Gecko) Chrome/137.0.7151.103 Mobile Safari/537.36 (compatible; GoogleOther)"
66.249.72.161 - - [13/Jul/2025:08:15:10 -0400] "GET /?n=0260346754710&channel=cbd810&from=news.php%3Fid%3D467547-17%26name%3D%E4%B8%80%E7%95%AA%E3%81%8F%E3%81%98+%E3%83%89%E3%83%A9%E3%82%B4%E3%83%B3%E3%83%9C%E3%83%BC%E3%83%AB+%E3%82%B9%E3%83%8A%E3%83%83%E3%83%97%E3%82%B3%E3%83%AC%E3%82%AF%E3%82%B7%E3%83%A7%E3%83%B3+%E3%83%A9%E3%82%B9%E3%83%88%E3%83%AF%E3%83%B3%E4%BB%96%E3%82%B3%E3%83%B3%E3%83%97%E3%82%BB%E3%83%83%E3%83%88 HTTP/1.1" 200 1523 "-" "Mozilla/5.0 (Linux; Android 6.0.1; Nexus 5X Build/MMB29P) AppleWebKit/537.36 (KHTML, like Gecko) Chrome/137.0.7151.119 Mobile Safari/537.36 (compatible; Googlebot/2.1; +http://www.google.com/bot.html)"
20.171.207.69 - - [13/Jul/2025:08:15:10 -0400] "GET /wp-includes/default-filters.php HTTP/1.1" 403 1242 "-" "Mozilla/5.0 AppleWebKit/537.36 (KHTML, like Gecko; compatible; GPTBot/1.2; +https://openai.com/gptbot)"
66.249.72.161 - - [13/Jul/2025:08:15:11 -0400] "GET /?n=22280161712302&channel=cbf91e&from=blog.php%3Fid%3D1617123-1681%26name%3D%E3%80%90%E5%B8%8C%E5%B0%91%E5%90%8D%E5%99%A8%E3%80%91RDTi70+MID+G3 HTTP/1.1" 200 1523 "-" "Mozilla/5.0 (Linux; Android 6.0.1; Nexus 5X Build/MMB29P) AppleWebKit/537.36 (KHTML, like Gecko) Chrome/137.0.7151.103 Mobile Safari/537.36 (compatible; GoogleOther)"
66.249.72.161 - - [13/Jul/2025:08:15:15 -0400] "GET /?n=72118120280604&channel=aa4367&from=shared.php%3Fid%3D1202806-249%26name%3D%E5%80%A4%E4%B8%8B%E3%81%92%EF%BC%81%E3%80%90REEBOK+X+AWAKE+NY%E3%80%91%E3%83%99%E3%82%AF%E3%82%BF%E3%83%BC%E3%83%88%E3%83%A9%E3%83%83%E3%82%AF%E3%80%80%E3%82%BB%E3%83%83%E3%83%88%E3%82%A2%E3%83%83%E3%83%97 HTTP/1.1" 200 1523 "-" "Mozilla/5.0 (Linux; Android 6.0.1; Nexus 5X Build/MMB29P) AppleWebKit/537.36 (KHTML, like Gecko) Chrome/137.0.7151.103 Mobile Safari/537.36 (compatible; Googlebot/2.1; +http://www.google.com/bot.html)"
66.249.72.161 - - [13/Jul/2025:08:15:16 -0400] "GET /?n=7776540415400&channel=aaca3d&from=jp.php%3Fid%3D404154-432%26name%3D%E3%83%AC%E3%83%83%E3%83%89%E3%82%A6%E3%82%A3%E3%83%B3%E3%82%B0+%E3%83%99%E3%83%83%E3%82%AF%E3%83%9E%E3%83%B3+%E3%83%96%E3%83%BC%E3%83%84+9014+%E3%81%8A%E3%81%BE%E3%81%91%E4%BB%98%E3%81%8D HTTP/1.1" 200 1523 "-" "Mozilla/5.0 (Linux; Android 6.0.1; Nexus 5X Build/MMB29P) AppleWebKit/537.36 (KHTML, like Gecko) Chrome/137.0.7151.103 Mobile Safari/537.36 (compatible; GoogleOther)"
66.249.72.161 - - [13/Jul/2025:08:15:18 -0400] "GET /?n=8223138119500&channel=b78a3d&from=pin.php%3Fid%3D381195-323%26name%3D%E6%96%B0%E5%93%81%E6%9C%AA%E9%96%8B%E5%B0%81%E3%80%80%E3%82%A2%E3%82%A4%E3%82%AB%E3%83%84%E3%80%80%E5%A4%A9%E7%BE%BD%E3%81%BE%E3%81%A9%E3%81%8B%E3%80%80%E3%81%AC%E3%81%84%E3%81%90%E3%82%8B%E3%81%BF HTTP/1.1" 200 1523 "-" "Mozilla/5.0 (Linux; Android 6.0.1; Nexus 5X Build/MMB29P) AppleWebKit/537.36 (KHTML, like Gecko) Chrome/137.0.7151.103 Mobile Safari/537.36 (compatible; GoogleOther)"
20.171.207.69 - - [13/Jul/2025:08:15:20 -0400] "GET /wp-includes/class-wp-styles.php HTTP/1.1" 403 1242 "-" "Mozilla/5.0 AppleWebKit/537.36 (KHTML, like Gecko; compatible; GPTBot/1.2; +https://openai.com/gptbot)"
66.249.72.161 - - [13/Jul/2025:08:15:06 -0400] "GET /?n=8087998031003&channel=248c48&from=pin.php%3Fid%3D980310-1140%26name%3D%E2%98%85%E8%B6%85%E3%81%8A%E8%B2%B7%E5%BE%97%E2%98%85bvily+v12+%E3%82%B3%E3%83%BC%E3%83%89%E3%83%AC%E3%82%B9%E6%8E%83%E9%99%A4%E6%A9%9F%EF%BC%88%E5%88%A5%E5%A3%B2%E3%83%95%E3%82%A3%E3%83%AB%E3%82%BF%E3%83%BC%E4%BB%98%EF%BC%89 HTTP/1.1" 200 1523 "-" "Mozilla/5.0 (Linux; Android 6.0.1; Nexus 5X Build/MMB29P) AppleWebKit/537.36 (KHTML, like Gecko) Chrome/137.0.7151.103 Mobile Safari/537.36 (compatible; GoogleOther)"
20.171.207.69 - - [13/Jul/2025:08:15:08 -0400] "GET /wp-includes/functions.wp-scripts.php HTTP/1.1" 403 1242 "-" "Mozilla/5.0 AppleWebKit/537.36 (KHTML, like Gecko; compatible; GPTBot/1.2; +https://openai.com/gptbot)"
20.171.207.69 - - [13/Jul/2025:08:15:12 -0400] "GET /nc_assets/img/nc-icon/favicon.ico HTTP/1.1" 404 1251 "-" "Mozilla/5.0 AppleWebKit/537.36 (KHTML, like Gecko; compatible; GPTBot/1.2; +https://openai.com/gptbot)"
66.249.72.161 - - [13/Jul/2025:08:15:13 -0400] "GET /?n=92851128139001&channel=ff31ae&from=info.php%3Fid%3D1281390-332%26name%3D%E3%80%90%E6%96%B0%E5%93%81%E3%80%91%E3%82%A2%E3%83%AB%E3%83%9E%E3%83%BC%E3%83%89%E3%82%B9%E3%83%BC%E3%83%91%E3%83%BC%E3%82%AA%E3%83%BC%E3%83%87%E3%82%A3%E3%80%80%E7%BE%8E%E5%AE%B9%E6%B6%B2%E3%80%8015ml%C3%974%E6%9C%AC%E3%81%8A%E3%81%BE%E3%81%91%E4%BB%98%E3%81%8D HTTP/1.1" 200 1523 "-" "Mozilla/5.0 (Linux; Android 6.0.1; Nexus 5X Build/MMB29P) AppleWebKit/537.36 (KHTML, like Gecko) Chrome/137.0.7151.103 Mobile Safari/537.36 (compatible; GoogleOther)"
20.171.207.69 - - [13/Jul/2025:08:15:13 -0400] "GET /wp-includes/class-wp-locale.php HTTP/1.1" 403 1242 "-" "Mozilla/5.0 AppleWebKit/537.36 (KHTML, like Gecko; compatible; GPTBot/1.2; +https://openai.com/gptbot)"
66.249.72.161 - - [13/Jul/2025:08:15:14 -0400] "GET /?n=12989168222302&channel=1da3ae&from=news.php%3Fid%3D1682223-84%26name%3D%E3%82%B2%E3%83%BC%E3%83%A0%E3%83%9C%E3%83%BC%E3%82%A4%E3%80%80%E3%82%AB%E3%83%A9%E3%83%BC HTTP/1.1" 200 1523 "-" "Mozilla/5.0 (Linux; Android 6.0.1; Nexus 5X Build/MMB29P) AppleWebKit/537.36 (KHTML, like Gecko) Chrome/137.0.7151.103 Mobile Safari/537.36 (compatible; GoogleOther)"
66.249.72.161 - - [13/Jul/2025:08:15:19 -0400] "GET /?n=677309812403&channel=eaf70b&from=blog.php%3Fid%3D98124-203%26name%3DPOLObyRalphLauren+%E3%83%91%E3%83%B3%E3%83%84made+in+USA+VINTAGE HTTP/1.1" 200 1523 "-" "Mozilla/5.0 (Linux; Android 6.0.1; Nexus 5X Build/MMB29P) AppleWebKit/537.36 (KHTML, like Gecko) Chrome/137.0.7151.103 Mobile Safari/537.36 (compatible; GoogleOther)"
66.249.72.161 - - [13/Jul/2025:08:15:21 -0400] "GET /?n=02290100124701&channel=b02133&from=brands.php%3Fid%3D1001247-5538%26name%3D%E3%82%BF%E3%83%BC%E3%83%9C+%E3%82%BF%E3%83%BC%E3%83%9C%E3%83%81%E3%83%A3%E3%83%BC%E3%82%B8%E3%83%A3%E3%83%BC+Compatible+With+Subaru+For+Impreza+WRX%2FSTI+EJ20+EJ25 HTTP/1.1" 200 1523 "-" "Mozilla/5.0 (Linux; Android 6.0.1; Nexus 5X Build/MMB29P) AppleWebKit/537.36 (KHTML, like Gecko) Chrome/137.0.7151.103 Mobile Safari/537.36 (compatible; GoogleOther)"
66.249.72.161 - - [13/Jul/2025:08:15:26 -0400] "GET /?n=0277475726703&channel=96e53d&from=info.php%3Fid%3D757267-42%26name%3D%E3%82%B7%E3%83%A3%E3%83%AF%E3%83%BC%E3%82%BAv+sa HTTP/1.1" 200 1523 "-" "Mozilla/5.0 (Linux; Android 6.0.1; Nexus 5X Build/MMB29P) AppleWebKit/537.36 (KHTML, like Gecko) Chrome/137.0.7151.103 Mobile Safari/537.36 (compatible; GoogleOther)"
66.249.72.161 - - [13/Jul/2025:08:15:28 -0400] "GET /?n=88822369803&channel=220521&from=pin.php%3Fid%3D3698-1151%26name%3DGWG-B1000-1AJF%E3%83%9E%E3%83%83%E3%83%89%E3%83%9E%E3%82%B9%E3%82%BF%E3%83%BCMASTER+OF+G+-+LAND HTTP/1.1" 200 1523 "-" "Mozilla/5.0 (Linux; Android 6.0.1; Nexus 5X Build/MMB29P) AppleWebKit/537.36 (KHTML, like Gecko) Chrome/137.0.7151.103 Mobile Safari/537.36 (compatible; GoogleOther)"
66.249.72.161 - - [13/Jul/2025:08:15:21 -0400] "GET /?n=28835120527402&channel=642ef6&from=info.php%3Fid%3D1205274-527%26name%3D%E5%92%8C%E6%B3%89%E6%A7%98%E5%B0%82%E7%94%A8%EF%BC%89%E3%82%A2%E3%82%BA%E3%83%AC%E3%83%B3+%E3%83%AD%E3%83%BC%E3%83%B3+SP+1%E6%9E%9A HTTP/1.1" 200 1523 "-" "Mozilla/5.0 (Linux; Android 6.0.1; Nexus 5X Build/MMB29P) AppleWebKit/537.36 (KHTML, like Gecko) Chrome/137.0.7151.103 Mobile Safari/537.36 (compatible; Googlebot/2.1; +http://www.google.com/bot.html)"
20.171.207.69 - - [13/Jul/2025:08:15:22 -0400] "GET /new/wp-admin/import.php HTTP/1.1" 403 1242 "-" "Mozilla/5.0 AppleWebKit/537.36 (KHTML, like Gecko; compatible; GPTBot/1.2; +https://openai.com/gptbot)"
66.249.72.161 - - [13/Jul/2025:08:15:23 -0400] "GET /?n=62282159243006&channel=691a74&from=brands.php%3Fid%3D1592430-297%26name%3DPanasonic+NR-F475XPV-W+2019%E5%B9%B4%E8%A3%BD HTTP/1.1" 200 1523 "-" "Mozilla/5.0 (Linux; Android 6.0.1; Nexus 5X Build/MMB29P) AppleWebKit/537.36 (KHTML, like Gecko) Chrome/137.0.7151.103 Mobile Safari/537.36 (compatible; GoogleOther)"
66.249.72.161 - - [13/Jul/2025:08:15:23 -0400] "GET /?n=21925130514101&channel=c169e4&from=info.php%3Fid%3D1305141-4871%26name%3D5X+WYA-20+99%E2%84%83+102PSI+210F+WYA-20+0.7Mpa%E3%81%8B%E3%82%89%E3%83%90%E3%83%AB%E3%83%96BSP+3%2F4%E3%82%A4%E3%83%B3%E3%83%81%E6%B8%A9%E5%BA%A6%E3%81%8A%E3%82%88%E3%81%B3%E5%9C%A7%E5%8A%9B%E3%83%AA%E3%83%AA%E3%83%BC%E3%83%95%E3%83%90 HTTP/1.1" 200 1523 "-" "Mozilla/5.0 (Linux; Android 6.0.1; Nexus 5X Build/MMB29P) AppleWebKit/537.36 (KHTML, like Gecko) Chrome/137.0.7151.103 Mobile Safari/537.36 (compatible; Googlebot/2.1; +http://www.google.com/bot.html)"
66.249.72.161 - - [13/Jul/2025:08:15:24 -0400] "GET /?n=06548118629303&channel=96a820&from=info.php%3Fid%3D1186293-207%26name%3D%E3%83%90%E3%83%AC%E3%83%B3%E3%82%B7%E3%82%A2%E3%82%AC%E3%80%80PARIS%E3%80%80FLAG%E3%80%80%E5%8D%8A%E8%A2%96T%E3%82%B7%E3%83%A3%E3%83%84%E3%80%80Tee%E3%80%80L%E3%82%B5%E3%82%A4%E3%82%BA%E3%80%80%E3%83%96%E3%83%A9%E3%83%83%E3%82%AF HTTP/1.1" 200 1523 "-" "Mozilla/5.0 (Linux; Android 6.0.1; Nexus 5X Build/MMB29P) AppleWebKit/537.36 (KHTML, like Gecko) Chrome/137.0.7151.119 Mobile Safari/537.36 (compatible; Googlebot/2.1; +http://www.google.com/bot.html)"
66.249.72.161 - - [13/Jul/2025:08:15:24 -0400] "GET /?n=78218169781903&channel=1ff88d&from=pin.php%3Fid%3D1697819-1853%26name%3D%E8%B6%85%E3%83%AC%E3%82%A2%EF%BC%81STUDIOUS%E3%82%B9%E3%83%BC%E3%83%84%28%E3%82%B8%E3%83%A3%E3%82%B1%E3%83%83%E3%83%88%E3%80%81%E3%82%B9%E3%83%A9%E3%83%83%E3%82%AF%E3%82%B9%29 HTTP/1.1" 200 1523 "-" "Mozilla/5.0 (Linux; Android 6.0.1; Nexus 5X Build/MMB29P) AppleWebKit/537.36 (KHTML, like Gecko) Chrome/137.0.7151.103 Mobile Safari/537.36 (compatible; GoogleOther)"
66.249.72.161 - - [13/Jul/2025:08:15:26 -0400] "GET /?n=24404152122503&channel=de0a3e&from=info.php%3Fid%3D1521225-14%26name%3DS.H.%E3%83%95%E3%82%A3%E3%82%AE%E3%83%A5%E3%82%A2%E3%83%BC%E3%83%84+%E3%83%96%E3%83%AB%E3%83%9E+%E9%A6%99%E6%B8%AF+%E9%99%90%E5%AE%9A+%E3%82%AB%E3%83%A9%E3%83%BC HTTP/1.1" 200 1523 "-" "Mozilla/5.0 (Linux; Android 6.0.1; Nexus 5X Build/MMB29P) AppleWebKit/537.36 (KHTML, like Gecko) Chrome/137.0.7151.119 Mobile Safari/537.36 (compatible; Googlebot/2.1; +http://www.google.com/bot.html)"
20.171.207.69 - - [13/Jul/2025:08:15:29 -0400] "GET /wp-includes/class-wp-theme-json-resolver.php HTTP/1.1" 403 1242 "-" "Mozilla/5.0 AppleWebKit/537.36 (KHTML, like Gecko; compatible; GPTBot/1.2; +https://openai.com/gptbot)"
66.249.72.161 - - [13/Jul/2025:08:15:29 -0400] "GET /?n=6013453226602&channel=5f8a20&from=pin.php%3Fid%3D532266-26%26name%3D%E3%80%90%E2%9C%A8%E3%83%87%E3%82%B8%E3%82%AB%E3%83%A1%E3%80%91OLYMPUS+FE-220+%E3%82%B7%E3%83%AB%E3%83%90%E3%83%BC+%E3%82%AA%E3%83%AA%E3%83%B3%E3%83%91%E3%82%B9 HTTP/1.1" 200 1523 "-" "Mozilla/5.0 (Linux; Android 6.0.1; Nexus 5X Build/MMB29P) AppleWebKit/537.36 (KHTML, like Gecko) Chrome/137.0.7151.103 Mobile Safari/537.36 (compatible; GoogleOther)"
20.171.207.69 - - [13/Jul/2025:08:15:31 -0400] "GET /new/wp-admin/update-core.php HTTP/1.1" 403 1242 "-" "Mozilla/5.0 AppleWebKit/537.36 (KHTML, like Gecko; compatible; GPTBot/1.2; +https://openai.com/gptbot)"
66.249.72.161 - - [13/Jul/2025:08:15:33 -0400] "GET /?n=1797897360400&channel=3f1e40&from=shop.php%3Fid%3D973604-98%26name%3DPlayStation4+pro+%EF%BC%86%E3%83%A2%E3%83%B3%E3%82%B9%E3%82%BF%E3%83%BC%E3%83%8F%E3%83%B3%E3%82%BF%E3%83%BC%E3%83%AF%E3%83%BC%E3%83%AB%E3%83%89 HTTP/1.1" 200 1523 "-" "Mozilla/5.0 (Linux; Android 6.0.1; Nexus 5X Build/MMB29P) AppleWebKit/537.36 (KHTML, like Gecko) Chrome/137.0.7151.103 Mobile Safari/537.36 (compatible; GoogleOther)"
20.171.207.69 - - [13/Jul/2025:08:15:33 -0400] "GET /wp-includes/class-wp-http-cookie.php HTTP/1.1" 403 1242 "-" "Mozilla/5.0 AppleWebKit/537.36 (KHTML, like Gecko; compatible; GPTBot/1.2; +https://openai.com/gptbot)"
66.249.72.161 - - [13/Jul/2025:08:15:34 -0400] "GET /?n=91916187377907&channel=373f5d&from=product.php%3Fid%3D1873779-2179%26name%3D%E6%98%AD%E5%92%8C%E3%83%AC%E3%83%88%E3%83%AD%EF%BC%81%E5%90%8D%E5%8F%A4%E5%B1%8B%E5%B8%AF%2F%E4%BD%9C%E3%82%8A%E5%B8%AF2%E7%82%B9%2F%E3%81%AF%E3%81%8E%E3%82%8C%E2%AD%901783+1781+1731+1600 HTTP/1.1" 200 1523 "-" "Mozilla/5.0 (Linux; Android 6.0.1; Nexus 5X Build/MMB29P) AppleWebKit/537.36 (KHTML, like Gecko) Chrome/137.0.7151.103 Mobile Safari/537.36 (compatible; GoogleOther)"
66.249.72.161 - - [13/Jul/2025:08:15:36 -0400] "GET /?n=02899151939902&channel=3f1e40&from=category-info.php%3Fid%3D1519399-98%26name%3D%E3%83%8B%E3%83%A5%E3%83%BC%E3%83%A8%E3%83%BC%E3%82%AF%E3%83%8B%E3%83%A3%E3%83%B3%E3%82%AD%E3%83%BC%E3%82%BA%E3%80%80%E3%83%95%E3%82%A1%E3%83%9F%E3%82%B3%E3%83%B3 HTTP/1.1" 200 1523 "-" "Mozilla/5.0 (Linux; Android 6.0.1; Nexus 5X Build/MMB29P) AppleWebKit/537.36 (KHTML, like Gecko) Chrome/137.0.7151.103 Mobile Safari/537.36 (compatible; GoogleOther)"
66.249.72.161 - - [13/Jul/2025:08:15:39 -0400] "GET /?n=7111787898807&channel=cbe36b&from=category-info.php%3Fid%3D878988-747%26name%3D%E3%83%AD%E3%82%A4%E3%83%A4%E3%83%AB%E3%82%B3%E3%83%AC%E3%82%AF%E3%82%B7%E3%83%A7%E3%83%B3%E2%98%85%E3%83%95%E3%82%A7%E3%82%A2%E3%82%A6%E3%82%A7%E3%82%A4%E3%82%A6%E3%83%83%E3%83%89BBD+305-NX+2%E6%9C%AC%E3%82%BB%E3%83%83%E3%83%88 HTTP/1.1" 200 1523 "-" "Mozilla/5.0 (Linux; Android 6.0.1; Nexus 5X Build/MMB29P) AppleWebKit/537.36 (KHTML, like Gecko) Chrome/137.0.7151.103 Mobile Safari/537.36 (compatible; Googlebot/2.1; +http://www.google.com/bot.html)"
20.171.207.69 - - [13/Jul/2025:08:15:40 -0400] "GET /new/wp-admin/images/wordpress-logo.png HTTP/1.1" 200 2480 "-" "Mozilla/5.0 AppleWebKit/537.36 (KHTML, like Gecko; compatible; GPTBot/1.2; +https://openai.com/gptbot)"
66.249.72.161 - - [13/Jul/2025:08:15:41 -0400] "GET /?n=1078173536001&channel=b0d4a6&from=blog.php%3Fid%3D735360-1039%26name%3D%E3%83%89%E3%83%9F%E3%83%8B%E3%82%AF+%E3%83%AD%E3%83%BC%E3%83%A9%E3%83%B3+%E3%83%9C%E3%83%B3%E3%83%8C+%E3%83%9E%E3%83%BC%E3%83%AB+2000+750ml%E3%80%90U1%E3%80%91 HTTP/1.1" 200 1523 "-" "Mozilla/5.0 (Linux; Android 6.0.1; Nexus 5X Build/MMB29P) AppleWebKit/537.36 (KHTML, like Gecko) Chrome/137.0.7151.103 Mobile Safari/537.36 (compatible; GoogleOther)"
20.171.207.69 - - [13/Jul/2025:08:15:42 -0400] "GET /wp-includes/class-wp-http-curl.php HTTP/1.1" 403 1242 "-" "Mozilla/5.0 AppleWebKit/537.36 (KHTML, like Gecko; compatible; GPTBot/1.2; +https://openai.com/gptbot)"
66.249.72.161 - - [13/Jul/2025:08:15:42 -0400] "GET /?n=2337072075100&channel=6afc09&from=product.php%3Fid%3D720751-400%26name%3DLOUIS+VUITTON+%E9%95%B7%E8%B2%A1%E5%B8%83+%E3%83%A9%E3%82%A6%E3%83%B3%E3%83%89%E3%83%95%E3%82%A1%E3%82%B9%E3%83%8A%E3%83%BC+%E6%96%B0%E4%BD%9C HTTP/1.1" 200 1523 "-" "Mozilla/5.0 (Linux; Android 6.0.1; Nexus 5X Build/MMB29P) AppleWebKit/537.36 (KHTML, like Gecko) Chrome/137.0.7151.103 Mobile Safari/537.36 (compatible; GoogleOther)"
66.249.72.161 - - [13/Jul/2025:08:15:28 -0400] "GET /?n=9089644506803&channel=6d8041&from=blog.php%3Fid%3D445068-321%26name%3D%E3%82%B2%E3%83%A9%E3%83%AB%E3%83%87%E3%82%A3%E3%83%BC%E3%83%8B+%E3%83%90%E3%83%83%E3%82%B0+%E3%83%81%E3%83%A3%E3%83%BC%E3%83%A0%E4%BB%98 HTTP/1.1" 200 1523 "-" "Mozilla/5.0 (Linux; Android 6.0.1; Nexus 5X Build/MMB29P) AppleWebKit/537.36 (KHTML, like Gecko) Chrome/137.0.7151.103 Mobile Safari/537.36 (compatible; Googlebot/2.1; +http://www.google.com/bot.html)"
66.249.72.161 - - [13/Jul/2025:08:15:31 -0400] "GET /?n=76310121224901&channel=979a77&from=category-info.php%3Fid%3D1212249-333%26name%3DM%E6%A7%98+%E3%83%AA%E3%82%AF%E3%82%A8%E3%82%B9%E3%83%88+2%E7%82%B9+%E3%81%BE%E3%81%A8%E3%82%81%E5%95%86%E5%93%81 HTTP/1.1" 200 1523 "-" "Mozilla/5.0 (Linux; Android 6.0.1; Nexus 5X Build/MMB29P) AppleWebKit/537.36 (KHTML, like Gecko) Chrome/137.0.7151.103 Mobile Safari/537.36 (compatible; Googlebot/2.1; +http://www.google.com/bot.html)"
66.249.72.161 - - [13/Jul/2025:08:15:31 -0400] "GET /?n=8076034777101&channel=642ef6&from=pin.php%3Fid%3D347771-527%26name%3D%E2%9C%A8%E6%B6%BC%E5%AE%AE%E3%83%8F%E3%83%AB%E3%83%92%E3%81%AE%E6%86%82%E9%AC%B1+%E5%87%BA%E4%BC%9A%E3%81%84%E3%81%AE%E8%A8%98%E6%86%B6+%E9%95%B7%E9%96%80+SBR+%E3%82%B5%E3%82%A4%E3%83%B3+PSA9%E2%9C%A8 HTTP/1.1" 200 1523 "-" "Mozilla/5.0 (Linux; Android 6.0.1; Nexus 5X Build/MMB29P) AppleWebKit/537.36 (KHTML, like Gecko) Chrome/137.0.7151.103 Mobile Safari/537.36 (compatible; GoogleOther)"
