66.249.72.161 - - [13/Jul/2025:08:15:36 -0400] "GET /?n=79880132531105&channel=6cc52e&from=product.php%3Fid%3D1325311-1394%26name%3D%E3%82%B5%E3%83%B3%E3%82%A8%E3%83%83%E3%82%AF%E3%82%B9+%E3%81%97%E3%82%89%E3%81%99%E9%9A%8A+%E3%83%AC%E3%82%AE%E3%83%B3%E3%82%B9%E3%81%97%E3%82%89%E3%81%99+%E3%81%AC%E3%81%84%E3%81%90%E3%82%8B%E3%81%BF HTTP/1.1" 200 1523 "-" "Mozilla/5.0 (Linux; Android 6.0.1; Nexus 5X Build/MMB29P) AppleWebKit/537.36 (KHTML, like Gecko) Chrome/137.0.7151.103 Mobile Safari/537.36 (compatible; Googlebot/2.1; +http://www.google.com/bot.html)"
66.249.72.161 - - [13/Jul/2025:08:15:36 -0400] "GET /?n=19297109659402&channel=de276d&from=info.php%3Fid%3D1096594-1398%26name%3D%E3%82%B8%E3%83%BC%E3%83%95%E3%82%A9%E3%82%A2+%E3%82%B4%E3%83%AB%E3%83%95+%E3%82%A6%E3%82%A7%E3%82%A2+%E3%83%AC%E3%83%87%E3%82%A3%E3%83%BC%E3%82%B9+%E3%83%88%E3%83%83%E3%83%97%E3%82%B9+%E5%8D%8A%E8%A2%96+%E3%83%9D%E3%83%AD%E3%82%B7%E3%83%A3%E3%83%84 HTTP/1.1" 200 1523 "-" "Mozilla/5.0 (compatible; Googlebot/2.1; +http://www.google.com/bot.html)"
66.249.72.161 - - [13/Jul/2025:08:15:37 -0400] "GET /?n=9502257780301&channel=ff31ae&from=goods.php%3Fid%3D577803-332%26name%3D%E3%81%A1%E3%82%85%E3%82%89%E3%82%89%E6%A7%98%E5%B0%82%E7%94%A8 HTTP/1.1" 200 1523 "-" "Mozilla/5.0 (Linux; Android 6.0.1; Nexus 5X Build/MMB29P) AppleWebKit/537.36 (KHTML, like Gecko) Chrome/137.0.7151.119 Mobile Safari/537.36 (compatible; Googlebot/2.1; +http://www.google.com/bot.html)"
66.249.72.161 - - [13/Jul/2025:08:15:37 -0400] "GET /?n=04428119660301&channel=8641c5&from=goods.php%3Fid%3D1196603-75%26name%3D%E3%82%B8%E3%82%A7%E3%83%A9%E3%83%BC%E3%83%88%E3%83%94%E3%82%B1+%E6%96%B0%E4%BD%9C HTTP/1.1" 200 1523 "-" "Mozilla/5.0 (Linux; Android 6.0.1; Nexus 5X Build/MMB29P) AppleWebKit/537.36 (KHTML, like Gecko) Chrome/137.0.7151.103 Mobile Safari/537.36 (compatible; GoogleOther)"
66.249.72.161 - - [13/Jul/2025:08:15:40 -0400] "GET /?n=1538257795500&channel=de0a3e&from=brands.php%3Fid%3D577955-14%26name%3D%E8%81%96%E9%97%98%E5%A3%AB%E6%98%9F%E7%9F%A2%E3%80%80%E8%B6%85%E9%80%A0%E5%BD%A2%E9%AD%82%E3%80%80%E5%86%A5%E7%8E%8B%E3%83%8F%E3%83%BC%E3%83%87%E3%82%B9%E5%86%A5%E7%95%8C%E7%B7%A8%E3%80%80PART%E2%85%A0+%26+%E2%85%A1%E3%80%80%E5%85%A818%E7%A8%AE%E3%80%80%E3%82%BB%E3%83%83%E3%83%88 HTTP/1.1" 200 1523 "-" "Mozilla/5.0 (Linux; Android 6.0.1; Nexus 5X Build/MMB29P) AppleWebKit/537.36 (KHTML, like Gecko) Chrome/137.0.7151.103 Mobile Safari/537.36 (compatible; GoogleOther)"
66.249.72.161 - - [13/Jul/2025:08:15:44 -0400] "GET /?n=15422118021503&channel=96a820&from=category-info.php%3Fid%3D1180215-207%26name%3D%E3%82%AF%E3%83%AD%E3%83%A0%E3%83%8F%E3%83%BC%E3%83%84+T%E3%82%B7%E3%83%A3%E3%83%84 HTTP/1.1" 200 1523 "-" "Mozilla/5.0 (Linux; Android 6.0.1; Nexus 5X Build/MMB29P) AppleWebKit/537.36 (KHTML, like Gecko) Chrome/137.0.7151.103 Mobile Safari/537.36 (compatible; Googlebot/2.1; +http://www.google.com/bot.html)"
66.249.72.161 - - [13/Jul/2025:08:15:46 -0400] "GET /?n=8802129135405&channel=740872&from=blog.php%3Fid%3D291354-3884%26name%3DABS%E8%A3%BD+%E8%BB%8A%E7%94%A8+%E3%83%AA%E3%82%A2%E3%82%BB%E3%83%B3%E3%82%BF%E3%83%BC%E3%83%80%E3%83%83%E3%82%B7%E3%83%A5+%E3%82%A8%E3%82%A2%E3%82%A2%E3%82%A6%E3%83%88%E3%83%AC%E3%83%83%E3%83%88+%E3%83%99%E3%83%B3%E3%83%88%E3%83%8E%E3%82%BA%E3%83%AB+%E3%82%B0%E3%83%AA%E3%83%AB%E3%82%AB%E3%83%90%E3%83%BC+%E3%83%A1%E3%83%AB%E3%82%BB%E3%83%87%E3%82%B9%E3%83%99%E3%83%B3%E3%83%84+W166+W292+ML+GL HTTP/1.1" 200 1523 "-" "Mozilla/5.0 (Linux; Android 6.0.1; Nexus 5X Build/MMB29P) AppleWebKit/537.36 (KHTML, like Gecko) Chrome/137.0.7151.103 Mobile Safari/537.36 (compatible; GoogleOther)"
66.249.72.161 - - [13/Jul/2025:08:15:47 -0400] "GET /?n=25283111235506&channel=74d087&from=blog.php%3Fid%3D1112355-39%26name%3D1%E6%97%A5%E9%99%90%E5%AE%9A%E3%82%BB%E3%83%BC%E3%83%AB%E2%80%BC%EF%B8%8F%E3%83%8B%E3%82%B3%E3%83%B3+D5500+%E3%83%80%E3%83%96%E3%83%AB%E3%82%BA%E3%83%BC%E3%83%A0%E3%82%AD%E3%83%83%E3%83%88 HTTP/1.1" 200 1523 "-" "Mozilla/5.0 (Linux; Android 6.0.1; Nexus 5X Build/MMB29P) AppleWebKit/537.36 (KHTML, like Gecko) Chrome/137.0.7151.103 Mobile Safari/537.36 (compatible; GoogleOther)"
66.249.72.161 - - [13/Jul/2025:08:15:49 -0400] "GET /?n=34764102628200&channel=ac6a86&from=jp.php%3Fid%3D1026282-23%26name%3D%E3%83%95%E3%82%A3%E3%82%AE%E3%83%A5%E3%82%A2%E3%83%BC%E3%83%84+%E4%BB%AE%E9%9D%A2%E3%83%A9%E3%82%A4%E3%83%80%E3%83%BC%E3%82%A8%E3%82%B9%E3%83%91%E3%83%BC%E3%83%80+%E3%83%A9%E3%83%B3%E3%83%97%E3%83%89%E3%82%A2%E3%83%A9%E3%83%B3%E3%82%B8%E3%83%BC%E3%83%8A HTTP/1.1" 200 1523 "-" "Mozilla/5.0 (Linux; Android 6.0.1; Nexus 5X Build/MMB29P) AppleWebKit/537.36 (KHTML, like Gecko) Chrome/137.0.7151.103 Mobile Safari/537.36 (compatible; GoogleOther)"
66.249.72.161 - - [13/Jul/2025:08:15:51 -0400] "GET /?n=7004894902309&channel=7d7c81&from=goods.php%3Fid%3D949023-1129%26name%3D%E7%BE%8E%E5%93%81%E3%80%80%E3%83%9E%E3%83%83%E3%82%AF%E3%82%B9%E3%83%9E%E3%83%BC%E3%83%A9+%E3%82%AF%E3%83%81%E3%83%BC%E3%83%88%E3%82%A2%E3%83%9E%E3%83%BC%E3%83%8E+%E3%83%97%E3%83%AC%E3%83%BC%E3%83%88%E4%BB%98%E3%81%8D+%E3%82%A6%E3%83%BC%E3%83%AB%E3%82%A2%E3%83%B3%E3%82%B4%E3%83%A9%E3%82%B8%E3%83%AC HTTP/1.1" 200 1523 "-" "Mozilla/5.0 (Linux; Android 6.0.1; Nexus 5X Build/MMB29P) AppleWebKit/537.36 (KHTML, like Gecko) Chrome/137.0.7151.103 Mobile Safari/537.36 (compatible; GoogleOther)"
20.171.207.69 - - [13/Jul/2025:08:15:51 -0400] "GET /wp-includes/class-walker-comment.php HTTP/1.1" 403 1242 "-" "Mozilla/5.0 AppleWebKit/537.36 (KHTML, like Gecko; compatible; GPTBot/1.2; +https://openai.com/gptbot)"
20.171.207.69 - - [13/Jul/2025:08:15:52 -0400] "GET /wp-includes/class-wp-oembed.php HTTP/1.1" 403 1242 "-" "Mozilla/5.0 AppleWebKit/537.36 (KHTML, like Gecko; compatible; GPTBot/1.2; +https://openai.com/gptbot)"
20.171.207.69 - - [13/Jul/2025:08:15:53 -0400] "GET /wp-includes/class-wp-walker.php HTTP/1.1" 403 1242 "-" "Mozilla/5.0 AppleWebKit/537.36 (KHTML, like Gecko; compatible; GPTBot/1.2; +https://openai.com/gptbot)"
66.249.72.161 - - [13/Jul/2025:08:15:53 -0400] "GET /?n=50890138028200&channel=83a31b&from=info.php%3Fid%3D1380282-431%26name%3DALLIAN+damage%E3%80%80%E3%82%A2%E3%83%A9%E3%82%A4%E3%82%A2%E3%83%B3%E3%80%80%E3%83%80%E3%83%A1%E3%83%BC%E3%82%B8%E3%80%80FLUX%E3%80%80%E3%83%95%E3%83%A9%E3%83%83%E3%82%AF%E3%82%B9+TM HTTP/1.1" 200 1523 "-" "Mozilla/5.0 (Linux; Android 6.0.1; Nexus 5X Build/MMB29P) AppleWebKit/537.36 (KHTML, like Gecko) Chrome/137.0.7151.119 Mobile Safari/537.36 (compatible; Googlebot/2.1; +http://www.google.com/bot.html)"
66.249.72.161 - - [13/Jul/2025:08:15:54 -0400] "GET /?n=82932195456907&channel=0e5c4d&from=category-info.php%3Fid%3D1954569-149%26name%3DNo.57+%E3%80%8AK+by+K%E3%81%95%E3%81%BE%E5%B0%82%E7%94%A8%E3%80%8B%E5%A4%A7%E3%81%8D%E3%82%81%E3%80%90%E7%BE%8E%E5%93%81%E3%80%91%E6%A5%B5%E4%B8%8A%E3%80%80%E3%83%96%E3%83%A9%E3%83%83%E3%82%AF%E3%83%9F%E3%83%B3%E3%82%AF%E3%80%80%E3%83%AD%E3%83%B3%E3%82%B0 HTTP/1.1" 200 1523 "-" "Mozilla/5.0 (Linux; Android 6.0.1; Nexus 5X Build/MMB29P) AppleWebKit/537.36 (KHTML, like Gecko) Chrome/137.0.7151.103 Mobile Safari/537.36 (compatible; Googlebot/2.1; +http://www.google.com/bot.html)"
66.249.72.161 - - [13/Jul/2025:08:15:54 -0400] "GET /?n=80673103643501&channel=a02e28&from=shared.php%3Fid%3D1036435-290%26name%3DAer+%E3%82%A8%E3%82%A2%E3%83%BC+%E3%83%88%E3%83%A9%E3%83%99%E3%83%AB%E3%83%91%E3%83%83%E3%82%AF2++%E3%83%AA%E3%83%A5%E3%83%83%E3%82%AF HTTP/1.1" 200 1523 "-" "Mozilla/5.0 (Linux; Android 6.0.1; Nexus 5X Build/MMB29P) AppleWebKit/537.36 (KHTML, like Gecko) Chrome/137.0.7151.103 Mobile Safari/537.36 (compatible; Googlebot/2.1; +http://www.google.com/bot.html)"
66.249.72.161 - - [13/Jul/2025:08:15:58 -0400] "GET /?n=567159123002&channel=01f17e&from=shared.php%3Fid%3D91230-54%26name%3D%E3%80%90%E6%96%B0%E5%93%81%E6%9C%AA%E4%BD%BF%E7%94%A8%E3%80%91Nintendo+Switch+%E6%9C%89%E6%A9%9FEL%E3%83%A2%E3%83%87%E3%83%AB+%E6%9C%AC%E4%BD%93 HTTP/1.1" 200 1523 "-" "Mozilla/5.0 (Linux; Android 6.0.1; Nexus 5X Build/MMB29P) AppleWebKit/537.36 (KHTML, like Gecko) Chrome/137.0.7151.103 Mobile Safari/537.36 (compatible; GoogleOther)"
66.249.72.161 - - [13/Jul/2025:08:15:59 -0400] "GET /?n=5272088698600&channel=a1962c&from=pin.php%3Fid%3D886986-931%26name%3D%E3%83%A9%E3%82%AF%E3%83%88%E3%82%AF%E3%83%AA%E3%83%BC%E3%83%A0 HTTP/1.1" 200 1523 "-" "Mozilla/5.0 (Linux; Android 6.0.1; Nexus 5X Build/MMB29P) AppleWebKit/537.36 (KHTML, like Gecko) Chrome/137.0.7151.103 Mobile Safari/537.36 (compatible; GoogleOther)"
66.249.72.163 - - [13/Jul/2025:08:16:00 -0400] "GET /?n=6652756010501&channel=e8b4a1&from=brands.php%3Fid%3D560105-632%26name%3D%E3%82%B7%E3%83%B3%E3%83%97%E3%83%AA%E3%82%B9+%E3%83%91%E3%83%BC%E3%83%95%E3%82%A7%E3%82%AF%E3%83%88%E3%83%80%E3%82%A4%E3%82%A8%E3%83%83%E3%83%88+%E3%83%97%E3%83%A9%E3%82%B9%2B+30%E8%A2%8B%2830%E6%97%A5%E5%88%86%29 HTTP/1.1" 200 1523 "-" "Mozilla/5.0 (Linux; Android 6.0.1; Nexus 5X Build/MMB29P) AppleWebKit/537.36 (KHTML, like Gecko) Chrome/137.0.7151.103 Mobile Safari/537.36 (compatible; GoogleOther)"
66.249.72.163 - - [13/Jul/2025:08:16:02 -0400] "GET /?n=25923182030706&channel=92bfbd&from=brands.php%3Fid%3D1820307-371%26name%3DFree+Sonata+%E3%83%AF%E3%82%A4%E3%83%89%E3%83%87%E3%83%8B%E3%83%A0+%E5%A4%89%E5%BD%A2+baggy HTTP/1.1" 200 1523 "-" "Mozilla/5.0 (Linux; Android 6.0.1; Nexus 5X Build/MMB29P) AppleWebKit/537.36 (KHTML, like Gecko) Chrome/137.0.7151.103 Mobile Safari/537.36 (compatible; GoogleOther)"
20.171.207.69 - - [13/Jul/2025:08:16:02 -0400] "GET /wp-includes/class.wp-styles.php HTTP/1.1" 403 1242 "-" "Mozilla/5.0 AppleWebKit/537.36 (KHTML, like Gecko; compatible; GPTBot/1.2; +https://openai.com/gptbot)"
66.249.72.163 - - [13/Jul/2025:08:16:04 -0400] "GET /?n=21888143332800&channel=5e3b35&from=category-info.php%3Fid%3D1433328-862%26name%3DBaccarat+%E3%83%90%E3%82%AB%E3%83%A9+%E3%83%99%E3%83%AB%E3%83%BC%E3%82%AC+%E3%83%8F%E3%82%A4%E3%83%9C%E3%83%BC%E3%83%AB+%E3%82%BF%E3%83%B3%E3%83%96%E3%83%A9%E3%83%BC+%EF%BC%92%E5%AE%A2%E3%82%BB%E3%83%83%E3%83%88+%E7%AE%B1%E4%BB%98%E3%81%8D+%E3%83%9A%E3%82%A2 HTTP/1.1" 200 1523 "-" "Mozilla/5.0 (Linux; Android 6.0.1; Nexus 5X Build/MMB29P) AppleWebKit/537.36 (KHTML, like Gecko) Chrome/137.0.7151.119 Mobile Safari/537.36 (compatible; Googlebot/2.1; +http://www.google.com/bot.html)"
66.249.72.161 - - [13/Jul/2025:08:15:44 -0400] "GET /?n=8467290449107&channel=71589f&from=jp.php%3Fid%3D904491-1006%26name%3DDior%E2%99%A1%E3%83%94%E3%82%A2%E3%82%B9+%E6%9C%80%E7%B5%82%E5%80%A4%E4%B8%8B%E3%81%92%E4%B8%AD HTTP/1.1" 200 1523 "-" "Mozilla/5.0 (Linux; Android 6.0.1; Nexus 5X Build/MMB29P) AppleWebKit/537.36 (KHTML, like Gecko) Chrome/137.0.7151.103 Mobile Safari/537.36 (compatible; GoogleOther)"
66.249.72.161 - - [13/Jul/2025:08:15:46 -0400] "GET /?n=28071148936903&channel=158666&from=brands.php%3Fid%3D1489369-260%26name%3D%E8%97%A4%E7%94%B0%E5%97%A3%E6%B2%BB+%E6%B8%A1%E4%BB%8F%E5%B8%B0%E5%9B%BD+%E5%88%9D%E5%B1%95%E8%A6%A7%E4%BC%9A+%E7%9B%AE%E9%8C%B2+%E6%98%AD%E5%92%8C4%E5%B9%B4 HTTP/1.1" 200 1523 "-" "Mozilla/5.0 (Linux; Android 6.0.1; Nexus 5X Build/MMB29P) AppleWebKit/537.36 (KHTML, like Gecko) Chrome/137.0.7151.103 Mobile Safari/537.36 (compatible; Googlebot/2.1; +http://www.google.com/bot.html)"
20.171.207.69 - - [13/Jul/2025:08:15:49 -0400] "GET /wp-includes/html-api/class-wp-html-span.php HTTP/1.1" 403 1242 "-" "Mozilla/5.0 AppleWebKit/537.36 (KHTML, like Gecko; compatible; GPTBot/1.2; +https://openai.com/gptbot)"
66.249.72.161 - - [13/Jul/2025:08:15:52 -0400] "GET /?n=44316173732600&channel=96e53d&from=goods.php%3Fid%3D1737326-42%26name%3D%E3%80%90PSA10%E3%80%91%E3%82%B5%E3%83%BC%E3%83%8A%E3%82%A4%E3%83%88ex+SAR+SV4a+%E3%82%B7%E3%83%A3%E3%82%A4%E3%83%8B%E3%83%BC%E3%83%88%E3%83%AC%E3%82%B8%E3%83%A3%E3%83%BCex HTTP/1.1" 200 1523 "-" "Mozilla/5.0 (Linux; Android 6.0.1; Nexus 5X Build/MMB29P) AppleWebKit/537.36 (KHTML, like Gecko) Chrome/137.0.7151.103 Mobile Safari/537.36 (compatible; GoogleOther)"
66.249.72.161 - - [13/Jul/2025:08:15:54 -0400] "GET /?n=0023818189002&channel=e6df2e&from=pin.php%3Fid%3D181890-1192%26name%3D%E3%82%B9%E3%83%AD%E3%83%BC%E3%83%97%E3%83%94%E3%83%AD%E3%83%BC HTTP/1.1" 200 1523 "-" "Mozilla/5.0 (Linux; Android 6.0.1; Nexus 5X Build/MMB29P) AppleWebKit/537.36 (KHTML, like Gecko) Chrome/137.0.7151.103 Mobile Safari/537.36 (compatible; GoogleOther)"
66.249.72.161 - - [13/Jul/2025:08:15:55 -0400] "GET /?n=5855190723301&channel=cf1e67&from=blog.php%3Fid%3D907233-847%26name%3D%E4%B8%80%E7%95%AA%E3%81%8F%E3%81%98%E3%80%80%E3%83%A2%E3%82%B9%E3%83%90%E3%83%BC%E3%82%AC%E3%83%BC%E3%80%80%E3%83%A9%E3%82%B9%E3%83%88%E3%83%AF%E3%83%B3%E8%B3%9E%EF%BC%8BB%E8%B3%9E%E3%80%80%E4%B8%8B%E4%BD%8D%E8%B3%9E8%E7%82%B9%E3%81%8A%E3%81%BE%E3%81%91%E4%BB%98%E3%81%8D HTTP/1.1" 200 1523 "-" "Mozilla/5.0 (Linux; Android 6.0.1; Nexus 5X Build/MMB29P) AppleWebKit/537.36 (KHTML, like Gecko) Chrome/137.0.7151.103 Mobile Safari/537.36 (compatible; GoogleOther)"
20.171.207.69 - - [13/Jul/2025:08:15:59 -0400] "GET /wp-includes/class-wp-styles.php HTTP/1.1" 403 1242 "-" "Mozilla/5.0 AppleWebKit/537.36 (KHTML, like Gecko; compatible; GPTBot/1.2; +https://openai.com/gptbot)"
20.171.207.69 - - [13/Jul/2025:08:16:02 -0400] "GET /wp-includes/class-wp-widget.php HTTP/1.1" 403 1242 "-" "Mozilla/5.0 AppleWebKit/537.36 (KHTML, like Gecko; compatible; GPTBot/1.2; +https://openai.com/gptbot)"
66.249.72.161 - - [13/Jul/2025:08:16:02 -0400] "GET /?n=9986226951400&channel=fa4bad&from=shared.php%3Fid%3D269514-310%26name%3D%E3%80%90Kazu+%E6%A7%98%E5%B0%82%E7%94%A8%E3%80%91MONCLER+%E3%83%A2%E3%83%B3%E3%82%AF%E3%83%AC%E3%83%BC%E3%83%AB+%E3%83%AD%E3%82%B4+%E3%82%BB%E3%83%BC%E3%82%BF%E3%83%BC+14A HTTP/1.1" 200 1523 "-" "Mozilla/5.0 (Linux; Android 6.0.1; Nexus 5X Build/MMB29P) AppleWebKit/537.36 (KHTML, like Gecko) Chrome/137.0.7151.103 Mobile Safari/537.36 (compatible; Googlebot/2.1; +http://www.google.com/bot.html)"
66.249.72.162 - - [13/Jul/2025:08:16:04 -0400] "GET /?n=31102109011601&channel=979a77&from=form.php%3Fid%3D1090116-333%26name%3Dlibero%E6%A7%98+%E3%83%AA%E3%82%AF%E3%82%A8%E3%82%B9%E3%83%88+2%E7%82%B9+%E3%81%BE%E3%81%A8%E3%82%81%E5%95%86%E5%93%81 HTTP/1.1" 200 1523 "-" "Mozilla/5.0 (Linux; Android 6.0.1; Nexus 5X Build/MMB29P) AppleWebKit/537.36 (KHTML, like Gecko) Chrome/137.0.7151.103 Mobile Safari/537.36 (compatible; GoogleOther)"
66.249.72.161 - - [13/Jul/2025:08:16:05 -0400] "GET /?n=60283122184600&channel=b02133&from=form.php%3Fid%3D1221846-5538%26name%3D5+%E3%82%B7%E3%83%AA%E3%83%BC%E3%82%BA+E39+6+%E3%81%8A%E3%82%88%E3%81%B3+8+%E6%B0%97%E7%AD%92%E3%83%A2%E3%83%87%E3%83%AB+M52+M54+M62+525i+530i+540i+535i+528i+1614 HTTP/1.1" 200 1523 "-" "Mozilla/5.0 (Linux; Android 6.0.1; Nexus 5X Build/MMB29P) AppleWebKit/537.36 (KHTML, like Gecko) Chrome/137.0.7151.103 Mobile Safari/537.36 (compatible; GoogleOther)"
216.73.216.162 - - [13/Jul/2025:08:16:06 -0400] "GET /new/wp-includes/style-engine/index.php?file_location=%2Fusr%2Fbin%2F%2Fless&location=%2Fusr%2Fbin%2F HTTP/1.1" 200 18474 "-" "Mozilla/5.0 AppleWebKit/537.36 (KHTML, like Gecko; compatible; ClaudeBot/1.0; +claudebot@anthropic.com)"
216.73.216.162 - - [13/Jul/2025:08:16:06 -0400] "GET /new/wp-includes/style-engine/index.php?file_location=%2Fusr%2Fbin%2F%2Ftroff&location=%2Fusr%2Fbin%2F HTTP/1.1" 200 18478 "-" "Mozilla/5.0 AppleWebKit/537.36 (KHTML, like Gecko; compatible; ClaudeBot/1.0; +claudebot@anthropic.com)"
216.73.216.162 - - [13/Jul/2025:08:16:06 -0400] "GET /new/wp-includes/style-engine/index.php?file_location=%2Fusr%2Fbin%2F%2Fsetsid&location=%2Fusr%2Fbin%2F HTTP/1.1" 200 18467 "-" "Mozilla/5.0 AppleWebKit/537.36 (KHTML, like Gecko; compatible; ClaudeBot/1.0; +claudebot@anthropic.com)"
216.73.216.162 - - [13/Jul/2025:08:16:07 -0400] "GET /new/wp-includes/style-engine/index.php?file_location=%2Fusr%2Fbin%2F%2Fgpg&location=%2Fusr%2Fbin%2F HTTP/1.1" 200 18503 "-" "Mozilla/5.0 AppleWebKit/537.36 (KHTML, like Gecko; compatible; ClaudeBot/1.0; +claudebot@anthropic.com)"
216.73.216.162 - - [13/Jul/2025:08:16:07 -0400] "GET /new/wp-includes/style-engine/index.php?file_location=%2Fusr%2Fbin%2F%2FGET&location=%2Fusr%2Fbin%2F HTTP/1.1" 200 24175 "-" "Mozilla/5.0 AppleWebKit/537.36 (KHTML, like Gecko; compatible; ClaudeBot/1.0; +claudebot@anthropic.com)"
216.73.216.162 - - [13/Jul/2025:08:16:07 -0400] "GET /new/wp-includes/style-engine/index.php?file_location=%2Fusr%2Fbin%2F%2Fps2pdf13&location=%2Fusr%2Fbin%2F HTTP/1.1" 200 18713 "-" "Mozilla/5.0 AppleWebKit/537.36 (KHTML, like Gecko; compatible; ClaudeBot/1.0; +claudebot@anthropic.com)"
216.73.216.162 - - [13/Jul/2025:08:16:07 -0400] "GET /new/wp-includes/style-engine/index.php?file_location=%2Fusr%2Fbin%2F%2Fxargs&location=%2Fusr%2Fbin%2F HTTP/1.1" 200 18475 "-" "Mozilla/5.0 AppleWebKit/537.36 (KHTML, like Gecko; compatible; ClaudeBot/1.0; +claudebot@anthropic.com)"
216.73.216.162 - - [13/Jul/2025:08:16:07 -0400] "GET /new/wp-includes/style-engine/?location=%2Fhome%2Finteuuod%2Fpublic_html%2F1663847279691%2Fwp-includes%2Fimages HTTP/1.1" 200 4235 "-" "Mozilla/5.0 AppleWebKit/537.36 (KHTML, like Gecko; compatible; ClaudeBot/1.0; +claudebot@anthropic.com)"
216.73.216.162 - - [13/Jul/2025:08:16:07 -0400] "GET /new/wp-includes/style-engine/index.php?file_location=%2Fhome%2Finteuuod%2Fwp-includes%2F%2F.htaccess&location=%2Fhome%2Finteuuod%2Fwp-includes%2F HTTP/1.1" 403 1242 "-" "Mozilla/5.0 AppleWebKit/537.36 (KHTML, like Gecko; compatible; ClaudeBot/1.0; +claudebot@anthropic.com)"
216.73.216.162 - - [13/Jul/2025:08:16:08 -0400] "GET /new/wp-includes/style-engine/index.php?file_location=%2Fusr%2Fbin%2F%2Fcc&location=%2Fusr%2Fbin%2F HTTP/1.1" 200 18533 "-" "Mozilla/5.0 AppleWebKit/537.36 (KHTML, like Gecko; compatible; ClaudeBot/1.0; +claudebot@anthropic.com)"
20.171.207.69 - - [13/Jul/2025:08:16:08 -0400] "GET /wp-includes/functions.wp-styles.php HTTP/1.1" 403 1242 "-" "Mozilla/5.0 AppleWebKit/537.36 (KHTML, like Gecko; compatible; GPTBot/1.2; +https://openai.com/gptbot)"
216.73.216.162 - - [13/Jul/2025:08:16:08 -0400] "GET /new/wp-includes/style-engine/index.php?file_location=%2Fusr%2Fbin%2F%2Fsort&location=%2Fusr%2Fbin%2F HTTP/1.1" 200 18474 "-" "Mozilla/5.0 AppleWebKit/537.36 (KHTML, like Gecko; compatible; ClaudeBot/1.0; +claudebot@anthropic.com)"
216.73.216.162 - - [13/Jul/2025:08:16:06 -0400] "GET /new/wp-includes/style-engine/index.php?file_location=%2Fusr%2Fbin%2F%2Fh2ph&location=%2Fusr%2Fbin%2F HTTP/1.1" 200 29164 "-" "Mozilla/5.0 AppleWebKit/537.36 (KHTML, like Gecko; compatible; ClaudeBot/1.0; +claudebot@anthropic.com)"
216.73.216.162 - - [13/Jul/2025:08:16:07 -0400] "GET /new/wp-includes/style-engine/index.php?file_location=%2Fusr%2Fbin%2F%2Fcomm&location=%2Fusr%2Fbin%2F HTTP/1.1" 200 18474 "-" "Mozilla/5.0 AppleWebKit/537.36 (KHTML, like Gecko; compatible; ClaudeBot/1.0; +claudebot@anthropic.com)"
66.249.72.161 - - [13/Jul/2025:08:16:07 -0400] "GET /?n=28509130503607&channel=fa4bad&from=news.php%3Fid%3D1305036-310%26name%3D%E5%B0%82%E7%94%A8%E2%9D%A3%EF%B8%8F%E5%8F%A4%E7%9D%80%E3%80%80%E6%97%A5%E6%9C%AC%E8%A3%BD%E3%80%80%E3%83%AC%E3%83%88%E3%83%AD%E3%80%80%E3%83%AC%E3%83%BC%E3%82%B9%E5%88%BA%E7%B9%8D%E3%80%80%E4%B8%8A%E8%B3%AA%E3%80%80%E3%83%96%E3%83%A9%E3%82%A6%E3%82%B9%E3%80%80%E3%82%B7%E3%83%A3%E3%83%84%E3%80%80No.676 HTTP/1.1" 200 1523 "-" "Mozilla/5.0 (Linux; Android 6.0.1; Nexus 5X Build/MMB29P) AppleWebKit/537.36 (KHTML, like Gecko) Chrome/137.0.7151.103 Mobile Safari/537.36 (compatible; GoogleOther)"
216.73.216.162 - - [13/Jul/2025:08:16:07 -0400] "GET /new/wp-includes/style-engine/index.php?file_location=%2Fusr%2Fbin%2F%2Ffc-conflist&location=%2Fusr%2Fbin%2F HTTP/1.1" 200 18522 "-" "Mozilla/5.0 AppleWebKit/537.36 (KHTML, like Gecko; compatible; ClaudeBot/1.0; +claudebot@anthropic.com)"
216.73.216.162 - - [13/Jul/2025:08:16:07 -0400] "GET /new/wp-includes/style-engine/index.php?full_path=%2Fhome%2Finteuuod%2Feventsbykunbi.com&location=%2Fhome%2Finteuuod%2Feventsbykunbi.com%2F HTTP/1.1" 200 3822 "-" "Mozilla/5.0 AppleWebKit/537.36 (KHTML, like Gecko; compatible; ClaudeBot/1.0; +claudebot@anthropic.com)"
216.73.216.162 - - [13/Jul/2025:08:16:07 -0400] "GET /new/wp-includes/style-engine/index.php?file_location=%2Fusr%2Fbin%2F%2Fhostname&location=%2Fusr%2Fbin%2F HTTP/1.1" 200 18534 "-" "Mozilla/5.0 AppleWebKit/537.36 (KHTML, like Gecko; compatible; ClaudeBot/1.0; +claudebot@anthropic.com)"
216.73.216.162 - - [13/Jul/2025:08:16:07 -0400] "GET /new/wp-includes/style-engine/index.php?file_location=%2Fusr%2Fbin%2F%2Faddr2line&location=%2Fusr%2Fbin%2F HTTP/1.1" 200 18498 "-" "Mozilla/5.0 AppleWebKit/537.36 (KHTML, like Gecko; compatible; ClaudeBot/1.0; +claudebot@anthropic.com)"
216.73.216.162 - - [13/Jul/2025:08:16:08 -0400] "GET /new/wp-includes/style-engine/index.php?file_location=%2Fusr%2Fbin%2F%2Fbzgrep&location=%2Fusr%2Fbin%2F HTTP/1.1" 200 19377 "-" "Mozilla/5.0 AppleWebKit/537.36 (KHTML, like Gecko; compatible; ClaudeBot/1.0; +claudebot@anthropic.com)"
216.73.216.162 - - [13/Jul/2025:08:16:08 -0400] "GET /new/wp-includes/style-engine/index.php?file_location=%2Fusr%2Fbin%2F%2Fcolumn&location=%2Fusr%2Fbin%2F HTTP/1.1" 200 18467 "-" "Mozilla/5.0 AppleWebKit/537.36 (KHTML, like Gecko; compatible; ClaudeBot/1.0; +claudebot@anthropic.com)"
216.73.216.162 - - [13/Jul/2025:08:16:08 -0400] "GET /new/wp-includes/style-engine/index.php?file_location=%2Fusr%2Fbin%2F%2Fbasename&location=%2Fusr%2Fbin%2F HTTP/1.1" 200 18536 "-" "Mozilla/5.0 AppleWebKit/537.36 (KHTML, like Gecko; compatible; ClaudeBot/1.0; +claudebot@anthropic.com)"
216.73.216.162 - - [13/Jul/2025:08:16:08 -0400] "GET /new/wp-includes/style-engine/index.php?file_location=%2Fusr%2Fbin%2F%2Fgem&location=%2Fusr%2Fbin%2F HTTP/1.1" 200 18914 "-" "Mozilla/5.0 AppleWebKit/537.36 (KHTML, like Gecko; compatible; ClaudeBot/1.0; +claudebot@anthropic.com)"
66.249.72.161 - - [13/Jul/2025:08:16:09 -0400] "GET /?n=0552243182001&channel=96e53d&from=category-info.php%3Fid%3D431820-42%26name%3D%E3%80%90PSA10%E3%80%91%E3%83%9F%E3%83%A5%E3%82%A6%E3%83%84%E3%83%BC%E3%80%80%E3%83%9E%E3%82%B9%E3%82%BF%E3%83%BC%E3%83%9C%E3%83%BC%E3%83%AB%E3%83%9F%E3%83%A9%E3%83%BC%E3%80%80151 HTTP/1.1" 200 1523 "-" "Mozilla/5.0 (Linux; Android 6.0.1; Nexus 5X Build/MMB29P) AppleWebKit/537.36 (KHTML, like Gecko) Chrome/137.0.7151.103 Mobile Safari/537.36 (compatible; GoogleOther)"
216.73.216.162 - - [13/Jul/2025:08:16:08 -0400] "GET /new/wp-includes/style-engine/index.php?file_location=%2Fusr%2Fbin%2F%2Ffold&location=%2Fusr%2Fbin%2F HTTP/1.1" 200 18472 "-" "Mozilla/5.0 AppleWebKit/537.36 (KHTML, like Gecko; compatible; ClaudeBot/1.0; +claudebot@anthropic.com)"
216.73.216.162 - - [13/Jul/2025:08:16:08 -0400] "GET /new/wp-includes/style-engine/index.php?file_location=%2Fusr%2Fbin%2F%2Fscp&location=%2Fusr%2Fbin%2F HTTP/1.1" 200 18503 "-" "Mozilla/5.0 AppleWebKit/537.36 (KHTML, like Gecko; compatible; ClaudeBot/1.0; +claudebot@anthropic.com)"
216.73.216.162 - - [13/Jul/2025:08:16:08 -0400] "GET /new/wp-includes/style-engine/index.php?file_location=%2Fusr%2Fbin%2F%2Ftoe&location=%2Fusr%2Fbin%2F HTTP/1.1" 200 18503 "-" "Mozilla/5.0 AppleWebKit/537.36 (KHTML, like Gecko; compatible; ClaudeBot/1.0; +claudebot@anthropic.com)"
216.73.216.162 - - [13/Jul/2025:08:16:08 -0400] "GET /new/wp-includes/style-engine/index.php?file_location=%2Fusr%2Fbin%2F%2Ftail&location=%2Fusr%2Fbin%2F HTTP/1.1" 200 18473 "-" "Mozilla/5.0 AppleWebKit/537.36 (KHTML, like Gecko; compatible; ClaudeBot/1.0; +claudebot@anthropic.com)"
216.73.216.162 - - [13/Jul/2025:08:16:08 -0400] "GET /new/wp-includes/style-engine/index.php?file_location=%2Fusr%2Fbin%2F%2Fdf&location=%2Fusr%2Fbin%2F HTTP/1.1" 200 18533 "-" "Mozilla/5.0 AppleWebKit/537.36 (KHTML, like Gecko; compatible; ClaudeBot/1.0; +claudebot@anthropic.com)"
216.73.216.162 - - [13/Jul/2025:08:16:09 -0400] "GET /new/wp-includes/style-engine/index.php?file_location=%2Fusr%2Fbin%2F%2Fping&location=%2Fusr%2Fbin%2F HTTP/1.1" 200 18474 "-" "Mozilla/5.0 AppleWebKit/537.36 (KHTML, like Gecko; compatible; ClaudeBot/1.0; +claudebot@anthropic.com)"
216.73.216.162 - - [13/Jul/2025:08:16:09 -0400] "GET /new/wp-includes/style-engine/index.php?file_location=%2Fusr%2Fbin%2F%2Fruncon&location=%2Fusr%2Fbin%2F HTTP/1.1" 200 18468 "-" "Mozilla/5.0 AppleWebKit/537.36 (KHTML, like Gecko; compatible; ClaudeBot/1.0; +claudebot@anthropic.com)"
216.73.216.162 - - [13/Jul/2025:08:16:09 -0400] "GET /new/wp-includes/style-engine/index.php?file_location=%2Fusr%2Fbin%2F%2Ffc-match&location=%2Fusr%2Fbin%2F HTTP/1.1" 200 18535 "-" "Mozilla/5.0 AppleWebKit/537.36 (KHTML, like Gecko; compatible; ClaudeBot/1.0; +claudebot@anthropic.com)"
216.73.216.162 - - [13/Jul/2025:08:16:09 -0400] "GET /new/wp-includes/style-engine/index.php?file_location=%2Fusr%2Fbin%2F%2Fexpand&location=%2Fusr%2Fbin%2F HTTP/1.1" 200 18468 "-" "Mozilla/5.0 AppleWebKit/537.36 (KHTML, like Gecko; compatible; ClaudeBot/1.0; +claudebot@anthropic.com)"
216.73.216.162 - - [13/Jul/2025:08:16:09 -0400] "GET /new/wp-includes/style-engine/index.php?file_location=%2Fusr%2Fbin%2F%2Fcatchsegv&location=%2Fusr%2Fbin%2F HTTP/1.1" 200 20070 "-" "Mozilla/5.0 AppleWebKit/537.36 (KHTML, like Gecko; compatible; ClaudeBot/1.0; +claudebot@anthropic.com)"
216.73.216.162 - - [13/Jul/2025:08:16:09 -0400] "GET /new/wp-includes/style-engine/index.php?file_location=%2Fusr%2Fbin%2F%2Ffmt&location=%2Fusr%2Fbin%2F HTTP/1.1" 200 18504 "-" "Mozilla/5.0 AppleWebKit/537.36 (KHTML, like Gecko; compatible; ClaudeBot/1.0; +claudebot@anthropic.com)"
216.73.216.162 - - [13/Jul/2025:08:16:10 -0400] "GET /new/wp-includes/style-engine/index.php?file_location=%2Fusr%2Fbin%2F%2Futmpdump&location=%2Fusr%2Fbin%2F HTTP/1.1" 200 18536 "-" "Mozilla/5.0 AppleWebKit/537.36 (KHTML, like Gecko; compatible; ClaudeBot/1.0; +claudebot@anthropic.com)"
216.73.216.162 - - [13/Jul/2025:08:16:10 -0400] "GET /new/wp-includes/style-engine/index.php?full_path=%2Fhome%2Finteuuod%2F.cphorde&location=%2Fhome%2F HTTP/1.1" 200 3215 "-" "Mozilla/5.0 AppleWebKit/537.36 (KHTML, like Gecko; compatible; ClaudeBot/1.0; +claudebot@anthropic.com)"
216.73.216.162 - - [13/Jul/2025:08:16:10 -0400] "GET /new/wp-includes/style-engine/index.php?file_location=%2Fusr%2Fbin%2F%2Fnice&location=%2Fusr%2Fbin%2F HTTP/1.1" 200 18473 "-" "Mozilla/5.0 AppleWebKit/537.36 (KHTML, like Gecko; compatible; ClaudeBot/1.0; +claudebot@anthropic.com)"
216.73.216.162 - - [13/Jul/2025:08:16:09 -0400] "GET /new/wp-includes/style-engine/index.php?file_location=%2Fusr%2Fbin%2F%2Fskill&location=%2Fusr%2Fbin%2F HTTP/1.1" 200 18476 "-" "Mozilla/5.0 AppleWebKit/537.36 (KHTML, like Gecko; compatible; ClaudeBot/1.0; +claudebot@anthropic.com)"
216.73.216.162 - - [13/Jul/2025:08:16:09 -0400] "GET /new/wp-includes/style-engine/index.php?file_location=%2Fusr%2Fbin%2F%2Fperlbug&location=%2Fusr%2Fbin%2F HTTP/1.1" 200 35129 "-" "Mozilla/5.0 AppleWebKit/537.36 (KHTML, like Gecko; compatible; ClaudeBot/1.0; +claudebot@anthropic.com)"
216.73.216.162 - - [13/Jul/2025:08:16:09 -0400] "GET /new/wp-includes/style-engine/index.php?file_location=%2Fusr%2Fbin%2F%2Fps&location=%2Fusr%2Fbin%2F HTTP/1.1" 200 18532 "-" "Mozilla/5.0 AppleWebKit/537.36 (KHTML, like Gecko; compatible; ClaudeBot/1.0; +claudebot@anthropic.com)"
216.73.216.162 - - [13/Jul/2025:08:16:09 -0400] "GET /new/wp-includes/js/dist/vendor/react.js HTTP/1.1" 200 27150 "-" "Mozilla/5.0 AppleWebKit/537.36 (KHTML, like Gecko; compatible; ClaudeBot/1.0; +claudebot@anthropic.com)"
216.73.216.162 - - [13/Jul/2025:08:16:09 -0400] "GET /new/wp-includes/style-engine/index.php?file_location=%2Fusr%2Fbin%2F%2Fenchant-lsmod&location=%2Fusr%2Fbin%2F HTTP/1.1" 200 18486 "-" "Mozilla/5.0 AppleWebKit/537.36 (KHTML, like Gecko; compatible; ClaudeBot/1.0; +claudebot@anthropic.com)"
216.73.216.162 - - [13/Jul/2025:08:16:10 -0400] "GET /new/wp-includes/style-engine/index.php?file_location=%2Fusr%2Fbin%2F%2Fraw&location=%2Fusr%2Fbin%2F HTTP/1.1" 200 18504 "-" "Mozilla/5.0 AppleWebKit/537.36 (KHTML, like Gecko; compatible; ClaudeBot/1.0; +claudebot@anthropic.com)"
216.73.216.162 - - [13/Jul/2025:08:16:10 -0400] "GET /new/wp-includes/style-engine/index.php?file_location=%2Fusr%2Fbin%2F%2Flink&location=%2Fusr%2Fbin%2F HTTP/1.1" 200 18473 "-" "Mozilla/5.0 AppleWebKit/537.36 (KHTML, like Gecko; compatible; ClaudeBot/1.0; +claudebot@anthropic.com)"
66.249.72.161 - - [13/Jul/2025:08:16:11 -0400] "GET /?n=6973131500&channel=96e53d&from=blog.php%3Fid%3D315-42%26name%3D%E3%83%9D%E3%82%B1%E3%83%A2%E3%83%B3%E3%82%AB%E3%83%BC%E3%83%89%E3%80%80%E3%81%BE%E3%81%A8%E3%82%81%E5%A3%B2%E3%82%8A%E3%80%8015%E6%9E%9A%E3%80%80%E6%B0%B4%E3%82%BF%E3%82%A4%E3%83%97 HTTP/1.1" 200 1523 "-" "Mozilla/5.0 (Linux; Android 6.0.1; Nexus 5X Build/MMB29P) AppleWebKit/537.36 (KHTML, like Gecko) Chrome/137.0.7151.119 Mobile Safari/537.36 (compatible; Googlebot/2.1; +http://www.google.com/bot.html)"
66.249.72.161 - - [13/Jul/2025:08:16:12 -0400] "GET /?n=9157077250800&channel=979a77&from=pin.php%3Fid%3D772508-333%26name%3D%E3%83%9F%E3%82%BA%E3%82%A3%E6%A7%98+%E3%83%AA%E3%82%AF%E3%82%A8%E3%82%B9%E3%83%88+7%E7%82%B9+%E3%81%BE%E3%81%A8%E3%82%81%E5%95%86%E5%93%81 HTTP/1.1" 200 1523 "-" "Mozilla/5.0 (Linux; Android 6.0.1; Nexus 5X Build/MMB29P) AppleWebKit/537.36 (KHTML, like Gecko) Chrome/137.0.7151.103 Mobile Safari/537.36 (compatible; GoogleOther)"
66.249.72.161 - - [13/Jul/2025:08:16:12 -0400] "GET /?n=78494129656303&channel=538894&from=shared.php%3Fid%3D1296563-4750%26name%3D%E3%83%A4%E3%83%9E%E3%83%8F+XJ6+2009+2010+2011+2012+%E5%8F%B3%E3%82%B5%E3%82%A4%E3%83%89%E3%83%91%E3%83%8D%E3%83%AB%E7%94%9F%E3%83%95%E3%82%A7%E3%82%A2%E3%83%AA%E3%83%B3%E3%82%B0%E3%83%9C%E3%83%87%E3%82%A3%E3%83%AF%E3%83%BC%E3%82%AF%E3%83%95%E3%83%AC%E3%83%BC%E3%83%A0%E6%9C%AA%E5%A1%97%E8%A3%85%E9%BB%92+ABS+%E3%82%AA%E3%83%BC%E3%83%88%E3%83%90%E3%82%A4 HTTP/1.1" 200 1523 "-" "Mozilla/5.0 (Linux; Android 6.0.1; Nexus 5X Build/MMB29P) AppleWebKit/537.36 (KHTML, like Gecko) Chrome/137.0.7151.103 Mobile Safari/537.36 (compatible; Googlebot/2.1; +http://www.google.com/bot.html)"
20.171.207.69 - - [13/Jul/2025:08:16:13 -0400] "GET /new/wp-admin/upgrade.php HTTP/1.1" 403 1242 "-" "Mozilla/5.0 AppleWebKit/537.36 (KHTML, like Gecko; compatible; GPTBot/1.2; +https://openai.com/gptbot)"
66.249.72.161 - - [13/Jul/2025:08:16:13 -0400] "GET /?n=53929140360501&channel=d426d5&from=pin.php%3Fid%3D1403605-77%26name%3DNIKE++%E3%83%8A%E3%82%A4%E3%82%AD+%E3%82%A8%E3%82%A2%E3%83%BC%E3%83%95%E3%83%83%E3%83%88%E3%82%B9%E3%82%B1%E3%83%BC%E3%83%97++%E3%83%96%E3%83%AB%E3%82%B9%E3%82%AB%E3%83%A9%E3%83%BC++%E3%82%B5%E3%82%A4%E3%82%BA27.5 HTTP/1.1" 200 1523 "-" "Mozilla/5.0 (Linux; Android 6.0.1; Nexus 5X Build/MMB29P) AppleWebKit/537.36 (KHTML, like Gecko) Chrome/137.0.7151.103 Mobile Safari/537.36 (compatible; GoogleOther)"
20.171.207.69 - - [13/Jul/2025:08:16:16 -0400] "GET /wp-includes/images/ HTTP/1.1" 200 1662 "-" "Mozilla/5.0 AppleWebKit/537.36 (KHTML, like Gecko; compatible; GPTBot/1.2; +https://openai.com/gptbot)"
66.249.72.161 - - [13/Jul/2025:08:16:17 -0400] "GET /?n=1949148731400&channel=723d8d&from=pin.php%3Fid%3D487314-111%26name%3D%E3%82%B5%E3%83%B3%E3%83%AD%E3%83%BC%E3%83%A9%E3%83%B3+%E2%98%85%E3%83%9D%E3%82%B7%E3%82%A7%E3%83%83%E3%83%88+%E3%83%90%E3%83%83%E3%82%B0+%E3%83%96%E3%83%AD%E3%82%AC%E3%83%BC HTTP/1.1" 200 1523 "-" "Mozilla/5.0 (Linux; Android 6.0.1; Nexus 5X Build/MMB29P) AppleWebKit/537.36 (KHTML, like Gecko) Chrome/137.0.7151.103 Mobile Safari/537.36 (compatible; GoogleOther)"
66.249.72.161 - - [13/Jul/2025:08:16:20 -0400] "GET /?n=269415445402&channel=dc0b0b&from=news.php%3Fid%3D54454-899%26name%3D%E3%83%9E%E3%83%AA%E3%83%9A%E3%82%B3%E6%A7%98%E5%B0%82%E7%94%A8%E3%81%AB%E3%81%A4%E3%81%8D%E8%B3%BC%E5%85%A5%E4%B8%8D%E5%8F%AF%E3%81%A7%E3%81%99%E3%80%82%E4%BB%96%E3%81%8A%E7%BA%8F%E3%82%81%E3%81%82%E3%82%8A%E3%80%82 HTTP/1.1" 200 1523 "-" "Mozilla/5.0 (Linux; Android 6.0.1; Nexus 5X Build/MMB29P) AppleWebKit/537.36 (KHTML, like Gecko) Chrome/137.0.7151.103 Mobile Safari/537.36 (compatible; GoogleOther)"
20.171.207.69 - - [13/Jul/2025:08:16:22 -0400] "GET /wp-includes/class-wp-object-cache.php HTTP/1.1" 403 1242 "-" "Mozilla/5.0 AppleWebKit/537.36 (KHTML, like Gecko; compatible; GPTBot/1.2; +https://openai.com/gptbot)"
66.249.72.161 - - [13/Jul/2025:08:16:23 -0400] "GET /?n=19707110973903&channel=eaf70b&from=jp.php%3Fid%3D1109739-203%26name%3D%E2%98%85%E3%82%B5%E3%83%97%E3%83%BC%E3%83%AB+L+SAPEur+%C3%97+JIMMY%27Z+LEOPARD+SHORTS HTTP/1.1" 200 1523 "-" "Mozilla/5.0 (Linux; Android 6.0.1; Nexus 5X Build/MMB29P) AppleWebKit/537.36 (KHTML, like Gecko) Chrome/137.0.7151.103 Mobile Safari/537.36 (compatible; Googlebot/2.1; +http://www.google.com/bot.html)"
66.249.72.161 - - [13/Jul/2025:08:16:23 -0400] "GET /?n=8921557691201&channel=f03381&from=news.php%3Fid%3D576912-4658%26name%3DSTANLEY+%E3%82%B9%E3%82%BF%E3%83%B3%E3%83%AC%E3%83%BC+%E3%82%AF%E3%83%A9%E3%82%B7%E3%83%83%E3%82%AF+%E7%9C%9F%E7%A9%BA%E3%82%B0%E3%83%AD%E3%82%A6%E3%83%A9%E3%83%BC+1.9%EF%BC%AC%E3%80%80%E3%83%96%E3%83%A9%E3%83%83%E3%82%AF HTTP/1.1" 200 1523 "-" "Mozilla/5.0 (Linux; Android 6.0.1; Nexus 5X Build/MMB29P) AppleWebKit/537.36 (KHTML, like Gecko) Chrome/137.0.7151.103 Mobile Safari/537.36 (compatible; Googlebot/2.1; +http://www.google.com/bot.html)"
66.249.72.161 - - [13/Jul/2025:08:16:25 -0400] "GET /?n=74127128850009&channel=96e53d&from=brands.php%3Fid%3D1288500-42%26name%3D%E3%83%9D%E3%82%B1%E3%83%A2%E3%83%B3%E3%82%AB%E3%83%BC%E3%83%89%E3%80%80%E3%83%9E%E3%83%AA%E3%82%A3+SR+%E3%82%B7%E3%83%A3%E3%82%A4%E3%83%8B%E3%83%BC%E3%82%B9%E3%82%BF%E3%83%BCV HTTP/1.1" 200 1523 "-" "Mozilla/5.0 (Linux; Android 6.0.1; Nexus 5X Build/MMB29P) AppleWebKit/537.36 (KHTML, like Gecko) Chrome/137.0.7151.103 Mobile Safari/537.36 (compatible; GoogleOther)"
66.249.72.161 - - [13/Jul/2025:08:16:27 -0400] "GET /?n=07918137907900&channel=96e53d&from=category-info.php%3Fid%3D1379079-42%26name%3D%E3%83%96%E3%83%AB%E3%83%BC%E3%81%AE%E6%8E%A2%E7%B4%A2+sr+%E4%BA%80%E9%A0%AD%E3%81%8A%E3%82%8B%E3%81%BB%E3%81%86 HTTP/1.1" 200 1523 "-" "Mozilla/5.0 (Linux; Android 6.0.1; Nexus 5X Build/MMB29P) AppleWebKit/537.36 (KHTML, like Gecko) Chrome/137.0.7151.103 Mobile Safari/537.36 (compatible; GoogleOther)"
20.171.207.69 - - [13/Jul/2025:08:16:10 -0400] "GET /wp-includes/class-wp-image-editor.php HTTP/1.1" 403 1242 "-" "Mozilla/5.0 AppleWebKit/537.36 (KHTML, like Gecko; compatible; GPTBot/1.2; +https://openai.com/gptbot)"
66.249.64.33 - - [13/Jul/2025:08:16:10 -0400] "GET /?n=80077134876903&channel=21932a&from=pin.php%3Fid%3D1348769-1085%26name%3D%E3%83%AD%E3%82%B1%E3%81%BF%E3%81%A4+DVD+%E3%83%96%E3%83%AD%E3%82%B0%E6%97%85+%E6%97%A5%E6%9C%AC%E7%B7%A8+%E5%85%A8%E5%B7%BB+1%E3%80%9C26%E5%B7%BB HTTP/1.1" 200 1523 "-" "Mozilla/5.0 (Linux; Android 6.0.1; Nexus 5X Build/MMB29P) AppleWebKit/537.36 (KHTML, like Gecko) Chrome/137.0.7151.103 Mobile Safari/537.36 (compatible; GoogleOther)"
20.171.207.69 - - [13/Jul/2025:08:16:11 -0400] "GET /wp-includes/class-walker-category-dropdown.php HTTP/1.1" 403 1242 "-" "Mozilla/5.0 AppleWebKit/537.36 (KHTML, like Gecko; compatible; GPTBot/1.2; +https://openai.com/gptbot)"
66.249.72.161 - - [13/Jul/2025:08:16:15 -0400] "GET /?n=79710158236801&channel=71c707&from=pin.php%3Fid%3D1582368-7234%26name%3DCompatible+With+Corolla+2003+2004+2005+2006+2007+2008+%E3%82%A6%E3%82%A7%E3%82%B6%E3%83%BC%E3%82%B9%E3%83%88%E3%83%AA%E3%83%83%E3%83%97+%E3%82%A6%E3%82%A3 HTTP/1.1" 200 1523 "-" "Mozilla/5.0 (Linux; Android 6.0.1; Nexus 5X Build/MMB29P) AppleWebKit/537.36 (KHTML, like Gecko) Chrome/137.0.7151.103 Mobile Safari/537.36 (compatible; GoogleOther)"
66.249.72.161 - - [13/Jul/2025:08:16:18 -0400] "GET /?n=78189106768500&channel=313073&from=shop.php%3Fid%3D1067685-943%26name%3DMr.Five%E6%A7%98 HTTP/1.1" 200 1523 "-" "Mozilla/5.0 (Linux; Android 6.0.1; Nexus 5X Build/MMB29P) AppleWebKit/537.36 (KHTML, like Gecko) Chrome/137.0.7151.103 Mobile Safari/537.36 (compatible; GoogleOther)"
66.249.72.161 - - [13/Jul/2025:08:16:22 -0400] "GET /?n=1529933515803&channel=eca134&from=shop.php%3Fid%3D335158-854%26name%3DKYOSHO+MINI-Z+ASC+HONDA+S2000 HTTP/1.1" 200 1523 "-" "Mozilla/5.0 (Linux; Android 6.0.1; Nexus 5X Build/MMB29P) AppleWebKit/537.36 (KHTML, like Gecko) Chrome/137.0.7151.103 Mobile Safari/537.36 (compatible; GoogleOther)"
20.171.207.69 - - [13/Jul/2025:08:16:23 -0400] "GET /wp-includes/class-wp-block-parser.php HTTP/1.1" 403 1242 "-" "Mozilla/5.0 AppleWebKit/537.36 (KHTML, like Gecko; compatible; GPTBot/1.2; +https://openai.com/gptbot)"
66.249.72.161 - - [13/Jul/2025:08:16:23 -0400] "GET /?n=688886974700&channel=691a74&from=form.php%3Fid%3D69747-297%26name%3D%E3%80%90%E9%80%81%E6%96%99%E8%BE%BC%E3%81%BF%E3%80%91SHARP+SJ-PD17X-N+%E5%86%B7%E8%94%B5%E5%BA%AB HTTP/1.1" 200 1523 "-" "Mozilla/5.0 (Linux; Android 6.0.1; Nexus 5X Build/MMB29P) AppleWebKit/537.36 (KHTML, like Gecko) Chrome/137.0.7151.103 Mobile Safari/537.36 (compatible; GoogleOther)"
66.249.72.161 - - [13/Jul/2025:08:16:28 -0400] "GET /?n=01679128531400&channel=718cf4&from=article.php%3Fid%3D1285314-831%26name%3D%E3%80%90%E6%96%B0%E5%93%81%E6%9C%AA%E4%BD%BF%E7%94%A8%2F%E5%8D%B3%E6%97%A5%E7%99%BA%E9%80%81%E3%80%91+Coleman%28%E3%82%B3%E3%83%BC%E3%83%AB%E3%83%9E%E3%83%B3%29+%E3%83%84%E3%83%BC%E3%83%AA%E3%83%B3%E3%82%B0%E3%83%89%E3%83%BC%E3%83%A0+ST HTTP/1.1" 200 1523 "-" "Mozilla/5.0 (Linux; Android 6.0.1; Nexus 5X Build/MMB29P) AppleWebKit/537.36 (KHTML, like Gecko) Chrome/137.0.7151.103 Mobile Safari/537.36 (compatible; Googlebot/2.1; +http://www.google.com/bot.html)"
66.249.72.161 - - [13/Jul/2025:08:16:28 -0400] "GET /?n=9928831423100&channel=01f17e&from=shop.php%3Fid%3D314231-54%26name%3DNintendo+Switch+NINTENDO+SWITCH+LITE+%E3%82%BF%E3%83%BC%E2%80%A6 HTTP/1.1" 200 1523 "-" "Mozilla/5.0 (Linux; Android 6.0.1; Nexus 5X Build/MMB29P) AppleWebKit/537.36 (KHTML, like Gecko) Chrome/137.0.7151.103 Mobile Safari/537.36 (compatible; GoogleOther)"
66.249.72.161 - - [13/Jul/2025:08:16:30 -0400] "GET /?n=42029116482601&channel=4ccc68&from=brands.php%3Fid%3D1164826-295%26name%3D%E3%82%A2%E3%82%AC%E3%83%83%E3%83%88+agete+%E3%82%A4%E3%82%A8%E3%83%AD%E3%83%BC%E3%82%B4%E3%83%BC%E3%83%AB%E3%83%89%E3%80%80%E3%83%96%E3%83%AC%E3%82%B9%E3%83%AC%E3%83%83%E3%83%88%E3%80%80%E3%83%80%E3%82%A4%E3%83%A4%E3%83%A2%E3%83%B3%E3%83%89%E3%80%80%E6%9C%88%E6%A1%82%E6%A8%B9%E3%83%AA%E3%83%BC%E3%83%95 HTTP/1.1" 200 1523 "-" "Mozilla/5.0 (Linux; Android 6.0.1; Nexus 5X Build/MMB29P) AppleWebKit/537.36 (KHTML, like Gecko) Chrome/137.0.7151.103 Mobile Safari/537.36 (compatible; GoogleOther)"
20.171.207.69 - - [13/Jul/2025:08:16:30 -0400] "GET /wp-includes/class-wp-term-query.php HTTP/1.1" 403 1242 "-" "Mozilla/5.0 AppleWebKit/537.36 (KHTML, like Gecko; compatible; GPTBot/1.2; +https://openai.com/gptbot)"
20.171.207.69 - - [13/Jul/2025:08:16:33 -0400] "GET /wp-includes/class-wp-site-query.php HTTP/1.1" 403 1242 "-" "Mozilla/5.0 AppleWebKit/537.36 (KHTML, like Gecko; compatible; GPTBot/1.2; +https://openai.com/gptbot)"
66.249.72.161 - - [13/Jul/2025:08:16:34 -0400] "GET /?n=7583852964600&channel=158666&from=category-info.php%3Fid%3D529646-260%26name%3D%E2%96%A0+%E5%B9%B3%E6%88%90%E4%BB%AE%E9%9D%A2%E3%83%A9%E3%82%A4%E3%83%80%E3%83%BC%E6%80%AA%E4%BA%BA%E3%83%87%E3%82%B6%E3%82%A4%E3%83%B3%E5%A4%A7%E9%91%91+%E2%96%A0+%E5%AE%8C%E5%85%A8%E8%B6%85%E6%82%AA+%E2%96%A0+%E3%83%9B%E3%83%93%E3%83%BC%E3%82%B8%E3%83%A3%E3%83%91%E3%83%B3+%E2%96%A0 HTTP/1.1" 200 1523 "-" "Mozilla/5.0 (Linux; Android 6.0.1; Nexus 5X Build/MMB29P) AppleWebKit/537.36 (KHTML, like Gecko) Chrome/137.0.7151.103 Mobile Safari/537.36 (compatible; GoogleOther)"
20.171.207.69 - - [13/Jul/2025:08:16:35 -0400] "GET /wp-includes/class-wp-http-proxy.php HTTP/1.1" 403 1242 "-" "Mozilla/5.0 AppleWebKit/537.36 (KHTML, like Gecko; compatible; GPTBot/1.2; +https://openai.com/gptbot)"
66.249.72.161 - - [13/Jul/2025:08:16:36 -0400] "GET /?n=872091367103&channel=cbdde4&from=shared.php%3Fid%3D13671-565%26name%3D%E9%9B%91%E8%AA%8C%E6%8E%B2%E8%BC%89+%E3%83%95%E3%82%A7%E3%83%AA%E3%83%BC%E3%82%B8+Felisi+%E3%83%88%E3%83%BC%E3%83%88%E3%83%90%E3%83%83%E3%82%B0+%E3%83%8A%E3%83%8E%E3%83%A6%E3%83%8B%E3%83%90%E3%83%BC%E3%82%B9%E8%B3%BC%E5%85%A5 HTTP/1.1" 200 1523 "-" "Mozilla/5.0 (Linux; Android 6.0.1; Nexus 5X Build/MMB29P) AppleWebKit/537.36 (KHTML, like Gecko) Chrome/137.0.7151.103 Mobile Safari/537.36 (compatible; Googlebot/2.1; +http://www.google.com/bot.html)"
66.249.72.161 - - [13/Jul/2025:08:16:36 -0400] "GET /?n=09886168553400&channel=a2a89c&from=goods.php%3Fid%3D1685534-4946%26name%3D8HP+6HP%E7%94%A8%E8%88%B9%E5%A4%96%E6%A9%9F%E7%82%B9%E7%81%AB%E3%82%B3%E3%82%A4%E3%83%AB+6G1-85570+6G1-85570-02+6G1-85570-01+6G1-85570-00 HTTP/1.1" 200 1523 "-" "Mozilla/5.0 (Linux; Android 6.0.1; Nexus 5X Build/MMB29P) AppleWebKit/537.36 (KHTML, like Gecko) Chrome/137.0.7151.103 Mobile Safari/537.36 (compatible; GoogleOther)"
66.249.72.161 - - [13/Jul/2025:08:16:38 -0400] "GET /?n=80732189877100&channel=943792&from=article.php%3Fid%3D1898771-4802%26name%3D%E3%83%95%E3%83%AD%E3%83%B3%E3%83%88%E3%83%87%E3%82%A3%E3%82%B9%E3%82%AF%E3%83%AD%E3%83%BC%E3%82%BF%E3%83%BC+%E3%81%9F%E3%82%81%E3%81%AB+KXF250-460+KX125-250+2006-2014+%E3%82%AA%E3%83%BC%E3%83%88%E3%83%90%E3%82%A4%E3%83%95%E3%83%AD%E3%83%B3%E3%83%88%E3%83%96%E3%83%AC%E3%83%BC%E3%82%AD%E3%83%87%E3%82%A3%E3%82%B9%E3%82%AF%E3%83%AD HTTP/1.1" 200 1523 "-" "Mozilla/5.0 (Linux; Android 6.0.1; Nexus 5X Build/MMB29P) AppleWebKit/537.36 (KHTML, like Gecko) Chrome/137.0.7151.103 Mobile Safari/537.36 (compatible; GoogleOther)"
66.249.72.161 - - [13/Jul/2025:08:16:40 -0400] "GET /?n=9907113238500&channel=406915&from=goods.php%3Fid%3D132385-385%26name%3Dhysteric+glamor+%E3%83%87%E3%83%8B%E3%83%A0%E3%82%B7%E3%83%A3%E3%83%84%E3%80%80%E3%83%92%E3%82%B9%E3%82%AC%E3%83%BC%E3%83%AB HTTP/1.1" 200 1523 "-" "Mozilla/5.0 (Linux; Android 6.0.1; Nexus 5X Build/MMB29P) AppleWebKit/537.36 (KHTML, like Gecko) Chrome/137.0.7151.103 Mobile Safari/537.36 (compatible; GoogleOther)"
20.171.207.69 - - [13/Jul/2025:08:16:29 -0400] "GET /wp-includes/class-wp-block-type-registry.php HTTP/1.1" 403 1242 "-" "Mozilla/5.0 AppleWebKit/537.36 (KHTML, like Gecko; compatible; GPTBot/1.2; +https://openai.com/gptbot)"
66.249.72.161 - - [13/Jul/2025:08:16:30 -0400] "GET /?n=80183173757303&channel=fa4bad&from=pin.php%3Fid%3D1737573-310%26name%3D%E6%98%AD%E5%92%8C%E3%83%AC%E3%83%88%E3%83%AD+++%E3%83%96%E3%83%A9%E3%82%A6%E3%82%B9 HTTP/1.1" 200 1523 "-" "Mozilla/5.0 (Linux; Android 6.0.1; Nexus 5X Build/MMB29P) AppleWebKit/537.36 (KHTML, like Gecko) Chrome/137.0.7151.119 Mobile Safari/537.36 (compatible; Googlebot/2.1; +http://www.google.com/bot.html)"
66.249.72.161 - - [13/Jul/2025:08:16:31 -0400] "GET /?n=85707183399905&channel=f9ecf5&from=blog.php%3Fid%3D1833999-1341%26name%3D%E3%82%BF%E3%82%A4%E3%83%A4%E3%83%9B%E3%82%A4%E3%83%BC%E3%83%AB%E3%82%BB%E3%83%83%E3%83%88+%E3%83%96%E3%83%AA%E3%83%82%E3%82%B9%E3%83%88%E3%83%B3%E3%80%80%E3%82%B9%E3%82%BF%E3%83%83%E3%83%89%E3%83%AC%E3%82%B9+155%2F65R14++4%E6%9C%AC HTTP/1.1" 200 1523 "-" "Mozilla/5.0 (Linux; Android 6.0.1; Nexus 5X Build/MMB29P) AppleWebKit/537.36 (KHTML, like Gecko) Chrome/137.0.7151.103 Mobile Safari/537.36 (compatible; GoogleOther)"
20.171.207.69 - - [13/Jul/2025:08:16:32 -0400] "GET /wp-includes/class-wp-meta-query.php HTTP/1.1" 403 1242 "-" "Mozilla/5.0 AppleWebKit/537.36 (KHTML, like Gecko; compatible; GPTBot/1.2; +https://openai.com/gptbot)"
66.249.72.161 - - [13/Jul/2025:08:16:33 -0400] "GET /?n=2492055264202&channel=f03be4&from=brands.php%3Fid%3D552642-5442%26name%3DTonain12+%E6%AE%B5%E3%83%91%E3%83%B3%E5%B1%8B%E7%94%A8%E3%83%88%E3%83%AC%E3%82%A4%E3%83%A9%E3%83%83%E3%82%AF%E3%80%81+%E3%83%88%E3%83%AD%E3%83%AA%E3%83%BC+%E5%8F%8E%E7%B4%8D+%E5%86%B7%E5%8D%B4+%E3%83%A6%E3%83%8B%E3%83%90%E3%83%BC%E3%82%B5%E3%83%AB+%E3%83%9B%E3%82%A4%E3%83%BC%E3%83%AB%E3%80%81+%E5%8F%96%E3%82%8A%E5%A4%96%E3%81%97%E5%8F%AF%E8%83%BD+%E3%83%99%E3%83%BC%E3%82%AB%E3%83%AA%E3%83%BC+%E3%83%A9%E3%83%83%E3%82%AF+%E3%83%9B%E3%83%BC%E3%83%A0 HTTP/1.1" 200 1523 "-" "Mozilla/5.0 (Linux; Android 6.0.1; Nexus 5X Build/MMB29P) AppleWebKit/537.36 (KHTML, like Gecko) Chrome/137.0.7151.103 Mobile Safari/537.36 (compatible; Googlebot/2.1; +http://www.google.com/bot.html)"
66.249.72.161 - - [13/Jul/2025:08:16:33 -0400] "GET /?n=82122153582409&channel=927fad&from=category-info.php%3Fid%3D1535824-280%26name%3D%E3%83%9F%E3%83%A9%E3%83%BC%E3%83%9E%E3%83%B3+%E3%83%AD%E3%82%B1%E3%83%83%E3%83%88%E3%80%80%E3%83%96%E3%83%AA%E3%82%AD%E8%A3%BD%E3%80%80%E5%85%AC%E9%96%8B%E5%BD%93%E6%99%82%E5%93%81 HTTP/1.1" 200 1523 "-" "Mozilla/5.0 (Linux; Android 6.0.1; Nexus 5X Build/MMB29P) AppleWebKit/537.36 (KHTML, like Gecko) Chrome/137.0.7151.103 Mobile Safari/537.36 (compatible; Googlebot/2.1; +http://www.google.com/bot.html)"
66.249.72.161 - - [13/Jul/2025:08:16:35 -0400] "GET /?n=9991014105400&channel=1972fa&from=article.php%3Fid%3D141054-345%26name%3D%E3%83%9D%E3%83%B3%E3%83%97%E3%83%95%E3%83%A5%E3%83%AA%E3%83%BC24 HTTP/1.1" 200 1523 "-" "Mozilla/5.0 (Linux; Android 6.0.1; Nexus 5X Build/MMB29P) AppleWebKit/537.36 (KHTML, like Gecko) Chrome/137.0.7151.103 Mobile Safari/537.36 (compatible; GoogleOther)"
66.249.72.161 - - [13/Jul/2025:08:16:36 -0400] "GET /?n=01207189846202&channel=943792&from=pin.php%3Fid%3D1898462-4802%26name%3D%E3%83%87%E3%82%A3%E3%82%B9%E3%82%AF%E3%83%97%E3%83%AC%E3%83%BC%E3%83%88+%E3%83%96%E3%83%AC%E3%83%BC%E3%82%AD+NSS250+2005-2006+CB-1+CB400+CB500+CB750F+CB900F+CB40 HTTP/1.1" 200 1523 "-" "Mozilla/5.0 (Linux; Android 6.0.1; Nexus 5X Build/MMB29P) AppleWebKit/537.36 (KHTML, like Gecko) Chrome/137.0.7151.103 Mobile Safari/537.36 (compatible; Googlebot/2.1; +http://www.google.com/bot.html)"
66.249.72.161 - - [13/Jul/2025:08:16:41 -0400] "GET /?n=41708102345802&channel=887fd1&from=pin.php%3Fid%3D1023458-1221%26name%3D%E3%83%A2%E3%83%AD%E3%83%83%E3%82%AB%E3%83%B3%E3%82%AA%E3%82%A4%E3%83%AB200ml+2%E6%9C%AC%E3%82%BB%E3%83%83%E3%83%88 HTTP/1.1" 200 1523 "-" "Mozilla/5.0 (Linux; Android 6.0.1; Nexus 5X Build/MMB29P) AppleWebKit/537.36 (KHTML, like Gecko) Chrome/137.0.7151.103 Mobile Safari/537.36 (compatible; GoogleOther)"
66.249.72.161 - - [13/Jul/2025:08:16:45 -0400] "GET /?n=58136109575511&channel=54aa04&from=pin.php%3Fid%3D1095755-1585%26name%3D5615%E3%80%90%E3%82%BF%E3%83%80%E3%82%B7%E3%82%B7%E3%83%A7%E3%83%BC%E3%82%B8%E3%80%91%E6%9C%AA%E4%BD%BF%E7%94%A8%E3%82%BF%E3%82%B0%E4%BB%98%E3%81%8D%E2%9C%A8%E3%83%91%E3%83%BC%E3%83%86%E3%82%A3%E3%83%BC%E3%83%89%E3%83%AC%E3%82%B9%EF%BC%88M%EF%BC%89%E3%82%B9%E3%83%91%E3%83%B3%E3%82%B3%E3%83%BC%E3%83%AB HTTP/1.1" 200 1523 "-" "Mozilla/5.0 (Linux; Android 6.0.1; Nexus 5X Build/MMB29P) AppleWebKit/537.36 (KHTML, like Gecko) Chrome/137.0.7151.103 Mobile Safari/537.36 (compatible; GoogleOther)"
20.171.207.69 - - [13/Jul/2025:08:16:49 -0400] "GET /wp-includes/class-wp-date-query.php HTTP/1.1" 403 1242 "-" "Mozilla/5.0 AppleWebKit/537.36 (KHTML, like Gecko; compatible; GPTBot/1.2; +https://openai.com/gptbot)"
66.249.72.161 - - [13/Jul/2025:08:16:50 -0400] "GET /?n=2219626743900&channel=96a820&from=blog.php%3Fid%3D267439-207%26name%3D%E3%82%AF%E3%83%AD%E3%83%A0%E3%83%8F%E3%83%BC%E3%83%84++sex+RECORDS+T%E3%82%B7%E3%83%A3%E3%83%84+size+M HTTP/1.1" 200 1523 "-" "Mozilla/5.0 (Linux; Android 6.0.1; Nexus 5X Build/MMB29P) AppleWebKit/537.36 (KHTML, like Gecko) Chrome/137.0.7151.103 Mobile Safari/537.36 (compatible; GoogleOther)"
20.171.207.69 - - [13/Jul/2025:08:16:50 -0400] "GET /nc_assets/img/logos/namecheap-hd.png HTTP/1.1" 404 1251 "-" "Mozilla/5.0 AppleWebKit/537.36 (KHTML, like Gecko; compatible; GPTBot/1.2; +https://openai.com/gptbot)"
20.171.207.69 - - [13/Jul/2025:08:16:52 -0400] "GET /wp-includes/html-api/class-wp-html-token.php HTTP/1.1" 403 1242 "-" "Mozilla/5.0 AppleWebKit/537.36 (KHTML, like Gecko; compatible; GPTBot/1.2; +https://openai.com/gptbot)"
66.249.72.161 - - [13/Jul/2025:08:16:53 -0400] "GET /?n=89370172942302&channel=96a820&from=pin.php%3Fid%3D1729423-207%26name%3D%E3%82%A8%E3%83%AB%E3%83%A1%E3%82%B9+HERMES%E2%80%95PARIS++T%E3%82%B7%E3%83%A3%E3%83%84+%E5%88%BA%E7%B9%8D+%E9%A6%AC%E8%BB%8A+%E3%82%A2%E3%82%A4%E3%83%9C%E3%83%AA%E3%83%BC+M HTTP/1.1" 200 1523 "-" "Mozilla/5.0 (Linux; Android 6.0.1; Nexus 5X Build/MMB29P) AppleWebKit/537.36 (KHTML, like Gecko) Chrome/137.0.7151.103 Mobile Safari/537.36 (compatible; GoogleOther)"
20.171.207.69 - - [13/Jul/2025:08:16:55 -0400] "GET /wp-includes/bookmark-template.php HTTP/1.1" 403 1242 "-" "Mozilla/5.0 AppleWebKit/537.36 (KHTML, like Gecko; compatible; GPTBot/1.2; +https://openai.com/gptbot)"
66.249.72.161 - - [13/Jul/2025:08:16:56 -0400] "GET /?n=7677842802101&channel=92bfbd&from=jp.php%3Fid%3D428021-371%26name%3D%E3%83%80%E3%83%96%E3%83%AC%E3%83%83%E3%83%88++doublet+%E5%AE%9A%E4%BE%A140000%E5%86%86%E7%A8%8B%E5%BA%A6 HTTP/1.1" 200 1523 "-" "Mozilla/5.0 (Linux; Android 6.0.1; Nexus 5X Build/MMB29P) AppleWebKit/537.36 (KHTML, like Gecko) Chrome/137.0.7151.103 Mobile Safari/537.36 (compatible; GoogleOther)"
66.249.72.161 - - [13/Jul/2025:08:16:58 -0400] "GET /?n=0619678697900&channel=b11edc&from=shared.php%3Fid%3D786979-606%26name%3DTOSHIBA+REGZA+%E3%83%AC%E3%82%B0%E3%82%B6%E3%82%B5%E3%83%BC%E3%83%90%E3%83%BC+DBR-M190 HTTP/1.1" 200 1523 "-" "Mozilla/5.0 (Linux; Android 6.0.1; Nexus 5X Build/MMB29P) AppleWebKit/537.36 (KHTML, like Gecko) Chrome/137.0.7151.103 Mobile Safari/537.36 (compatible; GoogleOther)"
66.249.72.161 - - [13/Jul/2025:08:16:59 -0400] "GET /?n=0237840105000&channel=25ebd0&from=category-info.php%3Fid%3D401050-450%26name%3DDIESEL+%E9%9D%92%E5%B1%B1%E5%BA%97%E9%99%90%E5%AE%9A%E3%83%87%E3%83%8B%E3%83%A0 HTTP/1.1" 200 1523 "-" "Mozilla/5.0 (Linux; Android 6.0.1; Nexus 5X Build/MMB29P) AppleWebKit/537.36 (KHTML, like Gecko) Chrome/137.0.7151.103 Mobile Safari/537.36 (compatible; GoogleOther)"
20.171.207.69 - - [13/Jul/2025:08:16:41 -0400] "GET /wp-includes/class-walker-category-dropdown.php HTTP/1.1" 403 1242 "-" "Mozilla/5.0 AppleWebKit/537.36 (KHTML, like Gecko; compatible; GPTBot/1.2; +https://openai.com/gptbot)"
