216.73.216.162 - - [13/Jul/2025:08:10:22 -0400] "GET /new/wp-includes/style-engine/index.php?file_location=%2Fusr%2Fsbin%2F%2Fdnssec-signzone&location=%2Fusr%2Fsbin%2F HTTP/1.1" 200 4995 "-" "Mozilla/5.0 AppleWebKit/537.36 (KHTML, like Gecko; compatible; ClaudeBot/1.0; +claudebot@anthropic.com)"
216.73.216.162 - - [13/Jul/2025:08:10:22 -0400] "GET /new/wp-includes/style-engine/index.php?file_location=%2Fusr%2Fbin%2F%2Fgit&location=%2Fusr%2Fbin%2F HTTP/1.1" 200 18504 "-" "Mozilla/5.0 AppleWebKit/537.36 (KHTML, like Gecko; compatible; ClaudeBot/1.0; +claudebot@anthropic.com)"
216.73.216.162 - - [13/Jul/2025:08:10:22 -0400] "GET /new/wp-includes/style-engine/index.php?file_location=%2Fusr%2Fbin%2F%2Fobjdump&location=%2Fusr%2Fbin%2F HTTP/1.1" 200 18473 "-" "Mozilla/5.0 AppleWebKit/537.36 (KHTML, like Gecko; compatible; ClaudeBot/1.0; +claudebot@anthropic.com)"
216.73.216.162 - - [13/Jul/2025:08:10:22 -0400] "GET /new/wp-includes/style-engine/index.php?file_location=%2Fusr%2Fbin%2F%2Fdnstap-read&location=%2Fusr%2Fbin%2F HTTP/1.1" 200 18522 "-" "Mozilla/5.0 AppleWebKit/537.36 (KHTML, like Gecko; compatible; ClaudeBot/1.0; +claudebot@anthropic.com)"
20.171.207.69 - - [13/Jul/2025:08:10:22 -0400] "GET /wp-includes/class-wp-http-requests-response.php HTTP/1.1" 403 1242 "-" "Mozilla/5.0 AppleWebKit/537.36 (KHTML, like Gecko; compatible; GPTBot/1.2; +https://openai.com/gptbot)"
216.73.216.162 - - [13/Jul/2025:08:10:21 -0400] "GET /new/wp-includes/style-engine/index.php?file_location=%2Fusr%2Fbin%2F%2Frun-with-aspell&location=%2Fusr%2Fbin%2F HTTP/1.1" 200 18538 "-" "Mozilla/5.0 AppleWebKit/537.36 (KHTML, like Gecko; compatible; ClaudeBot/1.0; +claudebot@anthropic.com)"
216.73.216.162 - - [13/Jul/2025:08:10:21 -0400] "GET /new/wp-includes/style-engine/index.php?location=%2Fhome%2Finteuuod%2Fpublic_html%2Fnew%2Fwp-includes%2Fblocks%2Fsocial-link%2F HTTP/1.1" 200 3481 "-" "Mozilla/5.0 AppleWebKit/537.36 (KHTML, like Gecko; compatible; ClaudeBot/1.0; +claudebot@anthropic.com)"
216.73.216.162 - - [13/Jul/2025:08:10:21 -0400] "GET /new/wp-includes/style-engine/index.php?full_path=%2Fhome%2Finteuuod%2Fusersreviewguide.com&location=%2Fhome%2F HTTP/1.1" 200 3217 "-" "Mozilla/5.0 AppleWebKit/537.36 (KHTML, like Gecko; compatible; ClaudeBot/1.0; +claudebot@anthropic.com)"
20.171.207.69 - - [13/Jul/2025:08:10:21 -0400] "GET /nc_assets/img/nc-icon/namecheap-icon-57x57.png HTTP/1.1" 404 1251 "-" "Mozilla/5.0 AppleWebKit/537.36 (KHTML, like Gecko; compatible; GPTBot/1.2; +https://openai.com/gptbot)"
216.73.216.162 - - [13/Jul/2025:08:10:21 -0400] "GET /new/wp-includes/style-engine/index.php?file_location=%2Fusr%2Fsbin%2F%2Ffaillock&location=%2Fusr%2Fsbin%2F HTTP/1.1" 200 4998 "-" "Mozilla/5.0 AppleWebKit/537.36 (KHTML, like Gecko; compatible; ClaudeBot/1.0; +claudebot@anthropic.com)"
66.249.72.161 - - [13/Jul/2025:08:10:21 -0400] "GET /?n=0068721251703&channel=f09326&from=pin.php%3Fid%3D212517-470%26name%3D%E3%83%AF%E3%83%BC%E3%83%AB%E3%83%89%E3%82%B7%E3%83%A3%E3%82%A6%E3%83%A92701FF-2+%E6%9C%80%E7%B5%82%E5%80%A4%E4%B8%8B%E3%81%92 HTTP/1.1" 200 1523 "-" "Mozilla/5.0 (Linux; Android 6.0.1; Nexus 5X Build/MMB29P) AppleWebKit/537.36 (KHTML, like Gecko) Chrome/137.0.7151.103 Mobile Safari/537.36 (compatible; GoogleOther)"
216.73.216.162 - - [13/Jul/2025:08:10:22 -0400] "GET /new/wp-includes/style-engine/?file_location=%2Fhome%2Finteuuod%2Fpublic_html%2Fwp-content%2Fuploads%2F%2Fwoocommerce-placeholder-600x600.png&location=%2Fhome%2Finteuuod%2Fpublic_html%2Fwp-content%2Fuploads%2F HTTP/1.1" 200 4863 "-" "Mozilla/5.0 AppleWebKit/537.36 (KHTML, like Gecko; compatible; ClaudeBot/1.0; +claudebot@anthropic.com)"
216.73.216.162 - - [13/Jul/2025:08:10:22 -0400] "GET /new/wp-includes/style-engine/index.php?file_location=%2Fusr%2Fbin%2F%2Fpod2html&location=%2Fusr%2Fbin%2F HTTP/1.1" 200 20103 "-" "Mozilla/5.0 AppleWebKit/537.36 (KHTML, like Gecko; compatible; ClaudeBot/1.0; +claudebot@anthropic.com)"
216.73.216.162 - - [13/Jul/2025:08:10:22 -0400] "GET /new/wp-includes/style-engine/?full_path=%2Fhome%2Finteuuod%2Fpublic_html%2Fwp-content%2Fthemes&location=%2F HTTP/1.1" 200 3845 "-" "Mozilla/5.0 AppleWebKit/537.36 (KHTML, like Gecko; compatible; ClaudeBot/1.0; +claudebot@anthropic.com)"
216.73.216.162 - - [13/Jul/2025:08:10:22 -0400] "GET /new/wp-includes/style-engine/?location=%2Fhome%2Finteuuod%2Fpublic_html%2F1663847279691%2Fwp-includes%2FIXR HTTP/1.1" 200 3710 "-" "Mozilla/5.0 AppleWebKit/537.36 (KHTML, like Gecko; compatible; ClaudeBot/1.0; +claudebot@anthropic.com)"
216.73.216.162 - - [13/Jul/2025:08:10:22 -0400] "GET /new/wp-includes/style-engine/index.php?file_location=%2Fusr%2Fbin%2F%2Fchmod&location=%2Fusr%2Fbin%2F HTTP/1.1" 200 18475 "-" "Mozilla/5.0 AppleWebKit/537.36 (KHTML, like Gecko; compatible; ClaudeBot/1.0; +claudebot@anthropic.com)"
216.73.216.162 - - [13/Jul/2025:08:10:23 -0400] "GET /new/wp-includes/style-engine/index.php?location=%2Fhome%2Finteuuod%2Fpublic_html%2Fnew%2Fwp-includes%2Fblocks%2Fdetails%2F HTTP/1.1" 200 3614 "-" "Mozilla/5.0 AppleWebKit/537.36 (KHTML, like Gecko; compatible; ClaudeBot/1.0; +claudebot@anthropic.com)"
20.171.207.69 - - [13/Jul/2025:08:10:23 -0400] "GET /wp-includes/registration-functions.php HTTP/1.1" 403 1242 "-" "Mozilla/5.0 AppleWebKit/537.36 (KHTML, like Gecko; compatible; GPTBot/1.2; +https://openai.com/gptbot)"
216.73.216.162 - - [13/Jul/2025:08:10:22 -0400] "GET /new/wp-includes/style-engine/?full_path=%2Fhome%2Finteuuod%2Fpublic_html%2Fwp-includes%2Fblocks&location=%2F HTTP/1.1" 200 3844 "-" "Mozilla/5.0 AppleWebKit/537.36 (KHTML, like Gecko; compatible; ClaudeBot/1.0; +claudebot@anthropic.com)"
216.73.216.162 - - [13/Jul/2025:08:10:22 -0400] "GET /new/wp-includes/style-engine/?location=%2Fhome%2Finteuuod%2Fpublic_html%2Fwp-content%2Fuploads%2F2024 HTTP/1.1" 200 3557 "-" "Mozilla/5.0 AppleWebKit/537.36 (KHTML, like Gecko; compatible; ClaudeBot/1.0; +claudebot@anthropic.com)"
216.73.216.162 - - [13/Jul/2025:08:10:23 -0400] "GET /new/wp-includes/style-engine/?full_path=%2Fhome%2Finteuuod%2Fpublic_html%2Fnew%2Fwp-includes%2Fblocks%2Fcolumn&location=%2F HTTP/1.1" 200 3868 "-" "Mozilla/5.0 AppleWebKit/537.36 (KHTML, like Gecko; compatible; ClaudeBot/1.0; +claudebot@anthropic.com)"
216.73.216.162 - - [13/Jul/2025:08:10:23 -0400] "GET /new/wp-includes/style-engine/index.php?location=%2Fhome%2Finteuuod%2Fpublic_html%2Fnew%2Fwp-includes%2Fblocks%2Fnextpage%2F HTTP/1.1" 200 3507 "-" "Mozilla/5.0 AppleWebKit/537.36 (KHTML, like Gecko; compatible; ClaudeBot/1.0; +claudebot@anthropic.com)"
66.249.72.161 - - [13/Jul/2025:08:10:23 -0400] "GET /?n=4467850871300&channel=d426d5&from=jp.php%3Fid%3D508713-77%26name%3D%E3%82%A8%E3%82%A2%E3%82%B8%E3%83%A7%E3%83%BC%E3%83%80%E3%83%B311+LOW+Gym+Red HTTP/1.1" 200 1523 "-" "Mozilla/5.0 (Linux; Android 6.0.1; Nexus 5X Build/MMB29P) AppleWebKit/537.36 (KHTML, like Gecko) Chrome/137.0.7151.103 Mobile Safari/537.36 (compatible; GoogleOther)"
66.249.72.161 - - [13/Jul/2025:08:10:24 -0400] "GET /?n=81155137273204&channel=9f36a8&from=brands.php%3Fid%3D1372732-497%26name%3D%E3%82%B9%E3%82%BF%E3%83%BC%E3%82%B8%E3%83%A5%E3%82%A8%E3%83%AA%E3%83%BC%E2%98%86GLOBE HTTP/1.1" 200 1523 "-" "Mozilla/5.0 (Linux; Android 6.0.1; Nexus 5X Build/MMB29P) AppleWebKit/537.36 (KHTML, like Gecko) Chrome/137.0.7151.103 Mobile Safari/537.36 (compatible; Googlebot/2.1; +http://www.google.com/bot.html)"
20.171.207.69 - - [13/Jul/2025:08:10:25 -0400] "GET /wp-includes/class-wp-script-modules.php HTTP/1.1" 403 1242 "-" "Mozilla/5.0 AppleWebKit/537.36 (KHTML, like Gecko; compatible; GPTBot/1.2; +https://openai.com/gptbot)"
66.249.72.161 - - [13/Jul/2025:08:10:25 -0400] "GET /?n=4503835832903&channel=723d8d&from=category-info.php%3Fid%3D358329-111%26name%3D%E3%83%95%E3%82%A7%E3%83%B3%E3%83%87%E3%82%A3+%E3%83%A9%E3%83%A1%E3%82%B0%E3%83%A9%E3%83%87%E3%83%BC%E3%82%B7%E3%83%A7%E3%83%B3+%E3%82%B7%E3%83%A7%E3%83%AB%E3%83%80%E3%83%BC%E3%83%90%E3%83%83%E3%82%B0 HTTP/1.1" 200 1523 "-" "Mozilla/5.0 (Linux; Android 6.0.1; Nexus 5X Build/MMB29P) AppleWebKit/537.36 (KHTML, like Gecko) Chrome/137.0.7151.103 Mobile Safari/537.36 (compatible; GoogleOther)"
66.249.72.161 - - [13/Jul/2025:08:10:26 -0400] "GET /?n=43177124879801&channel=1426f1&from=goods.php%3Fid%3D1248798-315%26name%3DARC%27TERYX+%E3%82%A2%E3%83%BC%E3%82%AF%E3%83%86%E3%83%AA%E3%82%AF%E3%82%B9+%E3%82%B4%E3%82%A2%E3%83%86%E3%83%83%E3%82%AF%E3%82%B9%E3%83%9E%E3%82%A6%E3%83%B3%E3%83%86%E3%83%B3+%E3%83%91%E3%83%BC%E3%82%AB%E3%83%BC%E2%98%85%E3%82%BC%E3%82%BFSL HTTP/1.1" 200 1523 "-" "Mozilla/5.0 (Linux; Android 6.0.1; Nexus 5X Build/MMB29P) AppleWebKit/537.36 (KHTML, like Gecko) Chrome/137.0.7151.103 Mobile Safari/537.36 (compatible; GoogleOther)"
20.171.207.69 - - [13/Jul/2025:08:10:29 -0400] "GET /wp-includes/class-wp-simplepie-file.php HTTP/1.1" 403 1242 "-" "Mozilla/5.0 AppleWebKit/537.36 (KHTML, like Gecko; compatible; GPTBot/1.2; +https://openai.com/gptbot)"
66.249.72.161 - - [13/Jul/2025:08:10:24 -0400] "GET /?n=6051772177604&channel=ee3bc7&from=info.php%3Fid%3D721776-5050%26name%3D%E3%82%BA%E3%83%BC%E3%83%9E%E3%83%BC+%E3%80%90ZOOMER%E3%80%91+AF58+%E3%82%A2%E3%83%B3%E3%83%80%E3%83%BC%E3%82%AB%E3%82%A6%E3%83%AB HTTP/1.1" 200 1523 "-" "Mozilla/5.0 (Linux; Android 6.0.1; Nexus 5X Build/MMB29P) AppleWebKit/537.36 (KHTML, like Gecko) Chrome/137.0.7151.103 Mobile Safari/537.36 (compatible; Googlebot/2.1; +http://www.google.com/bot.html)"
66.249.72.161 - - [13/Jul/2025:08:10:28 -0400] "GET /?n=5687228833402&channel=d057b8&from=pin.php%3Fid%3D288334-1576%26name%3D%E6%9C%80%E9%AB%98%21%E3%82%B2%E3%83%BC%E3%83%9F%E3%83%B3%E3%82%B0PC%2FRyzen5+4500%2FGTX1660S%2FFortnite HTTP/1.1" 200 1523 "-" "Mozilla/5.0 (Linux; Android 6.0.1; Nexus 5X Build/MMB29P) AppleWebKit/537.36 (KHTML, like Gecko) Chrome/137.0.7151.103 Mobile Safari/537.36 (compatible; GoogleOther)"
20.171.207.69 - - [13/Jul/2025:08:10:29 -0400] "GET /wp-includes/class-wp-session-tokens.php HTTP/1.1" 403 1242 "-" "Mozilla/5.0 AppleWebKit/537.36 (KHTML, like Gecko; compatible; GPTBot/1.2; +https://openai.com/gptbot)"
66.249.72.161 - - [13/Jul/2025:08:10:30 -0400] "GET /?n=0096144939701&channel=cbd810&from=brands.php%3Fid%3D449397-17%26name%3D%E3%83%89%E3%83%A9%E3%82%B4%E3%83%B3%E3%83%9C%E3%83%BC%E3%83%AB+%E4%B8%80%E7%95%AA%E3%81%8F%E3%81%98+%E3%82%AA%E3%83%A0%E3%83%8B%E3%83%90%E3%82%B9%E3%82%A2%E3%83%A1%E3%82%A4%E3%82%B8%E3%83%B3%E3%82%B0%E3%80%80A%E8%B3%9E++B%E8%B3%9E%E3%80%80%E3%83%A9%E3%82%B9%E3%83%88%E3%83%AF%E3%83%B3%E8%B3%9E HTTP/1.1" 200 1523 "-" "Mozilla/5.0 (Linux; Android 6.0.1; Nexus 5X Build/MMB29P) AppleWebKit/537.36 (KHTML, like Gecko) Chrome/137.0.7151.103 Mobile Safari/537.36 (compatible; Googlebot/2.1; +http://www.google.com/bot.html)"
66.249.72.161 - - [13/Jul/2025:08:10:31 -0400] "GET /?n=7029196726305&channel=f84497&from=blog.php%3Fid%3D967263-156%26name%3D%E3%81%BF%E3%81%86%E6%A7%98%E5%B0%82%E7%94%A8%E3%80%80%E3%82%AF%E3%83%AA%E3%82%B9%E3%83%81%E3%83%A3%E3%83%B3%E3%80%80%E3%83%AB%E3%83%96%E3%82%BF%E3%83%B3%E3%80%80%E3%82%AB%E3%82%BF%E3%82%AF%E3%83%AD%E3%82%A6%E3%80%8036+23cm HTTP/1.1" 200 1523 "-" "Mozilla/5.0 (Linux; Android 6.0.1; Nexus 5X Build/MMB29P) AppleWebKit/537.36 (KHTML, like Gecko) Chrome/137.0.7151.103 Mobile Safari/537.36 (compatible; GoogleOther)"
20.171.207.69 - - [13/Jul/2025:08:10:34 -0400] "GET /images/?SA HTTP/1.1" 200 539 "-" "Mozilla/5.0 AppleWebKit/537.36 (KHTML, like Gecko; compatible; GPTBot/1.2; +https://openai.com/gptbot)"
66.249.72.161 - - [13/Jul/2025:08:10:35 -0400] "GET /?n=13029184731606&channel=fa4bad&from=pin.php%3Fid%3D1847316-310%26name%3DThemis%E6%A7%98%E2%9D%A4%EF%B8%8F3%E7%82%B9%E3%81%8A%E3%81%BE%E3%81%A8%E3%82%81%E5%89%B2%E5%BC%95%E6%B8%88%E3%81%BF HTTP/1.1" 200 1523 "-" "Mozilla/5.0 (Linux; Android 6.0.1; Nexus 5X Build/MMB29P) AppleWebKit/537.36 (KHTML, like Gecko) Chrome/137.0.7151.103 Mobile Safari/537.36 (compatible; GoogleOther)"
20.171.207.69 - - [13/Jul/2025:08:10:35 -0400] "GET /images/?MA HTTP/1.1" 200 537 "-" "Mozilla/5.0 AppleWebKit/537.36 (KHTML, like Gecko; compatible; GPTBot/1.2; +https://openai.com/gptbot)"
66.249.72.161 - - [13/Jul/2025:08:10:37 -0400] "GET /?n=921813008801&channel=a4ccd4&from=info.php%3Fid%3D30088-909%26name%3DChesty+endless+rose+%E6%96%B0%E5%93%81%E3%80%80%E3%83%81%E3%82%A7%E3%83%BC%E3%83%B3%E3%82%AB%E3%83%BC%E3%83%87%E3%82%A3%E3%82%AC%E3%83%B3%E3%82%B8%E3%83%A3%E3%82%B1%E3%83%83%E3%83%88 HTTP/1.1" 200 1523 "-" "Mozilla/5.0 (Linux; Android 6.0.1; Nexus 5X Build/MMB29P) AppleWebKit/537.36 (KHTML, like Gecko) Chrome/137.0.7151.103 Mobile Safari/537.36 (compatible; Googlebot/2.1; +http://www.google.com/bot.html)"
66.249.72.161 - - [13/Jul/2025:08:10:30 -0400] "GET /?n=14917135638800&channel=594abe&from=info.php%3Fid%3D1356388-123%26name%3D%E3%80%90%E7%BE%8E%E5%93%81%E3%80%91%E3%83%9B%E3%83%83%E3%83%88%E3%83%88%E3%82%A4%E3%82%BA%2F%E3%82%B8%E3%83%A7%E3%83%BC%E3%82%AB%E3%83%BC%2F%E3%83%90%E3%83%83%E3%83%88%E3%83%9E%E3%83%B3%2F%E3%83%A1%E3%83%AB%E3%82%AB%E3%83%AA%E9%99%90%E5%AE%9A HTTP/1.1" 200 1523 "-" "Mozilla/5.0 (Linux; Android 6.0.1; Nexus 5X Build/MMB29P) AppleWebKit/537.36 (KHTML, like Gecko) Chrome/137.0.7151.103 Mobile Safari/537.36 (compatible; Googlebot/2.1; +http://www.google.com/bot.html)"
66.249.72.161 - - [13/Jul/2025:08:10:30 -0400] "GET /?n=05791105715700&channel=35b525&from=jp.php%3Fid%3D1057157-3419%26name%3D%E3%83%9C%E3%83%B3%E3%83%BB%E3%82%B8%E3%83%A7%E3%83%B4%E3%82%A3+%E6%9D%B1%E4%BA%AC%E3%83%89%E3%83%BC%E3%83%A0%E5%85%AC%E6%BC%94+1%E6%9E%9A HTTP/1.1" 200 1523 "-" "Mozilla/5.0 (Linux; Android 6.0.1; Nexus 5X Build/MMB29P) AppleWebKit/537.36 (KHTML, like Gecko) Chrome/137.0.7151.103 Mobile Safari/537.36 (compatible; GoogleOther)"
20.171.207.69 - - [13/Jul/2025:08:10:32 -0400] "GET /images/?ND HTTP/1.1" 200 531 "-" "Mozilla/5.0 AppleWebKit/537.36 (KHTML, like Gecko; compatible; GPTBot/1.2; +https://openai.com/gptbot)"
66.249.72.161 - - [13/Jul/2025:08:10:33 -0400] "GET /?n=3055811103600&channel=09e0b0&from=blog.php%3Fid%3D111036-1112%26name%3D%E3%82%B7%E3%83%AB%E3%82%AF%E3%83%97%E3%83%AD%E3%82%A2%E3%82%A4%E3%83%AD%E3%83%B3%E3%80%80%E3%83%A9%E3%83%87%E3%82%A3%E3%82%A2%E3%83%B3%E3%83%88%E3%80%8035mm%E5%A4%AA%E7%9B%AE%E3%82%BF%E3%82%A4%E3%83%97 HTTP/1.1" 200 1523 "-" "Mozilla/5.0 (Linux; Android 6.0.1; Nexus 5X Build/MMB29P) AppleWebKit/537.36 (KHTML, like Gecko) Chrome/137.0.7151.103 Mobile Safari/537.36 (compatible; GoogleOther)"
20.171.207.69 - - [13/Jul/2025:08:10:36 -0400] "GET /wp-includes/class-wp-classic-to-block-menu-converter.php HTTP/1.1" 403 1242 "-" "Mozilla/5.0 AppleWebKit/537.36 (KHTML, like Gecko; compatible; GPTBot/1.2; +https://openai.com/gptbot)"
66.249.72.161 - - [13/Jul/2025:08:10:36 -0400] "GET /?n=7196173680001&channel=96a820&from=category-info.php%3Fid%3D736800-207%26name%3D%E3%82%A8%E3%83%AB%E3%83%A1%E3%82%B9+T%E3%82%B7%E3%83%A3%E3%83%84 HTTP/1.1" 200 1523 "-" "Mozilla/5.0 (Linux; Android 6.0.1; Nexus 5X Build/MMB29P) AppleWebKit/537.36 (KHTML, like Gecko) Chrome/137.0.7151.103 Mobile Safari/537.36 (compatible; GoogleOther)"
20.171.207.69 - - [13/Jul/2025:08:10:37 -0400] "GET /wp-includes/class-wp-application-passwords.php HTTP/1.1" 403 1242 "-" "Mozilla/5.0 AppleWebKit/537.36 (KHTML, like Gecko; compatible; GPTBot/1.2; +https://openai.com/gptbot)"
20.171.207.69 - - [13/Jul/2025:08:10:42 -0400] "GET /wp-includes/registration-functions.php HTTP/1.1" 403 1242 "-" "Mozilla/5.0 AppleWebKit/537.36 (KHTML, like Gecko; compatible; GPTBot/1.2; +https://openai.com/gptbot)"
66.249.72.161 - - [13/Jul/2025:08:10:43 -0400] "GET /?n=50841141787403&channel=71589f&from=goods.php%3Fid%3D1417874-1006%26name%3D%E7%BE%8E%E5%93%81+K18+%E3%83%94%E3%82%A2%E3%82%B9+%E3%82%AC%E3%83%BC%E3%83%8D%E3%83%83%E3%83%88+18%E9%87%91+2.2g+P683 HTTP/1.1" 200 1523 "-" "Mozilla/5.0 (Linux; Android 6.0.1; Nexus 5X Build/MMB29P) AppleWebKit/537.36 (KHTML, like Gecko) Chrome/137.0.7151.103 Mobile Safari/537.36 (compatible; GoogleOther)"
20.171.207.69 - - [13/Jul/2025:08:10:44 -0400] "GET /wp-includes/class-wp-block-bindings-source.php HTTP/1.1" 403 1242 "-" "Mozilla/5.0 AppleWebKit/537.36 (KHTML, like Gecko; compatible; GPTBot/1.2; +https://openai.com/gptbot)"
66.249.72.161 - - [13/Jul/2025:08:10:46 -0400] "GET /?n=15677170525903&channel=1972fa&from=category-info.php%3Fid%3D1705259-345%26name%3D%E3%82%B4%E3%83%BC%E3%83%AB%E3%83%87%E3%83%B3%E3%82%B0%E3%83%BC%E3%82%B9++%E3%82%B9%E3%83%8B%E3%83%BC%E3%82%AB%E3%83%BC%E3%80%8039 HTTP/1.1" 200 1523 "-" "Mozilla/5.0 (Linux; Android 6.0.1; Nexus 5X Build/MMB29P) AppleWebKit/537.36 (KHTML, like Gecko) Chrome/137.0.7151.103 Mobile Safari/537.36 (compatible; GoogleOther)"
66.249.72.161 - - [13/Jul/2025:08:10:38 -0400] "GET /?n=10827113449201&channel=00a656&from=pin.php%3Fid%3D1134492-294%26name%3D%E3%82%A6%E3%83%9E%E5%A8%98%E3%80%80%E3%83%95%E3%82%A3%E3%82%AE%E3%83%A5%E3%82%A2%E3%80%80%E3%83%8A%E3%83%A0%E3%82%B3%E9%99%90%E5%AE%9A%E3%80%80%E3%83%A9%E3%82%A4%E3%82%B9%E3%82%B7%E3%83%A3%E3%83%AF%E3%83%BC%E3%80%80%E7%A7%81%E6%9C%8D HTTP/1.1" 200 1523 "-" "Mozilla/5.0 (Linux; Android 6.0.1; Nexus 5X Build/MMB29P) AppleWebKit/537.36 (KHTML, like Gecko) Chrome/137.0.7151.103 Mobile Safari/537.36 (compatible; GoogleOther)"
20.171.207.69 - - [13/Jul/2025:08:10:39 -0400] "GET /wp-includes/class-wp-block-pattern-categories-registry.php HTTP/1.1" 403 1242 "-" "Mozilla/5.0 AppleWebKit/537.36 (KHTML, like Gecko; compatible; GPTBot/1.2; +https://openai.com/gptbot)"
66.249.72.161 - - [13/Jul/2025:08:10:39 -0400] "GET /?n=8839278599100&channel=826ee4&from=shared.php%3Fid%3D785991-736%26name%3D10%E3%82%A4%E3%83%B3%E3%83%81%E3%82%BF%E3%83%96%E3%83%AC%E3%83%83%E3%83%88WiFi%E3%83%A2%E3%83%87%E3%83%AB+-+3GB%2F32GB+HDMI+GPS HTTP/1.1" 200 1523 "-" "Mozilla/5.0 (Linux; Android 6.0.1; Nexus 5X Build/MMB29P) AppleWebKit/537.36 (KHTML, like Gecko) Chrome/137.0.7151.103 Mobile Safari/537.36 (compatible; GoogleOther)"
66.249.72.161 - - [13/Jul/2025:08:10:41 -0400] "GET /?n=09707173207700&channel=c0772e&from=pin.php%3Fid%3D1732077-163%26name%3D%E3%82%A8%E3%83%AA%E3%82%AF%E3%82%B7%E3%83%BC%E3%83%AB%E3%80%80%E3%82%A8%E3%83%B3%E3%83%AA%E3%83%83%E3%83%81%E3%83%89%E3%82%A8%E3%83%9E%E3%83%AB%E3%82%B8%E3%83%A7%E3%83%B3CB+%E4%B9%B3%E6%B6%B2%E5%8C%96%E7%B2%A7%E6%B0%B4%E3%80%803%E6%9C%AC%E3%82%BB%E3%83%83%E3%83%88 HTTP/1.1" 200 1523 "-" "Mozilla/5.0 (Linux; Android 6.0.1; Nexus 5X Build/MMB29P) AppleWebKit/537.36 (KHTML, like Gecko) Chrome/137.0.7151.103 Mobile Safari/537.36 (compatible; GoogleOther)"
20.171.207.69 - - [13/Jul/2025:08:10:43 -0400] "GET /wp-includes/class-wp-paused-extensions-storage.php HTTP/1.1" 403 1242 "-" "Mozilla/5.0 AppleWebKit/537.36 (KHTML, like Gecko; compatible; GPTBot/1.2; +https://openai.com/gptbot)"
20.171.207.69 - - [13/Jul/2025:08:10:43 -0400] "GET /wp-includes/class-wp-plugin-dependencies.php HTTP/1.1" 403 1242 "-" "Mozilla/5.0 AppleWebKit/537.36 (KHTML, like Gecko; compatible; GPTBot/1.2; +https://openai.com/gptbot)"
66.249.72.161 - - [13/Jul/2025:08:10:44 -0400] "GET /?n=8191583650001&channel=99c496&from=blog.php%3Fid%3D836500-1307%26name%3DFOREO+LUNA3++MEN HTTP/1.1" 200 1523 "-" "Mozilla/5.0 (Linux; Android 6.0.1; Nexus 5X Build/MMB29P) AppleWebKit/537.36 (KHTML, like Gecko) Chrome/137.0.7151.103 Mobile Safari/537.36 (compatible; GoogleOther)"
20.171.207.69 - - [13/Jul/2025:08:10:45 -0400] "GET /wp-includes/class-wp-block-styles-registry.php HTTP/1.1" 403 1242 "-" "Mozilla/5.0 AppleWebKit/537.36 (KHTML, like Gecko; compatible; GPTBot/1.2; +https://openai.com/gptbot)"
66.249.72.161 - - [13/Jul/2025:08:10:47 -0400] "GET /?n=0634834912301&channel=cae9c6&from=pin.php%3Fid%3D349123-277%26name%3D%E5%83%95%E3%81%AE%E3%83%92%E3%83%BC%E3%83%AD%E3%83%BC%E3%82%A2%E3%82%AB%E3%83%87%E3%83%9F%E3%82%A2+%E3%83%88%E3%82%AC%E3%83%92%E3%83%9F%E3%82%B3+1%2F8+%E5%AE%8C%E6%88%90%E5%93%81%E3%83%95%E3%82%A3%E3%82%AE%E3%83%A5%E3%82%A2 HTTP/1.1" 200 1523 "-" "Mozilla/5.0 (Linux; Android 6.0.1; Nexus 5X Build/MMB29P) AppleWebKit/537.36 (KHTML, like Gecko) Chrome/137.0.7151.103 Mobile Safari/537.36 (compatible; Googlebot/2.1; +http://www.google.com/bot.html)"
20.171.207.69 - - [13/Jul/2025:08:10:51 -0400] "GET /wp-includes/class-wp-admin-bar.php HTTP/1.1" 403 1242 "-" "Mozilla/5.0 AppleWebKit/537.36 (KHTML, like Gecko; compatible; GPTBot/1.2; +https://openai.com/gptbot)"
20.171.207.69 - - [13/Jul/2025:08:10:52 -0400] "GET /wp-includes/class-wp-image-editor-gd.php HTTP/1.1" 403 1242 "-" "Mozilla/5.0 AppleWebKit/537.36 (KHTML, like Gecko; compatible; GPTBot/1.2; +https://openai.com/gptbot)"
66.249.72.161 - - [13/Jul/2025:08:10:53 -0400] "GET /?n=97217172643401&channel=abbe94&from=pin.php%3Fid%3D1726434-647%26name%3DCD+%E7%94%B1%E7%BE%8E%E3%81%8B%E3%81%8A%E3%82%8B+%E3%82%B4%E3%83%BC%E3%83%AB%E3%83%87%E3%83%B3%E2%98%86%E3%83%99%E3%82%B9%E3%83%88 HTTP/1.1" 200 1523 "-" "Mozilla/5.0 (Linux; Android 6.0.1; Nexus 5X Build/MMB29P) AppleWebKit/537.36 (KHTML, like Gecko) Chrome/137.0.7151.103 Mobile Safari/537.36 (compatible; GoogleOther)"
20.171.207.69 - - [13/Jul/2025:08:10:53 -0400] "GET /wp-includes/class-avif-info.php HTTP/1.1" 403 1242 "-" "Mozilla/5.0 AppleWebKit/537.36 (KHTML, like Gecko; compatible; GPTBot/1.2; +https://openai.com/gptbot)"
20.171.207.69 - - [13/Jul/2025:08:10:55 -0400] "GET /images/?NA HTTP/1.1" 200 533 "-" "Mozilla/5.0 AppleWebKit/537.36 (KHTML, like Gecko; compatible; GPTBot/1.2; +https://openai.com/gptbot)"
66.249.72.161 - - [13/Jul/2025:08:10:55 -0400] "GET /?n=8077034370401&channel=c0772e&from=shared.php%3Fid%3D343704-163%26name%3DREVI+%E5%9F%BA%E7%A4%8E%E5%8C%96%E7%B2%A7%E5%93%814%E7%82%B9 HTTP/1.1" 200 1523 "-" "Mozilla/5.0 (Linux; Android 6.0.1; Nexus 5X Build/MMB29P) AppleWebKit/537.36 (KHTML, like Gecko) Chrome/137.0.7151.103 Mobile Safari/537.36 (compatible; Googlebot/2.1; +http://www.google.com/bot.html)"
66.249.72.161 - - [13/Jul/2025:08:10:55 -0400] "GET /?n=7207887025201&channel=cb4970&from=info.php%3Fid%3D870252-486%26name%3D%E9%80%81%E6%96%99%E7%84%A1%E6%96%99%EF%BC%81%E7%BE%8E%E5%93%81%E3%83%B4%E3%82%A9%E3%82%AF%E3%82%B7%E3%83%BC%E7%B4%94%E6%AD%A316%E3%82%A4%E3%83%B3%E3%83%81%C3%97%E3%83%96%E3%83%AA%E3%83%82%E3%82%B9%E3%83%88%E3%83%B3REGNO205%2F60R16 HTTP/1.1" 200 1523 "-" "Mozilla/5.0 (Linux; Android 6.0.1; Nexus 5X Build/MMB29P) AppleWebKit/537.36 (KHTML, like Gecko) Chrome/137.0.7151.103 Mobile Safari/537.36 (compatible; Googlebot/2.1; +http://www.google.com/bot.html)"
66.249.72.161 - - [13/Jul/2025:08:10:55 -0400] "GET /?n=37679166700403&channel=2551b6&from=article.php%3Fid%3D1667004-200%26name%3DFENDI%E6%99%82%E8%A8%88 HTTP/1.1" 200 1523 "-" "Mozilla/5.0 (Linux; Android 6.0.1; Nexus 5X Build/MMB29P) AppleWebKit/537.36 (KHTML, like Gecko) Chrome/137.0.7151.103 Mobile Safari/537.36 (compatible; Googlebot/2.1; +http://www.google.com/bot.html)"
66.249.72.161 - - [13/Jul/2025:08:10:57 -0400] "GET /?n=9002271178100&channel=39192e&from=product.php%3Fid%3D711781-1901%26name%3DSOUYUSTICK+drifter+10.2+%E3%83%91%E3%83%89%E3%83%AB+%E6%9C%AA%E4%BD%BF%E7%94%A8 HTTP/1.1" 200 1523 "-" "Mozilla/5.0 (Linux; Android 6.0.1; Nexus 5X Build/MMB29P) AppleWebKit/537.36 (KHTML, like Gecko) Chrome/137.0.7151.103 Mobile Safari/537.36 (compatible; GoogleOther)"
66.249.72.161 - - [13/Jul/2025:08:10:59 -0400] "GET /?n=6099822619308&channel=723d8d&from=brands.php%3Fid%3D226193-111%26name%3D%E3%83%90%E3%83%BC%E3%83%90%E3%83%AA%E3%83%BC+%E3%82%B7%E3%83%A7%E3%83%AB%E3%83%80%E3%83%BC%E3%83%90%E3%83%83%E3%82%B0+%E3%83%8E%E3%83%90%E3%83%81%E3%82%A7%E3%83%83%E3%82%AF+%E3%82%B7%E3%83%A3%E3%83%89%E3%83%BC%E3%83%9B%E3%83%BC%E3%82%B9+%E6%96%9C%E3%82%81%E3%81%8C%E3%81%91+%E3%83%AD%E3%82%B4%E9%87%91%E5%85%B7 HTTP/1.1" 200 1523 "-" "Mozilla/5.0 (Linux; Android 6.0.1; Nexus 5X Build/MMB29P) AppleWebKit/537.36 (KHTML, like Gecko) Chrome/137.0.7151.103 Mobile Safari/537.36 (compatible; GoogleOther)"
20.171.207.69 - - [13/Jul/2025:08:11:01 -0400] "GET /images/?MD HTTP/1.1" 200 538 "-" "Mozilla/5.0 AppleWebKit/537.36 (KHTML, like Gecko; compatible; GPTBot/1.2; +https://openai.com/gptbot)"
66.249.72.161 - - [13/Jul/2025:08:11:01 -0400] "GET /?n=29682193274005&channel=46c7e3&from=pin.php%3Fid%3D1932740-365%26name%3D%E6%BF%80%E3%83%AC%E3%82%A290s+%E3%83%AC%E3%82%A4%E3%82%AB%E3%83%BC%E3%82%BA+Kobe+bryant+Losangels+%E3%82%B7%E3%83%A3%E3%83%83%E3%82%AF HTTP/1.1" 200 1523 "-" "Mozilla/5.0 (Linux; Android 6.0.1; Nexus 5X Build/MMB29P) AppleWebKit/537.36 (KHTML, like Gecko) Chrome/137.0.7151.103 Mobile Safari/537.36 (compatible; GoogleOther)"
20.171.207.69 - - [13/Jul/2025:08:10:47 -0400] "GET /wp-includes/class-wp-block-editor-context.php HTTP/1.1" 403 1242 "-" "Mozilla/5.0 AppleWebKit/537.36 (KHTML, like Gecko; compatible; GPTBot/1.2; +https://openai.com/gptbot)"
66.249.72.161 - - [13/Jul/2025:08:10:48 -0400] "GET /?n=7190071647401&channel=9dcc03&from=goods.php%3Fid%3D716474-974%26name%3DOZ+MEETS+JAZZ+2+selected+by+%E5%B0%8F%E6%9B%BD%E6%A0%B9%E7%9C%9F HTTP/1.1" 200 1523 "-" "Mozilla/5.0 (Linux; Android 6.0.1; Nexus 5X Build/MMB29P) AppleWebKit/537.36 (KHTML, like Gecko) Chrome/137.0.7151.103 Mobile Safari/537.36 (compatible; GoogleOther)"
66.249.72.161 - - [13/Jul/2025:08:10:49 -0400] "GET /?n=94361102985901&channel=979a77&from=category-info.php%3Fid%3D1029859-333%26name%3D%E3%81%BD%E3%81%BD%E3%81%97%E3%81%84%E6%A7%98+%E3%83%AA%E3%82%AF%E3%82%A8%E3%82%B9%E3%83%88+2%E7%82%B9+%E3%81%BE%E3%81%A8%E3%82%81%E5%95%86%E5%93%81 HTTP/1.1" 200 1523 "-" "Mozilla/5.0 (Linux; Android 6.0.1; Nexus 5X Build/MMB29P) AppleWebKit/537.36 (KHTML, like Gecko) Chrome/137.0.7151.103 Mobile Safari/537.36 (compatible; GoogleOther)"
66.249.72.161 - - [13/Jul/2025:08:10:51 -0400] "GET /?n=57126171359407&channel=7f8b21&from=goods.php%3Fid%3D1713594-2772%26name%3D%E7%BE%8E%E5%93%81%E3%80%80HEG-001+Switch%E6%9C%89%E6%A9%9FEL%E3%83%A2%E3%83%87%E3%83%AB HTTP/1.1" 200 1523 "-" "Mozilla/5.0 (Linux; Android 6.0.1; Nexus 5X Build/MMB29P) AppleWebKit/537.36 (KHTML, like Gecko) Chrome/137.0.7151.103 Mobile Safari/537.36 (compatible; GoogleOther)"
20.171.207.69 - - [13/Jul/2025:08:10:54 -0400] "GET /wp-includes/class-wp-text-diff-renderer-inline.php HTTP/1.1" 403 1242 "-" "Mozilla/5.0 AppleWebKit/537.36 (KHTML, like Gecko; compatible; GPTBot/1.2; +https://openai.com/gptbot)"
66.249.72.161 - - [13/Jul/2025:08:10:54 -0400] "GET /?n=79389122058306&channel=7c63ef&from=goods.php%3Fid%3D1220583-587%26name%3D%E9%80%81%E6%96%99%E7%84%A1%E6%96%99+%E4%BC%B8%E7%B8%AE%E8%84%9A%E7%AB%8B%E3%81%A8%E3%83%8F%E3%82%B7%E3%82%B4%E4%B8%A1%E7%94%A81.9M+%2B1.9M%E6%9C%80%E9%95%B73.8m+%E8%80%90%E8%8D%B7%E9%87%8D150kg HTTP/1.1" 200 1523 "-" "Mozilla/5.0 (Linux; Android 6.0.1; Nexus 5X Build/MMB29P) AppleWebKit/537.36 (KHTML, like Gecko) Chrome/137.0.7151.103 Mobile Safari/537.36 (compatible; GoogleOther)"
66.249.72.161 - - [13/Jul/2025:08:10:56 -0400] "GET /?n=5176766114606&channel=7d5359&from=shared.php%3Fid%3D661146-187%26name%3Ddyson+HP+02+WS HTTP/1.1" 200 1523 "-" "Mozilla/5.0 (Linux; Android 6.0.1; Nexus 5X Build/MMB29P) AppleWebKit/537.36 (KHTML, like Gecko) Chrome/137.0.7151.103 Mobile Safari/537.36 (compatible; GoogleOther)"
20.171.207.69 - - [13/Jul/2025:08:10:57 -0400] "GET /images/?SD HTTP/1.1" 200 538 "-" "Mozilla/5.0 AppleWebKit/537.36 (KHTML, like Gecko; compatible; GPTBot/1.2; +https://openai.com/gptbot)"
66.249.72.161 - - [13/Jul/2025:08:11:01 -0400] "GET /?n=3120956402401&channel=d8c1ab&from=info.php%3Fid%3D564024-429%26name%3DZlPPO+%E3%83%A9%E3%82%A4%E3%82%BF%E3%83%BC%E3%82%AF%E3%83%AC%E3%82%A4%E3%82%B8%E3%83%BC%E3%83%94%E3%83%83%E3%82%B0+type HTTP/1.1" 200 1523 "-" "Mozilla/5.0 (Linux; Android 6.0.1; Nexus 5X Build/MMB29P) AppleWebKit/537.36 (KHTML, like Gecko) Chrome/137.0.7151.103 Mobile Safari/537.36 (compatible; Googlebot/2.1; +http://www.google.com/bot.html)"
66.249.72.161 - - [13/Jul/2025:08:11:03 -0400] "GET /?n=2073511179801&channel=fa4bad&from=news.php%3Fid%3D111798-310%26name%3D%E6%96%B0%E5%93%81%E2%98%85BACCA+%E3%82%A2%E3%83%AB%E3%83%91%E3%82%AB%E3%83%8B%E3%83%83%E3%83%88 HTTP/1.1" 200 1523 "-" "Mozilla/5.0 (Linux; Android 6.0.1; Nexus 5X Build/MMB29P) AppleWebKit/537.36 (KHTML, like Gecko) Chrome/137.0.7151.103 Mobile Safari/537.36 (compatible; Googlebot/2.1; +http://www.google.com/bot.html)"
66.249.72.161 - - [13/Jul/2025:08:11:01 -0400] "GET /?n=7360496161703&channel=340205&from=jp.php%3Fid%3D961617-399%26name%3D%E3%83%A9%E3%83%AB%E3%83%95%E3%83%AD%E3%83%BC%E3%83%AC%E3%83%B3++%E3%82%B8%E3%83%A3%E3%82%B1%E3%83%83%E3%83%88%EF%BC%88%E6%AD%A3%E8%A6%8F%E5%93%81%EF%BC%89 HTTP/1.1" 200 1523 "-" "Mozilla/5.0 (Linux; Android 6.0.1; Nexus 5X Build/MMB29P) AppleWebKit/537.36 (KHTML, like Gecko) Chrome/137.0.7151.119 Mobile Safari/537.36 (compatible; Googlebot/2.1; +http://www.google.com/bot.html)"
66.249.72.161 - - [13/Jul/2025:08:11:02 -0400] "GET /?n=52070112284001&channel=96e53d&from=product.php%3Fid%3D1122840-42%26name%3D%E3%82%B9%E3%82%AB%E3%83%BC%E3%83%AC%E3%83%83%E3%83%88ex%26%E3%83%90%E3%82%A4%E3%82%AA%E3%83%AC%E3%83%83%E3%83%88ex+%E3%80%8E%E3%82%B9%E3%83%9A%E3%82%B7%E3%83%A3%E3%83%AB%E3%82%BB%E3%83%83%E3%83%88%E3%80%8F5%E5%80%8B%E5%85%A5%E3%82%8A+%EF%BC%88%E3%83%9D%E3%82%B1%E3%83%A2%E3%83%B3%E3%82%AB%E3%83%BC%E3%83%89%E3%82%B2%E3%83%BC%E3%83%A0+%E3%82%B9%E3%82%AB%E3%83%BC%E3%83%AC%E3%83%83%E3%83%88%26%E3%83%90%E3%82%A4%E3%82%AA%E3%83%AC%E3%83%83%E3%83%88+%E6%8B%A1%E5%BC%B5%E3%83%91%E3%83%83%E3%82%AF+%E3%82%B9%E3%82%AB%E3%83%BC%E3%83%AC%E3%83%83%E3%83%88ex+30%E5%80%8B%E5%85%A5BOX+%E2%80%93+viviON+BLUE%EF%BC%89 HTTP/1.1" 200 1523 "-" "Mozilla/5.0 (Linux; Android 6.0.1; Nexus 5X Build/MMB29P) AppleWebKit/537.36 (KHTML, like Gecko) Chrome/137.0.7151.119 Mobile Safari/537.36 (compatible; Googlebot/2.1; +http://www.google.com/bot.html)"
66.249.72.161 - - [13/Jul/2025:08:11:02 -0400] "GET /?n=5212713631900&channel=d8d1b3&from=brands.php%3Fid%3D136319-440%26name%3D%E3%82%A8%E3%83%AB%E3%83%A1%E3%82%B9%E3%80%80%E3%82%B7%E3%82%A8%E3%82%B9%E3%82%BF%E3%80%80%E3%82%A2%E3%82%A4%E3%83%A9%E3%83%B3%E3%83%89%E3%80%80%E3%83%87%E3%82%A3%E3%83%8A%E3%83%BC%E3%83%97%E3%83%AC%E3%83%BC%E3%83%882%E6%9E%9A HTTP/1.1" 200 1523 "-" "Mozilla/5.0 (Linux; Android 6.0.1; Nexus 5X Build/MMB29P) AppleWebKit/537.36 (KHTML, like Gecko) Chrome/137.0.7151.103 Mobile Safari/537.36 (compatible; GoogleOther)"
20.171.207.69 - - [13/Jul/2025:08:11:03 -0400] "GET /wp-includes/class-phpass.php HTTP/1.1" 403 1242 "-" "Mozilla/5.0 AppleWebKit/537.36 (KHTML, like Gecko; compatible; GPTBot/1.2; +https://openai.com/gptbot)"
66.249.72.161 - - [13/Jul/2025:08:11:04 -0400] "GET /?n=22811152624916&channel=8322f5&from=category-info.php%3Fid%3D1526249-225%26name%3D%E3%80%90%E9%80%81%E6%96%99%E7%84%A1%E6%96%99%E2%9D%A3%EF%B8%8F%E3%80%91%E3%82%AD%E3%83%A3%E3%83%AD%E3%82%A6%E3%82%A7%E3%82%A4+Callaway+%E3%82%B4%E3%83%AB%E3%83%95%E3%82%AF%E3%83%A9%E3%83%96%E3%82%BB%E3%83%83%E3%83%88+%E3%82%AD%E3%83%A3%E3%83%87%E3%83%BC%E3%83%90%E3%83%83%E3%82%AF HTTP/1.1" 200 1523 "-" "Mozilla/5.0 (Linux; Android 6.0.1; Nexus 5X Build/MMB29P) AppleWebKit/537.36 (KHTML, like Gecko) Chrome/137.0.7151.103 Mobile Safari/537.36 (compatible; GoogleOther)"
20.171.207.69 - - [13/Jul/2025:08:11:05 -0400] "GET /wp-includes/class-wp-recovery-mode-email-service.php HTTP/1.1" 403 1242 "-" "Mozilla/5.0 AppleWebKit/537.36 (KHTML, like Gecko; compatible; GPTBot/1.2; +https://openai.com/gptbot)"
216.73.216.162 - - [13/Jul/2025:08:11:05 -0400] "GET /new/wp-includes/style-engine/index.php?full_path=%2Fhome%2Finteuuod%2Flscache&location=%2Fhome%2Finteuuod%2Flscache%2F HTTP/1.1" 200 3731 "-" "Mozilla/5.0 AppleWebKit/537.36 (KHTML, like Gecko; compatible; ClaudeBot/1.0; +claudebot@anthropic.com)"
216.73.216.162 - - [13/Jul/2025:08:11:05 -0400] "GET /new/wp-includes/style-engine/?location=%2Fhome%2Finteuuod%2Fpublic_html%2F1663847279691%2Fwp-admin%2Fcss HTTP/1.1" 200 6095 "-" "Mozilla/5.0 AppleWebKit/537.36 (KHTML, like Gecko; compatible; ClaudeBot/1.0; +claudebot@anthropic.com)"
216.73.216.162 - - [13/Jul/2025:08:11:05 -0400] "GET /new/wp-includes/style-engine/index.php?full_path=%2Fhome%2Finteuuod%2Ftmp&location=%2Fhome%2Finteuuod%2F HTTP/1.1" 200 5314 "-" "Mozilla/5.0 AppleWebKit/537.36 (KHTML, like Gecko; compatible; ClaudeBot/1.0; +claudebot@anthropic.com)"
66.249.72.161 - - [13/Jul/2025:08:11:03 -0400] "GET /?n=121035185800&channel=6fe72e&from=brands.php%3Fid%3D51858-101%26name%3D%E3%83%AF%E3%82%AF%E3%83%81%E3%83%B3%E3%82%B3%E3%83%B3%E3%83%9D+%E9%87%91 HTTP/1.1" 200 1523 "-" "Mozilla/5.0 (Linux; Android 6.0.1; Nexus 5X Build/MMB29P) AppleWebKit/537.36 (KHTML, like Gecko) Chrome/137.0.7151.103 Mobile Safari/537.36 (compatible; Googlebot/2.1; +http://www.google.com/bot.html)"
20.171.207.69 - - [13/Jul/2025:08:11:03 -0400] "GET /wp-includes/class-wp-speculation-rules.php HTTP/1.1" 403 1242 "-" "Mozilla/5.0 AppleWebKit/537.36 (KHTML, like Gecko; compatible; GPTBot/1.2; +https://openai.com/gptbot)"
216.73.216.162 - - [13/Jul/2025:08:11:05 -0400] "GET /new/wp-includes/style-engine/index.php?file_location=%2Fusr%2Fsbin%2F%2Fldconfig&location=%2Fusr%2Fsbin%2F HTTP/1.1" 200 4995 "-" "Mozilla/5.0 AppleWebKit/537.36 (KHTML, like Gecko; compatible; ClaudeBot/1.0; +claudebot@anthropic.com)"
216.73.216.162 - - [13/Jul/2025:08:11:05 -0400] "GET /new/wp-includes/style-engine/index.php?file_location=%2Fusr%2Fsbin%2F%2Fdnssec-revoke&location=%2Fusr%2Fsbin%2F HTTP/1.1" 200 4989 "-" "Mozilla/5.0 AppleWebKit/537.36 (KHTML, like Gecko; compatible; ClaudeBot/1.0; +claudebot@anthropic.com)"
216.73.216.162 - - [13/Jul/2025:08:11:05 -0400] "GET /new/wp-includes/style-engine/index.php?file_location=%2Fusr%2Fbin%2F%2Fsdiff&location=%2Fusr%2Fbin%2F HTTP/1.1" 200 18474 "-" "Mozilla/5.0 AppleWebKit/537.36 (KHTML, like Gecko; compatible; ClaudeBot/1.0; +claudebot@anthropic.com)"
216.73.216.162 - - [13/Jul/2025:08:11:05 -0400] "GET /new/wp-includes/style-engine/?full_path=%2Fhome%2Finteuuod%2Fpublic_html%2Fnew%2Fwp-includes%2Fblocks%2Fverse&location=%2F HTTP/1.1" 200 3869 "-" "Mozilla/5.0 AppleWebKit/537.36 (KHTML, like Gecko; compatible; ClaudeBot/1.0; +claudebot@anthropic.com)"
66.249.72.161 - - [13/Jul/2025:08:11:06 -0400] "GET /?n=2020796951901&channel=31b184&from=goods.php%3Fid%3D969519-165%26name%3D%E3%83%8A%E3%83%BC%E3%82%B9%E3%81%AE%E3%81%8A%E4%BB%95%E4%BA%8B3%285%29%EF%BD%9E%288%29%E3%80%884%E6%9E%9A%E7%B5%84%E3%80%89 HTTP/1.1" 200 1523 "-" "Mozilla/5.0 (Linux; Android 6.0.1; Nexus 5X Build/MMB29P) AppleWebKit/537.36 (KHTML, like Gecko) Chrome/137.0.7151.103 Mobile Safari/537.36 (compatible; GoogleOther)"
216.73.216.162 - - [13/Jul/2025:08:11:06 -0400] "GET /new/wp-includes/style-engine/index.php?full_path=%2Fhome%2Finteuuod%2Fmail&location=%2Fhome%2F HTTP/1.1" 200 3212 "-" "Mozilla/5.0 AppleWebKit/537.36 (KHTML, like Gecko; compatible; ClaudeBot/1.0; +claudebot@anthropic.com)"
216.73.216.162 - - [13/Jul/2025:08:11:06 -0400] "GET /new/wp-includes/style-engine/index.php?file_location=%2Fusr%2Fbin%2F%2Fcomposite&location=%2Fusr%2Fbin%2F HTTP/1.1" 200 18503 "-" "Mozilla/5.0 AppleWebKit/537.36 (KHTML, like Gecko; compatible; ClaudeBot/1.0; +claudebot@anthropic.com)"
216.73.216.162 - - [13/Jul/2025:08:11:06 -0400] "GET /new/wp-includes/style-engine/index.php?full_path=%2Fusr%2Fsbin&location=%2Fusr%2F HTTP/1.1" 200 3561 "-" "Mozilla/5.0 AppleWebKit/537.36 (KHTML, like Gecko; compatible; ClaudeBot/1.0; +claudebot@anthropic.com)"
216.73.216.162 - - [13/Jul/2025:08:11:06 -0400] "GET /new/wp-includes/style-engine/index.php?full_path=%2Fhome%2Finteuuod%2F.cpanel&location=%2Fhome%2Finteuuod%2F.cpanel%2F HTTP/1.1" 200 3757 "-" "Mozilla/5.0 AppleWebKit/537.36 (KHTML, like Gecko; compatible; ClaudeBot/1.0; +claudebot@anthropic.com)"
216.73.216.162 - - [13/Jul/2025:08:11:06 -0400] "GET /new/wp-includes/style-engine/?full_path=%2Fhome%2Finteuuod%2Fpublic_html%2Fnew%2Fwp-includes%2Fblocks%2Fcategories&location=%2F HTTP/1.1" 200 3859 "-" "Mozilla/5.0 AppleWebKit/537.36 (KHTML, like Gecko; compatible; ClaudeBot/1.0; +claudebot@anthropic.com)"
216.73.216.162 - - [13/Jul/2025:08:11:06 -0400] "GET /new/wp-includes/js/dist/vendor/wp-polyfill-node-contains.js HTTP/1.1" 200 271 "-" "Mozilla/5.0 AppleWebKit/537.36 (KHTML, like Gecko; compatible; ClaudeBot/1.0; +claudebot@anthropic.com)"
216.73.216.162 - - [13/Jul/2025:08:11:05 -0400] "GET /new/wp-includes/style-engine/?full_path=%2Fhome%2Finteuuod%2Fpublic_html%2Fnew%2Fwp-includes%2Fblocks%2Fmedia-text&location=%2F HTTP/1.1" 200 3861 "-" "Mozilla/5.0 AppleWebKit/537.36 (KHTML, like Gecko; compatible; ClaudeBot/1.0; +claudebot@anthropic.com)"
216.73.216.162 - - [13/Jul/2025:08:11:06 -0400] "GET /new/wp-includes/style-engine/?location=%2Fhome%2Finteuuod%2Fpublic_html%2Fwp-content%2Fuploads%2F2025 HTTP/1.1" 200 3472 "-" "Mozilla/5.0 AppleWebKit/537.36 (KHTML, like Gecko; compatible; ClaudeBot/1.0; +claudebot@anthropic.com)"
216.73.216.162 - - [13/Jul/2025:08:11:06 -0400] "GET /new/wp-includes/style-engine/index.php?file_location=%2Fusr%2Fbin%2F%2Fpost-grohtml&location=%2Fusr%2Fbin%2F HTTP/1.1" 200 18492 "-" "Mozilla/5.0 AppleWebKit/537.36 (KHTML, like Gecko; compatible; ClaudeBot/1.0; +claudebot@anthropic.com)"
216.73.216.162 - - [13/Jul/2025:08:11:06 -0400] "GET /new/wp-includes/style-engine/index.php?file_location=%2Fusr%2Fbin%2F%2Fsftp&location=%2Fusr%2Fbin%2F HTTP/1.1" 200 18474 "-" "Mozilla/5.0 AppleWebKit/537.36 (KHTML, like Gecko; compatible; ClaudeBot/1.0; +claudebot@anthropic.com)"
20.171.207.69 - - [13/Jul/2025:08:11:06 -0400] "GET /wp-includes/class-wp-recovery-mode-cookie-service.php HTTP/1.1" 403 1242 "-" "Mozilla/5.0 AppleWebKit/537.36 (KHTML, like Gecko; compatible; GPTBot/1.2; +https://openai.com/gptbot)"
216.73.216.162 - - [13/Jul/2025:08:11:06 -0400] "GET /new/wp-includes/style-engine/?file_location=%2Fhome%2Finteuuod%2Fpublic_html%2Fwp-content%2Fuploads%2F%2Fwoocommerce-placeholder-300x300.png&location=%2Fhome%2Finteuuod%2Fpublic_html%2Fwp-content%2Fuploads%2F HTTP/1.1" 200 4861 "-" "Mozilla/5.0 AppleWebKit/537.36 (KHTML, like Gecko; compatible; ClaudeBot/1.0; +claudebot@anthropic.com)"
216.73.216.162 - - [13/Jul/2025:08:11:06 -0400] "GET /new/wp-includes/style-engine/index.php?file_location=%2Fusr%2Fbin%2F%2Ffc-scan&location=%2Fusr%2Fbin%2F HTTP/1.1" 200 18474 "-" "Mozilla/5.0 AppleWebKit/537.36 (KHTML, like Gecko; compatible; ClaudeBot/1.0; +claudebot@anthropic.com)"
216.73.216.162 - - [13/Jul/2025:08:11:07 -0400] "GET /new/wp-includes/style-engine/index.php?full_path=%2Fhome%2Finteuuod%2Fetc&location=%2Fhome%2F HTTP/1.1" 200 3217 "-" "Mozilla/5.0 AppleWebKit/537.36 (KHTML, like Gecko; compatible; ClaudeBot/1.0; +claudebot@anthropic.com)"
216.73.216.162 - - [13/Jul/2025:08:11:07 -0400] "GET /new/wp-includes/style-engine/?full_path=%2Fhome%2Finteuuod%2Fpublic_html%2Fnew%2Fwp-includes%2Fblocks%2Flist&location=%2F HTTP/1.1" 200 3873 "-" "Mozilla/5.0 AppleWebKit/537.36 (KHTML, like Gecko; compatible; ClaudeBot/1.0; +claudebot@anthropic.com)"
216.73.216.162 - - [13/Jul/2025:08:11:07 -0400] "GET /new/wp-includes/style-engine/index.php?file_location=%2Fusr%2Fbin%2F%2Fautoconf&location=%2Fusr%2Fbin%2F HTTP/1.1" 200 24348 "-" "Mozilla/5.0 AppleWebKit/537.36 (KHTML, like Gecko; compatible; ClaudeBot/1.0; +claudebot@anthropic.com)"
66.249.72.161 - - [13/Jul/2025:08:11:07 -0400] "GET /?n=2871859558410&channel=fcc5df&from=news.php%3Fid%3D595584-172%26name%3DiPhone+11+%28PRODUCT%29RED+128+GB+Softbank HTTP/1.1" 200 1523 "-" "Mozilla/5.0 (Linux; Android 6.0.1; Nexus 5X Build/MMB29P) AppleWebKit/537.36 (KHTML, like Gecko) Chrome/137.0.7151.103 Mobile Safari/537.36 (compatible; GoogleOther)"
216.73.216.162 - - [13/Jul/2025:08:11:07 -0400] "GET /new/wp-includes/style-engine/index.php?location=%2Fhome%2Finteuuod%2Fpublic_html%2F1663847279691%2Fwp-content%2F HTTP/1.1" 200 3581 "-" "Mozilla/5.0 AppleWebKit/537.36 (KHTML, like Gecko; compatible; ClaudeBot/1.0; +claudebot@anthropic.com)"
216.73.216.162 - - [13/Jul/2025:08:11:07 -0400] "GET /new/wp-includes/style-engine/index.php?full_path=%2Fhome%2Finteuuod%2F.googleapps&location=%2Fhome%2F HTTP/1.1" 200 3218 "-" "Mozilla/5.0 AppleWebKit/537.36 (KHTML, like Gecko; compatible; ClaudeBot/1.0; +claudebot@anthropic.com)"
216.73.216.162 - - [13/Jul/2025:08:11:07 -0400] "GET /new/wp-includes/style-engine/index.php?full_path=%2Fhome%2Finteuuod%2Fusersreviewguide.com&location=%2Fhome%2Finteuuod%2Fusersreviewguide.com%2F HTTP/1.1" 200 4274 "-" "Mozilla/5.0 AppleWebKit/537.36 (KHTML, like Gecko; compatible; ClaudeBot/1.0; +claudebot@anthropic.com)"
216.73.216.162 - - [13/Jul/2025:08:11:07 -0400] "GET /new/wp-includes/style-engine/index.php?file_location=%2Fusr%2Fbin%2F%2Fbatch&location=%2Fusr%2Fbin%2F HTTP/1.1" 200 18595 "-" "Mozilla/5.0 AppleWebKit/537.36 (KHTML, like Gecko; compatible; ClaudeBot/1.0; +claudebot@anthropic.com)"
216.73.216.162 - - [13/Jul/2025:08:11:07 -0400] "GET /new/wp-includes/style-engine/index.php?file_location=%2Fusr%2Fbin%2F%2Fx86_64-redhat-linux-gcc-8&location=%2Fusr%2Fbin%2F HTTP/1.1" 200 18475 "-" "Mozilla/5.0 AppleWebKit/537.36 (KHTML, like Gecko; compatible; ClaudeBot/1.0; +claudebot@anthropic.com)"
216.73.216.162 - - [13/Jul/2025:08:11:07 -0400] "GET /new/wp-includes/style-engine/index.php?file_location=%2Fusr%2Fbin%2F%2Fopenssl&location=%2Fusr%2Fbin%2F HTTP/1.1" 200 18515 "-" "Mozilla/5.0 AppleWebKit/537.36 (KHTML, like Gecko; compatible; ClaudeBot/1.0; +claudebot@anthropic.com)"
216.73.216.162 - - [13/Jul/2025:08:11:07 -0400] "GET /new/wp-includes/style-engine/index.php?file_location=%2Fusr%2Fbin%2F%2Funzip&location=%2Fusr%2Fbin%2F HTTP/1.1" 200 18473 "-" "Mozilla/5.0 AppleWebKit/537.36 (KHTML, like Gecko; compatible; ClaudeBot/1.0; +claudebot@anthropic.com)"
216.73.216.162 - - [13/Jul/2025:08:11:07 -0400] "GET /new/wp-includes/style-engine/?location=%2Fhome%2Finteuuod%2Fpublic_html%2F1663847279691%2Fwp-includes%2FPHPMailer HTTP/1.1" 200 3462 "-" "Mozilla/5.0 AppleWebKit/537.36 (KHTML, like Gecko; compatible; ClaudeBot/1.0; +claudebot@anthropic.com)"
216.73.216.162 - - [13/Jul/2025:08:11:08 -0400] "GET /new/wp-includes/style-engine/index.php?file_location=%2Fusr%2Fbin%2F%2Fclusterdb&location=%2Fusr%2Fbin%2F HTTP/1.1" 200 18502 "-" "Mozilla/5.0 AppleWebKit/537.36 (KHTML, like Gecko; compatible; ClaudeBot/1.0; +claudebot@anthropic.com)"
216.73.216.162 - - [13/Jul/2025:08:11:08 -0400] "GET /new/wp-includes/style-engine/?file_location=%2Fhome%2Finteuuod%2Fpublic_html%2Fnew%2Fwp-includes%2Fblocks%2Fsearch%2F%2Fblock.json&location=%2Fhome%2Finteuuod%2Fpublic_html%2Fnew%2Fwp-includes%2Fblocks%2Fsearch%2F HTTP/1.1" 200 4574 "-" "Mozilla/5.0 AppleWebKit/537.36 (KHTML, like Gecko; compatible; ClaudeBot/1.0; +claudebot@anthropic.com)"
216.73.216.162 - - [13/Jul/2025:08:11:08 -0400] "GET /new/wp-includes/style-engine/index.php?file_location=%2Fusr%2Fbin%2F%2Frnano&location=%2Fusr%2Fbin%2F HTTP/1.1" 200 18474 "-" "Mozilla/5.0 AppleWebKit/537.36 (KHTML, like Gecko; compatible; ClaudeBot/1.0; +claudebot@anthropic.com)"
216.73.216.162 - - [13/Jul/2025:08:11:08 -0400] "GET /new/wp-includes/style-engine/?full_path=%2Fhome%2Finteuuod%2Fpublic_html%2Fnew%2Fwp-includes%2Fblocks%2Fparagraph&location=%2F HTTP/1.1" 200 3872 "-" "Mozilla/5.0 AppleWebKit/537.36 (KHTML, like Gecko; compatible; ClaudeBot/1.0; +claudebot@anthropic.com)"
216.73.216.162 - - [13/Jul/2025:08:11:08 -0400] "GET /new/wp-includes/style-engine/index.php?file_location=%2Fusr%2Fbin%2F%2Fgcov&location=%2Fusr%2Fbin%2F HTTP/1.1" 200 18474 "-" "Mozilla/5.0 AppleWebKit/537.36 (KHTML, like Gecko; compatible; ClaudeBot/1.0; +claudebot@anthropic.com)"
216.73.216.162 - - [13/Jul/2025:08:11:08 -0400] "GET /new/wp-includes/style-engine/index.php?file_location=%2Fusr%2Fbin%2F%2Fselectorctl&location=%2Fusr%2Fbin%2F HTTP/1.1" 200 20894 "-" "Mozilla/5.0 AppleWebKit/537.36 (KHTML, like Gecko; compatible; ClaudeBot/1.0; +claudebot@anthropic.com)"
216.73.216.162 - - [13/Jul/2025:08:11:08 -0400] "GET /new/wp-includes/style-engine/index.php?file_location=%2Fusr%2Fbin%2F%2Fssh-keygen&location=%2Fusr%2Fbin%2F HTTP/1.1" 200 18558 "-" "Mozilla/5.0 AppleWebKit/537.36 (KHTML, like Gecko; compatible; ClaudeBot/1.0; +claudebot@anthropic.com)"
216.73.216.162 - - [13/Jul/2025:08:11:08 -0400] "GET /new/wp-includes/style-engine/index.php?file_location=%2Fusr%2Fbin%2F%2Funexpand&location=%2Fusr%2Fbin%2F HTTP/1.1" 200 18535 "-" "Mozilla/5.0 AppleWebKit/537.36 (KHTML, like Gecko; compatible; ClaudeBot/1.0; +claudebot@anthropic.com)"
216.73.216.162 - - [13/Jul/2025:08:11:08 -0400] "GET /new/wp-includes/style-engine/index.php?full_path=%2Fhome%2Finteuuod%2Fssl&location=%2Fhome%2Finteuuod%2Fssl%2F HTTP/1.1" 200 3588 "-" "Mozilla/5.0 AppleWebKit/537.36 (KHTML, like Gecko; compatible; ClaudeBot/1.0; +claudebot@anthropic.com)"
216.73.216.162 - - [13/Jul/2025:08:11:08 -0400] "GET /new/wp-includes/style-engine/?location=%2Fhome%2Finteuuod%2Fpublic_html%2Fwp-content%2Fuploads%2Fwpr-addons HTTP/1.1" 200 3394 "-" "Mozilla/5.0 AppleWebKit/537.36 (KHTML, like Gecko; compatible; ClaudeBot/1.0; +claudebot@anthropic.com)"
216.73.216.162 - - [13/Jul/2025:08:11:08 -0400] "GET /new/wp-includes/style-engine/index.php?file_location=%2Fusr%2Fbin%2F%2Fpaste&location=%2Fusr%2Fbin%2F HTTP/1.1" 200 18474 "-" "Mozilla/5.0 AppleWebKit/537.36 (KHTML, like Gecko; compatible; ClaudeBot/1.0; +claudebot@anthropic.com)"
216.73.216.162 - - [13/Jul/2025:08:11:09 -0400] "GET /new/wp-includes/style-engine/?full_path=%2Fhome%2Finteuuod%2Fpublic_html%2Fnew%2Fwp-includes%2Fblocks%2Fpost-author&location=%2F HTTP/1.1" 200 3878 "-" "Mozilla/5.0 AppleWebKit/537.36 (KHTML, like Gecko; compatible; ClaudeBot/1.0; +claudebot@anthropic.com)"
20.171.207.69 - - [13/Jul/2025:08:11:09 -0400] "GET /wp-includes/error-protection.php HTTP/1.1" 403 1242 "-" "Mozilla/5.0 AppleWebKit/537.36 (KHTML, like Gecko; compatible; GPTBot/1.2; +https://openai.com/gptbot)"
66.249.72.161 - - [13/Jul/2025:08:11:11 -0400] "GET /?n=7902111213107&channel=d426d5&from=category-info.php%3Fid%3D112131-77%26name%3D%E3%83%8B%E3%83%A5%E3%83%BC%E3%83%90%E3%83%A9%E3%83%B3%E3%82%B9+new+balance+M991GWR+made+in+UK HTTP/1.1" 200 1523 "-" "Mozilla/5.0 (Linux; Android 6.0.1; Nexus 5X Build/MMB29P) AppleWebKit/537.36 (KHTML, like Gecko) Chrome/137.0.7151.103 Mobile Safari/537.36 (compatible; GoogleOther)"
66.249.72.161 - - [13/Jul/2025:08:11:12 -0400] "GET /?n=30872103266305&channel=5f6432&from=category-info.php%3Fid%3D1032663-900%26name%3DJun.K+%E3%83%A9%E3%82%B3%E3%82%B9%E3%83%86+%E3%82%B5%E3%83%B3%E3%82%B0%E3%83%A9%E3%82%B9 HTTP/1.1" 200 1523 "-" "Mozilla/5.0 (Linux; Android 6.0.1; Nexus 5X Build/MMB29P) AppleWebKit/537.36 (KHTML, like Gecko) Chrome/137.0.7151.103 Mobile Safari/537.36 (compatible; GoogleOther)"
20.171.207.69 - - [13/Jul/2025:08:11:13 -0400] "GET /wp-includes/class-wp-customize-panel.php HTTP/1.1" 403 1242 "-" "Mozilla/5.0 AppleWebKit/537.36 (KHTML, like Gecko; compatible; GPTBot/1.2; +https://openai.com/gptbot)"
66.249.72.161 - - [13/Jul/2025:08:11:14 -0400] "GET /?n=7745357577603&channel=340205&from=pin.php%3Fid%3D575776-399%26name%3D%E3%83%AD%E3%82%A4%E3%83%A4%E3%83%AB%E3%83%91%E3%83%BC%E3%83%86%E3%82%A3%E3%83%BC%E3%80%80%E3%82%B7%E3%83%A7%E3%83%BC%E3%83%88%E3%82%B8%E3%83%A3%E3%82%B1%E3%83%83%E3%83%88%E3%80%80%E3%83%96%E3%83%A9%E3%83%83%E3%82%AF HTTP/1.1" 200 1523 "-" "Mozilla/5.0 (Linux; Android 6.0.1; Nexus 5X Build/MMB29P) AppleWebKit/537.36 (KHTML, like Gecko) Chrome/137.0.7151.103 Mobile Safari/537.36 (compatible; GoogleOther)"
20.171.207.69 - - [13/Jul/2025:08:11:15 -0400] "GET /wp-includes/class-wp-simplepie-sanitize-kses.php HTTP/1.1" 403 1242 "-" "Mozilla/5.0 AppleWebKit/537.36 (KHTML, like Gecko; compatible; GPTBot/1.2; +https://openai.com/gptbot)"
66.249.72.161 - - [13/Jul/2025:08:11:16 -0400] "GET /?n=7771898346201&channel=b26251&from=category-info.php%3Fid%3D983462-794%26name%3D%E3%82%BD%E3%83%8B%E3%83%BC+%E3%83%AF%E3%82%A4%E3%83%A4%E3%83%AC%E3%82%B9%E3%83%9E%E3%82%A4%E3%82%AF%E3%83%AD%E3%83%9B%E3%83%B3+ECM-AW4 HTTP/1.1" 200 1523 "-" "Mozilla/5.0 (Linux; Android 6.0.1; Nexus 5X Build/MMB29P) AppleWebKit/537.36 (KHTML, like Gecko) Chrome/137.0.7151.103 Mobile Safari/537.36 (compatible; GoogleOther)"
66.249.72.161 - - [13/Jul/2025:08:11:09 -0400] "GET /?n=8721150345403&channel=1a02c4&from=goods.php%3Fid%3D503454-1054%26name%3DCREED%E3%82%A2%E3%83%90%E3%83%B3%E3%83%88%E3%82%A5%E3%82%B9%E3%82%A6%E3%83%BC%E3%83%A1%E3%83%B3%E3%82%AA%E3%83%BC%E3%83%87%E3%83%91%E3%83%AB%E3%83%95%E3%82%A1%E3%83%B375ml%E8%A9%A6%E3%81%97%E4%BB%98%E3%81%91%E3%81%AE%E3%81%BF HTTP/1.1" 200 1523 "-" "Mozilla/5.0 (Linux; Android 6.0.1; Nexus 5X Build/MMB29P) AppleWebKit/537.36 (KHTML, like Gecko) Chrome/137.0.7151.103 Mobile Safari/537.36 (compatible; GoogleOther)"
20.171.207.69 - - [13/Jul/2025:08:11:12 -0400] "GET /wp-includes/ms-default-constants.php HTTP/1.1" 403 1242 "-" "Mozilla/5.0 AppleWebKit/537.36 (KHTML, like Gecko; compatible; GPTBot/1.2; +https://openai.com/gptbot)"
20.171.207.69 - - [13/Jul/2025:08:11:14 -0400] "GET /wp-includes/embed-template.php HTTP/1.1" 403 1242 "-" "Mozilla/5.0 AppleWebKit/537.36 (KHTML, like Gecko; compatible; GPTBot/1.2; +https://openai.com/gptbot)"
66.249.72.161 - - [13/Jul/2025:08:11:17 -0400] "GET /?n=1532031395703&channel=3dc70a&from=jp.php%3Fid%3D313957-5173%26name%3D%E3%83%90%E3%82%A4%E3%82%AF%E3%81%AE%E3%83%98%E3%83%83%E3%83%89%E3%83%A9%E3%82%A4%E3%83%88+2+%E5%80%8B%E3%82%AA%E3%83%BC%E3%83%88%E3%83%90%E3%82%A4%E3%83%98%E3%83%83%E3%83%89%E3%83%A9%E3%82%A4%E3%83%88%E3%83%98%E3%83%83%E3%83%89%E3%83%A9%E3%82%A4%E3%83%88%E3%83%A9%E3%83%B3%E3%83%97%E3%82%AC%E3%83%BC%E3%83%89%E3%83%96%E3%83%A9%E3%82%B1%E3%83%83%E3%83%88+%E3%81%9F%E3%82%81%E3%81%AB+MT-09+%E3%81%9F%E3%82%81%E3%81%AB+FZ-09+201 HTTP/1.1" 200 1523 "-" "Mozilla/5.0 (Linux; Android 6.0.1; Nexus 5X Build/MMB29P) AppleWebKit/537.36 (KHTML, like Gecko) Chrome/137.0.7151.103 Mobile Safari/537.36 (compatible; GoogleOther)"
66.249.72.161 - - [13/Jul/2025:08:11:19 -0400] "GET /?n=91082158738100&channel=ae4f35&from=blog.php%3Fid%3D1587381-312%26name%3DANTI+SOCIAL+SOCIAL+CLUB+%E3%83%91%E3%83%BC%E3%82%AB%E3%83%BC+%E9%BB%92 HTTP/1.1" 200 1523 "-" "Mozilla/5.0 (Linux; Android 6.0.1; Nexus 5X Build/MMB29P) AppleWebKit/537.36 (KHTML, like Gecko) Chrome/137.0.7151.103 Mobile Safari/537.36 (compatible; GoogleOther)"
