66.249.72.161 - - [13/Jul/2025:08:06:03 -0400] "GET /?n=2832229289902&channel=e8b4a1&from=shared.php%3Fid%3D292899-632%26name%3D%E3%80%90%E6%9C%AA%E9%96%8B%E5%B0%81%E3%80%91%E3%82%A2%E3%83%AB%E3%82%BD%E3%82%A2+%E3%82%B8%E3%82%AA%E3%83%AA%E3%83%8A%E9%85%B5%E7%B4%A0+2%E6%9C%AC%E3%82%BB%E3%83%83%E3%83%88 HTTP/1.1" 200 1523 "-" "Mozilla/5.0 (Linux; Android 6.0.1; Nexus 5X Build/MMB29P) AppleWebKit/537.36 (KHTML, like Gecko) Chrome/137.0.7151.103 Mobile Safari/537.36 (compatible; Googlebot/2.1; +http://www.google.com/bot.html)"
66.249.72.161 - - [13/Jul/2025:08:06:03 -0400] "GET /?n=49619158725802&channel=ac9536&from=news.php%3Fid%3D1587258-3046%26name%3D%28%E6%96%B0%E5%93%81%E6%9C%AA%E4%BD%BF%E7%94%A8%29+THE+NORTH+FACE+TR+Zero+M%E3%82%B5%E3%82%A4%E3%82%BA HTTP/1.1" 200 1523 "-" "Mozilla/5.0 (Linux; Android 6.0.1; Nexus 5X Build/MMB29P) AppleWebKit/537.36 (KHTML, like Gecko) Chrome/137.0.7151.103 Mobile Safari/537.36 (compatible; Googlebot/2.1; +http://www.google.com/bot.html)"
66.249.72.161 - - [13/Jul/2025:08:05:53 -0400] "GET /?n=69980192805506&channel=034de1&from=product.php%3Fid%3D1928055-657%26name%3D%E3%83%90%E3%83%A9%E3%83%B3%E3%82%B9%E3%83%81%E3%82%A7%E3%82%A2 HTTP/1.1" 200 1523 "-" "Mozilla/5.0 (Linux; Android 6.0.1; Nexus 5X Build/MMB29P) AppleWebKit/537.36 (KHTML, like Gecko) Chrome/137.0.7151.103 Mobile Safari/537.36 (compatible; Googlebot/2.1; +http://www.google.com/bot.html)"
66.249.72.161 - - [13/Jul/2025:08:05:55 -0400] "GET /?n=9085771932500&channel=35b52e&from=pin.php%3Fid%3D719325-339%26name%3D%E3%83%95%E3%82%A9%E3%82%AF%E3%82%B7%E3%83%BC%E3%83%AF%E3%83%B3%E3%83%94%E3%83%BC%E3%82%B9 HTTP/1.1" 200 1523 "-" "Mozilla/5.0 (Linux; Android 6.0.1; Nexus 5X Build/MMB29P) AppleWebKit/537.36 (KHTML, like Gecko) Chrome/137.0.7151.103 Mobile Safari/537.36 (compatible; GoogleOther)"
66.249.72.161 - - [13/Jul/2025:08:06:00 -0400] "GET /?n=9810855745501&channel=ae4f35&from=blog.php%3Fid%3D557455-312%26name%3DUNIFORM+EXPERIMENT+U.E.POOL+SWEAT+HOODIE HTTP/1.1" 200 1523 "-" "Mozilla/5.0 (Linux; Android 6.0.1; Nexus 5X Build/MMB29P) AppleWebKit/537.36 (KHTML, like Gecko) Chrome/137.0.7151.103 Mobile Safari/537.36 (compatible; GoogleOther)"
66.249.72.161 - - [13/Jul/2025:08:06:01 -0400] "GET /?n=31097101401701&channel=6764b6&from=product.php%3Fid%3D1014017-2508%26name%3D%E3%83%AF%E3%82%B3%E3%83%BC%E3%83%AB+%E3%82%B5%E3%83%AB%E3%83%BC%E3%83%88+%E3%82%BD%E3%83%B3%E3%82%B0+%E9%BB%92+%E8%96%94%E8%96%87 HTTP/1.1" 200 1523 "-" "Mozilla/5.0 (Linux; Android 6.0.1; Nexus 5X Build/MMB29P) AppleWebKit/537.36 (KHTML, like Gecko) Chrome/137.0.7151.103 Mobile Safari/537.36 (compatible; GoogleOther)"
66.249.72.161 - - [13/Jul/2025:08:06:03 -0400] "GET /?n=3931969000101&channel=45b717&from=brands.php%3Fid%3D690001-5372%26name%3D%E3%82%AA%E3%83%BC%E3%83%88%E3%83%90%E3%82%A4%E7%94%A8%E7%87%83%E6%96%99%E3%83%90%E3%83%AB%E3%83%96%E3%83%91%E3%82%A4%E3%83%97%E3%83%9B%E3%83%BC%E3%82%B9+%E7%94%A8+%E3%83%99%E3%82%B9%E3%83%91+LX+%E7%94%A8+GTV+%E7%94%A8+GTS+4T+E3+2006-2012+%E3%82%AA%E3%83%BC%E3%83%88%E3%83%90%E3%82%A4%E7%87%83%E6%96%99%E3%83%9D%E3%83%B3%E3%83%97%E3%82%AC HTTP/1.1" 200 1523 "-" "Mozilla/5.0 (Linux; Android 6.0.1; Nexus 5X Build/MMB29P) AppleWebKit/537.36 (KHTML, like Gecko) Chrome/137.0.7151.103 Mobile Safari/537.36 (compatible; GoogleOther)"
66.249.72.161 - - [13/Jul/2025:08:06:04 -0400] "GET /?n=24199111746502&channel=2a3001&from=category-info.php%3Fid%3D1117465-451%26name%3D%E4%BB%A4%E5%92%8C%E8%A8%98%E5%BF%B5%E7%89%B9%E4%BE%A1%E2%AD%90%EF%B8%8E%E3%83%97%E3%83%AC%E3%82%B9%E5%BC%8F%E3%82%A4%E3%82%AB%E7%84%BC%E3%81%8D%E6%A9%9F+%E6%A5%AD%E5%8B%99%E7%94%A8%E2%AD%90%EF%B8%8E HTTP/1.1" 200 1523 "-" "Mozilla/5.0 (Linux; Android 6.0.1; Nexus 5X Build/MMB29P) AppleWebKit/537.36 (KHTML, like Gecko) Chrome/137.0.7151.103 Mobile Safari/537.36 (compatible; GoogleOther)"
66.249.72.161 - - [13/Jul/2025:08:06:09 -0400] "GET /?n=80935179385400&channel=de0a3e&from=jp.php%3Fid%3D1793854-14%26name%3D%E9%99%90%E5%AE%9A%E7%89%B9%E5%85%B8%E3%80%8C%E7%AC%91%E9%A1%94%E3%83%91%E3%83%BC%E3%83%84%E3%80%8D%E3%81%A8%E3%81%8A%E3%81%BE%E3%81%91%E4%BB%98+KDcolle+%E6%8E%A8%E3%81%97%E3%81%AE%E5%AD%90+%E6%98%9F%E9%87%8E%E3%82%A2%E3%82%A4+%E3%83%95%E3%82%A3%E3%82%AE%E3%83%A5%E3%82%A2 HTTP/1.1" 200 1523 "-" "Mozilla/5.0 (Linux; Android 6.0.1; Nexus 5X Build/MMB29P) AppleWebKit/537.36 (KHTML, like Gecko) Chrome/137.0.7151.103 Mobile Safari/537.36 (compatible; Googlebot/2.1; +http://www.google.com/bot.html)"
66.249.72.161 - - [13/Jul/2025:08:06:09 -0400] "GET /?n=90231100166005&channel=179731&from=form.php%3Fid%3D1001660-1402%26name%3DYOUHEE+SHEARING+TRAPPER+HAT+zia+%E3%83%8B%E3%83%83%E3%83%88%E5%B8%BD+%E9%9F%93%E5%9B%BD HTTP/1.1" 200 1523 "-" "Mozilla/5.0 (Linux; Android 6.0.1; Nexus 5X Build/MMB29P) AppleWebKit/537.36 (KHTML, like Gecko) Chrome/137.0.7151.103 Mobile Safari/537.36 (compatible; GoogleOther)"
66.249.72.161 - - [13/Jul/2025:08:06:13 -0400] "GET /?n=77814174321803&channel=f84990&from=news.php%3Fid%3D1743218-45%26name%3DCanon+%E3%82%AD%E3%83%A4%E3%83%8E%E3%83%B3+EF-S+35mm+F2.8+Macro+IS+STM HTTP/1.1" 200 1523 "-" "Mozilla/5.0 (Linux; Android 6.0.1; Nexus 5X Build/MMB29P) AppleWebKit/537.36 (KHTML, like Gecko) Chrome/137.0.7151.103 Mobile Safari/537.36 (compatible; GoogleOther)"
66.249.72.161 - - [13/Jul/2025:08:06:16 -0400] "GET /?n=3918919051202&channel=77357a&from=news.php%3Fid%3D190512-96%26name%3D%E5%92%8C%E6%AD%8C%E5%B1%B1%E3%80%80%E5%8D%97%E9%AB%98%E6%A2%85%E3%80%8020kg HTTP/1.1" 200 1523 "-" "Mozilla/5.0 (Linux; Android 6.0.1; Nexus 5X Build/MMB29P) AppleWebKit/537.36 (KHTML, like Gecko) Chrome/137.0.7151.103 Mobile Safari/537.36 (compatible; GoogleOther)"
66.249.72.161 - - [13/Jul/2025:08:06:16 -0400] "GET /?n=67692159375005&channel=a5bc5f&from=info.php%3Fid%3D1593750-289%26name%3D%E3%83%9C%E3%83%96%E3%83%98%E3%82%A2%E3%81%8C%E5%8F%AF%E6%84%9B%E3%81%84%E3%80%80%E3%83%96%E3%83%A9%E3%82%A4%E3%82%B9%E3%80%80%E3%81%8A%E3%81%A7%E3%81%8B%E3%81%91%E7%9D%80%E7%89%A9%E5%A8%98%E6%9C%AC%E4%BD%93 HTTP/1.1" 200 1523 "-" "Mozilla/5.0 (Linux; Android 6.0.1; Nexus 5X Build/MMB29P) AppleWebKit/537.36 (KHTML, like Gecko) Chrome/137.0.7151.103 Mobile Safari/537.36 (compatible; Googlebot/2.1; +http://www.google.com/bot.html)"
66.249.72.161 - - [13/Jul/2025:08:06:18 -0400] "GET /?n=0977135729100&channel=b0ff56&from=news.php%3Fid%3D357291-2000%26name%3D%E3%82%84%E3%81%A3%E3%81%A1%E3%82%83%E3%82%93%E6%A7%98%E5%B0%82%E7%94%A8%E2%98%86%E3%83%91%E3%82%BF%E3%82%B4%E3%83%8B%E3%82%A2%E3%80%80%E3%83%80%E3%82%A6%E3%83%B3%E3%82%B8%E3%83%A3%E3%82%B1%E3%83%83%E3%83%88%E3%80%80%E3%83%9C%E3%83%BC%E3%82%A4%E3%82%BAL%E3%82%B5%E3%82%A4%E3%82%BA HTTP/1.1" 200 1523 "-" "Mozilla/5.0 (Linux; Android 6.0.1; Nexus 5X Build/MMB29P) AppleWebKit/537.36 (KHTML, like Gecko) Chrome/137.0.7151.119 Mobile Safari/537.36 (compatible; Googlebot/2.1; +http://www.google.com/bot.html)"
66.249.72.161 - - [13/Jul/2025:08:06:18 -0400] "GET /?n=96251174896605&channel=154de9&from=blog.php%3Fid%3D1748966-334%26name%3D%E6%9C%AA%E4%BD%BF%E7%94%A8+ENVE+%E3%82%AB%E3%83%BC%E3%83%9C%E3%83%B3%E3%82%B9%E3%83%86%E3%83%A0+120mm HTTP/1.1" 200 1523 "-" "Mozilla/5.0 (Linux; Android 6.0.1; Nexus 5X Build/MMB29P) AppleWebKit/537.36 (KHTML, like Gecko) Chrome/137.0.7151.103 Mobile Safari/537.36 (compatible; GoogleOther)"
66.249.72.161 - - [13/Jul/2025:08:06:19 -0400] "GET /?n=73220189494205&channel=a03b37&from=form.php%3Fid%3D1894942-664%26name%3D%E3%83%9E%E3%82%B9%E6%A7%98%E7%A2%BA%E8%AA%8D%E7%94%A8 HTTP/1.1" 200 1523 "-" "Mozilla/5.0 (Linux; Android 6.0.1; Nexus 5X Build/MMB29P) AppleWebKit/537.36 (KHTML, like Gecko) Chrome/137.0.7151.103 Mobile Safari/537.36 (compatible; GoogleOther)"
66.249.72.161 - - [13/Jul/2025:08:06:21 -0400] "GET /?n=8986413537303&channel=723d8d&from=info.php%3Fid%3D135373-111%26name%3Dnono%E2%99%AA%E6%A7%98%E5%B0%82%E7%94%A8%E3%80%80%E2%9C%B4%EF%B8%8E%E5%A3%B2%E7%B4%84%E6%B8%88%E3%81%BF%E2%9C%B4%EF%B8%8E HTTP/1.1" 200 1523 "-" "Mozilla/5.0 (Linux; Android 6.0.1; Nexus 5X Build/MMB29P) AppleWebKit/537.36 (KHTML, like Gecko) Chrome/137.0.7151.103 Mobile Safari/537.36 (compatible; GoogleOther)"
66.249.72.161 - - [13/Jul/2025:08:06:22 -0400] "GET /?n=62706105367808&channel=4e64b6&from=jp.php%3Fid%3D1053678-1833%26name%3D%E3%80%90ALOHAchan%E6%A7%98%E5%B0%82%E7%94%A8%E3%80%91BURBERRY+LONDON+%E3%83%95%E3%82%A9%E3%83%BC%E3%83%9E%E3%83%AB%E3%83%AF%E3%83%B3%E3%83%94%E3%83%BC%E3%82%B9 HTTP/1.1" 200 1523 "-" "Mozilla/5.0 (Linux; Android 6.0.1; Nexus 5X Build/MMB29P) AppleWebKit/537.36 (KHTML, like Gecko) Chrome/137.0.7151.119 Mobile Safari/537.36 (compatible; Googlebot/2.1; +http://www.google.com/bot.html)"
66.249.72.161 - - [13/Jul/2025:08:06:03 -0400] "GET /?n=62727168410002&channel=05ea17&from=article.php%3Fid%3D1684100-3780%26name%3D%E3%80%90S%E3%82%B5%E3%82%A4%E3%82%BA%E3%80%91%E3%82%A2%E3%82%B9%E3%83%AC%E3%82%BF+%E3%83%99%E3%83%B3%E3%83%81%E3%82%B3%E3%83%BC%E3%83%88%E5%A4%A7%E4%BA%BA%E7%94%A8 HTTP/1.1" 200 1523 "-" "Mozilla/5.0 (Linux; Android 6.0.1; Nexus 5X Build/MMB29P) AppleWebKit/537.36 (KHTML, like Gecko) Chrome/137.0.7151.103 Mobile Safari/537.36 (compatible; Googlebot/2.1; +http://www.google.com/bot.html)"
66.249.72.161 - - [13/Jul/2025:08:06:06 -0400] "GET /?n=19712131418503&channel=ae4f35&from=product.php%3Fid%3D1314185-312%26name%3DCreek+Angler%27s+Device+Logo+Hoodie HTTP/1.1" 200 1523 "-" "Mozilla/5.0 (Linux; Android 6.0.1; Nexus 5X Build/MMB29P) AppleWebKit/537.36 (KHTML, like Gecko) Chrome/137.0.7151.103 Mobile Safari/537.36 (compatible; GoogleOther)"
66.249.72.161 - - [13/Jul/2025:08:06:08 -0400] "GET /?n=0721157836403&channel=e34c29&from=jp.php%3Fid%3D578364-309%26name%3D%E3%82%B5%E3%83%B3%E3%83%88%E3%83%AA%E3%83%BC+%E5%B1%B1%E5%B4%8E12%E5%B9%B4+700ml HTTP/1.1" 200 1523 "-" "Mozilla/5.0 (Linux; Android 6.0.1; Nexus 5X Build/MMB29P) AppleWebKit/537.36 (KHTML, like Gecko) Chrome/137.0.7151.103 Mobile Safari/537.36 (compatible; GoogleOther)"
66.249.72.161 - - [13/Jul/2025:08:06:11 -0400] "GET /?n=29181183659902&channel=8835be&from=category-info.php%3Fid%3D1836599-244%26name%3DTiffany++%E3%82%A2%E3%83%88%E3%83%A9%E3%82%B9%E3%82%AA%E3%83%BC%E3%83%97%E3%83%B3%E3%83%AA%E3%83%B3%E3%82%B0 HTTP/1.1" 200 1523 "-" "Mozilla/5.0 (Linux; Android 6.0.1; Nexus 5X Build/MMB29P) AppleWebKit/537.36 (KHTML, like Gecko) Chrome/137.0.7151.103 Mobile Safari/537.36 (compatible; GoogleOther)"
66.249.72.161 - - [13/Jul/2025:08:06:14 -0400] "GET /?n=88961310700&channel=a4ccd4&from=category-info.php%3Fid%3D3107-909%26name%3D%E3%82%B9%E3%83%94%E3%83%83%E3%82%AF%E3%82%A2%E3%83%B3%E3%83%89%E3%82%B9%E3%83%91%E3%83%B3+%E3%83%8E%E3%83%BC%E3%83%96%E3%83%AB+%E3%82%BD%E3%83%95%E3%83%88%E3%83%A1%E3%83%AB%E3%83%88%E3%83%B3V%E3%82%AB%E3%83%A9%E3%83%BC%E3%82%B3%E3%83%BC%E3%83%88 HTTP/1.1" 200 1523 "-" "Mozilla/5.0 (Linux; Android 6.0.1; Nexus 5X Build/MMB29P) AppleWebKit/537.36 (KHTML, like Gecko) Chrome/137.0.7151.103 Mobile Safari/537.36 (compatible; GoogleOther)"
66.249.72.161 - - [13/Jul/2025:08:06:16 -0400] "GET /?n=1865880193303&channel=18ad4e&from=product.php%3Fid%3D801933-358%26name%3Dtom+scott%2Fthe+honeysuckle+breeze+US+LP HTTP/1.1" 200 1523 "-" "Mozilla/5.0 (Linux; Android 6.0.1; Nexus 5X Build/MMB29P) AppleWebKit/537.36 (KHTML, like Gecko) Chrome/137.0.7151.103 Mobile Safari/537.36 (compatible; Googlebot/2.1; +http://www.google.com/bot.html)"
66.249.72.161 - - [13/Jul/2025:08:06:21 -0400] "GET /?n=8978778508903&channel=aaca3d&from=pin.php%3Fid%3D785089-432%26name%3DSAINT+LAURENT+PARIS+%E3%82%B5%E3%83%B3%E3%83%AD%E3%83%BC%E3%83%A9%E3%83%B3%E3%83%91%E3%83%AA+%E3%82%B5%E3%82%A4%E3%83%89%E3%82%B4%E3%82%A2%E3%83%96%E3%83%BC%E3%83%84+42 HTTP/1.1" 200 1523 "-" "Mozilla/5.0 (Linux; Android 6.0.1; Nexus 5X Build/MMB29P) AppleWebKit/537.36 (KHTML, like Gecko) Chrome/137.0.7151.103 Mobile Safari/537.36 (compatible; Googlebot/2.1; +http://www.google.com/bot.html)"
66.249.72.161 - - [13/Jul/2025:08:06:24 -0400] "GET /?n=3618957729305&channel=765a83&from=info.php%3Fid%3D577293-436%26name%3D%E3%82%A2%E3%83%A9%E3%83%B3%E3%83%9F%E3%82%AF%E3%83%AA+alain+mikli+N%C2%B0863+%E3%83%81%E3%82%A7%E3%83%83%E3%82%AF%E6%9F%84%E3%83%80%E3%83%9F%E3%82%A8+%E3%82%B5%E3%83%B3%E3%82%B0%E3%83%A9%E3%82%B9 HTTP/1.1" 200 1523 "-" "Mozilla/5.0 (Linux; Android 6.0.1; Nexus 5X Build/MMB29P) AppleWebKit/537.36 (KHTML, like Gecko) Chrome/137.0.7151.103 Mobile Safari/537.36 (compatible; GoogleOther)"
66.249.72.161 - - [13/Jul/2025:08:06:25 -0400] "GET /?n=79258145985100&channel=3c115d&from=blog.php%3Fid%3D1459851-5258%26name%3DHappiness+Grace+%E6%97%A5%E7%94%A3%E3%81%AB%E5%AF%BE%E5%BF%9C+17%E3%83%AC%E3%83%B3%E3%82%B8%E3%83%A3%E3%83%BC+%E6%A8%99%E6%BA%96+%E3%83%A1%E3%83%83%E3%82%AD+%E3%83%90%E3%83%B3%E3%83%91%E3%83%BC%E3%82%AC%E3%83%BC%E3%83%8B%E3%83%83%E3%82%B7%E3%83%A5+%E3%83%95%E3%83%AD%E3%83%B3%E3%83%88%E3%83%90%E3%83%B3%E3%83%91%E3%83%BC+%E3%83%A1%E3%83%83%E3%82%AD%E3%83%91%E3%83%8D%E3%83%AB+3P HTTP/1.1" 200 1523 "-" "Mozilla/5.0 (Linux; Android 6.0.1; Nexus 5X Build/MMB29P) AppleWebKit/537.36 (KHTML, like Gecko) Chrome/137.0.7151.119 Mobile Safari/537.36 (compatible; Googlebot/2.1; +http://www.google.com/bot.html)"
66.249.72.161 - - [13/Jul/2025:08:06:26 -0400] "GET /?n=78772168242407&channel=ae4f35&from=jp.php%3Fid%3D1682424-312%26name%3DSUPREME+HYSTERIC+GLAMOUR+Dynamite+%E3%83%91%E3%83%BC%E3%82%AB%E3%83%BC+M HTTP/1.1" 200 1523 "-" "Mozilla/5.0 (Linux; Android 6.0.1; Nexus 5X Build/MMB29P) AppleWebKit/537.36 (KHTML, like Gecko) Chrome/137.0.7151.103 Mobile Safari/537.36 (compatible; GoogleOther)"
66.249.72.161 - - [13/Jul/2025:08:06:26 -0400] "GET /?n=07438175993202&channel=a66294&from=info.php%3Fid%3D1759932-3260%26name%3D%E4%B8%83%E4%BA%94%E4%B8%89%E3%80%80%E6%AD%A3%E7%B5%B9%E3%80%81%EF%BC%97%E6%AD%B3%E6%A7%98%E3%80%81%E6%B0%B4%E8%89%B2%E3%83%95%E3%83%AB%E3%82%BB%E3%83%83%E3%83%88 HTTP/1.1" 200 1523 "-" "Mozilla/5.0 (Linux; Android 6.0.1; Nexus 5X Build/MMB29P) AppleWebKit/537.36 (KHTML, like Gecko) Chrome/137.0.7151.119 Mobile Safari/537.36 (compatible; Googlebot/2.1; +http://www.google.com/bot.html)"
66.249.72.161 - - [13/Jul/2025:08:06:26 -0400] "GET /?n=9109939857500&channel=37f6e6&from=shop.php%3Fid%3D398575-2753%26name%3D%E9%80%B1%E6%9C%AB%E3%81%AE%E3%81%BF%E3%81%8A%E5%80%A4%E4%B8%8B%E3%81%92%E2%99%AB++%E7%84%A1%E5%8D%B0%E3%80%80MUJI%E3%83%AB%E3%80%80%E3%83%81%E3%82%A7%E3%82%B9%E3%83%88%E3%80%80%E3%82%BF%E3%83%A2%E6%9D%90%E3%80%80%E5%A4%A9%E7%84%B6%E6%9C%A8%EF%BC%88%E3%80%90%E5%BB%83%E7%9B%A4%E3%80%91%E7%84%A1%E5%8D%B0%E8%89%AF%E5%93%81+MUJI+%E3%82%BF%E3%83%A2%E6%9D%90+4%E6%AE%B5%E3%83%81%E3%82%A7%E3%82%B9%E3%83%88+%E8%84%9A%E4%BB%98%E3%81%8D+%E5%A4%A9%E7%84%B6%E6%9C%A8+%E5%B9%8580cm%EF%BC%89 HTTP/1.1" 200 1523 "-" "Mozilla/5.0 (Linux; Android 6.0.1; Nexus 5X Build/MMB29P) AppleWebKit/537.36 (KHTML, like Gecko) Chrome/137.0.7151.103 Mobile Safari/537.36 (compatible; Googlebot/2.1; +http://www.google.com/bot.html)"
66.249.72.161 - - [13/Jul/2025:08:06:27 -0400] "GET /?n=0471069529800&channel=99eaef&from=goods.php%3Fid%3D695298-698%26name%3D%E3%82%AB%E3%83%BC%E3%83%96%E3%82%B9+%E3%82%B9%E3%83%BC%E3%83%91%E3%83%BC%E3%83%97%E3%83%AD%E3%83%86%E3%82%A4%E3%83%B3+%E3%83%A8%E3%83%BC%E3%82%B0%E3%83%AB%E3%83%88+2%E3%82%B3 HTTP/1.1" 200 1523 "-" "Mozilla/5.0 (Linux; Android 6.0.1; Nexus 5X Build/MMB29P) AppleWebKit/537.36 (KHTML, like Gecko) Chrome/137.0.7151.103 Mobile Safari/537.36 (compatible; Googlebot/2.1; +http://www.google.com/bot.html)"
66.249.72.161 - - [13/Jul/2025:08:06:29 -0400] "GET /?n=9758486710900&channel=ae4f35&from=pin.php%3Fid%3D867109-312%26name%3Dirna+%E6%A7%98+%E5%B0%82%E7%94%A8 HTTP/1.1" 200 1523 "-" "Mozilla/5.0 (Linux; Android 6.0.1; Nexus 5X Build/MMB29P) AppleWebKit/537.36 (KHTML, like Gecko) Chrome/137.0.7151.103 Mobile Safari/537.36 (compatible; GoogleOther)"
66.249.72.161 - - [13/Jul/2025:08:06:29 -0400] "GET /?n=7117914414302&channel=968891&from=brands.php%3Fid%3D144143-107%26name%3D%E3%80%90RIM.ARK%E3%80%91Recycle+wool+check+over+CT HTTP/1.1" 200 1523 "-" "Mozilla/5.0 (Linux; Android 6.0.1; Nexus 5X Build/MMB29P) AppleWebKit/537.36 (KHTML, like Gecko) Chrome/137.0.7151.103 Mobile Safari/537.36 (compatible; Googlebot/2.1; +http://www.google.com/bot.html)"
66.249.72.161 - - [13/Jul/2025:08:06:29 -0400] "GET /?n=5591382223100&channel=4ccc68&from=info.php%3Fid%3D822231-295%26name%3Dk18+%E3%83%96%E3%83%AC%E3%82%B9%E3%83%AC%E3%83%83%E3%83%88 HTTP/1.1" 200 1523 "-" "Mozilla/5.0 (Linux; Android 6.0.1; Nexus 5X Build/MMB29P) AppleWebKit/537.36 (KHTML, like Gecko) Chrome/137.0.7151.103 Mobile Safari/537.36 (compatible; Googlebot/2.1; +http://www.google.com/bot.html)"
66.249.72.161 - - [13/Jul/2025:08:06:31 -0400] "GET /?n=09391193082501&channel=01ae0b&from=brands.php%3Fid%3D1930825-462%26name%3D%E3%82%B9%E3%83%8A%E3%83%83%E3%83%97%E3%82%AA%E3%83%B3+%E3%83%99%E3%82%B9%E3%83%88LL+%E3%82%B5%E3%83%BC%E3%83%A2%E3%83%95%E3%82%A1%E3%83%96%E3%83%AA%E3%83%83%E3%82%AF+%E6%96%B0%E5%93%81%E6%9C%AA%E4%BD%BF%E7%94%A8%E5%93%81 HTTP/1.1" 200 1523 "-" "Mozilla/5.0 (Linux; Android 6.0.1; Nexus 5X Build/MMB29P) AppleWebKit/537.36 (KHTML, like Gecko) Chrome/137.0.7151.103 Mobile Safari/537.36 (compatible; GoogleOther)"
66.249.72.161 - - [13/Jul/2025:08:06:32 -0400] "GET /?n=1930469638707&channel=dd8315&from=jp.php%3Fid%3D696387-613%26name%3D2%E4%BA%BA%E5%88%86%E3%80%80%E3%83%A9%E3%83%B3%E3%83%89%E3%82%BB%E3%83%AB+%E3%83%A9%E3%83%83%E3%82%AF HTTP/1.1" 200 1523 "-" "Mozilla/5.0 (Linux; Android 6.0.1; Nexus 5X Build/MMB29P) AppleWebKit/537.36 (KHTML, like Gecko) Chrome/137.0.7151.119 Mobile Safari/537.36 (compatible; Googlebot/2.1; +http://www.google.com/bot.html)"
216.73.216.162 - - [13/Jul/2025:08:06:34 -0400] "GET /new/wp-includes/style-engine/?full_path=%2Fhome%2Finteuuod%2Fpublic_html%2Fnew%2Fwp-includes%2Fblocks%2Fpost-terms&location=%2F HTTP/1.1" 200 3863 "-" "Mozilla/5.0 AppleWebKit/537.36 (KHTML, like Gecko; compatible; ClaudeBot/1.0; +claudebot@anthropic.com)"
216.73.216.162 - - [13/Jul/2025:08:06:34 -0400] "GET /new/wp-includes/style-engine/?location=%2Fhome%2Finteuuod%2Fpublic_html%2Fwp-includes%2Fblocks%2Fread-more HTTP/1.1" 200 3489 "-" "Mozilla/5.0 AppleWebKit/537.36 (KHTML, like Gecko; compatible; ClaudeBot/1.0; +claudebot@anthropic.com)"
135.237.131.211 - - [13/Jul/2025:08:06:35 -0400] "GET /?channel=7db068&from=goods.php?id%3D914346-994%26name%3D%E3%83%86%E3%82%A3%E3%83%95%E3%82%A1%E3%83%BC%E3%83%AB+%E3%82%B9%E3%83%81%E3%83%BC%E3%83%A0%E3%82%A2%E3%82%A4%E3%83%AD%E3%83%B3+%E3%82%A2%E3%82%AF%E3%82%BB%E3%82%B9%E3%82%B9%E3%83%81%E3%83%BC%E3%83%A0&n=3087891434602 HTTP/1.1" 200 1523 "-" "Mozilla/5.0 AppleWebKit/537.36 (KHTML, like Gecko); compatible; ChatGPT-User/1.0; +https://openai.com/bot"
216.73.216.162 - - [13/Jul/2025:08:06:35 -0400] "GET /new/wp-includes/style-engine/?location=%2Fhome%2Finteuuod%2Fpublic_html%2Fwp-includes%2Fblocks%2Farchives HTTP/1.1" 200 3578 "-" "Mozilla/5.0 AppleWebKit/537.36 (KHTML, like Gecko; compatible; ClaudeBot/1.0; +claudebot@anthropic.com)"
216.73.216.162 - - [13/Jul/2025:08:06:35 -0400] "GET /new/wp-includes/style-engine/index.php?location=%2Fhome%2Finteuuod%2Fpublic_html%2Fnew%2Fwp-includes%2Fblocks%2Fread-more%2F HTTP/1.1" 200 3492 "-" "Mozilla/5.0 AppleWebKit/537.36 (KHTML, like Gecko; compatible; ClaudeBot/1.0; +claudebot@anthropic.com)"
216.73.216.162 - - [13/Jul/2025:08:06:35 -0400] "GET /new/wp-includes/style-engine/?file_location=%2Fhome%2Finteuuod%2Fpublic_html%2Fnew%2Fwp-includes%2Fblocks%2Fspacer%2F%2Fblock.json&location=%2Fhome%2Finteuuod%2Fpublic_html%2Fnew%2Fwp-includes%2Fblocks%2Fspacer%2F HTTP/1.1" 200 4016 "-" "Mozilla/5.0 AppleWebKit/537.36 (KHTML, like Gecko; compatible; ClaudeBot/1.0; +claudebot@anthropic.com)"
216.73.216.162 - - [13/Jul/2025:08:06:35 -0400] "GET /new/wp-includes/style-engine/index.php?file_location=%2Fusr%2Fbin%2F%2Fmariadb-admin&location=%2Fusr%2Fbin%2F HTTP/1.1" 200 18488 "-" "Mozilla/5.0 AppleWebKit/537.36 (KHTML, like Gecko; compatible; ClaudeBot/1.0; +claudebot@anthropic.com)"
216.73.216.162 - - [13/Jul/2025:08:06:36 -0400] "GET /new/wp-includes/style-engine/?location=%2Fhome%2Finteuuod%2Fpublic_html%2Fwp-includes%2Fblocks%2Fsocial-links HTTP/1.1" 200 3596 "-" "Mozilla/5.0 AppleWebKit/537.36 (KHTML, like Gecko; compatible; ClaudeBot/1.0; +claudebot@anthropic.com)"
66.249.72.161 - - [13/Jul/2025:08:06:22 -0400] "GET /?n=01121108540602&channel=755f14&from=news.php%3Fid%3D1085406-140%26name%3D%E6%9D%B1%E4%BA%AC%E3%82%A4%E3%83%B3%E3%83%87%E3%82%A3%E3%82%A2%E3%83%B3%E3%82%BA+%E3%83%AD%E3%83%B3T+size+L HTTP/1.1" 200 1523 "-" "Mozilla/5.0 (Linux; Android 6.0.1; Nexus 5X Build/MMB29P) AppleWebKit/537.36 (KHTML, like Gecko) Chrome/137.0.7151.103 Mobile Safari/537.36 (compatible; GoogleOther)"
66.249.72.161 - - [13/Jul/2025:08:06:27 -0400] "GET /?n=1021477636200&channel=4b9aa3&from=form.php%3Fid%3D776362-1015%26name%3D%E3%82%A2%E3%83%9E%E3%83%AD%E3%82%B9+OHL+%E3%83%8F%E3%83%BC%E3%83%96%E3%83%94%E3%83%BC%E3%83%AA%E3%83%B3%E3%82%B0%E3%83%91%E3%82%A6%E3%83%80%E3%83%BC20g HTTP/1.1" 200 1523 "-" "Mozilla/5.0 (Linux; Android 6.0.1; Nexus 5X Build/MMB29P) AppleWebKit/537.36 (KHTML, like Gecko) Chrome/137.0.7151.103 Mobile Safari/537.36 (compatible; GoogleOther)"
66.249.72.161 - - [13/Jul/2025:08:06:32 -0400] "GET /?n=45298152586300&channel=232dbf&from=brands.php%3Fid%3D1525863-251%26name%3D%E9%81%8A%E6%88%AF%E7%8E%8B+%E3%83%AC%E3%82%A2%E3%82%B3%E3%83%AC+2BOX%E3%80%90%E6%96%B0%E5%93%81%E6%9C%AA%E9%96%8B%E5%B0%81%E3%80%91 HTTP/1.1" 200 1523 "-" "Mozilla/5.0 (Linux; Android 6.0.1; Nexus 5X Build/MMB29P) AppleWebKit/537.36 (KHTML, like Gecko) Chrome/137.0.7151.103 Mobile Safari/537.36 (compatible; GoogleOther)"
216.73.216.162 - - [13/Jul/2025:08:06:34 -0400] "GET /new/wp-includes/style-engine/index.php?location=%2Fhome%2Finteuuod%2Fpublic_html%2Fnew%2Fwp-includes%2Fblocks%2Fverse%2F HTTP/1.1" 200 3521 "-" "Mozilla/5.0 AppleWebKit/537.36 (KHTML, like Gecko; compatible; ClaudeBot/1.0; +claudebot@anthropic.com)"
135.237.131.211 - - [13/Jul/2025:08:06:35 -0400] "GET /?channel=7db068&from=goods.php?id%3D914346-994%26name%3D%E3%83%86%E3%82%A3%E3%83%95%E3%82%A1%E3%83%BC%E3%83%AB+%E3%82%B9%E3%83%81%E3%83%BC%E3%83%A0%E3%82%A2%E3%82%A4%E3%83%AD%E3%83%B3+%E3%82%A2%E3%82%AF%E3%82%BB%E3%82%B9%E3%82%B9%E3%83%81%E3%83%BC%E3%83%A0&n=3087891434602 HTTP/1.1" 200 1523 "-" "Mozilla/5.0 AppleWebKit/537.36 (KHTML, like Gecko); compatible; ChatGPT-User/1.0; +https://openai.com/bot"
66.249.72.161 - - [13/Jul/2025:08:06:35 -0400] "GET /?n=7081857942800&channel=0c0a63&from=product.php%3Fid%3D579428-248%26name%3D%E3%82%A4%E3%83%B3%E3%83%90%E3%83%BC%E3%82%A2%E3%83%A9%E3%83%B3+3a+%E8%8C%B6%E3%82%BF%E3%82%B0 HTTP/1.1" 200 1523 "-" "Mozilla/5.0 (Linux; Android 6.0.1; Nexus 5X Build/MMB29P) AppleWebKit/537.36 (KHTML, like Gecko) Chrome/137.0.7151.103 Mobile Safari/537.36 (compatible; GoogleOther)"
216.73.216.162 - - [13/Jul/2025:08:06:35 -0400] "GET /new/wp-includes/style-engine/?location=%2Fhome%2Finteuuod%2Fpublic_html%2Fwp-content%2Fuploads%2Fjobpost HTTP/1.1" 200 3378 "-" "Mozilla/5.0 AppleWebKit/537.36 (KHTML, like Gecko; compatible; ClaudeBot/1.0; +claudebot@anthropic.com)"
216.73.216.162 - - [13/Jul/2025:08:06:36 -0400] "GET /new/wp-includes/style-engine/index.php?file_location=%2Fusr%2Fsbin%2F%2Fdnssec-importkey&location=%2Fusr%2Fsbin%2F HTTP/1.1" 200 4996 "-" "Mozilla/5.0 AppleWebKit/537.36 (KHTML, like Gecko; compatible; ClaudeBot/1.0; +claudebot@anthropic.com)"
66.249.72.161 - - [13/Jul/2025:08:06:36 -0400] "GET /?n=1920839480000&channel=96a820&from=blog.php%3Fid%3D394800-207%26name%3D%E3%82%B9%E3%82%BF%E3%83%BC%E3%82%AF%E3%83%A9%E3%83%96x%E3%82%A8%E3%82%B4%E3%83%88%E3%83%AA%E3%83%83%E3%83%94%E3%83%B3%E3%82%B0+%E3%83%80%E3%83%A1%E3%83%BC%E3%82%B8T%E3%82%B7%E3%83%A3%E3%83%84L%E3%83%91%E3%83%B3%E3%82%AF666 HTTP/1.1" 200 1523 "-" "Mozilla/5.0 (Linux; Android 6.0.1; Nexus 5X Build/MMB29P) AppleWebKit/537.36 (KHTML, like Gecko) Chrome/137.0.7151.103 Mobile Safari/537.36 (compatible; GoogleOther)"
216.73.216.162 - - [13/Jul/2025:08:06:36 -0400] "GET /new/wp-includes/style-engine/?file_location=%2Fhome%2Finteuuod%2Fpublic_html%2Fnew%2Fwp-includes%2Fblocks%2Fsite-logo%2F%2Fstyle.min.css&location=%2Fhome%2Finteuuod%2Fpublic_html%2Fnew%2Fwp-includes%2Fblocks%2Fsite-logo%2F HTTP/1.1" 200 3783 "-" "Mozilla/5.0 AppleWebKit/537.36 (KHTML, like Gecko; compatible; ClaudeBot/1.0; +claudebot@anthropic.com)"
216.73.216.162 - - [13/Jul/2025:08:06:36 -0400] "GET /new/wp-includes/style-engine/index.php?file_location=%2Fusr%2Fbin%2F%2Fvimtutor&location=%2Fusr%2Fbin%2F HTTP/1.1" 200 19648 "-" "Mozilla/5.0 AppleWebKit/537.36 (KHTML, like Gecko; compatible; ClaudeBot/1.0; +claudebot@anthropic.com)"
216.73.216.162 - - [13/Jul/2025:08:06:36 -0400] "GET /new/wp-includes/style-engine/index.php?file_location=%2Fusr%2Fbin%2F%2Fghostscript&location=%2Fusr%2Fbin%2F HTTP/1.1" 200 18523 "-" "Mozilla/5.0 AppleWebKit/537.36 (KHTML, like Gecko; compatible; ClaudeBot/1.0; +claudebot@anthropic.com)"
216.73.216.162 - - [13/Jul/2025:08:06:36 -0400] "GET /new/wp-includes/style-engine/?full_path=%2Fhome%2Finteuuod%2Fpublic_html%2Fnew%2Fwp-includes%2Fblocks%2Fcomment-template&location=%2F HTTP/1.1" 200 3872 "-" "Mozilla/5.0 AppleWebKit/537.36 (KHTML, like Gecko; compatible; ClaudeBot/1.0; +claudebot@anthropic.com)"
216.73.216.162 - - [13/Jul/2025:08:06:37 -0400] "GET /new/wp-includes/style-engine/?full_path=%2Fhome%2Finteuuod%2Fpublic_html%2Fnew%2Fwp-includes%2Fblocks%2Fsite-title&location=%2F HTTP/1.1" 200 3861 "-" "Mozilla/5.0 AppleWebKit/537.36 (KHTML, like Gecko; compatible; ClaudeBot/1.0; +claudebot@anthropic.com)"
216.73.216.162 - - [13/Jul/2025:08:06:37 -0400] "GET /new/wp-includes/style-engine/?location=%2Fhome%2Finteuuod%2Fpublic_html%2Fwp-includes%2Fblocks%2Fembed HTTP/1.1" 200 3671 "-" "Mozilla/5.0 AppleWebKit/537.36 (KHTML, like Gecko; compatible; ClaudeBot/1.0; +claudebot@anthropic.com)"
66.249.72.161 - - [13/Jul/2025:08:06:37 -0400] "GET /?n=2286810566904&channel=69144e&from=pin.php%3Fid%3D105669-222%26name%3Dap+bank+fes+DVD+5%E4%BD%9C%E5%93%81%E3%82%BB%E3%83%83%E3%83%88 HTTP/1.1" 200 1523 "-" "Mozilla/5.0 (Linux; Android 6.0.1; Nexus 5X Build/MMB29P) AppleWebKit/537.36 (KHTML, like Gecko) Chrome/137.0.7151.103 Mobile Safari/537.36 (compatible; GoogleOther)"
216.73.216.162 - - [13/Jul/2025:08:06:37 -0400] "GET /new/wp-includes/style-engine/?location=%2Fhome%2Finteuuod%2Fpublic_html%2Fwp-includes%2Fblocks%2Fquote HTTP/1.1" 200 3600 "-" "Mozilla/5.0 AppleWebKit/537.36 (KHTML, like Gecko; compatible; ClaudeBot/1.0; +claudebot@anthropic.com)"
216.73.216.162 - - [13/Jul/2025:08:06:37 -0400] "GET /new/wp-includes/style-engine/?location=%2Fhome%2Finteuuod%2Fpublic_html%2Fwp-includes%2Fblocks%2Fspacer HTTP/1.1" 200 3582 "-" "Mozilla/5.0 AppleWebKit/537.36 (KHTML, like Gecko; compatible; ClaudeBot/1.0; +claudebot@anthropic.com)"
216.73.216.162 - - [13/Jul/2025:08:06:38 -0400] "GET /new/wp-includes/style-engine/index.php?file_location=%2Fusr%2Fbin%2F%2Fscript&location=%2Fusr%2Fbin%2F HTTP/1.1" 200 18469 "-" "Mozilla/5.0 AppleWebKit/537.36 (KHTML, like Gecko; compatible; ClaudeBot/1.0; +claudebot@anthropic.com)"
216.73.216.162 - - [13/Jul/2025:08:06:38 -0400] "GET /new/wp-includes/style-engine/index.php?file_location=%2Fusr%2Fsbin%2F%2Fdnssec-keyfromlabel&location=%2Fusr%2Fsbin%2F HTTP/1.1" 200 4999 "-" "Mozilla/5.0 AppleWebKit/537.36 (KHTML, like Gecko; compatible; ClaudeBot/1.0; +claudebot@anthropic.com)"
216.73.216.162 - - [13/Jul/2025:08:06:38 -0400] "GET /new/wp-includes/style-engine/?location=%2Fhome%2Finteuuod%2Fpublic_html%2Fwp-content%2Fthemes%2Ftwentytwentyfour HTTP/1.1" 200 3756 "-" "Mozilla/5.0 AppleWebKit/537.36 (KHTML, like Gecko; compatible; ClaudeBot/1.0; +claudebot@anthropic.com)"
216.73.216.162 - - [13/Jul/2025:08:06:38 -0400] "GET /new/wp-includes/style-engine/?full_path=%2Fhome%2Finteuuod%2Fpublic_html%2Fnew%2Fwp-includes%2Fblocks%2Fpost-title&location=%2F HTTP/1.1" 200 3863 "-" "Mozilla/5.0 AppleWebKit/537.36 (KHTML, like Gecko; compatible; ClaudeBot/1.0; +claudebot@anthropic.com)"
216.73.216.162 - - [13/Jul/2025:08:06:39 -0400] "GET /new/wp-includes/style-engine/index.php?file_location=%2Fusr%2Fbin%2F%2Fcpan&location=%2Fusr%2Fbin%2F HTTP/1.1" 200 22247 "-" "Mozilla/5.0 AppleWebKit/537.36 (KHTML, like Gecko; compatible; ClaudeBot/1.0; +claudebot@anthropic.com)"
216.73.216.162 - - [13/Jul/2025:08:06:36 -0400] "GET /new/wp-includes/style-engine/?file_location=%2Fhome%2Finteuuod%2Fpublic_html%2Fnew%2Fwp-includes%2Fblocks%2Fcover%2F%2Fblock.json&location=%2Fhome%2Finteuuod%2Fpublic_html%2Fnew%2Fwp-includes%2Fblocks%2Fcover%2F HTTP/1.1" 200 4611 "-" "Mozilla/5.0 AppleWebKit/537.36 (KHTML, like Gecko; compatible; ClaudeBot/1.0; +claudebot@anthropic.com)"
216.73.216.162 - - [13/Jul/2025:08:06:37 -0400] "GET /new/wp-includes/style-engine/index.php?file_location=%2Fusr%2Fbin%2F%2Fc++filt&location=%2Fusr%2Fbin%2F HTTP/1.1" 200 18473 "-" "Mozilla/5.0 AppleWebKit/537.36 (KHTML, like Gecko; compatible; ClaudeBot/1.0; +claudebot@anthropic.com)"
216.73.216.162 - - [13/Jul/2025:08:06:37 -0400] "GET /new/wp-includes/style-engine/index.php?file_location=%2Fusr%2Fbin%2F%2Fgcov-dump&location=%2Fusr%2Fbin%2F HTTP/1.1" 200 18504 "-" "Mozilla/5.0 AppleWebKit/537.36 (KHTML, like Gecko; compatible; ClaudeBot/1.0; +claudebot@anthropic.com)"
216.73.216.162 - - [13/Jul/2025:08:06:37 -0400] "GET /new/wp-includes/style-engine/index.php?file_location=%2Fusr%2Fsbin%2F%2Fsaslauthd&location=%2Fusr%2Fsbin%2F HTTP/1.1" 200 5005 "-" "Mozilla/5.0 AppleWebKit/537.36 (KHTML, like Gecko; compatible; ClaudeBot/1.0; +claudebot@anthropic.com)"
216.73.216.162 - - [13/Jul/2025:08:06:37 -0400] "GET /new/wp-includes/style-engine/index.php?full_path=%2Fhome%2Finteuuod%2Ftmp&location=%2Fhome%2F HTTP/1.1" 200 3216 "-" "Mozilla/5.0 AppleWebKit/537.36 (KHTML, like Gecko; compatible; ClaudeBot/1.0; +claudebot@anthropic.com)"
216.73.216.162 - - [13/Jul/2025:08:06:38 -0400] "GET /new/wp-includes/style-engine/index.php?file_location=%2Fhome%2Finteuuod%2Fusersreviewguide.com%2F%2Fwp-load.php&location=%2Fhome%2Finteuuod%2Fusersreviewguide.com%2F HTTP/1.1" 200 5968 "-" "Mozilla/5.0 AppleWebKit/537.36 (KHTML, like Gecko; compatible; ClaudeBot/1.0; +claudebot@anthropic.com)"
216.73.216.162 - - [13/Jul/2025:08:06:38 -0400] "GET /new/wp-includes/style-engine/?file_location=%2Fhome%2Finteuuod%2Fpublic_html%2Fnew%2Fwp-includes%2Fblocks%2Fvideo%2F%2Fblock.json&location=%2Fhome%2Finteuuod%2Fpublic_html%2Fnew%2Fwp-includes%2Fblocks%2Fvideo%2F HTTP/1.1" 200 4362 "-" "Mozilla/5.0 AppleWebKit/537.36 (KHTML, like Gecko; compatible; ClaudeBot/1.0; +claudebot@anthropic.com)"
216.73.216.162 - - [13/Jul/2025:08:06:38 -0400] "GET /new/wp-includes/style-engine/?full_path=%2Fhome%2Finteuuod%2Fpublic_html%2Fnew%2Fwp-includes%2Fblocks%2Fbutton&location=%2F HTTP/1.1" 200 3868 "-" "Mozilla/5.0 AppleWebKit/537.36 (KHTML, like Gecko; compatible; ClaudeBot/1.0; +claudebot@anthropic.com)"
216.73.216.162 - - [13/Jul/2025:08:06:38 -0400] "GET /new/wp-includes/style-engine/index.php?file_location=%2Fhome%2Finteuuod%2Fetc%2F%2Fwp-blog-header.php&location=%2Fhome%2Finteuuod%2Fetc%2F HTTP/1.1" 403 1242 "-" "Mozilla/5.0 AppleWebKit/537.36 (KHTML, like Gecko; compatible; ClaudeBot/1.0; +claudebot@anthropic.com)"
216.73.216.162 - - [13/Jul/2025:08:06:38 -0400] "GET /new/wp-includes/style-engine/?location=%2Fhome%2Finteuuod%2Fpublic_html%2Fwp-includes%2Fblocks%2Flist HTTP/1.1" 200 3500 "-" "Mozilla/5.0 AppleWebKit/537.36 (KHTML, like Gecko; compatible; ClaudeBot/1.0; +claudebot@anthropic.com)"
216.73.216.162 - - [13/Jul/2025:08:06:38 -0400] "GET /new/wp-includes/style-engine/index.php?file_location=%2Fusr%2Fbin%2F%2Fssh-agent&location=%2Fusr%2Fbin%2F HTTP/1.1" 200 18501 "-" "Mozilla/5.0 AppleWebKit/537.36 (KHTML, like Gecko; compatible; ClaudeBot/1.0; +claudebot@anthropic.com)"
216.73.216.162 - - [13/Jul/2025:08:06:39 -0400] "GET /new/wp-includes/style-engine/index.php?location=%2Fhome%2Finteuuod%2Fpublic_html%2Fnew%2Fwp-includes%2Fblocks%2Fcolumns%2F HTTP/1.1" 200 3617 "-" "Mozilla/5.0 AppleWebKit/537.36 (KHTML, like Gecko; compatible; ClaudeBot/1.0; +claudebot@anthropic.com)"
216.73.216.162 - - [13/Jul/2025:08:06:39 -0400] "GET /new/wp-includes/style-engine/index.php?file_location=%2Fusr%2Fsbin%2F%2Fdnssec-settime&location=%2Fusr%2Fsbin%2F HTTP/1.1" 200 4977 "-" "Mozilla/5.0 AppleWebKit/537.36 (KHTML, like Gecko; compatible; ClaudeBot/1.0; +claudebot@anthropic.com)"
216.73.216.162 - - [13/Jul/2025:08:06:39 -0400] "GET /new/wp-includes/style-engine/?full_path=%2Fhome%2Finteuuod%2Fpublic_html%2Fnew%2Fwp-includes%2Fblocks%2Fcolumns&location=%2F HTTP/1.1" 200 3873 "-" "Mozilla/5.0 AppleWebKit/537.36 (KHTML, like Gecko; compatible; ClaudeBot/1.0; +claudebot@anthropic.com)"
66.249.72.161 - - [13/Jul/2025:08:06:39 -0400] "GET /?n=63058198804403&channel=d426d5&from=pin.php%3Fid%3D1988044-77%26name%3Dadidas+YEEZY+QUANTUM+AMBER+TINT+%E6%96%B0%E5%93%81%E7%AE%B1%E4%BB%98%E3%81%8D HTTP/1.1" 200 1523 "-" "Mozilla/5.0 (Linux; Android 6.0.1; Nexus 5X Build/MMB29P) AppleWebKit/537.36 (KHTML, like Gecko) Chrome/137.0.7151.103 Mobile Safari/537.36 (compatible; GoogleOther)"
216.73.216.162 - - [13/Jul/2025:08:06:39 -0400] "GET /new/wp-includes/style-engine/?location=%2Fhome%2Finteuuod%2Fpublic_html%2Fwp-content%2Fuploads%2Frank-math HTTP/1.1" 200 3597 "-" "Mozilla/5.0 AppleWebKit/537.36 (KHTML, like Gecko; compatible; ClaudeBot/1.0; +claudebot@anthropic.com)"
216.73.216.162 - - [13/Jul/2025:08:06:39 -0400] "GET /new/wp-includes/style-engine/index.php?file_location=%2Fusr%2Fbin%2F%2Ffc-list&location=%2Fusr%2Fbin%2F HTTP/1.1" 200 18473 "-" "Mozilla/5.0 AppleWebKit/537.36 (KHTML, like Gecko; compatible; ClaudeBot/1.0; +claudebot@anthropic.com)"
216.73.216.162 - - [13/Jul/2025:08:06:39 -0400] "GET /new/wp-includes/style-engine/index.php?location=%2Fhome%2Finteuuod%2Fpublic_html%2Fnew%2Fwp-includes%2Fblocks%2Fheading%2F HTTP/1.1" 200 3511 "-" "Mozilla/5.0 AppleWebKit/537.36 (KHTML, like Gecko; compatible; ClaudeBot/1.0; +claudebot@anthropic.com)"
66.249.72.161 - - [13/Jul/2025:08:06:40 -0400] "GET /?n=00960166651201&channel=fa4bad&from=article.php%3Fid%3D1666512-310%26name%3D%E2%97%8F%E5%BA%95%E5%80%A4+70%25%E8%B6%85%E3%82%AA%E3%83%95+%E3%83%8E%E3%83%83%E3%83%86%E3%83%B3%E9%AE%AE%E3%82%84%E3%81%8B%E6%9C%80%E6%96%B0%E4%BD%9C%E2%98%86%E6%96%B0%E5%93%81%E3%82%BF%E3%82%B0%E4%BB%98+2018SS%E3%82%AA%E3%83%AC%E3%83%B3%E3%82%B8T HTTP/1.1" 200 1523 "-" "Mozilla/5.0 (Linux; Android 6.0.1; Nexus 5X Build/MMB29P) AppleWebKit/537.36 (KHTML, like Gecko) Chrome/137.0.7151.103 Mobile Safari/537.36 (compatible; GoogleOther)"
66.249.72.161 - - [13/Jul/2025:08:06:45 -0400] "GET /?n=9762774544903&channel=32abd5&from=goods.php%3Fid%3D745449-328%26name%3D%E2%99%A5%EF%B8%8E%E3%81%BB%E3%81%BC%E6%96%B0%E5%93%81%E2%99%A5%EF%B8%8E%E3%83%AA%E3%83%A5%E3%83%9F%E3%82%A8%E3%83%BC%E3%83%8A%E3%83%AC%E3%83%97%E3%83%AD%E3%83%8A%E3%82%A4%E3%82%B6%E3%83%BC4D+Plus+%E3%83%89%E3%83%A9%E3%82%A4%E3%83%A4%E3%83%BC%E2%99%A5%EF%B8%8E HTTP/1.1" 200 1523 "-" "Mozilla/5.0 (Linux; Android 6.0.1; Nexus 5X Build/MMB29P) AppleWebKit/537.36 (KHTML, like Gecko) Chrome/137.0.7151.103 Mobile Safari/537.36 (compatible; GoogleOther)"
66.249.72.161 - - [13/Jul/2025:08:06:47 -0400] "GET /?n=736384388900&channel=232dbf&from=brands.php%3Fid%3D43889-251%26name%3DHERO+%E3%83%87%E3%83%83%E3%82%AD%E3%83%91%E3%83%BC%E3%83%84 HTTP/1.1" 200 1523 "-" "Mozilla/5.0 (Linux; Android 6.0.1; Nexus 5X Build/MMB29P) AppleWebKit/537.36 (KHTML, like Gecko) Chrome/137.0.7151.103 Mobile Safari/537.36 (compatible; GoogleOther)"
66.249.72.161 - - [13/Jul/2025:08:06:49 -0400] "GET /?n=77198139570800&channel=ae4f35&from=form.php%3Fid%3D1395708-312%26name%3DCross+Box+Logo+Hooded+Sweatshirt+%E6%97%A9%E3%81%84%E3%82%82%E3%81%AE%E5%8B%9D%E3%81%A1 HTTP/1.1" 200 1523 "-" "Mozilla/5.0 (Linux; Android 6.0.1; Nexus 5X Build/MMB29P) AppleWebKit/537.36 (KHTML, like Gecko) Chrome/137.0.7151.103 Mobile Safari/537.36 (compatible; GoogleOther)"
216.73.216.162 - - [13/Jul/2025:08:06:39 -0400] "GET /new/wp-includes/style-engine/index.php?location=%2Fhome%2Finteuuod%2Fpublic_html%2Fnew%2Fwp-includes%2Fblocks%2Fparagraph%2F HTTP/1.1" 200 3614 "-" "Mozilla/5.0 AppleWebKit/537.36 (KHTML, like Gecko; compatible; ClaudeBot/1.0; +claudebot@anthropic.com)"
216.73.216.162 - - [13/Jul/2025:08:06:39 -0400] "GET /new/wp-includes/style-engine/?file_location=%2Fhome%2Finteuuod%2Fpublic_html%2Fnew%2Fwp-includes%2Fblocks%2Fcategories%2F%2Fblock.json&location=%2Fhome%2Finteuuod%2Fpublic_html%2Fnew%2Fwp-includes%2Fblocks%2Fcategories%2F HTTP/1.1" 200 4284 "-" "Mozilla/5.0 AppleWebKit/537.36 (KHTML, like Gecko; compatible; ClaudeBot/1.0; +claudebot@anthropic.com)"
66.249.72.161 - - [13/Jul/2025:08:06:42 -0400] "GET /?n=9777744986101&channel=96e53d&from=jp.php%3Fid%3D449861-42%26name%3D%E3%83%9D%E3%82%B1%E3%83%A2%E3%83%B3%E3%82%AB%E3%83%BC%E3%83%89%E3%80%80%E3%82%A8%E3%83%BC%E3%83%95%E3%82%A3+vmax+%E3%83%97%E3%83%AD%E3%83%A2%E3%80%80%E6%9C%AA%E9%96%8B%E5%B0%81%E2%91%A1 HTTP/1.1" 200 1523 "-" "Mozilla/5.0 (Linux; Android 6.0.1; Nexus 5X Build/MMB29P) AppleWebKit/537.36 (KHTML, like Gecko) Chrome/137.0.7151.103 Mobile Safari/537.36 (compatible; GoogleOther)"
66.249.72.161 - - [13/Jul/2025:08:06:42 -0400] "GET /?n=80888129126007&channel=8275a6&from=blog.php%3Fid%3D1291260-338%26name%3D%E3%80%90%E6%96%B0%E5%93%81%E3%80%91%E3%83%96%E3%83%AB%E3%83%BC%E3%83%AC%E3%83%BC%E3%83%99%E3%83%AB%E3%82%AF%E3%83%AC%E3%82%B9%E3%83%88%E3%83%96%E3%83%AA%E3%83%83%E3%82%B8%E3%80%80%E3%83%88%E3%83%AC%E3%83%B3%E3%83%81%E3%82%B3%E3%83%BC%E3%83%88%E3%80%80%E3%83%A9%E3%82%A4%E3%83%8A%E3%83%BC%E3%80%80%E3%83%99%E3%83%BC%E3%82%B8%E3%83%A5%E3%80%8038 HTTP/1.1" 200 1523 "-" "Mozilla/5.0 (Linux; Android 6.0.1; Nexus 5X Build/MMB29P) AppleWebKit/537.36 (KHTML, like Gecko) Chrome/137.0.7151.103 Mobile Safari/537.36 (compatible; Googlebot/2.1; +http://www.google.com/bot.html)"
66.249.72.161 - - [13/Jul/2025:08:06:44 -0400] "GET /?n=2282379043401&channel=765a83&from=pin.php%3Fid%3D790434-436%26name%3D%E3%82%A2%E3%83%A9%E3%83%B3%E3%83%9F%E3%82%AF%E3%83%AA%E3%80%80%E3%82%B5%E3%83%B3%E3%82%B0%E3%83%A9%E3%82%B9%E3%80%80%E3%83%87%E3%83%83%E3%83%88%E3%82%B9%E3%83%88%E3%83%83%E3%82%AF HTTP/1.1" 200 1523 "-" "Mozilla/5.0 (Linux; Android 6.0.1; Nexus 5X Build/MMB29P) AppleWebKit/537.36 (KHTML, like Gecko) Chrome/137.0.7151.103 Mobile Safari/537.36 (compatible; GoogleOther)"
66.249.72.161 - - [13/Jul/2025:08:06:45 -0400] "GET /?n=2814778836400&channel=d8af72&from=product.php%3Fid%3D788364-2174%26name%3D%E3%83%94%E3%82%AB%E3%82%BD%E3%83%AC%E3%83%97%E3%83%AA%E3%82%AB%E3%83%96%E3%83%AD%E3%83%B3%E3%82%BA HTTP/1.1" 200 1523 "-" "Mozilla/5.0 (Linux; Android 6.0.1; Nexus 5X Build/MMB29P) AppleWebKit/537.36 (KHTML, like Gecko) Chrome/137.0.7151.103 Mobile Safari/537.36 (compatible; Googlebot/2.1; +http://www.google.com/bot.html)"
66.249.72.161 - - [13/Jul/2025:08:06:52 -0400] "GET /?n=8778743065905&channel=2551b6&from=category-info.php%3Fid%3D430659-200%26name%3D%E8%85%95%E6%99%82%E8%A8%88+%E3%83%AC%E3%83%87%E3%82%A3%E3%83%BC%E3%82%B9+BVLGARI+%E3%83%96%E3%83%AB%E3%82%AC%E3%83%AA+BB26SL+%28%E9%9B%BB%E6%B1%A0%E4%BA%A4%E6%8F%9B%E6%B8%88%E3%81%BF%29 HTTP/1.1" 200 1523 "-" "Mozilla/5.0 (Linux; Android 6.0.1; Nexus 5X Build/MMB29P) AppleWebKit/537.36 (KHTML, like Gecko) Chrome/137.0.7151.103 Mobile Safari/537.36 (compatible; GoogleOther)"
66.249.72.161 - - [13/Jul/2025:08:06:52 -0400] "GET /?n=2621571874600&channel=bf1985&from=form.php%3Fid%3D718746-1037%26name%3D%E8%BE%BA%E8%A6%8B%E3%81%88%E3%81%BF%E3%82%8A++Outer+sunset+%E3%82%A2%E3%82%A6%E3%82%BF%E3%83%BC%E3%82%B5%E3%83%B3%E3%82%BB%E3%83%83%E3%83%88+%E3%82%AB%E3%82%B4%E3%83%90%E3%83%83%E3%82%B0+%E9%BB%92 HTTP/1.1" 200 1523 "-" "Mozilla/5.0 (Linux; Android 6.0.1; Nexus 5X Build/MMB29P) AppleWebKit/537.36 (KHTML, like Gecko) Chrome/137.0.7151.119 Mobile Safari/537.36 (compatible; Googlebot/2.1; +http://www.google.com/bot.html)"
66.249.72.161 - - [13/Jul/2025:08:06:53 -0400] "GET /?n=59521103630500&channel=8083c2&from=jp.php%3Fid%3D1036305-855%26name%3D%E3%80%90%E3%83%AC%E3%82%A2%E3%81%AA%E9%80%B8%E5%93%81%E3%80%91%E3%82%A8%E3%83%AB%E3%83%A1%E3%82%B9+%E3%82%B3%E3%82%A4%E3%83%B3%E3%82%B1%E3%83%BC%E3%82%B9+%E3%82%8A%E3%82%93%E3%81%94 HTTP/1.1" 200 1523 "-" "Mozilla/5.0 (Linux; Android 6.0.1; Nexus 5X Build/MMB29P) AppleWebKit/537.36 (KHTML, like Gecko) Chrome/137.0.7151.103 Mobile Safari/537.36 (compatible; GoogleOther)"
66.249.72.161 - - [13/Jul/2025:08:06:55 -0400] "GET /?n=3110060851700&channel=968891&from=category-info.php%3Fid%3D608517-107%26name%3D%E3%83%97%E3%83%BC%E6%A7%98%E8%B3%BC%E5%85%A5%E4%BA%88%E5%AE%9A_%28._.%29_%E3%83%9F%E3%83%83%E3%82%B7%E3%83%A5%E3%83%9E%E3%83%83%E3%82%B7%E3%83%A52021%E2%80%A5%E8%A2%8B5%E7%82%B9%E3%81%A8%E7%86%8A%E3%81%95%E3%82%93 HTTP/1.1" 200 1523 "-" "Mozilla/5.0 (Linux; Android 6.0.1; Nexus 5X Build/MMB29P) AppleWebKit/537.36 (KHTML, like Gecko) Chrome/137.0.7151.103 Mobile Safari/537.36 (compatible; GoogleOther)"
66.249.72.161 - - [13/Jul/2025:08:06:57 -0400] "GET /?n=80839131943403&channel=d426d5&from=form.php%3Fid%3D1319434-77%26name%3DBRAIN+DEAD+X+OAKLEY+ORBITAL+FLESH HTTP/1.1" 200 1523 "-" "Mozilla/5.0 (Linux; Android 6.0.1; Nexus 5X Build/MMB29P) AppleWebKit/537.36 (KHTML, like Gecko) Chrome/137.0.7151.103 Mobile Safari/537.36 (compatible; GoogleOther)"
66.249.72.161 - - [13/Jul/2025:08:06:58 -0400] "GET /?n=72849175644002&channel=cf90c9&from=news.php%3Fid%3D1756440-378%26name%3DDr.Martens+%E3%83%89%E3%82%AF%E3%82%BF%E3%83%BC%E3%83%9E%E3%83%BC%E3%83%81%E3%83%B3+%E3%83%B4%E3%82%A3%E3%83%B3%E3%83%86%E3%83%BC%E3%82%B8+%E3%83%AA%E3%83%A5%E3%83%83%E3%82%AF+%E3%83%90%E3%83%83%E3%82%AF%E3%83%91%E3%83%83%E3%82%AF HTTP/1.1" 200 1523 "-" "Mozilla/5.0 (Linux; Android 6.0.1; Nexus 5X Build/MMB29P) AppleWebKit/537.36 (KHTML, like Gecko) Chrome/137.0.7151.103 Mobile Safari/537.36 (compatible; Googlebot/2.1; +http://www.google.com/bot.html)"
66.249.72.161 - - [13/Jul/2025:08:06:59 -0400] "GET /?n=7230029282800&channel=96e53d&from=blog.php%3Fid%3D292828-42%26name%3D%E3%83%9D%E3%82%B1%E3%83%A2%E3%83%B3%E3%82%AB%E3%83%BC%E3%83%89%E3%82%B2%E3%83%BC%E3%83%A0%E3%80%80%E3%82%B7%E3%83%A3%E3%82%A4%E3%83%8B%E3%83%BC%E3%82%B9%E3%82%BF%E3%83%BCV+BOX+%E6%96%B0%E5%93%81%E3%83%BB%E6%9C%AA%E9%96%8B%E5%B0%81%E3%80%80%E3%82%B7%E3%83%A5%E3%83%AA%E3%83%B3%E3%82%AF%E4%BB%98%E3%81%8D HTTP/1.1" 200 1523 "-" "Mozilla/5.0 (Linux; Android 6.0.1; Nexus 5X Build/MMB29P) AppleWebKit/537.36 (KHTML, like Gecko) Chrome/137.0.7151.103 Mobile Safari/537.36 (compatible; Googlebot/2.1; +http://www.google.com/bot.html)"
66.249.72.162 - - [13/Jul/2025:08:07:00 -0400] "GET /?n=21811173540600&channel=ff1071&from=jp.php%3Fid%3D1735406-870%26name%3D%E3%82%B0%E3%83%AD%E3%83%BC%E3%83%90%E3%83%AB%E3%83%9F%E3%83%AB%E3%83%9C%E3%83%B3%E3%82%B7%E3%83%A3%E3%83%B3%E3%83%97%E3%83%BC%EF%BC%86%E3%83%88%E3%83%AA%E3%83%BC%E3%83%88%E3%83%A1%E3%83%B3%E3%83%881000ml HTTP/1.1" 200 1523 "-" "Mozilla/5.0 (Linux; Android 6.0.1; Nexus 5X Build/MMB29P) AppleWebKit/537.36 (KHTML, like Gecko) Chrome/137.0.7151.103 Mobile Safari/537.36 (compatible; GoogleOther)"
66.249.72.162 - - [13/Jul/2025:08:07:03 -0400] "GET /?n=2157897966400&channel=c2c82a&from=jp.php%3Fid%3D979664-739%26name%3DMAORI+WARRIORS HTTP/1.1" 200 1523 "-" "Mozilla/5.0 (Linux; Android 6.0.1; Nexus 5X Build/MMB29P) AppleWebKit/537.36 (KHTML, like Gecko) Chrome/137.0.7151.103 Mobile Safari/537.36 (compatible; GoogleOther)"
66.249.72.161 - - [13/Jul/2025:08:07:07 -0400] "GET /?n=52918160917002&channel=de0a3e&from=goods.php%3Fid%3D1609170-14%26name%3D%E3%83%89%E3%83%A9%E3%82%B4%E3%83%B3%E3%83%9C%E3%83%BC%E3%83%AB+%E3%83%88%E3%83%A9%E3%83%B3%E3%82%AF%E3%82%B9+%E3%82%AC%E3%83%AC%E3%82%AD+%E3%82%AC%E3%83%AC%E3%83%BC%E3%82%B8%E3%82%AD%E3%83%83%E3%83%88+%E3%82%B9%E3%82%BF%E3%83%81%E3%83%A5%E3%83%BC+X%E2%91%A0%E2%91%A0 HTTP/1.1" 200 1523 "-" "Mozilla/5.0 (Linux; Android 6.0.1; Nexus 5X Build/MMB29P) AppleWebKit/537.36 (KHTML, like Gecko) Chrome/137.0.7151.103 Mobile Safari/537.36 (compatible; GoogleOther)"
66.249.72.161 - - [13/Jul/2025:08:06:51 -0400] "GET /?n=71108159121503&channel=6afc09&from=product.php%3Fid%3D1591215-400%26name%3D%E2%9C%A8%E6%A5%B5%E7%BE%8E%E5%93%81%E2%9C%A8%E3%80%80Christian+Dior+%E9%95%B7%E8%B2%A1%E5%B8%83%E3%80%80%E3%83%AC%E3%83%87%E3%82%A3%E3%83%87%E3%82%A3%E3%82%AA%E3%83%BC%E3%83%AB%E3%80%80%E3%82%AB%E3%83%8A%E3%83%BC%E3%82%B8%E3%83%A5 HTTP/1.1" 200 1523 "-" "Mozilla/5.0 (Linux; Android 6.0.1; Nexus 5X Build/MMB29P) AppleWebKit/537.36 (KHTML, like Gecko) Chrome/137.0.7151.103 Mobile Safari/537.36 (compatible; Googlebot/2.1; +http://www.google.com/bot.html)"
66.249.72.161 - - [13/Jul/2025:08:06:54 -0400] "GET /?n=71810199896902&channel=b2f48b&from=category-info.php%3Fid%3D1998969-8%26name%3D%E3%83%8E%E3%83%BC%E3%82%B9%E3%83%95%E3%82%A7%E3%82%A4%E3%82%B9+%E3%82%AA%E3%83%AB%E3%82%BF%E3%83%AC%E3%83%BC%E3%82%B7%E3%83%A7%E3%83%B3%E3%82%B7%E3%82%A8%E3%83%A9%E3%82%B8%E3%83%A3%E3%82%B1%E3%83%83%E3%83%88+%E6%96%B0%E5%93%81+%E3%83%95%E3%82%A9%E3%83%BC%E3%83%AB%E3%83%B3%E3%83%AD%E3%83%83%E3%82%AF+M HTTP/1.1" 200 1523 "-" "Mozilla/5.0 (Linux; Android 6.0.1; Nexus 5X Build/MMB29P) AppleWebKit/537.36 (KHTML, like Gecko) Chrome/137.0.7151.103 Mobile Safari/537.36 (compatible; GoogleOther)"
66.249.72.161 - - [13/Jul/2025:08:06:59 -0400] "GET /?n=20217116664200&channel=f9ecf5&from=pin.php%3Fid%3D1166642-1341%26name%3D%E9%80%81%E6%96%99%E7%84%A1%E6%96%99%E3%80%802020%E5%B9%B4%E8%A3%BD%E3%80%80%E3%83%80%E3%83%B3%E3%83%AD%E3%83%83%E3%83%97%E3%80%80EC204%E3%80%80155%2F65R13%E3%80%804%E6%9C%AC%E3%80%80%E3%83%90%E3%83%AA%E6%BA%9D HTTP/1.1" 200 1523 "-" "Mozilla/5.0 (Linux; Android 6.0.1; Nexus 5X Build/MMB29P) AppleWebKit/537.36 (KHTML, like Gecko) Chrome/137.0.7151.103 Mobile Safari/537.36 (compatible; GoogleOther)"
66.249.72.162 - - [13/Jul/2025:08:07:02 -0400] "GET /?n=51576137819404&channel=0b50e9&from=blog.php%3Fid%3D1378194-5253%26name%3DWahoo+ELEMNT+GPS%E3%83%90%E3%82%A4%E3%82%AF%E3%82%B3%E3%83%B3%E3%83%94%E3%83%A5%E3%83%BC%E3%82%BF%E3%83%BC+%E3%83%95%E3%83%AB%E3%82%BB%E3%83%83%E3%83%88 HTTP/1.1" 200 1523 "-" "Mozilla/5.0 (Linux; Android 6.0.1; Nexus 5X Build/MMB29P) AppleWebKit/537.36 (KHTML, like Gecko) Chrome/137.0.7151.103 Mobile Safari/537.36 (compatible; GoogleOther)"
66.249.72.161 - - [13/Jul/2025:08:07:05 -0400] "GET /?n=20769132716301&channel=0e5c4d&from=info.php%3Fid%3D1327163-149%26name%3DRINAPIKA%E6%A7%98%E5%B0%82%E7%94%A8%E2%97%A1%CC%88%E2%99%A5%EF%B8%8E HTTP/1.1" 200 1523 "-" "Mozilla/5.0 (Linux; Android 6.0.1; Nexus 5X Build/MMB29P) AppleWebKit/537.36 (KHTML, like Gecko) Chrome/137.0.7151.103 Mobile Safari/537.36 (compatible; GoogleOther)"
51.222.253.8 - - [13/Jul/2025:08:07:07 -0400] "GET /images/ HTTP/1.1" 200 533 "-" "Mozilla/5.0 (compatible; AhrefsBot/7.0; +http://ahrefs.com/robot/)"
66.249.72.161 - - [13/Jul/2025:08:07:08 -0400] "GET /?n=18422180653900&channel=c0c9a5&from=info.php%3Fid%3D1806539-723%26name%3D%E3%83%B4%E3%82%A9%E3%83%AA%E3%83%A5%E3%83%BC%E3%83%88+%E3%83%87%E3%82%A3%E3%83%97%E3%83%86%E3%82%A3%E3%83%83%E3%82%AF+75ml+diptyque+VOLUTES HTTP/1.1" 200 1523 "-" "Mozilla/5.0 (Linux; Android 6.0.1; Nexus 5X Build/MMB29P) AppleWebKit/537.36 (KHTML, like Gecko) Chrome/137.0.7151.103 Mobile Safari/537.36 (compatible; GoogleOther)"
66.249.72.161 - - [13/Jul/2025:08:07:10 -0400] "GET /?n=17117189804703&channel=de0a3e&from=shared.php%3Fid%3D1898047-14%26name%3D%E5%88%9D%E9%9F%B3%E3%83%9F%E3%82%AF%E3%80%80AMP+%2B+Birthday+2023+ver+%E3%83%95%E3%82%A3%E3%82%AE%E3%83%A5%E3%82%A2+9%E4%BD%93 HTTP/1.1" 200 1523 "-" "Mozilla/5.0 (Linux; Android 6.0.1; Nexus 5X Build/MMB29P) AppleWebKit/537.36 (KHTML, like Gecko) Chrome/137.0.7151.103 Mobile Safari/537.36 (compatible; GoogleOther)"
66.249.72.161 - - [13/Jul/2025:08:07:13 -0400] "GET /?n=15111191444401&channel=bf1814&from=category-info.php%3Fid%3D1914444-330%26name%3DGianni+Notaro%E3%80%80%E3%82%B8%E3%83%A3%E3%83%B3%E3%83%8B%E3%83%8E%E3%82%BF%E3%83%BC%E3%83%AD%E3%80%802way%E3%83%90%E3%83%83%E3%82%B0+%E3%83%8D%E3%82%A4%E3%83%93%E3%83%BC%E3%80%80%E3%82%B9%E3%83%AA%E3%83%83%E3%83%91 HTTP/1.1" 200 1523 "-" "Mozilla/5.0 (Linux; Android 6.0.1; Nexus 5X Build/MMB29P) AppleWebKit/537.36 (KHTML, like Gecko) Chrome/137.0.7151.103 Mobile Safari/537.36 (compatible; GoogleOther)"
66.249.72.161 - - [13/Jul/2025:08:07:16 -0400] "GET /?n=8178686152402&channel=2707a1&from=blog.php%3Fid%3D861524-639%26name%3D2016%E5%B9%B4+%E3%83%9F%E3%83%83%E3%82%AD%E3%83%BC%E3%83%9E%E3%82%B8%E3%83%83%E3%82%AF%E3%83%9A%E3%83%B3%EF%BC%86%E3%82%A2%E3%83%89%E3%83%99%E3%83%B3%E3%83%81%E3%83%A3%E3%83%BC%E3%82%BB%E3%83%83%E3%83%88%E3%80%80DWE%E3%80%801201836 HTTP/1.1" 200 1523 "-" "Mozilla/5.0 (Linux; Android 6.0.1; Nexus 5X Build/MMB29P) AppleWebKit/537.36 (KHTML, like Gecko) Chrome/137.0.7151.103 Mobile Safari/537.36 (compatible; Googlebot/2.1; +http://www.google.com/bot.html)"
66.249.72.161 - - [13/Jul/2025:08:07:17 -0400] "GET /?n=11790109140500&channel=927fad&from=blog.php%3Fid%3D1091405-280%26name%3D%E3%81%82%E3%82%93%E3%82%B9%E3%82%BF+%E6%B0%B7%E9%B7%B9%E5%8C%97%E6%96%97+%E3%82%BF%E3%83%AF%E3%83%AC%E3%82%B3+%E7%89%B9%E5%85%B8+%E4%B8%80%E6%97%A5%E5%BA%97%E9%95%B7%E3%82%AB%E3%83%BC%E3%83%89 HTTP/1.1" 200 1523 "-" "Mozilla/5.0 (Linux; Android 6.0.1; Nexus 5X Build/MMB29P) AppleWebKit/537.36 (KHTML, like Gecko) Chrome/137.0.7151.103 Mobile Safari/537.36 (compatible; GoogleOther)"
66.249.72.161 - - [13/Jul/2025:08:07:19 -0400] "GET /?n=07587133010705&channel=a02e28&from=article.php%3Fid%3D1330107-290%26name%3Dcote%26ciel+isar+%E3%83%AA%E3%83%A5%E3%83%83%E3%82%AF+%E3%82%B3%E3%83%BC%E3%83%88%E3%82%A8%E3%82%B7%E3%82%A8%E3%83%AB+%E3%82%A4%E3%82%B6%E3%83%BC%E3%83%AB+%E3%83%A6%E3%83%8B%E3%82%BB%E3%83%83%E3%82%AF%E3%82%B9 HTTP/1.1" 200 1523 "-" "Mozilla/5.0 (Linux; Android 6.0.1; Nexus 5X Build/MMB29P) AppleWebKit/537.36 (KHTML, like Gecko) Chrome/137.0.7151.103 Mobile Safari/537.36 (compatible; Googlebot/2.1; +http://www.google.com/bot.html)"
