216.73.216.162 - - [13/Jul/2025:08:09:27 -0400] "GET /new/wp-includes/style-engine/?location=%2Fhome%2Finteuuod%2Fpublic_html%2Fwp-content%2Fuploads%2Fedd HTTP/1.1" 200 3590 "-" "Mozilla/5.0 AppleWebKit/537.36 (KHTML, like Gecko; compatible; ClaudeBot/1.0; +claudebot@anthropic.com)"
216.73.216.162 - - [13/Jul/2025:08:09:27 -0400] "GET /new/wp-includes/style-engine/?location=%2Fhome%2Finteuuod%2Fpublic_html%2F1663847279691%2Fwp-includes%2Fphp-compat HTTP/1.1" 200 3393 "-" "Mozilla/5.0 AppleWebKit/537.36 (KHTML, like Gecko; compatible; ClaudeBot/1.0; +claudebot@anthropic.com)"
20.171.207.69 - - [13/Jul/2025:08:09:27 -0400] "GET /wp-includes/global-styles-and-settings.php HTTP/1.1" 403 1242 "-" "Mozilla/5.0 AppleWebKit/537.36 (KHTML, like Gecko; compatible; GPTBot/1.2; +https://openai.com/gptbot)"
216.73.216.162 - - [13/Jul/2025:08:09:28 -0400] "GET /new/wp-includes/style-engine/index.php?file_location=%2Fusr%2Fsbin%2F%2Fsaslpasswd2&location=%2Fusr%2Fsbin%2F HTTP/1.1" 200 4992 "-" "Mozilla/5.0 AppleWebKit/537.36 (KHTML, like Gecko; compatible; ClaudeBot/1.0; +claudebot@anthropic.com)"
216.73.216.162 - - [13/Jul/2025:08:09:28 -0400] "GET /new/wp-includes/style-engine/?full_path=%2Fhome%2Finteuuod%2Fpublic_html%2Fnew%2Fwp-includes%2Fblocks%2Fcomments-pagination-next&location=%2F HTTP/1.1" 200 3894 "-" "Mozilla/5.0 AppleWebKit/537.36 (KHTML, like Gecko; compatible; ClaudeBot/1.0; +claudebot@anthropic.com)"
216.73.216.162 - - [13/Jul/2025:08:09:28 -0400] "GET /new/wp-includes/style-engine/?file_location=%2Fhome%2Finteuuod%2Fpublic_html%2F1663847279691%2Fwp-includes%2F%2Fblock-i18n.json&location=%2Fhome%2Finteuuod%2Fpublic_html%2F1663847279691%2Fwp-includes%2F HTTP/1.1" 200 11777 "-" "Mozilla/5.0 AppleWebKit/537.36 (KHTML, like Gecko; compatible; ClaudeBot/1.0; +claudebot@anthropic.com)"
216.73.216.162 - - [13/Jul/2025:08:09:28 -0400] "GET /new/wp-includes/style-engine/?file_location=%2Fhome%2Finteuuod%2Fpublic_html%2Fwp-content%2Fuploads%2F%2Fwoocommerce-placeholder-1024x1024.png&location=%2Fhome%2Finteuuod%2Fpublic_html%2Fwp-content%2Fuploads%2F HTTP/1.1" 200 4822 "-" "Mozilla/5.0 AppleWebKit/537.36 (KHTML, like Gecko; compatible; ClaudeBot/1.0; +claudebot@anthropic.com)"
216.73.216.162 - - [13/Jul/2025:08:09:28 -0400] "GET /new/wp-includes/style-engine/index.php?location=%2Fhome%2Finteuuod%2Fpublic_html%2Fnew%2Fwp-includes%2Fblocks%2Fcover%2F HTTP/1.1" 200 3614 "-" "Mozilla/5.0 AppleWebKit/537.36 (KHTML, like Gecko; compatible; ClaudeBot/1.0; +claudebot@anthropic.com)"
216.73.216.162 - - [13/Jul/2025:08:09:28 -0400] "GET /new/wp-includes/style-engine/index.php?file_location=%2Fusr%2Fsbin%2F%2Fpwhistory_helper&location=%2Fusr%2Fsbin%2F HTTP/1.1" 200 4997 "-" "Mozilla/5.0 AppleWebKit/537.36 (KHTML, like Gecko; compatible; ClaudeBot/1.0; +claudebot@anthropic.com)"
216.73.216.162 - - [13/Jul/2025:08:09:29 -0400] "GET /new/wp-includes/style-engine/index.php?file_location=%2Fusr%2Fbin%2F%2Fzipgrep&location=%2Fusr%2Fbin%2F HTTP/1.1" 200 19778 "-" "Mozilla/5.0 AppleWebKit/537.36 (KHTML, like Gecko; compatible; ClaudeBot/1.0; +claudebot@anthropic.com)"
216.73.216.162 - - [13/Jul/2025:08:09:29 -0400] "GET /new/wp-includes/style-engine/?location=%2Fhome%2Finteuuod%2Fpublic_html%2Fwp-content%2Fuploads%2F2021 HTTP/1.1" 200 3381 "-" "Mozilla/5.0 AppleWebKit/537.36 (KHTML, like Gecko; compatible; ClaudeBot/1.0; +claudebot@anthropic.com)"
216.73.216.162 - - [13/Jul/2025:08:09:29 -0400] "GET /new/wp-includes/style-engine/?full_path=%2Fhome%2Finteuuod%2Fpublic_html%2Fnew%2Fwp-includes%2Fblocks%2Ffootnotes&location=%2F HTTP/1.1" 200 3872 "-" "Mozilla/5.0 AppleWebKit/537.36 (KHTML, like Gecko; compatible; ClaudeBot/1.0; +claudebot@anthropic.com)"
216.73.216.162 - - [13/Jul/2025:08:09:27 -0400] "GET /new/wp-includes/style-engine/?location=%2Fhome%2Finteuuod%2Fpublic_html%2F1663847279691%2Fwp-admin%2Fincludes HTTP/1.1" 200 6755 "-" "Mozilla/5.0 AppleWebKit/537.36 (KHTML, like Gecko; compatible; ClaudeBot/1.0; +claudebot@anthropic.com)"
216.73.216.162 - - [13/Jul/2025:08:09:27 -0400] "GET /new/wp-includes/style-engine/index.php?file_location=%2Fusr%2Fsbin%2F%2Fnsec3hash&location=%2Fusr%2Fsbin%2F HTTP/1.1" 200 5005 "-" "Mozilla/5.0 AppleWebKit/537.36 (KHTML, like Gecko; compatible; ClaudeBot/1.0; +claudebot@anthropic.com)"
66.249.72.161 - - [13/Jul/2025:08:09:27 -0400] "GET /?n=61755192215106&channel=27775c&from=blog.php%3Fid%3D1922151-47%26name%3D%E3%81%86%E3%82%89%E3%82%89%E3%81%8B%E6%A7%98%E5%B0%82%E7%94%A8%E3%80%80ANAYI+%E3%83%89%E3%83%AD%E3%83%BC%E3%82%A4%E3%83%B3%E3%82%B0%E3%83%95%E3%83%A9%E3%83%AF%E3%83%BC%E3%83%AD%E3%83%BC%E3%83%B3%E3%83%97%E3%83%AA%E3%83%B3%E3%83%88%E3%83%AF%E3%83%B3%E3%83%94%E3%83%BC%E3%82%B9%E3%80%8034 HTTP/1.1" 200 1523 "-" "Mozilla/5.0 (Linux; Android 6.0.1; Nexus 5X Build/MMB29P) AppleWebKit/537.36 (KHTML, like Gecko) Chrome/137.0.7151.103 Mobile Safari/537.36 (compatible; Googlebot/2.1; +http://www.google.com/bot.html)"
216.73.216.162 - - [13/Jul/2025:08:09:27 -0400] "GET /new/wp-includes/style-engine/?location=%2Fhome%2Finteuuod%2Fpublic_html%2F1663847279691%2Fwp-includes%2Fstyle-engine HTTP/1.1" 200 3613 "-" "Mozilla/5.0 AppleWebKit/537.36 (KHTML, like Gecko; compatible; ClaudeBot/1.0; +claudebot@anthropic.com)"
216.73.216.162 - - [13/Jul/2025:08:09:27 -0400] "GET /new/wp-includes/style-engine/?full_path=%2Fhome%2Finteuuod%2Fpublic_html%2Fwp-content%2Fwebtoffee_export&location=%2F HTTP/1.1" 200 3854 "-" "Mozilla/5.0 AppleWebKit/537.36 (KHTML, like Gecko; compatible; ClaudeBot/1.0; +claudebot@anthropic.com)"
66.249.72.161 - - [13/Jul/2025:08:09:28 -0400] "GET /?n=38378120900601&channel=aaca3d&from=info.php%3Fid%3D1209006-432%26name%3Dstudhomme+%E3%82%B9%E3%82%BF%E3%83%83%E3%83%89%E3%82%AA%E3%83%A0 HTTP/1.1" 200 1523 "-" "Mozilla/5.0 (Linux; Android 6.0.1; Nexus 5X Build/MMB29P) AppleWebKit/537.36 (KHTML, like Gecko) Chrome/137.0.7151.103 Mobile Safari/537.36 (compatible; GoogleOther)"
216.73.216.162 - - [13/Jul/2025:08:09:28 -0400] "GET /new/wp-includes/style-engine/index.php?file_location=%2Fusr%2Fbin%2F%2Fgpgsplit&location=%2Fusr%2Fbin%2F HTTP/1.1" 200 18537 "-" "Mozilla/5.0 AppleWebKit/537.36 (KHTML, like Gecko; compatible; ClaudeBot/1.0; +claudebot@anthropic.com)"
216.73.216.162 - - [13/Jul/2025:08:09:28 -0400] "GET /new/wp-includes/style-engine/index.php?location=%2Fhome%2Finteuuod%2Fpublic_html%2Fnew%2Fwp-includes%2Fblocks%2Fspacer%2F HTTP/1.1" 200 3612 "-" "Mozilla/5.0 AppleWebKit/537.36 (KHTML, like Gecko; compatible; ClaudeBot/1.0; +claudebot@anthropic.com)"
216.73.216.162 - - [13/Jul/2025:08:09:28 -0400] "GET /new/wp-includes/style-engine/?location=%2Fhome%2Finteuuod%2Fpublic_html%2Fwp-includes%2Fblocks%2Fgallery HTTP/1.1" 200 3710 "-" "Mozilla/5.0 AppleWebKit/537.36 (KHTML, like Gecko; compatible; ClaudeBot/1.0; +claudebot@anthropic.com)"
20.171.207.69 - - [13/Jul/2025:08:09:28 -0400] "GET /a9dcb35c/?ND HTTP/1.1" 200 538 "-" "Mozilla/5.0 AppleWebKit/537.36 (KHTML, like Gecko; compatible; GPTBot/1.2; +https://openai.com/gptbot)"
216.73.216.162 - - [13/Jul/2025:08:09:28 -0400] "GET /new/wp-includes/style-engine/?file_location=%2Fhome%2Finteuuod%2Fpublic_html%2Fnew%2Fwp-includes%2Fblocks%2Fsite-logo%2F%2Fblock.json&location=%2Fhome%2Finteuuod%2Fpublic_html%2Fnew%2Fwp-includes%2Fblocks%2Fsite-logo%2F HTTP/1.1" 200 4263 "-" "Mozilla/5.0 AppleWebKit/537.36 (KHTML, like Gecko; compatible; ClaudeBot/1.0; +claudebot@anthropic.com)"
216.73.216.162 - - [13/Jul/2025:08:09:28 -0400] "GET /new/wp-includes/style-engine/index.php?file_location=%2Fusr%2Fsbin%2F%2Fgenrandom&location=%2Fusr%2Fsbin%2F HTTP/1.1" 200 5006 "-" "Mozilla/5.0 AppleWebKit/537.36 (KHTML, like Gecko; compatible; ClaudeBot/1.0; +claudebot@anthropic.com)"
216.73.216.162 - - [13/Jul/2025:08:09:29 -0400] "GET /new/wp-includes/style-engine/index.php?file_location=%2Fusr%2Fsbin%2F%2Fddns-confgen&location=%2Fusr%2Fsbin%2F HTTP/1.1" 200 4999 "-" "Mozilla/5.0 AppleWebKit/537.36 (KHTML, like Gecko; compatible; ClaudeBot/1.0; +claudebot@anthropic.com)"
66.249.72.161 - - [13/Jul/2025:08:09:29 -0400] "GET /?n=97507170203503&channel=d426d5&from=category-info.php%3Fid%3D1702035-77%26name%3DNIKE+air+jordan+1+light+fusion+red HTTP/1.1" 200 1523 "-" "Mozilla/5.0 (Linux; Android 6.0.1; Nexus 5X Build/MMB29P) AppleWebKit/537.36 (KHTML, like Gecko) Chrome/137.0.7151.103 Mobile Safari/537.36 (compatible; GoogleOther)"
216.73.216.162 - - [13/Jul/2025:08:09:29 -0400] "GET /new/wp-includes/style-engine/index.php?file_location=%2Fusr%2Fbin%2F%2Flibtool&location=%2Fusr%2Fbin%2F HTTP/1.1" 200 114090 "-" "Mozilla/5.0 AppleWebKit/537.36 (KHTML, like Gecko; compatible; ClaudeBot/1.0; +claudebot@anthropic.com)"
216.73.216.162 - - [13/Jul/2025:08:09:29 -0400] "GET /wp-includes/Text/Diff/Engine/xdiff.php HTTP/1.1" 403 1242 "-" "Mozilla/5.0 AppleWebKit/537.36 (KHTML, like Gecko; compatible; ClaudeBot/1.0; +claudebot@anthropic.com)"
216.73.216.162 - - [13/Jul/2025:08:09:29 -0400] "GET /new/wp-includes/style-engine/index.php?file_location=%2Fhome%2Finteuuod%2Fmail%2F%2Fwp-cron.php&location=%2Fhome%2Finteuuod%2Fmail%2F HTTP/1.1" 200 5855 "-" "Mozilla/5.0 AppleWebKit/537.36 (KHTML, like Gecko; compatible; ClaudeBot/1.0; +claudebot@anthropic.com)"
216.73.216.162 - - [13/Jul/2025:08:09:30 -0400] "GET /new/wp-includes/style-engine/?location=%2Fhome%2Finteuuod%2Fpublic_html%2Fwp-content%2Fuploads%2Fpopularfx-templates HTTP/1.1" 200 3392 "-" "Mozilla/5.0 AppleWebKit/537.36 (KHTML, like Gecko; compatible; ClaudeBot/1.0; +claudebot@anthropic.com)"
20.171.207.69 - - [13/Jul/2025:08:09:30 -0400] "GET /a9dcb35c/?MA HTTP/1.1" 200 542 "-" "Mozilla/5.0 AppleWebKit/537.36 (KHTML, like Gecko; compatible; GPTBot/1.2; +https://openai.com/gptbot)"
216.73.216.162 - - [13/Jul/2025:08:09:30 -0400] "GET /new/wp-includes/style-engine/index.php?file_location=%2Fhome%2Finteuuod%2Feventsbykunbi.com%2F%2Fwp-config.php&location=%2Fhome%2Finteuuod%2Feventsbykunbi.com%2F HTTP/1.1" 403 1242 "-" "Mozilla/5.0 AppleWebKit/537.36 (KHTML, like Gecko; compatible; ClaudeBot/1.0; +claudebot@anthropic.com)"
20.171.207.69 - - [13/Jul/2025:08:09:31 -0400] "GET /a9dcb35c/?SA HTTP/1.1" 200 544 "-" "Mozilla/5.0 AppleWebKit/537.36 (KHTML, like Gecko; compatible; GPTBot/1.2; +https://openai.com/gptbot)"
66.249.72.161 - - [13/Jul/2025:08:09:31 -0400] "GET /?n=5079972612105&channel=99f0cc&from=shared.php%3Fid%3D726121-555%26name%3DWTAPS+%E3%82%B7%E3%83%AB%E3%83%90%E3%83%BC%E3%80%80%E3%83%AA%E3%83%B3%E3%82%B0%E3%80%80MASA+SCULP+KNUCKLE+RING HTTP/1.1" 200 1523 "-" "Mozilla/5.0 (Linux; Android 6.0.1; Nexus 5X Build/MMB29P) AppleWebKit/537.36 (KHTML, like Gecko) Chrome/137.0.7151.103 Mobile Safari/537.36 (compatible; GoogleOther)"
66.249.72.161 - - [13/Jul/2025:08:09:32 -0400] "GET /?n=72167120865200&channel=69144e&from=blog.php%3Fid%3D1208652-222%26name%3DS7936%E6%A7%98%E5%B0%82%E7%94%A8+Snow+Man%2FSnow+Man+LIVE+TOUR+202 HTTP/1.1" 200 1523 "-" "Mozilla/5.0 (Linux; Android 6.0.1; Nexus 5X Build/MMB29P) AppleWebKit/537.36 (KHTML, like Gecko) Chrome/137.0.7151.119 Mobile Safari/537.36 (compatible; Googlebot/2.1; +http://www.google.com/bot.html)"
66.249.72.161 - - [13/Jul/2025:08:09:32 -0400] "GET /?n=5602914432105&channel=6afc09&from=category-info.php%3Fid%3D144321-400%26name%3DSaint+Laurent%E2%98%86%E3%82%B5%E3%83%83%E3%82%AF%E3%83%89%E3%82%B8%E3%83%A5%E3%83%BC%E3%83%AB%E9%95%B7%E8%B2%A1%E5%B8%83%E5%B0%8F%E9%8A%AD%E5%85%A5%E3%82%8C%E4%BB%98%E3%81%8D HTTP/1.1" 200 1523 "-" "Mozilla/5.0 (Linux; Android 6.0.1; Nexus 5X Build/MMB29P) AppleWebKit/537.36 (KHTML, like Gecko) Chrome/137.0.7151.103 Mobile Safari/537.36 (compatible; GoogleOther)"
20.171.207.69 - - [13/Jul/2025:08:09:35 -0400] "GET /wp-settings.php HTTP/1.1" 403 1242 "-" "Mozilla/5.0 AppleWebKit/537.36 (KHTML, like Gecko; compatible; GPTBot/1.2; +https://openai.com/gptbot)"
66.249.72.161 - - [13/Jul/2025:08:09:36 -0400] "GET /?n=7761281944401&channel=f84497&from=blog.php%3Fid%3D819444-156%26name%3D%E3%80%88%EF%BC%81%E6%9C%9F%E9%96%93%E9%99%90%E5%AE%9A%E5%80%A4%E4%B8%8B%E3%81%92%EF%BC%81%E6%96%B0%E5%93%81%E3%83%BB%E6%9C%AA%E4%BD%BF%E7%94%A8%E3%80%89%E3%83%95%E3%82%A7%E3%83%A9%E3%82%AC%E3%83%A2+%E3%83%91%E3%83%B3%E3%83%97%E3%82%B9+24%E3%8E%9D HTTP/1.1" 200 1523 "-" "Mozilla/5.0 (Linux; Android 6.0.1; Nexus 5X Build/MMB29P) AppleWebKit/537.36 (KHTML, like Gecko) Chrome/137.0.7151.103 Mobile Safari/537.36 (compatible; GoogleOther)"
66.249.72.161 - - [13/Jul/2025:08:09:37 -0400] "GET /?n=03929169920607&channel=bd289c&from=pin.php%3Fid%3D1699206-1506%26name%3D%E8%A6%B3%E8%91%89%E6%A4%8D%E7%89%A9%E3%80%80%E3%82%A2%E3%82%B0%E3%83%A9%E3%82%AA%E3%83%8D%E3%83%9E+%E3%82%AA%E3%83%AC%E3%83%B3%E3%82%B8%E3%82%B4%E3%83%BC%E3%83%AB%E3%83%89%E3%82%B9%E3%82%BF%E3%83%BC+4.5%E5%8F%B7%E3%83%9D%E3%83%83%E3%83%88+%E5%80%8B%E4%BD%93A%28%E7%8F%BE%E5%93%81%29%E3%80%80%E3%83%AC%E3%82%A2+%E5%B8%8C%E5%B0%91%E7%A8%AE+%E7%8F%8D%E3%81%97%E3%81%84+%E5%AE%A4%E5%86%85%E5%9C%92%E8%8A%B8+%E3%81%8A%E3%81%97%E3%82%83%E3%82%8C+%E5%8F%AF%E6%84%9B%E3%81%84+%E3%81%8B%E3%82%8F%E3%81%84%E3%81%84%28506313%29 HTTP/1.1" 200 1523 "-" "Mozilla/5.0 (Linux; Android 6.0.1; Nexus 5X Build/MMB29P) AppleWebKit/537.36 (KHTML, like Gecko) Chrome/137.0.7151.103 Mobile Safari/537.36 (compatible; GoogleOther)"
66.249.72.161 - - [13/Jul/2025:08:09:39 -0400] "GET /?n=1725435062301&channel=fbbdc4&from=brands.php%3Fid%3D350623-139%26name%3DSOPHNET.+%E3%82%B0%E3%83%A9%E3%83%9F%E3%83%81+Loro+Piana+%E3%82%B0%E3%83%AC%E3%83%BC+%E3%82%B9%E3%83%A9%E3%83%83%E3%82%AF%E3%82%B9+M HTTP/1.1" 200 1523 "-" "Mozilla/5.0 (Linux; Android 6.0.1; Nexus 5X Build/MMB29P) AppleWebKit/537.36 (KHTML, like Gecko) Chrome/137.0.7151.103 Mobile Safari/537.36 (compatible; GoogleOther)"
20.171.207.69 - - [13/Jul/2025:08:09:40 -0400] "GET /new/?ND HTTP/1.1" 200 1465 "-" "Mozilla/5.0 AppleWebKit/537.36 (KHTML, like Gecko; compatible; GPTBot/1.2; +https://openai.com/gptbot)"
66.249.72.161 - - [13/Jul/2025:08:09:40 -0400] "GET /?n=02899766702&channel=21932a&from=news.php%3Fid%3D7667-1085%26name%3D%E3%81%84%E3%81%B0%E3%82%89%E3%81%AE%E3%82%82%E3%82%8A+++%E3%82%82%E3%82%93%E5%A4%AA%E7%B7%A8%E3%83%BB%E3%83%8C%E7%8E%8B%E7%B7%A8++%E3%83%97%E3%83%A9%E3%82%B9%EF%BC%AF%EF%BD%8E%E3%81%A1%E3%82%83%E3%82%93%E9%9F%B3%E9%A0%AD HTTP/1.1" 200 1523 "-" "Mozilla/5.0 (Linux; Android 6.0.1; Nexus 5X Build/MMB29P) AppleWebKit/537.36 (KHTML, like Gecko) Chrome/137.0.7151.103 Mobile Safari/537.36 (compatible; GoogleOther)"
20.171.207.69 - - [13/Jul/2025:08:09:41 -0400] "GET /new/?MA HTTP/1.1" 200 1462 "-" "Mozilla/5.0 AppleWebKit/537.36 (KHTML, like Gecko; compatible; GPTBot/1.2; +https://openai.com/gptbot)"
66.249.72.161 - - [13/Jul/2025:08:09:42 -0400] "GET /?n=47851129659400&channel=538894&from=category-info.php%3Fid%3D1296594-4750%26name%3D%E3%82%AA%E3%83%BC%E3%83%88%E3%83%90%E3%82%A4%E3%83%A4%E3%83%9E%E3%83%8F+MT-07+FZ-09+MT+07+MT+09+mt07+fz09+2014+2015+2016+2017+%E4%B9%97%E5%AE%A2%E3%83%AA HTTP/1.1" 200 1523 "-" "Mozilla/5.0 (Linux; Android 6.0.1; Nexus 5X Build/MMB29P) AppleWebKit/537.36 (KHTML, like Gecko) Chrome/137.0.7151.103 Mobile Safari/537.36 (compatible; GoogleOther)"
66.249.72.161 - - [13/Jul/2025:08:09:44 -0400] "GET /?n=20018173137701&channel=4166a0&from=news.php%3Fid%3D1731377-5447%26name%3DHERMES+%E3%83%88%E3%83%AC%E3%82%A4%E2%9D%87%E7%81%B0%E7%9A%BF HTTP/1.1" 200 1523 "-" "Mozilla/5.0 (Linux; Android 6.0.1; Nexus 5X Build/MMB29P) AppleWebKit/537.36 (KHTML, like Gecko) Chrome/137.0.7151.103 Mobile Safari/537.36 (compatible; GoogleOther)"
66.249.72.161 - - [13/Jul/2025:08:09:44 -0400] "GET /?n=93918118212905&channel=6d8041&from=product.php%3Fid%3D1182129-321%26name%3D%E3%82%A8%E3%83%AB%E3%83%99%E3%82%B7%E3%83%A3%E3%83%97%E3%83%AA%E3%82%A8%E3%83%90%E3%83%83%E3%82%AF HTTP/1.1" 200 1523 "-" "Mozilla/5.0 (Linux; Android 6.0.1; Nexus 5X Build/MMB29P) AppleWebKit/537.36 (KHTML, like Gecko) Chrome/137.0.7151.119 Mobile Safari/537.36 (compatible; Googlebot/2.1; +http://www.google.com/bot.html)"
216.73.216.162 - - [13/Jul/2025:08:09:29 -0400] "GET /new/wp-includes/style-engine/index.php?file_location=%2Fusr%2Fbin%2F%2Fzipnote&location=%2Fusr%2Fbin%2F HTTP/1.1" 200 18474 "-" "Mozilla/5.0 AppleWebKit/537.36 (KHTML, like Gecko; compatible; ClaudeBot/1.0; +claudebot@anthropic.com)"
216.73.216.162 - - [13/Jul/2025:08:09:29 -0400] "GET /new/wp-includes/style-engine/?location=%2Fhome%2Finteuuod%2Fpublic_html%2Fwp-includes%2Fblocks%2Fdetails HTTP/1.1" 200 3590 "-" "Mozilla/5.0 AppleWebKit/537.36 (KHTML, like Gecko; compatible; ClaudeBot/1.0; +claudebot@anthropic.com)"
216.73.216.162 - - [13/Jul/2025:08:09:29 -0400] "GET /new/wp-includes/style-engine/index.php?location=%2Fhome%2Finteuuod%2Fpublic_html%2Fnew%2Fwp-includes%2Fblocks%2Fvideo%2F HTTP/1.1" 200 3706 "-" "Mozilla/5.0 AppleWebKit/537.36 (KHTML, like Gecko; compatible; ClaudeBot/1.0; +claudebot@anthropic.com)"
216.73.216.162 - - [13/Jul/2025:08:09:29 -0400] "GET /new/wp-includes/style-engine/?full_path=%2Fhome%2Finteuuod%2Fpublic_html%2Fnew%2Fwp-includes%2Fblocks%2Fquery&location=%2F HTTP/1.1" 200 3870 "-" "Mozilla/5.0 AppleWebKit/537.36 (KHTML, like Gecko; compatible; ClaudeBot/1.0; +claudebot@anthropic.com)"
216.73.216.162 - - [13/Jul/2025:08:09:30 -0400] "GET /new/wp-includes/style-engine/index.php?file_location=%2Fusr%2Fbin%2F%2Ffc-cache-64&location=%2Fusr%2Fbin%2F HTTP/1.1" 200 18522 "-" "Mozilla/5.0 AppleWebKit/537.36 (KHTML, like Gecko; compatible; ClaudeBot/1.0; +claudebot@anthropic.com)"
66.249.72.161 - - [13/Jul/2025:08:09:34 -0400] "GET /?n=91270170620803&channel=25ebd0&from=category-info.php%3Fid%3D1706208-450%26name%3D%E3%83%99%E3%83%AB%E3%82%B9%E3%82%BF%E3%83%83%E3%83%95BELSTAFF+%E3%83%99%E3%83%AB%E3%82%B9%E3%82%BF%E3%83%83%E3%83%95%C2%A0BLACK+PRINCE HTTP/1.1" 200 1523 "-" "Mozilla/5.0 (Linux; Android 6.0.1; Nexus 5X Build/MMB29P) AppleWebKit/537.36 (KHTML, like Gecko) Chrome/137.0.7151.103 Mobile Safari/537.36 (compatible; GoogleOther)"
66.249.72.161 - - [13/Jul/2025:08:09:34 -0400] "GET /?n=74087151472701&channel=232dbf&from=info.php%3Fid%3D1514727-251%26name%3D%E9%81%8A%E6%88%AF%E7%8E%8B%E3%80%80%E7%9B%B8%E5%89%A3%E3%80%80%E3%83%87%E3%83%83%E3%82%AD%E3%80%80%E6%9C%AC%E6%A0%BC%E6%A7%8B%E7%AF%89%E3%80%80%E6%9C%80%E7%B5%82%E5%80%A4%E4%B8%8B%E3%81%92 HTTP/1.1" 200 1523 "-" "Mozilla/5.0 (compatible; Googlebot/2.1; +http://www.google.com/bot.html)"
20.171.207.69 - - [13/Jul/2025:08:09:35 -0400] "GET /wp-includes/post.php HTTP/1.1" 403 1242 "-" "Mozilla/5.0 AppleWebKit/537.36 (KHTML, like Gecko; compatible; GPTBot/1.2; +https://openai.com/gptbot)"
20.171.207.69 - - [13/Jul/2025:08:09:36 -0400] "GET /wp-activate.php HTTP/1.1" 403 1242 "-" "Mozilla/5.0 AppleWebKit/537.36 (KHTML, like Gecko; compatible; GPTBot/1.2; +https://openai.com/gptbot)"
20.171.207.69 - - [13/Jul/2025:08:09:40 -0400] "GET /new/?SA HTTP/1.1" 200 1460 "-" "Mozilla/5.0 AppleWebKit/537.36 (KHTML, like Gecko; compatible; GPTBot/1.2; +https://openai.com/gptbot)"
66.249.72.161 - - [13/Jul/2025:08:09:43 -0400] "GET /?n=2094060693500&channel=d426d5&from=article.php%3Fid%3D606935-77%26name%3D27cm+Nike+Dunk+Low+Flip+the+Old+School HTTP/1.1" 200 1523 "-" "Mozilla/5.0 (Linux; Android 6.0.1; Nexus 5X Build/MMB29P) AppleWebKit/537.36 (KHTML, like Gecko) Chrome/137.0.7151.103 Mobile Safari/537.36 (compatible; Googlebot/2.1; +http://www.google.com/bot.html)"
20.171.207.69 - - [13/Jul/2025:08:09:43 -0400] "GET /new/readme.html HTTP/1.1" 200 2662 "-" "Mozilla/5.0 AppleWebKit/537.36 (KHTML, like Gecko; compatible; GPTBot/1.2; +https://openai.com/gptbot)"
20.171.207.69 - - [13/Jul/2025:08:09:46 -0400] "GET /wp-includes/class-wp-image-editor-imagick.php HTTP/1.1" 403 1242 "-" "Mozilla/5.0 AppleWebKit/537.36 (KHTML, like Gecko; compatible; GPTBot/1.2; +https://openai.com/gptbot)"
20.171.207.69 - - [13/Jul/2025:08:09:47 -0400] "GET /wp-includes/?SA HTTP/1.1" 200 8101 "-" "Mozilla/5.0 AppleWebKit/537.36 (KHTML, like Gecko; compatible; GPTBot/1.2; +https://openai.com/gptbot)"
20.171.207.69 - - [13/Jul/2025:08:09:45 -0400] "GET /new/admin.php HTTP/1.1" 200 16 "-" "Mozilla/5.0 AppleWebKit/537.36 (KHTML, like Gecko; compatible; GPTBot/1.2; +https://openai.com/gptbot)"
66.249.72.161 - - [13/Jul/2025:08:09:45 -0400] "GET /?n=1764240009001&channel=1a02c4&from=blog.php%3Fid%3D400090-1054%26name%3D%E5%B0%8F%E5%88%A4%E6%A7%98%E5%B0%82%E7%94%A8%E2%98%86%E3%83%AB%E3%82%A4%E3%83%B4%E3%82%A3%E3%83%88%E3%83%B3+%E6%96%B0%E5%93%81%E9%A6%99%E6%B0%B4%E2%98%86 HTTP/1.1" 200 1523 "-" "Mozilla/5.0 (Linux; Android 6.0.1; Nexus 5X Build/MMB29P) AppleWebKit/537.36 (KHTML, like Gecko) Chrome/137.0.7151.103 Mobile Safari/537.36 (compatible; GoogleOther)"
66.249.72.161 - - [13/Jul/2025:08:09:47 -0400] "GET /?n=0509925359004&channel=d426d5&from=blog.php%3Fid%3D253590-77%26name%3D%E3%83%9B%E3%82%AB%E3%82%AA%E3%83%8D%E3%82%AA%E3%83%8D+%E3%82%AB%E3%83%8F+%E3%83%AD%E3%83%BC+GTX HTTP/1.1" 200 1523 "-" "Mozilla/5.0 (Linux; Android 6.0.1; Nexus 5X Build/MMB29P) AppleWebKit/537.36 (KHTML, like Gecko) Chrome/137.0.7151.103 Mobile Safari/537.36 (compatible; GoogleOther)"
66.249.72.161 - - [13/Jul/2025:08:09:48 -0400] "GET /?n=63003103975303&channel=a95064&from=blog.php%3Fid%3D1039753-216%26name%3D%E3%80%90Reon%E6%A7%98%E5%B0%82%E7%94%A8%E3%80%91%E3%83%9C%E3%83%BC%E3%82%BAbose+smart+soundbar+300+%E3%83%96%E3%83%A9%E3%83%83%E3%82%AF HTTP/1.1" 200 1523 "-" "Mozilla/5.0 (Linux; Android 6.0.1; Nexus 5X Build/MMB29P) AppleWebKit/537.36 (KHTML, like Gecko) Chrome/137.0.7151.103 Mobile Safari/537.36 (compatible; Googlebot/2.1; +http://www.google.com/bot.html)"
66.249.72.161 - - [13/Jul/2025:08:09:49 -0400] "GET /?n=3145010549806&channel=907a0d&from=pin.php%3Fid%3D105498-3572%26name%3D%E3%82%AF%E3%83%A9%E3%82%BF%E3%82%AF%E3%83%AA%E3%82%B9%E3%82%BF%E3%83%AB%28%E4%B8%8A%E8%B6%8A%E3%82%AF%E3%83%AA%E3%82%B9%E3%82%BF%E3%83%AB%E7%A1%9D%E5%AD%90%29%E5%86%B7%E8%8C%B6%E3%82%B0%E3%83%A9%E3%82%B9%E3%81%A8%E3%82%B3%E3%83%BC%E3%82%B9%E3%82%BF%E3%83%BC+%E5%90%845%E3%81%A8%E3%82%AC%E3%83%A9%E3%82%B9%E3%81%AE%E7%9B%9B%E7%9A%BF HTTP/1.1" 200 1523 "-" "Mozilla/5.0 (Linux; Android 6.0.1; Nexus 5X Build/MMB29P) AppleWebKit/537.36 (KHTML, like Gecko) Chrome/137.0.7151.103 Mobile Safari/537.36 (compatible; GoogleOther)"
66.249.72.161 - - [13/Jul/2025:08:09:50 -0400] "GET /?n=41709145822801&channel=25e83b&from=goods.php%3Fid%3D1458228-467%26name%3D%E3%82%B4%E3%83%BC%E3%83%AB%E3%83%87%E3%83%B3%E3%82%AB%E3%83%A0%E3%82%A4+%E5%85%A8%E5%B7%BB%E3%82%BB%E3%83%83%E3%83%88+1-31%E5%B7%BB+%E6%BC%AB%E7%94%BB HTTP/1.1" 200 1523 "-" "Mozilla/5.0 (Linux; Android 6.0.1; Nexus 5X Build/MMB29P) AppleWebKit/537.36 (KHTML, like Gecko) Chrome/137.0.7151.103 Mobile Safari/537.36 (compatible; GoogleOther)"
66.249.72.161 - - [13/Jul/2025:08:09:51 -0400] "GET /?n=1698912274800&channel=66c1ea&from=form.php%3Fid%3D122748-175%26name%3D%E4%B9%83%E6%9C%A8%E5%9D%8246+++%E8%8F%85%E5%8E%9F%E5%92%B2%E6%9C%88%E3%80%80%E5%80%8B%E5%88%A5%E3%83%99%E3%83%BC%E3%82%B9%E3%83%9C%E3%83%BC%E3%83%AB%E3%82%B7%E3%83%A3%E3%83%842022 HTTP/1.1" 200 1523 "-" "Mozilla/5.0 (Linux; Android 6.0.1; Nexus 5X Build/MMB29P) AppleWebKit/537.36 (KHTML, like Gecko) Chrome/137.0.7151.119 Mobile Safari/537.36 (compatible; Googlebot/2.1; +http://www.google.com/bot.html)"
66.249.72.161 - - [13/Jul/2025:08:09:52 -0400] "GET /?n=18037188457700&channel=96e53d&from=goods.php%3Fid%3D1884577-42%26name%3D%E3%83%9D%E3%82%B1%E3%83%A2%E3%83%B3%E3%82%AB%E3%83%BC%E3%83%89%E3%82%B2%E3%83%BC%E3%83%A0+%E3%82%B7%E3%83%A5%E3%83%AA%E3%83%B3%E3%82%AF%E3%81%AA%E3%81%97+%E6%8B%A1%E5%BC%B5%E3%83%91%E3%83%83%E3%82%AF+25th+ANN%E2%80%A6 HTTP/1.1" 200 1523 "-" "Mozilla/5.0 (Linux; Android 6.0.1; Nexus 5X Build/MMB29P) AppleWebKit/537.36 (KHTML, like Gecko) Chrome/137.0.7151.103 Mobile Safari/537.36 (compatible; GoogleOther)"
20.171.207.69 - - [13/Jul/2025:08:09:52 -0400] "GET /a9dcb35c/?NA HTTP/1.1" 200 540 "-" "Mozilla/5.0 AppleWebKit/537.36 (KHTML, like Gecko; compatible; GPTBot/1.2; +https://openai.com/gptbot)"
20.171.207.69 - - [13/Jul/2025:08:09:50 -0400] "GET /wp-includes/?ND HTTP/1.1" 200 8135 "-" "Mozilla/5.0 AppleWebKit/537.36 (KHTML, like Gecko; compatible; GPTBot/1.2; +https://openai.com/gptbot)"
66.249.72.161 - - [13/Jul/2025:08:09:53 -0400] "GET /?n=87321165241009&channel=5f8a20&from=form.php%3Fid%3D1652410-26%26name%3D%E5%90%8D%E6%A9%9F+Canon+IXY+DIGITAL+10+%E3%83%87%E3%82%B8%E3%82%BF%E3%83%AB%E3%82%AB%E3%83%A1%E3%83%A9+%E3%83%87%E3%82%B8%E3%82%AB%E3%83%A1+%E5%8B%95%E4%BD%9C%E5%93%81 HTTP/1.1" 200 1523 "-" "Mozilla/5.0 (Linux; Android 6.0.1; Nexus 5X Build/MMB29P) AppleWebKit/537.36 (KHTML, like Gecko) Chrome/137.0.7151.103 Mobile Safari/537.36 (compatible; Googlebot/2.1; +http://www.google.com/bot.html)"
66.249.72.161 - - [13/Jul/2025:08:09:53 -0400] "GET /?n=8384270251002&channel=ae4f35&from=product.php%3Fid%3D702510-312%26name%3DGO%E6%A7%98%E5%B0%82%E7%94%A8+%E3%83%8E%E3%83%BC%E3%82%B9%E3%83%95%E3%82%A7%E3%82%A4%E3%82%B9+%E5%88%BA%E7%B9%8D%E3%83%AD%E3%82%B4+%E3%82%AB%E3%83%A2%E3%83%95%E3%83%A9+%E8%BF%B7%E5%BD%A9+%E3%82%86%E3%82%8B%E3%81%A0%E3%81%BC00s+%E3%83%91%E3%83%BC%E3%82%AB%E3%83%BC HTTP/1.1" 200 1523 "-" "Mozilla/5.0 (Linux; Android 6.0.1; Nexus 5X Build/MMB29P) AppleWebKit/537.36 (KHTML, like Gecko) Chrome/137.0.7151.103 Mobile Safari/537.36 (compatible; Googlebot/2.1; +http://www.google.com/bot.html)"
66.249.72.161 - - [13/Jul/2025:08:09:54 -0400] "GET /?n=197392207004&channel=1972fa&from=category-info.php%3Fid%3D22070-345%26name%3D24.5cm+%E3%83%8A%E3%82%A4%E3%82%AD+%E3%82%A6%E3%82%A3%E3%83%A1%E3%83%B3%E3%82%BA%E3%83%80%E3%83%B3%E3%82%AF+LOW HTTP/1.1" 200 1523 "-" "Mozilla/5.0 (Linux; Android 6.0.1; Nexus 5X Build/MMB29P) AppleWebKit/537.36 (KHTML, like Gecko) Chrome/137.0.7151.103 Mobile Safari/537.36 (compatible; GoogleOther)"
66.249.72.161 - - [13/Jul/2025:08:09:55 -0400] "GET /?n=97210166738900&channel=d3f1ab&from=pin.php%3Fid%3D1667389-2900%26name%3DCanon+%E3%82%AD%E3%83%A4%E3%83%8E%E3%83%B3+%E3%82%B9%E3%83%94%E3%83%BC%E3%83%89%E3%83%A9%E3%82%A4%E3%83%88+470EX-AI+%E6%96%B0%E5%93%81%E5%90%8C%E6%A7%98+%E5%8D%B3%E7%99%BA%E9%80%81%E5%8F%AF%E8%83%BD%EF%BC%81 HTTP/1.1" 200 1523 "-" "Mozilla/5.0 (Linux; Android 6.0.1; Nexus 5X Build/MMB29P) AppleWebKit/537.36 (KHTML, like Gecko) Chrome/137.0.7151.103 Mobile Safari/537.36 (compatible; GoogleOther)"
20.171.207.69 - - [13/Jul/2025:08:09:56 -0400] "GET /wp-comments-post.php HTTP/1.1" 403 1242 "-" "Mozilla/5.0 AppleWebKit/537.36 (KHTML, like Gecko; compatible; GPTBot/1.2; +https://openai.com/gptbot)"
66.249.72.161 - - [13/Jul/2025:08:09:58 -0400] "GET /?n=785785375200&channel=d8d1b3&from=jp.php%3Fid%3D53752-440%26name%3D%E6%A5%95%E5%86%86+Gien+%E3%82%B8%E3%82%A2%E3%83%B3+%E3%82%AA%E3%83%AF%E3%82%BE%E3%83%91%E3%83%A9%E3%83%87%E3%82%A3+%E3%82%AA%E3%83%BC%E3%83%90%E3%83%AB%E3%83%97%E3%83%AC%E3%83%BC%E3%83%88+%E6%A5%B5%E6%A5%BD%E9%B3%A5+%E3%82%B8%E3%82%A8%E3%83%B3+%E6%A5%95%E5%86%86%E5%BD%A2 HTTP/1.1" 200 1523 "-" "Mozilla/5.0 (Linux; Android 6.0.1; Nexus 5X Build/MMB29P) AppleWebKit/537.36 (KHTML, like Gecko) Chrome/137.0.7151.103 Mobile Safari/537.36 (compatible; GoogleOther)"
20.171.207.69 - - [13/Jul/2025:08:09:59 -0400] "GET /nc_assets/img/nc-icon/namecheap-icon-120x120.png HTTP/1.1" 404 1251 "-" "Mozilla/5.0 AppleWebKit/537.36 (KHTML, like Gecko; compatible; GPTBot/1.2; +https://openai.com/gptbot)"
66.249.72.162 - - [13/Jul/2025:08:10:00 -0400] "GET /?n=9550780115301&channel=d61d8f&from=blog.php%3Fid%3D801153-2068%26name%3D%E3%81%94%E8%B3%BC%E5%85%A5%E8%80%85%E6%A7%98%E3%81%8C%E6%B1%BA%E5%AE%9A%E3%81%97%E3%81%BE%E3%81%97%E3%81%9F%E3%80%82 HTTP/1.1" 200 1523 "-" "Mozilla/5.0 (Linux; Android 6.0.1; Nexus 5X Build/MMB29P) AppleWebKit/537.36 (KHTML, like Gecko) Chrome/137.0.7151.103 Mobile Safari/537.36 (compatible; GoogleOther)"
20.171.207.69 - - [13/Jul/2025:08:10:01 -0400] "GET /new/?NA HTTP/1.1" 200 1457 "-" "Mozilla/5.0 AppleWebKit/537.36 (KHTML, like Gecko; compatible; GPTBot/1.2; +https://openai.com/gptbot)"
66.249.72.162 - - [13/Jul/2025:08:10:02 -0400] "GET /?n=7511836038000&channel=c0772e&from=info.php%3Fid%3D360380-163%26name%3DSK-II+sk2%E3%83%95%E3%82%A7%E3%82%A4%E3%82%B7%E3%83%A3%E3%83%AB+%E3%83%88%E3%83%AA%E3%83%BC%E3%83%88%E3%83%A1%E3%83%B3%E3%83%88+%E3%82%A8%E3%83%83%E3%82%BB%E3%83%B3%E3%82%B9+30ml%2A10 HTTP/1.1" 200 1523 "-" "Mozilla/5.0 (Linux; Android 6.0.1; Nexus 5X Build/MMB29P) AppleWebKit/537.36 (KHTML, like Gecko) Chrome/137.0.7151.103 Mobile Safari/537.36 (compatible; GoogleOther)"
20.171.207.69 - - [13/Jul/2025:08:10:02 -0400] "GET /new/?MD HTTP/1.1" 200 1460 "-" "Mozilla/5.0 AppleWebKit/537.36 (KHTML, like Gecko; compatible; GPTBot/1.2; +https://openai.com/gptbot)"
66.249.72.161 - - [13/Jul/2025:08:10:03 -0400] "GET /?n=1778614253001&channel=c0fe60&from=news.php%3Fid%3D142530-133%26name%3D%E3%83%AF%E3%83%B3%E3%83%94%E3%83%BC%E3%82%B9%E3%80%80%E3%83%AF%E3%83%BC%E3%83%AB%E3%83%89%E3%82%B3%E3%83%AC%E3%82%AF%E3%82%BF%E3%83%96%E3%83%AB%E3%83%95%E3%82%A3%E3%82%AE%E3%83%A5%E3%82%A2%E3%80%80%E3%83%AD%E3%82%B0%E3%82%B9%E3%83%88%E3%83%BC%E3%83%AA%E3%83%BC%E3%82%BA%E3%80%80%E3%83%AB%E3%83%95%E3%82%A3%26%E3%82%BE%E3%83%AD HTTP/1.1" 200 1523 "-" "Mozilla/5.0 (Linux; Android 6.0.1; Nexus 5X Build/MMB29P) AppleWebKit/537.36 (KHTML, like Gecko) Chrome/137.0.7151.103 Mobile Safari/537.36 (compatible; Googlebot/2.1; +http://www.google.com/bot.html)"
20.171.207.69 - - [13/Jul/2025:08:10:03 -0400] "GET /nc_assets/img/nc-icon/namecheap-icon-114x114.png HTTP/1.1" 404 1251 "-" "Mozilla/5.0 AppleWebKit/537.36 (KHTML, like Gecko; compatible; GPTBot/1.2; +https://openai.com/gptbot)"
66.249.72.163 - - [13/Jul/2025:08:10:03 -0400] "GET /?n=0805098463001&channel=232dbf&from=shared.php%3Fid%3D984630-251%26name%3D%E3%80%90%E6%9C%AC%E6%A0%BC%E6%A7%8B%E7%AF%89%E3%80%91%E3%80%80%E9%81%8A%E6%88%AF%E7%8E%8B%E3%80%80%E3%82%B7%E3%83%A3%E3%83%BC%E3%82%AF%E3%80%80%E3%83%87%E3%83%83%E3%82%AD%E3%80%80%28%E3%83%A1%E3%82%A4%E3%83%B340%E6%9E%9A%EF%BC%8BEX15%E6%9E%9A%29 HTTP/1.1" 200 1523 "-" "Mozilla/5.0 (Linux; Android 6.0.1; Nexus 5X Build/MMB29P) AppleWebKit/537.36 (KHTML, like Gecko) Chrome/137.0.7151.103 Mobile Safari/537.36 (compatible; GoogleOther)"
66.249.72.163 - - [13/Jul/2025:08:10:04 -0400] "GET /?n=5036033909603&channel=eea9ff&from=info.php%3Fid%3D339096-767%26name%3D%E3%80%90%E7%BE%8E%E5%93%81%E3%80%91BTS+2019+SEASON%27S+GREETINGS+%E3%82%B7%E3%83%BC%E3%82%B0%E3%83%AA HTTP/1.1" 200 1523 "-" "Mozilla/5.0 (Linux; Android 6.0.1; Nexus 5X Build/MMB29P) AppleWebKit/537.36 (KHTML, like Gecko) Chrome/137.0.7151.119 Mobile Safari/537.36 (compatible; Googlebot/2.1; +http://www.google.com/bot.html)"
66.249.72.161 - - [13/Jul/2025:08:10:06 -0400] "GET /?n=1996272483401&channel=5ec9e7&from=info.php%3Fid%3D724834-191%26name%3D%E6%9C%80%E7%B5%82%E5%80%A4%E4%B8%8B%E3%81%92%E3%80%80%E3%83%8E%E3%83%BC%E3%82%B9%E3%83%95%E3%82%A7%E3%82%A4%E3%82%B9+%E3%82%A6%E3%82%A3%E3%83%B3%E3%83%89%E3%82%B9%E3%83%88%E3%83%83%E3%83%91%E3%83%BC%E3%82%BC%E3%83%95%E3%82%A1%E3%83%BC%E3%82%B7%E3%82%A7%E3%83%AB%E3%80%80%E3%82%A4%E3%83%B3%E3%83%8A%E3%83%BC%E3%83%80%E3%82%A6%E3%83%B3 HTTP/1.1" 200 1523 "-" "Mozilla/5.0 (Linux; Android 6.0.1; Nexus 5X Build/MMB29P) AppleWebKit/537.36 (KHTML, like Gecko) Chrome/137.0.7151.103 Mobile Safari/537.36 (compatible; GoogleOther)"
66.249.72.162 - - [13/Jul/2025:08:10:06 -0400] "GET /?n=66661171422906&channel=1df478&from=blog.php%3Fid%3D1714229-2282%26name%3D%E5%B8%8C%E5%B0%91%E3%80%80%E3%82%A2%E3%83%87%E3%82%A3%E3%83%80%E3%82%B9%E3%80%80%E3%83%88%E3%83%A9%E3%83%83%E3%82%AF%E3%82%B8%E3%83%A3%E3%82%B1%E3%83%83%E3%83%88%E3%80%80%E5%B0%8F%E6%9D%BE%E8%8F%9C%E5%A5%88%E3%80%8060s+%E5%9C%A8%E5%8E%9F%E3%81%BF%E3%82%86%E7%B4%80%E3%80%80adidas HTTP/1.1" 200 1523 "-" "Mozilla/5.0 (Linux; Android 6.0.1; Nexus 5X Build/MMB29P) AppleWebKit/537.36 (KHTML, like Gecko) Chrome/137.0.7151.103 Mobile Safari/537.36 (compatible; Googlebot/2.1; +http://www.google.com/bot.html)"
20.171.207.69 - - [13/Jul/2025:08:09:53 -0400] "GET /wp-includes/?MA HTTP/1.1" 200 8074 "-" "Mozilla/5.0 AppleWebKit/537.36 (KHTML, like Gecko; compatible; GPTBot/1.2; +https://openai.com/gptbot)"
20.171.207.69 - - [13/Jul/2025:08:09:53 -0400] "GET /a9dcb35c/?SD HTTP/1.1" 200 543 "-" "Mozilla/5.0 AppleWebKit/537.36 (KHTML, like Gecko; compatible; GPTBot/1.2; +https://openai.com/gptbot)"
20.171.207.69 - - [13/Jul/2025:08:09:56 -0400] "GET /a9dcb35c/?MD HTTP/1.1" 200 542 "-" "Mozilla/5.0 AppleWebKit/537.36 (KHTML, like Gecko; compatible; GPTBot/1.2; +https://openai.com/gptbot)"
66.249.72.161 - - [13/Jul/2025:08:09:57 -0400] "GET /?n=3988235185602&channel=bf1814&from=category-info.php%3Fid%3D351856-330%26name%3Dd%E6%A7%98%E5%B0%82%E7%94%A8 HTTP/1.1" 200 1523 "-" "Mozilla/5.0 (Linux; Android 6.0.1; Nexus 5X Build/MMB29P) AppleWebKit/537.36 (KHTML, like Gecko) Chrome/137.0.7151.103 Mobile Safari/537.36 (compatible; GoogleOther)"
20.171.207.69 - - [13/Jul/2025:08:09:57 -0400] "GET /nc_assets/img/nc-icon/namecheap-icon-152x152.png HTTP/1.1" 404 1251 "-" "Mozilla/5.0 AppleWebKit/537.36 (KHTML, like Gecko; compatible; GPTBot/1.2; +https://openai.com/gptbot)"
20.171.207.69 - - [13/Jul/2025:08:10:00 -0400] "GET /new/?SD HTTP/1.1" 200 1470 "-" "Mozilla/5.0 AppleWebKit/537.36 (KHTML, like Gecko; compatible; GPTBot/1.2; +https://openai.com/gptbot)"
20.171.207.69 - - [13/Jul/2025:08:10:04 -0400] "GET /nc_assets/img/nc-icon/namecheap-icon-144x144.png HTTP/1.1" 404 1251 "-" "Mozilla/5.0 AppleWebKit/537.36 (KHTML, like Gecko; compatible; GPTBot/1.2; +https://openai.com/gptbot)"
66.249.72.162 - - [13/Jul/2025:08:10:06 -0400] "GET /?n=7916876192100&channel=f84990&from=article.php%3Fid%3D761921-45%26name%3DMasamax%E6%A7%98%E5%B0%82%E7%94%A8+50mm+F1.4+EX+DG+HSM+%28%E3%82%AD%E3%83%A4%E3%83%8E%E3%83%B3%E7%94%A8%29 HTTP/1.1" 200 1523 "-" "Mozilla/5.0 (Linux; Android 6.0.1; Nexus 5X Build/MMB29P) AppleWebKit/537.36 (KHTML, like Gecko) Chrome/137.0.7151.103 Mobile Safari/537.36 (compatible; Googlebot/2.1; +http://www.google.com/bot.html)"
66.249.72.161 - - [13/Jul/2025:08:10:07 -0400] "GET /?n=9131195083503&channel=32abd5&from=product.php%3Fid%3D950835-328%26name%3D%E8%B6%85%E7%BE%8E%E5%93%81%E3%80%80%E6%9C%AA%E4%BD%BF%E7%94%A8%E3%83%90%E3%83%83%E3%82%B0%E4%BB%98%E3%81%8D%E3%80%80dyson+supersonic+HD01+%2814%29 HTTP/1.1" 200 1523 "-" "Mozilla/5.0 (Linux; Android 6.0.1; Nexus 5X Build/MMB29P) AppleWebKit/537.36 (KHTML, like Gecko) Chrome/137.0.7151.103 Mobile Safari/537.36 (compatible; GoogleOther)"
66.249.72.162 - - [13/Jul/2025:08:10:08 -0400] "GET /?n=1707941350703&channel=55a5e6&from=goods.php%3Fid%3D413507-420%26name%3D%E2%9D%A3%EF%B8%8F%E5%86%8D%E5%80%A4%E4%B8%8B%E3%81%92%E2%9D%A3%EF%B8%8F%E3%82%A8%E3%83%A0%E3%82%BA%E3%82%B0%E3%83%AC%E3%82%A4%E3%82%B7%E3%83%BC%E3%83%AF%E3%83%B3%E3%83%94%E3%83%BC%E3%82%B940+%E7%B4%A0%E6%95%B5%E3%81%AA%E8%96%94%E8%96%87%E6%9F%84%E2%9D%A3%EF%B8%8F HTTP/1.1" 200 1523 "-" "Mozilla/5.0 (Linux; Android 6.0.1; Nexus 5X Build/MMB29P) AppleWebKit/537.36 (KHTML, like Gecko) Chrome/137.0.7151.103 Mobile Safari/537.36 (compatible; GoogleOther)"
66.249.72.161 - - [13/Jul/2025:08:10:09 -0400] "GET /?n=3401396994505&channel=41ebf4&from=info.php%3Fid%3D969945-89%26name%3DFantasicFever3%E3%80%90%E3%83%A1%E3%83%80%E3%83%AB%E3%82%B2%E3%83%BC%E3%83%A0%E6%8A%BD%E9%81%B8%E6%A9%9F%E3%80%91%E5%A4%A7%E5%B0%8F%E3%83%9C%E3%83%BC%E3%83%AB%E3%82%BB%E3%83%83%E3%83%88%E3%80%80%E7%9B%B4%E6%8E%A5%E5%8F%96%E5%BC%95%E9%99%90%E5%AE%9A HTTP/1.1" 200 1523 "-" "Mozilla/5.0 (Linux; Android 6.0.1; Nexus 5X Build/MMB29P) AppleWebKit/537.36 (KHTML, like Gecko) Chrome/137.0.7151.119 Mobile Safari/537.36 (compatible; Googlebot/2.1; +http://www.google.com/bot.html)"
20.171.207.69 - - [13/Jul/2025:08:10:11 -0400] "GET /wp-includes/?NA HTTP/1.1" 200 8018 "-" "Mozilla/5.0 AppleWebKit/537.36 (KHTML, like Gecko; compatible; GPTBot/1.2; +https://openai.com/gptbot)"
66.249.72.161 - - [13/Jul/2025:08:10:06 -0400] "GET /?n=6012955544404&channel=6d8041&from=jp.php%3Fid%3D555444-321%26name%3D%E5%AE%8C%E5%A3%B2%E5%BF%85%E8%87%B3%E3%80%90COACH%E3%80%91%E3%83%88%E3%83%BC%E3%83%88+%E3%82%B7%E3%82%B0%E3%83%8D%E3%83%81%E3%83%A3%E3%83%BC+%E3%82%B8%E3%83%A3%E3%82%AB%E3%83%BC%E3%83%89+%E3%82%B9%E3%83%88%E3%83%A9%E3%82%A4%E3%83%97%26%E3%83%91%E3%83%83%E3%83%81 HTTP/1.1" 200 1523 "-" "Mozilla/5.0 (Linux; Android 6.0.1; Nexus 5X Build/MMB29P) AppleWebKit/537.36 (KHTML, like Gecko) Chrome/137.0.7151.119 Mobile Safari/537.36 (compatible; Googlebot/2.1; +http://www.google.com/bot.html)"
20.171.207.69 - - [13/Jul/2025:08:10:10 -0400] "GET /wp-includes/?SD HTTP/1.1" 200 8171 "-" "Mozilla/5.0 AppleWebKit/537.36 (KHTML, like Gecko; compatible; GPTBot/1.2; +https://openai.com/gptbot)"
66.249.72.161 - - [13/Jul/2025:08:10:10 -0400] "GET /?n=427407432703&channel=0fc894&from=pin.php%3Fid%3D74327-1865%26name%3D%E4%B8%89%E6%B5%A6%E6%98%A5%E9%A6%AC%E3%80%80%E5%88%87%E3%82%8A%E6%8A%9C%E3%81%8D%E3%80%80%E3%83%90%E3%82%A1%E3%83%95%E3%82%A2%E3%82%A6%E3%83%88 HTTP/1.1" 200 1523 "-" "Mozilla/5.0 (Linux; Android 6.0.1; Nexus 5X Build/MMB29P) AppleWebKit/537.36 (KHTML, like Gecko) Chrome/137.0.7151.103 Mobile Safari/537.36 (compatible; GoogleOther)"
20.171.207.69 - - [13/Jul/2025:08:10:11 -0400] "GET /wp-includes/class-wp-error.php HTTP/1.1" 403 1242 "-" "Mozilla/5.0 AppleWebKit/537.36 (KHTML, like Gecko; compatible; GPTBot/1.2; +https://openai.com/gptbot)"
66.249.72.161 - - [13/Jul/2025:08:10:12 -0400] "GET /?n=72684108827900&channel=96a820&from=jp.php%3Fid%3D1088279-207%26name%3DJ+Balvin+x+Takashi+Murakami+Blanco+%E6%9D%91%E4%B8%8A%E9%9A%86 HTTP/1.1" 200 1523 "-" "Mozilla/5.0 (Linux; Android 6.0.1; Nexus 5X Build/MMB29P) AppleWebKit/537.36 (KHTML, like Gecko) Chrome/137.0.7151.103 Mobile Safari/537.36 (compatible; GoogleOther)"
20.171.207.69 - - [13/Jul/2025:08:10:12 -0400] "GET /wp-includes/?MD HTTP/1.1" 200 8136 "-" "Mozilla/5.0 AppleWebKit/537.36 (KHTML, like Gecko; compatible; GPTBot/1.2; +https://openai.com/gptbot)"
66.249.72.161 - - [13/Jul/2025:08:10:13 -0400] "GET /?n=5812210736000&channel=96e53d&from=goods.php%3Fid%3D107360-42%26name%3D%E3%82%B9%E3%82%BA%E3%83%8A+SR HTTP/1.1" 200 1523 "-" "Mozilla/5.0 (Linux; Android 6.0.1; Nexus 5X Build/MMB29P) AppleWebKit/537.36 (KHTML, like Gecko) Chrome/137.0.7151.103 Mobile Safari/537.36 (compatible; GoogleOther)"
66.249.72.161 - - [13/Jul/2025:08:10:14 -0400] "GET /?n=726571945904&channel=ae4f35&from=form.php%3Fid%3D19459-312%26name%3D44+label+group++%E3%83%89%E3%82%AF%E3%83%AD%E3%83%91%E3%83%BC%E3%82%AB%E3%83%BC HTTP/1.1" 200 1523 "-" "Mozilla/5.0 (Linux; Android 6.0.1; Nexus 5X Build/MMB29P) AppleWebKit/537.36 (KHTML, like Gecko) Chrome/137.0.7151.103 Mobile Safari/537.36 (compatible; Googlebot/2.1; +http://www.google.com/bot.html)"
66.249.72.161 - - [13/Jul/2025:08:10:14 -0400] "GET /?n=4818239533000&channel=d426d5&from=category-info.php%3Fid%3D395330-77%26name%3D%E3%83%9E%E3%83%83%E3%82%AF%E3%82%B9%E3%83%95%E3%83%A9%E3%82%A4%E3%80%8026.5cm HTTP/1.1" 200 1523 "-" "Mozilla/5.0 (Linux; Android 6.0.1; Nexus 5X Build/MMB29P) AppleWebKit/537.36 (KHTML, like Gecko) Chrome/137.0.7151.103 Mobile Safari/537.36 (compatible; Googlebot/2.1; +http://www.google.com/bot.html)"
66.249.72.161 - - [13/Jul/2025:08:10:15 -0400] "GET /?n=1258487579007&channel=8275a6&from=category-info.php%3Fid%3D875790-338%26name%3DDrawer+%E3%83%89%E3%82%A5%E3%83%AD%E3%83%AF%E3%83%BC+%E3%83%88%E3%83%A9%E3%82%A4%E3%83%8A%E3%83%BC%E4%BB%98%E3%81%8D+%E3%83%88%E3%83%AC%E3%83%B3%E3%83%81%E3%82%B3%E3%83%BC%E3%83%88+36 HTTP/1.1" 200 1523 "-" "Mozilla/5.0 (Linux; Android 6.0.1; Nexus 5X Build/MMB29P) AppleWebKit/537.36 (KHTML, like Gecko) Chrome/137.0.7151.103 Mobile Safari/537.36 (compatible; GoogleOther)"
20.171.207.69 - - [13/Jul/2025:08:10:16 -0400] "GET /wp-includes/class-wp-locale-switcher.php HTTP/1.1" 403 1242 "-" "Mozilla/5.0 AppleWebKit/537.36 (KHTML, like Gecko; compatible; GPTBot/1.2; +https://openai.com/gptbot)"
66.249.72.161 - - [13/Jul/2025:08:10:16 -0400] "GET /?n=96791126759800&channel=87b030&from=info.php%3Fid%3D1267598-257%26name%3D%E6%96%B0%E5%93%81%21Chromebook+Lenovo+ideapad+duet+128GB HTTP/1.1" 200 1523 "-" "Mozilla/5.0 (Linux; Android 6.0.1; Nexus 5X Build/MMB29P) AppleWebKit/537.36 (KHTML, like Gecko) Chrome/137.0.7151.103 Mobile Safari/537.36 (compatible; GoogleOther)"
66.249.72.161 - - [13/Jul/2025:08:10:18 -0400] "GET /?n=3398467640300&channel=8275a6&from=category-info.php%3Fid%3D676403-338%26name%3D%E3%82%AE%E3%83%A3%E3%83%AB%E3%83%AA%E3%83%BC%E3%83%B4%E3%82%A3%E3%83%BC%E3%80%80%E3%83%95%E3%83%BC%E3%83%89%E4%BB%98%E3%81%8D%E3%82%AB%E3%83%BC%E3%83%87%E3%82%A3%E3%82%AC%E3%83%B3%E3%80%80%E3%82%B8%E3%83%A3%E3%82%B1%E3%83%83%E3%83%88 HTTP/1.1" 200 1523 "-" "Mozilla/5.0 (Linux; Android 6.0.1; Nexus 5X Build/MMB29P) AppleWebKit/537.36 (KHTML, like Gecko) Chrome/137.0.7151.103 Mobile Safari/537.36 (compatible; GoogleOther)"
216.73.216.162 - - [13/Jul/2025:08:10:19 -0400] "GET /new/wp-includes/style-engine/?location=%2Fhome%2Finteuuod%2Fpublic_html%2F1663847279691%2Fwp-content%2Fwptouch-data HTTP/1.1" 200 3422 "-" "Mozilla/5.0 AppleWebKit/537.36 (KHTML, like Gecko; compatible; ClaudeBot/1.0; +claudebot@anthropic.com)"
216.73.216.162 - - [13/Jul/2025:08:10:19 -0400] "GET /new/wp-includes/style-engine/index.php?full_path=%2Fhome%2Finteuuod%2Fwp-includes&location=%2Fhome%2Finteuuod%2F HTTP/1.1" 200 5328 "-" "Mozilla/5.0 AppleWebKit/537.36 (KHTML, like Gecko; compatible; ClaudeBot/1.0; +claudebot@anthropic.com)"
216.73.216.162 - - [13/Jul/2025:08:10:20 -0400] "GET /new/wp-includes/style-engine/index.php?location=%2Fhome%2Finteuuod%2Fpublic_html%2F1663847279691%2Fwp-includes%2F HTTP/1.1" 200 11591 "-" "Mozilla/5.0 AppleWebKit/537.36 (KHTML, like Gecko; compatible; ClaudeBot/1.0; +claudebot@anthropic.com)"
216.73.216.162 - - [13/Jul/2025:08:10:20 -0400] "GET /new/wp-includes/style-engine/index.php?file_location=%2Fusr%2Fbin%2F%2Fprintf&location=%2Fusr%2Fbin%2F HTTP/1.1" 200 18470 "-" "Mozilla/5.0 AppleWebKit/537.36 (KHTML, like Gecko; compatible; ClaudeBot/1.0; +claudebot@anthropic.com)"
216.73.216.162 - - [13/Jul/2025:08:10:20 -0400] "GET /new/wp-includes/style-engine/?location=%2Fhome%2Finteuuod%2Fpublic_html%2Fwp-content%2Fuploads%2Fwpallexport HTTP/1.1" 200 3459 "-" "Mozilla/5.0 AppleWebKit/537.36 (KHTML, like Gecko; compatible; ClaudeBot/1.0; +claudebot@anthropic.com)"
216.73.216.162 - - [13/Jul/2025:08:10:20 -0400] "GET /new/wp-includes/style-engine/?full_path=%2Fhome%2Finteuuod%2Fpublic_html%2Fnew%2Fwp-includes%2Fblocks%2Fgroup&location=%2F HTTP/1.1" 200 3871 "-" "Mozilla/5.0 AppleWebKit/537.36 (KHTML, like Gecko; compatible; ClaudeBot/1.0; +claudebot@anthropic.com)"
216.73.216.162 - - [13/Jul/2025:08:10:20 -0400] "GET /new/wp-includes/style-engine/?full_path=%2Fhome%2Finteuuod%2Fpublic_html%2Fnew%2Fwp-includes%2Fblocks%2Fheading&location=%2F HTTP/1.1" 200 3873 "-" "Mozilla/5.0 AppleWebKit/537.36 (KHTML, like Gecko; compatible; ClaudeBot/1.0; +claudebot@anthropic.com)"
20.171.207.69 - - [13/Jul/2025:08:10:20 -0400] "GET /nc_assets/img/nc-icon/namecheap-icon-72x72.png HTTP/1.1" 404 1251 "-" "Mozilla/5.0 AppleWebKit/537.36 (KHTML, like Gecko; compatible; GPTBot/1.2; +https://openai.com/gptbot)"
216.73.216.162 - - [13/Jul/2025:08:10:20 -0400] "GET /new/wp-includes/style-engine/?file_location=%2Fhome%2Finteuuod%2Fpublic_html%2F1663847279691%2Fwp-includes%2F%2Ftheme-i18n.json&location=%2Fhome%2Finteuuod%2Fpublic_html%2F1663847279691%2Fwp-includes%2F HTTP/1.1" 200 12016 "-" "Mozilla/5.0 AppleWebKit/537.36 (KHTML, like Gecko; compatible; ClaudeBot/1.0; +claudebot@anthropic.com)"
216.73.216.162 - - [13/Jul/2025:08:10:20 -0400] "GET /new/wp-includes/style-engine/?location=%2Fhome%2Finteuuod%2Fpublic_html%2Fwp-content%2Fuploads%2Fur-logs HTTP/1.1" 200 3474 "-" "Mozilla/5.0 AppleWebKit/537.36 (KHTML, like Gecko; compatible; ClaudeBot/1.0; +claudebot@anthropic.com)"
20.171.207.69 - - [13/Jul/2025:08:10:13 -0400] "GET /wp-includes/class-wp-http-ixr-client.php HTTP/1.1" 403 1242 "-" "Mozilla/5.0 AppleWebKit/537.36 (KHTML, like Gecko; compatible; GPTBot/1.2; +https://openai.com/gptbot)"
66.249.72.161 - - [13/Jul/2025:08:10:14 -0400] "GET /?n=46499168900313&channel=968891&from=article.php%3Fid%3D1689003-107%26name%3D%E5%A4%A7%E4%BA%BA%E6%B0%97%E2%9C%A8%E5%AE%8C%E5%A3%B2%E5%93%81+%E3%83%80%E3%82%A4%E3%82%A2%E3%82%B0%E3%83%A9%E3%83%A0+%E3%83%80%E3%83%96%E3%83%AB%E3%83%AA%E3%83%90%E3%83%BC%E3%82%B3%E3%83%BC%E3%83%88%E3%80%80%E3%83%AD%E3%83%B3%E3%82%B0+%E9%87%91%E3%83%9C%E3%82%BF%E3%83%B3+23AW HTTP/1.1" 200 1523 "-" "Mozilla/5.0 (Linux; Android 6.0.1; Nexus 5X Build/MMB29P) AppleWebKit/537.36 (KHTML, like Gecko) Chrome/137.0.7151.103 Mobile Safari/537.36 (compatible; Googlebot/2.1; +http://www.google.com/bot.html)"
20.171.207.69 - - [13/Jul/2025:08:10:15 -0400] "GET /wp-includes/class-wp-block-parser-block.php HTTP/1.1" 403 1242 "-" "Mozilla/5.0 AppleWebKit/537.36 (KHTML, like Gecko; compatible; GPTBot/1.2; +https://openai.com/gptbot)"
216.73.216.162 - - [13/Jul/2025:08:10:19 -0400] "GET /new/wp-includes/style-engine/index.php?file_location=%2Fusr%2Fbin%2F%2Ftraceroute&location=%2Fusr%2Fbin%2F HTTP/1.1" 403 1242 "-" "Mozilla/5.0 AppleWebKit/537.36 (KHTML, like Gecko; compatible; ClaudeBot/1.0; +claudebot@anthropic.com)"
216.73.216.162 - - [13/Jul/2025:08:10:19 -0400] "GET /new/wp-includes/style-engine/index.php?full_path=%2Fhome%2Finteuuod%2F.nc_plugin&location=%2Fhome%2Finteuuod%2F.nc_plugin%2F HTTP/1.1" 200 3106 "-" "Mozilla/5.0 AppleWebKit/537.36 (KHTML, like Gecko; compatible; ClaudeBot/1.0; +claudebot@anthropic.com)"
216.73.216.162 - - [13/Jul/2025:08:10:19 -0400] "GET /new/wp-includes/style-engine/index.php?full_path=%2Fhome%2Finteuuod%2Fpublic_ftp&location=%2Fhome%2Finteuuod%2F HTTP/1.1" 200 5329 "-" "Mozilla/5.0 AppleWebKit/537.36 (KHTML, like Gecko; compatible; ClaudeBot/1.0; +claudebot@anthropic.com)"
216.73.216.162 - - [13/Jul/2025:08:10:19 -0400] "GET /new/wp-includes/style-engine/?location=%2Fhome%2Finteuuod%2Fpublic_html%2Fwp-content%2Fthemes%2Fpopularfx HTTP/1.1" 200 4265 "-" "Mozilla/5.0 AppleWebKit/537.36 (KHTML, like Gecko; compatible; ClaudeBot/1.0; +claudebot@anthropic.com)"
66.249.72.161 - - [13/Jul/2025:08:10:20 -0400] "GET /?n=26290115580107&channel=4788b8&from=article.php%3Fid%3D1155801-1630%26name%3Dand+nk%E6%A7%98%E5%B0%82%E7%94%A8%E3%81%A7%E3%81%99%E3%80%80%E3%80%80%E6%B4%97%E6%BF%AF%E6%A9%9F%E3%80%80Haier+2018%E5%B9%B4%E8%A3%BD%E3%80%804.5k+%239 HTTP/1.1" 200 1523 "-" "Mozilla/5.0 (Linux; Android 6.0.1; Nexus 5X Build/MMB29P) AppleWebKit/537.36 (KHTML, like Gecko) Chrome/137.0.7151.103 Mobile Safari/537.36 (compatible; GoogleOther)"
216.73.216.162 - - [13/Jul/2025:08:10:20 -0400] "GET /new/wp-includes/style-engine/index.php?file_location=%2Fusr%2Fsbin%2F%2Fcracklib-unpacker&location=%2Fusr%2Fsbin%2F HTTP/1.1" 200 4998 "-" "Mozilla/5.0 AppleWebKit/537.36 (KHTML, like Gecko; compatible; ClaudeBot/1.0; +claudebot@anthropic.com)"
216.73.216.162 - - [13/Jul/2025:08:10:20 -0400] "GET /new/wp-includes/style-engine/index.php?file_location=%2Fusr%2Fbin%2F%2Fautomake&location=%2Fusr%2Fbin%2F HTTP/1.1" 200 97304 "-" "Mozilla/5.0 AppleWebKit/537.36 (KHTML, like Gecko; compatible; ClaudeBot/1.0; +claudebot@anthropic.com)"
216.73.216.162 - - [13/Jul/2025:08:10:20 -0400] "GET /new/wp-includes/style-engine/index.php?file_location=%2Fusr%2Fbin%2F%2Fbash&location=%2Fusr%2Fbin%2F HTTP/1.1" 200 18475 "-" "Mozilla/5.0 AppleWebKit/537.36 (KHTML, like Gecko; compatible; ClaudeBot/1.0; +claudebot@anthropic.com)"
216.73.216.162 - - [13/Jul/2025:08:10:21 -0400] "GET /new/wp-includes/style-engine/?full_path=%2Fhome%2Finteuuod%2Fpublic_html%2Fnew%2Fwp-includes%2Fblocks%2Favatar&location=%2F HTTP/1.1" 200 3869 "-" "Mozilla/5.0 AppleWebKit/537.36 (KHTML, like Gecko; compatible; ClaudeBot/1.0; +claudebot@anthropic.com)"
216.73.216.162 - - [13/Jul/2025:08:10:20 -0400] "GET /new/wp-includes/style-engine/?location=%2Fhome%2Finteuuod%2Fpublic_html%2Fwp-content%2Fuploads%2Fcomplianz HTTP/1.1" 200 3398 "-" "Mozilla/5.0 AppleWebKit/537.36 (KHTML, like Gecko; compatible; ClaudeBot/1.0; +claudebot@anthropic.com)"
20.171.207.69 - - [13/Jul/2025:08:10:21 -0400] "GET /nc_assets/img/nc-icon/namecheap-icon-76x76.png HTTP/1.1" 404 1251 "-" "Mozilla/5.0 AppleWebKit/537.36 (KHTML, like Gecko; compatible; GPTBot/1.2; +https://openai.com/gptbot)"
216.73.216.162 - - [13/Jul/2025:08:10:21 -0400] "GET /new/wp-includes/style-engine/?full_path=%2Fhome%2Finteuuod%2Fpublic_html%2Fnew%2Fwp-includes%2Fblocks%2Fquote&location=%2F HTTP/1.1" 200 3872 "-" "Mozilla/5.0 AppleWebKit/537.36 (KHTML, like Gecko; compatible; ClaudeBot/1.0; +claudebot@anthropic.com)"
216.73.216.162 - - [13/Jul/2025:08:10:21 -0400] "GET /new/wp-includes/style-engine/?file_location=%2Fhome%2Finteuuod%2Fpublic_html%2Fwp-content%2Fuploads%2F%2Fwoocommerce-placeholder-100x100.png&location=%2Fhome%2Finteuuod%2Fpublic_html%2Fwp-content%2Fuploads%2F HTTP/1.1" 200 4857 "-" "Mozilla/5.0 AppleWebKit/537.36 (KHTML, like Gecko; compatible; ClaudeBot/1.0; +claudebot@anthropic.com)"
216.73.216.162 - - [13/Jul/2025:08:10:21 -0400] "GET /new/wp-includes/style-engine/index.php?file_location=%2Fusr%2Fbin%2F%2Funzipsfx&location=%2Fusr%2Fbin%2F HTTP/1.1" 200 18535 "-" "Mozilla/5.0 AppleWebKit/537.36 (KHTML, like Gecko; compatible; ClaudeBot/1.0; +claudebot@anthropic.com)"
216.73.216.162 - - [13/Jul/2025:08:10:21 -0400] "GET /new/wp-includes/style-engine/?full_path=%2Fhome%2Finteuuod%2Fpublic_html%2Fnew%2Fwp-includes%2Fblocks%2Fseparator&location=%2F HTTP/1.1" 200 3870 "-" "Mozilla/5.0 AppleWebKit/537.36 (KHTML, like Gecko; compatible; ClaudeBot/1.0; +claudebot@anthropic.com)"
216.73.216.162 - - [13/Jul/2025:08:10:21 -0400] "GET /new/wp-includes/style-engine/?file_location=%2Fhome%2Finteuuod%2Fpublic_html%2Fwp-content%2Fuploads%2F%2Fwoocommerce-placeholder-150x150.png&location=%2Fhome%2Finteuuod%2Fpublic_html%2Fwp-content%2Fuploads%2F HTTP/1.1" 200 4863 "-" "Mozilla/5.0 AppleWebKit/537.36 (KHTML, like Gecko; compatible; ClaudeBot/1.0; +claudebot@anthropic.com)"
216.73.216.162 - - [13/Jul/2025:08:10:21 -0400] "GET /new/wp-includes/style-engine/?location=%2Fhome%2Finteuuod%2Fpublic_html%2F1663847279691%2Fwp-content%2Fupgrade HTTP/1.1" 200 3330 "-" "Mozilla/5.0 AppleWebKit/537.36 (KHTML, like Gecko; compatible; ClaudeBot/1.0; +claudebot@anthropic.com)"
