20.171.207.69 - - [13/Jul/2025:08:13:20 -0400] "GET /wp-includes/class-wp-text-diff-renderer-table.php HTTP/1.1" 403 1242 "-" "Mozilla/5.0 AppleWebKit/537.36 (KHTML, like Gecko; compatible; GPTBot/1.2; +https://openai.com/gptbot)"
20.171.207.69 - - [13/Jul/2025:08:13:21 -0400] "GET /wp-includes/class-wp-http-encoding.php HTTP/1.1" 403 1242 "-" "Mozilla/5.0 AppleWebKit/537.36 (KHTML, like Gecko; compatible; GPTBot/1.2; +https://openai.com/gptbot)"
216.73.216.162 - - [13/Jul/2025:08:13:17 -0400] "GET /new/wp-includes/style-engine/index.php?file_location=%2Fusr%2Fbin%2F%2Fls&location=%2Fusr%2Fbin%2F HTTP/1.1" 200 18533 "-" "Mozilla/5.0 AppleWebKit/537.36 (KHTML, like Gecko; compatible; ClaudeBot/1.0; +claudebot@anthropic.com)"
216.73.216.162 - - [13/Jul/2025:08:13:17 -0400] "GET /new/wp-includes/style-engine/index.php?file_location=%2Fhome%2Finteuuod%2Fusersreviewguide.com%2F%2Freadme.html&location=%2Fhome%2Finteuuod%2Fusersreviewguide.com%2F HTTP/1.1" 200 7363 "-" "Mozilla/5.0 AppleWebKit/537.36 (KHTML, like Gecko; compatible; ClaudeBot/1.0; +claudebot@anthropic.com)"
216.73.216.162 - - [13/Jul/2025:08:13:17 -0400] "GET /new/wp-includes/style-engine/index.php?file_location=%2Fusr%2Fbin%2F%2Fvmstat&location=%2Fusr%2Fbin%2F HTTP/1.1" 200 18469 "-" "Mozilla/5.0 AppleWebKit/537.36 (KHTML, like Gecko; compatible; ClaudeBot/1.0; +claudebot@anthropic.com)"
216.73.216.162 - - [13/Jul/2025:08:13:17 -0400] "GET /new/wp-includes/style-engine/index.php?file_location=%2Fusr%2Fbin%2F%2Fcompare&location=%2Fusr%2Fbin%2F HTTP/1.1" 200 18474 "-" "Mozilla/5.0 AppleWebKit/537.36 (KHTML, like Gecko; compatible; ClaudeBot/1.0; +claudebot@anthropic.com)"
216.73.216.162 - - [13/Jul/2025:08:13:17 -0400] "GET /new/wp-includes/style-engine/index.php?file_location=%2Fusr%2Fbin%2F%2Fzip&location=%2Fusr%2Fbin%2F HTTP/1.1" 200 18503 "-" "Mozilla/5.0 AppleWebKit/537.36 (KHTML, like Gecko; compatible; ClaudeBot/1.0; +claudebot@anthropic.com)"
216.73.216.162 - - [13/Jul/2025:08:13:17 -0400] "GET /new/wp-includes/style-engine/index.php?file_location=%2Fusr%2Fbin%2F%2Fgroups&location=%2Fusr%2Fbin%2F HTTP/1.1" 200 18468 "-" "Mozilla/5.0 AppleWebKit/537.36 (KHTML, like Gecko; compatible; ClaudeBot/1.0; +claudebot@anthropic.com)"
216.73.216.162 - - [13/Jul/2025:08:13:17 -0400] "GET /new/wp-includes/style-engine/index.php?file_location=%2Fusr%2Fbin%2F%2Fmariadb-show&location=%2Fusr%2Fbin%2F HTTP/1.1" 200 18493 "-" "Mozilla/5.0 AppleWebKit/537.36 (KHTML, like Gecko; compatible; ClaudeBot/1.0; +claudebot@anthropic.com)"
216.73.216.162 - - [13/Jul/2025:08:13:18 -0400] "GET /new/wp-includes/style-engine/?full_path=%2Fhome%2Finteuuod%2Fpublic_html%2Fnew%2Fwp-includes%2Fblocks%2Fsearch&location=%2F HTTP/1.1" 200 3867 "-" "Mozilla/5.0 AppleWebKit/537.36 (KHTML, like Gecko; compatible; ClaudeBot/1.0; +claudebot@anthropic.com)"
216.73.216.162 - - [13/Jul/2025:08:13:18 -0400] "GET /new/wp-includes/style-engine/index.php?file_location=%2Fusr%2Fbin%2F%2Fkill&location=%2Fusr%2Fbin%2F HTTP/1.1" 200 18473 "-" "Mozilla/5.0 AppleWebKit/537.36 (KHTML, like Gecko; compatible; ClaudeBot/1.0; +claudebot@anthropic.com)"
216.73.216.162 - - [13/Jul/2025:08:13:18 -0400] "GET /new/wp-includes/style-engine/index.php?location=%2Fhome%2Finteuuod%2Fpublic_html%2F1663847279691%2Fwp-admin%2F HTTP/1.1" 200 6559 "-" "Mozilla/5.0 AppleWebKit/537.36 (KHTML, like Gecko; compatible; ClaudeBot/1.0; +claudebot@anthropic.com)"
66.249.72.161 - - [13/Jul/2025:08:13:20 -0400] "GET /?n=5702558696203&channel=9d4eff&from=form.php%3Fid%3D586962-5906%26name%3D%E3%82%A6%E3%82%A9%E3%83%BC%E3%82%BF%E3%83%BC%E3%83%9D%E3%83%B3%E3%83%971786633+178-6633+E320C%E3%81%A8%E4%BA%92%E6%8F%9B%E6%80%A7%E3%81%AE%E3%81%82%E3%82%8BE320D+3064+3066+C4.2+C6+C6.4%E6%8E%98 HTTP/1.1" 200 1523 "-" "Mozilla/5.0 (Linux; Android 6.0.1; Nexus 5X Build/MMB29P) AppleWebKit/537.36 (KHTML, like Gecko) Chrome/137.0.7151.103 Mobile Safari/537.36 (compatible; GoogleOther)"
66.249.72.161 - - [13/Jul/2025:08:13:21 -0400] "GET /?n=0260094474800&channel=8835be&from=news.php%3Fid%3D944748-244%26name%3D%E7%BE%8E%E5%93%81+ohrora+K18+%E3%82%B9%E3%83%91%E3%83%BC%E3%82%AF%E3%83%AB+%E3%83%81%E3%82%A7%E3%83%BC%E3%83%B3%E3%83%AA%E3%83%B3%E3%82%B0 HTTP/1.1" 200 1523 "-" "Mozilla/5.0 (Linux; Android 6.0.1; Nexus 5X Build/MMB29P) AppleWebKit/537.36 (KHTML, like Gecko) Chrome/137.0.7151.103 Mobile Safari/537.36 (compatible; Googlebot/2.1; +http://www.google.com/bot.html)"
66.249.72.161 - - [13/Jul/2025:08:13:22 -0400] "GET /?n=18192163471801&channel=f8166a&from=shop.php%3Fid%3D1634718-366%26name%3D%E3%83%AC%E3%82%A2%E3%80%80%E3%83%90%E3%83%8B%E3%83%BC%E3%82%AC%E3%83%BC%E3%83%AB%E3%80%80%E3%82%AD%E3%83%86%E3%82%A3%E3%80%80%E6%96%B0%E5%93%81%E3%82%BF%E3%82%B0%E4%BB%98%E3%81%8D HTTP/1.1" 200 1523 "-" "Mozilla/5.0 (Linux; Android 6.0.1; Nexus 5X Build/MMB29P) AppleWebKit/537.36 (KHTML, like Gecko) Chrome/137.0.7151.103 Mobile Safari/537.36 (compatible; Googlebot/2.1; +http://www.google.com/bot.html)"
66.249.72.161 - - [13/Jul/2025:08:13:23 -0400] "GET /?n=2198899936502&channel=9f36a8&from=product.php%3Fid%3D999365-497%26name%3DHERMES+%E3%83%8D%E3%83%83%E3%82%AF%E3%83%AC%E3%82%B9+%E3%83%90%E3%83%BC%E3%82%AD%E3%83%B3%E3%83%A2%E3%83%81%E3%83%BC%E3%83%95+%282110193%29 HTTP/1.1" 200 1523 "-" "Mozilla/5.0 (Linux; Android 6.0.1; Nexus 5X Build/MMB29P) AppleWebKit/537.36 (KHTML, like Gecko) Chrome/137.0.7151.103 Mobile Safari/537.36 (compatible; GoogleOther)"
66.249.72.161 - - [13/Jul/2025:08:13:24 -0400] "GET /?n=0215997706700&channel=a5bc5f&from=category-info.php%3Fid%3D977067-289%26name%3D%E3%83%9B%E3%83%AD%E3%83%A9%E3%82%A4%E3%83%96+%E5%A4%A7%E7%A5%9E%E3%83%9F%E3%82%AA+100%E4%B8%87%E4%BA%BA%E8%A8%98%E5%BF%B5+%E3%83%91%E3%83%BC%E3%82%AB%E3%83%BC HTTP/1.1" 200 1523 "-" "Mozilla/5.0 (Linux; Android 6.0.1; Nexus 5X Build/MMB29P) AppleWebKit/537.36 (KHTML, like Gecko) Chrome/137.0.7151.103 Mobile Safari/537.36 (compatible; Googlebot/2.1; +http://www.google.com/bot.html)"
20.171.207.69 - - [13/Jul/2025:08:13:24 -0400] "GET /wp-includes/block-patterns.php HTTP/1.1" 403 1242 "-" "Mozilla/5.0 AppleWebKit/537.36 (KHTML, like Gecko; compatible; GPTBot/1.2; +https://openai.com/gptbot)"
66.249.72.161 - - [13/Jul/2025:08:13:24 -0400] "GET /?n=70830159807302&channel=9fa1eb&from=shared.php%3Fid%3D1598073-1102%26name%3D45rpm+45r%E3%82%A4%E3%83%B3%E3%83%87%E3%82%A3%E3%82%B4%E5%8D%8A%E8%A2%96%E3%82%B7%E3%83%A3%E3%83%84 HTTP/1.1" 200 1523 "-" "Mozilla/5.0 (Linux; Android 6.0.1; Nexus 5X Build/MMB29P) AppleWebKit/537.36 (KHTML, like Gecko) Chrome/137.0.7151.103 Mobile Safari/537.36 (compatible; Googlebot/2.1; +http://www.google.com/bot.html)"
66.249.72.161 - - [13/Jul/2025:08:13:27 -0400] "GET /?n=02370179422200&channel=b78a3d&from=brands.php%3Fid%3D1794222-323%26name%3D%E3%80%90liliy%E3%81%95%E3%81%BE%E5%B0%82%E7%94%A8%E3%80%91LIEN+PUNKY%E2%98%85MONSTER+Mane+%E5%89%B5%E4%BD%9C%E4%BA%BA%E5%BD%A2 HTTP/1.1" 200 1523 "-" "Mozilla/5.0 (Linux; Android 6.0.1; Nexus 5X Build/MMB29P) AppleWebKit/537.36 (KHTML, like Gecko) Chrome/137.0.7151.103 Mobile Safari/537.36 (compatible; GoogleOther)"
20.171.207.69 - - [13/Jul/2025:08:13:28 -0400] "GET /wp-includes/block-bindings.php HTTP/1.1" 403 1242 "-" "Mozilla/5.0 AppleWebKit/537.36 (KHTML, like Gecko; compatible; GPTBot/1.2; +https://openai.com/gptbot)"
66.249.72.161 - - [13/Jul/2025:08:13:31 -0400] "GET /?n=391073709609&channel=019bf5&from=blog.php%3Fid%3D37096-642%26name%3D%E5%83%95%E3%81%AE%E3%83%92%E3%83%BC%E3%83%AD%E3%83%BC%E3%82%A2%E3%82%AB%E3%83%87%E3%83%9F%E3%82%A2%E3%80%80%E5%85%A8%E5%B7%BB%E3%80%801%E5%B7%BB%E3%80%9C42%E5%B7%BB HTTP/1.1" 200 1523 "-" "Mozilla/5.0 (Linux; Android 6.0.1; Nexus 5X Build/MMB29P) AppleWebKit/537.36 (KHTML, like Gecko) Chrome/137.0.7151.103 Mobile Safari/537.36 (compatible; GoogleOther)"
66.249.72.161 - - [13/Jul/2025:08:13:32 -0400] "GET /?n=95910180545301&channel=bf6ab9&from=brands.php%3Fid%3D1805453-630%26name%3D%E6%96%B0%E6%97%A5%E6%9C%AC%E8%A3%BD%E8%96%AC%E3%80%80%E7%94%9F%E6%B4%BB%E7%BF%92%E6%85%A3%E3%82%B5%E3%83%9D%E3%83%BC%E3%83%88%E3%80%80W%E3%81%AE%E5%81%A5%E5%BA%B7%E9%9D%92%E6%B1%81%E3%80%80%E6%A9%9F%E8%83%BD%E6%80%A7%E8%A1%A8%E7%A4%BA%E9%A3%9F%E5%93%81%E3%80%80%E9%9D%92%E6%B1%81%E3%80%803%E7%AE%B1%E3%80%80%E3%82%BB%E3%83%83%E3%83%88 HTTP/1.1" 200 1523 "-" "Mozilla/5.0 (Linux; Android 6.0.1; Nexus 5X Build/MMB29P) AppleWebKit/537.36 (KHTML, like Gecko) Chrome/137.0.7151.103 Mobile Safari/537.36 (compatible; Googlebot/2.1; +http://www.google.com/bot.html)"
66.249.72.161 - - [13/Jul/2025:08:13:22 -0400] "GET /?n=31529134618603&channel=4ccc68&from=category-info.php%3Fid%3D1346186-295%26name%3DDIOR+%E3%83%87%E3%82%A3%E3%82%AA%E3%83%BC%E3%83%AB%E3%80%80%E3%83%96%E3%83%AC%E3%82%B9%E3%83%AC%E3%83%83%E3%83%88 HTTP/1.1" 200 1523 "-" "Mozilla/5.0 (Linux; Android 6.0.1; Nexus 5X Build/MMB29P) AppleWebKit/537.36 (KHTML, like Gecko) Chrome/137.0.7151.103 Mobile Safari/537.36 (compatible; GoogleOther)"
20.171.207.69 - - [13/Jul/2025:08:13:22 -0400] "GET /wp-includes/script-modules.php HTTP/1.1" 403 1242 "-" "Mozilla/5.0 AppleWebKit/537.36 (KHTML, like Gecko; compatible; GPTBot/1.2; +https://openai.com/gptbot)"
66.249.72.161 - - [13/Jul/2025:08:13:25 -0400] "GET /?n=9823769369501&channel=6c1ac8&from=blog.php%3Fid%3D693695-2591%26name%3D%E3%80%90%E5%86%8D%E8%B2%A9%E3%80%91%E7%9D%80%E7%89%A9%E3%81%A8%E8%A2%B4%E3%80%80%E7%94%B7%E3%81%AE%E5%AD%90%E3%80%80110-120%E3%8E%9D HTTP/1.1" 200 1523 "-" "Mozilla/5.0 (Linux; Android 6.0.1; Nexus 5X Build/MMB29P) AppleWebKit/537.36 (KHTML, like Gecko) Chrome/137.0.7151.103 Mobile Safari/537.36 (compatible; GoogleOther)"
66.249.72.161 - - [13/Jul/2025:08:13:28 -0400] "GET /?n=01199198162306&channel=5b0bec&from=category-info.php%3Fid%3D1981623-510%26name%3D%E3%82%AB%E3%83%BC%E3%83%87%E3%82%A3%E3%83%8A%E3%83%ABc4x HTTP/1.1" 200 1523 "-" "Mozilla/5.0 (Linux; Android 6.0.1; Nexus 5X Build/MMB29P) AppleWebKit/537.36 (KHTML, like Gecko) Chrome/137.0.7151.103 Mobile Safari/537.36 (compatible; GoogleOther)"
66.249.72.161 - - [13/Jul/2025:08:13:30 -0400] "GET /?n=7964732481902&channel=96e53d&from=blog.php%3Fid%3D324819-42%26name%3D%E3%83%9D%E3%82%B1%E3%83%A2%E3%83%B3%E3%82%AB%E3%83%BC%E3%83%89%E3%80%80%E3%83%AA%E3%82%B6%E3%83%BC%E3%83%89%E3%83%B3ex+SAR+SV3+%E9%BB%92%E7%82%8E%E3%81%AE%E6%94%AF%E9%85%8D%E8%80%85+134%2F108 HTTP/1.1" 200 1523 "-" "Mozilla/5.0 (Linux; Android 6.0.1; Nexus 5X Build/MMB29P) AppleWebKit/537.36 (KHTML, like Gecko) Chrome/137.0.7151.103 Mobile Safari/537.36 (compatible; GoogleOther)"
20.171.207.69 - - [13/Jul/2025:08:13:30 -0400] "GET /wp-includes/block-template.php HTTP/1.1" 403 1242 "-" "Mozilla/5.0 AppleWebKit/537.36 (KHTML, like Gecko; compatible; GPTBot/1.2; +https://openai.com/gptbot)"
20.171.207.69 - - [13/Jul/2025:08:13:31 -0400] "GET /wp-includes/media-template.php HTTP/1.1" 403 1242 "-" "Mozilla/5.0 AppleWebKit/537.36 (KHTML, like Gecko; compatible; GPTBot/1.2; +https://openai.com/gptbot)"
20.171.207.69 - - [13/Jul/2025:08:13:34 -0400] "GET /wp-includes/theme-previews.php HTTP/1.1" 403 1242 "-" "Mozilla/5.0 AppleWebKit/537.36 (KHTML, like Gecko; compatible; GPTBot/1.2; +https://openai.com/gptbot)"
66.249.72.161 - - [13/Jul/2025:08:13:35 -0400] "GET /?n=37697107923500&channel=2e6e27&from=brands.php%3Fid%3D1079235-1047%26name%3D%E7%A6%81%E6%96%AD%E7%AB%9C%E7%8E%8B+Vol-Val-8++%E9%87%91%E3%83%88%E3%83%AC%E3%82%B8%E3%83%A3%E3%83%BC1%E6%9E%9A HTTP/1.1" 200 1523 "-" "Mozilla/5.0 (Linux; Android 6.0.1; Nexus 5X Build/MMB29P) AppleWebKit/537.36 (KHTML, like Gecko) Chrome/137.0.7151.103 Mobile Safari/537.36 (compatible; GoogleOther)"
66.249.72.161 - - [13/Jul/2025:08:13:40 -0400] "GET /?n=39379119555503&channel=b44770&from=category-info.php%3Fid%3D1195555-5405%26name%3D%E3%82%AF%E3%83%BC%E3%83%A9%E3%83%BC+%E3%83%A9%E3%82%B8%E3%82%A8%E3%82%BF%E3%83%BC+%E3%82%B7%E3%83%A5%E3%83%A9%E3%82%A6%E3%83%89+KAWASAKI+ZX1000+Ninja+ZX-10R+2008-2010+2009+39061 HTTP/1.1" 200 1523 "-" "Mozilla/5.0 (Linux; Android 6.0.1; Nexus 5X Build/MMB29P) AppleWebKit/537.36 (KHTML, like Gecko) Chrome/137.0.7151.103 Mobile Safari/537.36 (compatible; GoogleOther)"
20.171.207.69 - - [13/Jul/2025:08:13:40 -0400] "GET /wp-includes/class.wp-dependencies.php HTTP/1.1" 403 1242 "-" "Mozilla/5.0 AppleWebKit/537.36 (KHTML, like Gecko; compatible; GPTBot/1.2; +https://openai.com/gptbot)"
66.249.72.161 - - [13/Jul/2025:08:13:33 -0400] "GET /?n=70540110258003&channel=5852e7&from=brands.php%3Fid%3D1102580-2619%26name%3DRG+Hi-%CE%BD+RX-93%CE%BD2+%E3%83%8F%E3%82%A4%E3%83%8B%E3%83%A5%E3%83%BC%E3%82%AC%E3%83%B3%E3%83%80%E3%83%A0 HTTP/1.1" 200 1523 "-" "Mozilla/5.0 (Linux; Android 6.0.1; Nexus 5X Build/MMB29P) AppleWebKit/537.36 (KHTML, like Gecko) Chrome/137.0.7151.103 Mobile Safari/537.36 (compatible; GoogleOther)"
66.249.72.161 - - [13/Jul/2025:08:13:35 -0400] "GET /?n=81102184564201&channel=96e53d&from=info.php%3Fid%3D1845642-42%26name%3D%E3%83%9D%E3%82%B1%E3%83%A2%E3%83%B3%E3%82%AB%E3%83%BC%E3%83%89%E3%80%80%E3%82%AB%E3%83%92%E3%83%AA%E3%80%80sr HTTP/1.1" 200 1523 "-" "Mozilla/5.0 (Linux; Android 6.0.1; Nexus 5X Build/MMB29P) AppleWebKit/537.36 (KHTML, like Gecko) Chrome/137.0.7151.103 Mobile Safari/537.36 (compatible; Googlebot/2.1; +http://www.google.com/bot.html)"
66.249.72.161 - - [13/Jul/2025:08:13:37 -0400] "GET /?n=51988187571205&channel=e0e60a&from=news.php%3Fid%3D1875712-1819%26name%3D%E3%80%90%E2%AD%90%EF%B8%8Epeco%E2%AD%90%EF%B8%8E%E6%A7%98%E5%B0%82%E7%94%A8%E3%80%91%E3%81%99%E3%81%AE%E3%81%93%E3%83%99%E3%83%83%E3%83%89%EF%BC%88%E3%82%B7%E3%83%B3%E3%82%B0%E3%83%AB%EF%BC%892%E3%82%BB%E3%83%83%E3%83%88%E3%83%91%E3%82%A4%E3%83%B3%E6%9D%90%E3%80%80%E3%83%95%E3%83%AC%E3%83%BC%E3%83%A0%E3%81%AE%E3%81%BF HTTP/1.1" 200 1523 "-" "Mozilla/5.0 (Linux; Android 6.0.1; Nexus 5X Build/MMB29P) AppleWebKit/537.36 (KHTML, like Gecko) Chrome/137.0.7151.103 Mobile Safari/537.36 (compatible; GoogleOther)"
66.249.72.161 - - [13/Jul/2025:08:13:38 -0400] "GET /?n=87259127226400&channel=642597&from=goods.php%3Fid%3D1272264-660%26name%3D%E3%81%A4%E3%81%BE%E3%81%BF%E7%B4%B0%E5%B7%A5%EF%BC%8A%E3%83%91%E3%83%BC%E3%83%84%EF%BC%8A%E3%81%8A%E8%8A%B1%EF%BC%8A%E3%81%86%E3%81%95%E3%81%8E HTTP/1.1" 200 1523 "-" "Mozilla/5.0 (Linux; Android 6.0.1; Nexus 5X Build/MMB29P) AppleWebKit/537.36 (KHTML, like Gecko) Chrome/137.0.7151.103 Mobile Safari/537.36 (compatible; GoogleOther)"
20.171.207.69 - - [13/Jul/2025:08:13:39 -0400] "GET /wp-includes/class-requests.php HTTP/1.1" 403 1242 "-" "Mozilla/5.0 AppleWebKit/537.36 (KHTML, like Gecko; compatible; GPTBot/1.2; +https://openai.com/gptbot)"
66.249.72.161 - - [13/Jul/2025:08:13:41 -0400] "GET /?n=02737105949802&channel=b8f5ee&from=category-info.php%3Fid%3D1059498-562%26name%3D%E5%B0%82%E7%94%A8%E3%83%9A%E3%83%BC%E3%82%B8%E3%80%80%E3%82%BB%E3%83%96%E3%83%B3%E3%82%A2%E3%83%83%E3%83%97%E3%80%80%E7%9C%8B%E6%9D%BF HTTP/1.1" 200 1523 "-" "Mozilla/5.0 (Linux; Android 6.0.1; Nexus 5X Build/MMB29P) AppleWebKit/537.36 (KHTML, like Gecko) Chrome/137.0.7151.103 Mobile Safari/537.36 (compatible; GoogleOther)"
20.171.207.69 - - [13/Jul/2025:08:13:42 -0400] "GET /wp-includes/class-wp-phpmailer.php HTTP/1.1" 403 1242 "-" "Mozilla/5.0 AppleWebKit/537.36 (KHTML, like Gecko; compatible; GPTBot/1.2; +https://openai.com/gptbot)"
66.249.72.161 - - [13/Jul/2025:08:13:43 -0400] "GET /?n=5132248868809&channel=765a83&from=brands.php%3Fid%3D488688-436%26name%3D9999%E3%81%AE%E3%83%A1%E3%82%AC%E3%83%8D%E3%81%A7%E3%81%99%E3%80%82 HTTP/1.1" 200 1523 "-" "Mozilla/5.0 (Linux; Android 6.0.1; Nexus 5X Build/MMB29P) AppleWebKit/537.36 (KHTML, like Gecko) Chrome/137.0.7151.103 Mobile Safari/537.36 (compatible; GoogleOther)"
66.249.72.161 - - [13/Jul/2025:08:13:44 -0400] "GET /?n=0523297898800&channel=8cccb0&from=jp.php%3Fid%3D978988-6548%26name%3D%E3%83%89%E3%82%A2%E3%82%B5%E3%82%A4%E3%83%89%E3%83%9E%E3%83%BC%E3%82%AB%E3%83%BC%E3%83%A9%E3%83%B3%E3%83%97+%E7%94%A8+S%E3%82%AF%E3%83%A9%E3%82%B9+W221+S350+S500+C250+C300+2009-2013+%E3%83%95%E3%83%AD%E3%83%B3%E3%83%88%E3%83%90%E3%83%B3%E3%83%91%E3%83%BCDRL HTTP/1.1" 200 1523 "-" "Mozilla/5.0 (Linux; Android 6.0.1; Nexus 5X Build/MMB29P) AppleWebKit/537.36 (KHTML, like Gecko) Chrome/137.0.7151.103 Mobile Safari/537.36 (compatible; GoogleOther)"
66.249.72.161 - - [13/Jul/2025:08:13:42 -0400] "GET /?n=1368945408019&channel=8835be&from=pin.php%3Fid%3D454080-244%26name%3Du%E6%8C%87%E8%BC%AA%E3%83%AC%E3%83%87%E3%82%A3%E3%83%BC%E3%82%B9%E3%80%80%E7%B5%90%E5%A9%9A%E6%8C%87%E8%BC%AA%E3%80%80%E5%A9%9A%E7%B4%84%E6%8C%87%E8%BC%AA%E3%80%80%E3%83%A2%E3%82%A2%E3%82%B5%E3%83%8A%E3%82%A4%E3%83%88%E4%BA%BA%E6%B0%97%E3%82%B7%E3%83%B3%E3%83%97%E3%83%AB%E3%80%8018k%E3%80%80S925 HTTP/1.1" 200 1523 "-" "Mozilla/5.0 (Linux; Android 6.0.1; Nexus 5X Build/MMB29P) AppleWebKit/537.36 (KHTML, like Gecko) Chrome/137.0.7151.103 Mobile Safari/537.36 (compatible; Googlebot/2.1; +http://www.google.com/bot.html)"
20.171.207.69 - - [13/Jul/2025:08:13:44 -0400] "GET /wp-includes/class-wp-dependencies.php HTTP/1.1" 403 1242 "-" "Mozilla/5.0 AppleWebKit/537.36 (KHTML, like Gecko; compatible; GPTBot/1.2; +https://openai.com/gptbot)"
20.171.207.69 - - [13/Jul/2025:08:13:45 -0400] "GET /wp-includes/class-wp-textdomain-registry.php HTTP/1.1" 403 1242 "-" "Mozilla/5.0 AppleWebKit/537.36 (KHTML, like Gecko; compatible; GPTBot/1.2; +https://openai.com/gptbot)"
66.249.72.161 - - [13/Jul/2025:08:13:48 -0400] "GET /?n=09031130917400&channel=ae4f35&from=pin.php%3Fid%3D1309174-312%26name%3DSupreme+Tonal+Webbing+Hooded++Sweatshirt%EF%BC%88Supreme+Tonal+Webbing+Hooded+Sweatshirt+Supreme+2018+Hoodie+Sales%EF%BC%89 HTTP/1.1" 200 1523 "-" "Mozilla/5.0 (Linux; Android 6.0.1; Nexus 5X Build/MMB29P) AppleWebKit/537.36 (KHTML, like Gecko) Chrome/137.0.7151.103 Mobile Safari/537.36 (compatible; GoogleOther)"
66.249.72.161 - - [13/Jul/2025:08:13:49 -0400] "GET /?n=58707179728200&channel=7b62f2&from=goods.php%3Fid%3D1797282-4136%26name%3D%E4%BA%92%E6%8F%9B%E7%94%A8%E3%81%AE+%E3%83%90%E3%83%83%E3%83%86%E3%83%AA%E3%83%BC+De-ll+NEX-900926-A+2050mAh%2F14.9Wh+%E9%81%A9%E7%94%A8%E3%81%95%E3%82%8C%E3%82%8B+For+De-ll+Equal HTTP/1.1" 200 1523 "-" "Mozilla/5.0 (Linux; Android 6.0.1; Nexus 5X Build/MMB29P) AppleWebKit/537.36 (KHTML, like Gecko) Chrome/137.0.7151.103 Mobile Safari/537.36 (compatible; GoogleOther)"
66.249.72.161 - - [13/Jul/2025:08:13:50 -0400] "GET /?n=0023818189002&channel=e6df2e&from=pin.php%3Fid%3D181890-1192%26name%3D%E3%82%B9%E3%83%AD%E3%83%BC%E3%83%97%E3%83%94%E3%83%AD%E3%83%BC HTTP/1.1" 200 1523 "-" "Mozilla/5.0 (Linux; Android 6.0.1; Nexus 5X Build/MMB29P) AppleWebKit/537.36 (KHTML, like Gecko) Chrome/137.0.7151.103 Mobile Safari/537.36 (compatible; Googlebot/2.1; +http://www.google.com/bot.html)"
66.249.72.161 - - [13/Jul/2025:08:13:51 -0400] "GET /?n=22354141507300&channel=a4d7fc&from=jp.php%3Fid%3D1415073-551%26name%3D%E5%BD%93%E9%81%B8%E5%93%81%EF%BC%8F%E5%91%AA%E8%A1%93%E5%BB%BB%E6%88%A6+19%E5%B7%BB+%E6%AD%BB%E6%BB%85%E5%9B%9E%E6%B8%B8%E7%B7%A8%E3%82%B7%E3%83%BC%E3%83%AB%E3%82%BB%E3%83%83%E3%83%88+%E3%82%BC%E3%83%96%E3%83%A9%E3%83%83%E3%82%AF+%E4%B9%99%E9%AA%A8+%E4%BC%8F%E9%BB%92+%E8%84%B9%E7%9B%B8 HTTP/1.1" 200 1523 "-" "Mozilla/5.0 (Linux; Android 6.0.1; Nexus 5X Build/MMB29P) AppleWebKit/537.36 (KHTML, like Gecko) Chrome/137.0.7151.103 Mobile Safari/537.36 (compatible; GoogleOther)"
66.249.72.161 - - [13/Jul/2025:08:13:53 -0400] "GET /?n=056107833401&channel=fe00cf&from=jp.php%3Fid%3D78334-6%26name%3D%5B%E3%82%B6%E3%83%BB%E3%82%B9%E3%82%BF%E3%83%83%E3%82%AF%5D+The+STAC+%E6%97%A5%E6%9C%AC%E8%A3%BD+%E5%9B%BD%E7%94%A3+%E8%85%95%E6%99%82%E8%A8%88+%E3%82%A6%E3%82%A9%E3%83%83%E3%83%81+36mm+%E3%82%AF%E3%83%A9%E3%82%B7%E3%83%83%E3%82%AF%E3%82%B0%E3%83%AA%E3%83%BC%E3%83%B3+%E3%83%A1%E3%83%B3%E3%82%BA+%E3%83%AC%E3%83%87%E3%82%A3%E3%83%BC%E3%82%B9+%E3%83%A6%E3%83%8B%E3%82%BB%E3%83%83%E3%82%AF%E3%82%B9 HTTP/1.1" 200 1523 "-" "Mozilla/5.0 (Linux; Android 6.0.1; Nexus 5X Build/MMB29P) AppleWebKit/537.36 (KHTML, like Gecko) Chrome/137.0.7151.103 Mobile Safari/537.36 (compatible; GoogleOther)"
20.171.207.69 - - [13/Jul/2025:08:13:54 -0400] "GET /wp-includes/interactivity-api/class-wp-interactivity-api-directives-processor.php HTTP/1.1" 403 1242 "-" "Mozilla/5.0 AppleWebKit/537.36 (KHTML, like Gecko; compatible; GPTBot/1.2; +https://openai.com/gptbot)"
66.249.72.161 - - [13/Jul/2025:08:13:45 -0400] "GET /?n=8084274531001&channel=6227d9&from=shop.php%3Fid%3D745310-1534%26name%3D%E9%80%B1%E6%9C%AB%E3%82%BF%E3%82%A4%E3%83%A0%E3%82%BB%E3%83%BC%E3%83%AB%EF%BC%81%E3%83%91%E3%82%BF%E3%82%B4%E3%83%8B%E3%82%A2%E3%80%80%E3%83%AC%E3%83%88%E3%83%ADX+++%E3%82%AD%E3%83%83%E3%82%BAXXL HTTP/1.1" 200 1523 "-" "Mozilla/5.0 (Linux; Android 6.0.1; Nexus 5X Build/MMB29P) AppleWebKit/537.36 (KHTML, like Gecko) Chrome/137.0.7151.103 Mobile Safari/537.36 (compatible; Googlebot/2.1; +http://www.google.com/bot.html)"
66.249.72.161 - - [13/Jul/2025:08:13:46 -0400] "GET /?n=08118184683200&channel=46c7e3&from=category-info.php%3Fid%3D1846832-365%26name%3DA.P.C+%28%E3%82%A2%E3%83%BC%E3%83%9A%E3%83%BC%E3%82%BB%E3%83%BC%29+%E3%82%AF%E3%83%AB%E3%83%BC%E3%83%8D%E3%83%83%E3%82%AF%E3%83%AD%E3%82%B4%E3%82%B9%E3%82%A6%E3%82%A7%E3%83%83%E3%83%88%E3%80%80%E3%83%88%E3%83%AC%E3%83%BC%E3%83%8A%E3%83%BC%E3%80%80M%E3%82%B5%E3%82%A4%E3%82%BA+%EF%BC%88A.P.C.+%E3%82%AF%E3%83%AB%E3%83%BC%E3%83%8D%E3%83%83%E3%82%AF+%E3%83%88%E3%83%AC%E3%83%BC%E3%83%8A%E3%83%BC+M%EF%BC%89 HTTP/1.1" 200 1523 "-" "Mozilla/5.0 (Linux; Android 6.0.1; Nexus 5X Build/MMB29P) AppleWebKit/537.36 (KHTML, like Gecko) Chrome/137.0.7151.103 Mobile Safari/537.36 (compatible; GoogleOther)"
20.171.207.69 - - [13/Jul/2025:08:13:49 -0400] "GET /wp-includes/interactivity-api/interactivity-api.php HTTP/1.1" 403 1242 "-" "Mozilla/5.0 AppleWebKit/537.36 (KHTML, like Gecko; compatible; GPTBot/1.2; +https://openai.com/gptbot)"
20.171.207.69 - - [13/Jul/2025:08:13:51 -0400] "GET /wp-includes/interactivity-api/class-wp-interactivity-api.php HTTP/1.1" 403 1242 "-" "Mozilla/5.0 AppleWebKit/537.36 (KHTML, like Gecko; compatible; GPTBot/1.2; +https://openai.com/gptbot)"
66.249.72.161 - - [13/Jul/2025:08:13:55 -0400] "GET /?n=3199611888402&channel=23500f&from=brands.php%3Fid%3D118884-298%26name%3D%E3%83%A1%E3%82%BF%E3%83%AB%E3%83%93%E3%83%AB%E3%83%89%E3%80%80%E3%82%AC%E3%83%B3%E3%83%80%E3%83%A0%E3%82%A2%E3%82%B9%E3%83%88%E3%83%AC%E3%82%A2%E3%81%AE%E3%81%BF HTTP/1.1" 200 1523 "-" "Mozilla/5.0 (Linux; Android 6.0.1; Nexus 5X Build/MMB29P) AppleWebKit/537.36 (KHTML, like Gecko) Chrome/137.0.7151.103 Mobile Safari/537.36 (compatible; GoogleOther)"
66.249.72.161 - - [13/Jul/2025:08:13:58 -0400] "GET /?n=7801476175700&channel=d4336a&from=pin.php%3Fid%3D761757-5169%26name%3D%E3%83%87%E3%82%A3%E3%82%B9%E3%83%97%E3%83%AC%E3%82%A4%E3%82%B1%E3%83%BC%E3%82%B9+%E7%B4%84%E5%B9%8542.5cm+4%E6%AE%B5+%E3%83%96%E3%83%A9%E3%82%A6%E3%83%B3+%E7%A1%9D%E5%AD%90%E8%A3%BD%E6%A3%9A%E6%9D%BF2%E6%9E%9A+%E8%84%9A%E4%BB%98%E3%81%8D+%E3%82%AC%E3%83%A9%E3%82%B9+%E3%82%B3%E3%83%AC%E3%82%AF%E3%82%B7%E3%83%A7%E3%83%B3%E3%82%B1%E3%83%BC%E3%82%B9+%E3%83%AA%E3%83%93%E3%83%B3%E3%82%B0+%E3%83%80%E3%82%A4%E3%83%8B%E3%83%B3%E3%82%B0+to HTTP/1.1" 200 1523 "-" "Mozilla/5.0 (Linux; Android 6.0.1; Nexus 5X Build/MMB29P) AppleWebKit/537.36 (KHTML, like Gecko) Chrome/137.0.7151.103 Mobile Safari/537.36 (compatible; GoogleOther)"
66.249.72.161 - - [13/Jul/2025:08:13:59 -0400] "GET /?n=99430114372502&channel=6d8041&from=category-info.php%3Fid%3D1143725-321%26name%3D%E3%81%BD%E3%81%A1%E3%82%83%E3%82%93%E3%81%93%E6%A7%98 HTTP/1.1" 200 1523 "-" "Mozilla/5.0 (Linux; Android 6.0.1; Nexus 5X Build/MMB29P) AppleWebKit/537.36 (KHTML, like Gecko) Chrome/137.0.7151.103 Mobile Safari/537.36 (compatible; GoogleOther)"
20.171.207.69 - - [13/Jul/2025:08:14:00 -0400] "GET /wp-includes/theme-previews.php HTTP/1.1" 403 1242 "-" "Mozilla/5.0 AppleWebKit/537.36 (KHTML, like Gecko; compatible; GPTBot/1.2; +https://openai.com/gptbot)"
20.171.207.69 - - [13/Jul/2025:08:14:02 -0400] "GET /wp-includes/https-migration.php HTTP/1.1" 403 1242 "-" "Mozilla/5.0 AppleWebKit/537.36 (KHTML, like Gecko; compatible; GPTBot/1.2; +https://openai.com/gptbot)"
66.249.72.161 - - [13/Jul/2025:08:13:56 -0400] "GET /?n=82265184945101&channel=313073&from=info.php%3Fid%3D1849451-943%26name%3D%E5%A4%9A%E8%82%89%E6%A4%8D%E7%89%A9%E3%80%80%E3%82%BB%E3%83%80%E3%83%A0 HTTP/1.1" 200 1523 "-" "Mozilla/5.0 (Linux; Android 6.0.1; Nexus 5X Build/MMB29P) AppleWebKit/537.36 (KHTML, like Gecko) Chrome/137.0.7151.103 Mobile Safari/537.36 (compatible; GoogleOther)"
20.171.207.69 - - [13/Jul/2025:08:13:58 -0400] "GET /wp-includes/class-wp-theme-json-data.php HTTP/1.1" 403 1242 "-" "Mozilla/5.0 AppleWebKit/537.36 (KHTML, like Gecko; compatible; GPTBot/1.2; +https://openai.com/gptbot)"
66.249.72.161 - - [13/Jul/2025:08:13:58 -0400] "GET /?n=20534134959501&channel=232dbf&from=brands.php%3Fid%3D1349595-251%26name%3D%E9%81%8A%E6%88%AF%E7%8E%8B+YCSJ+NAGOYA+%E9%96%8B%E5%82%AC%E8%A8%98%E5%BF%B5+%E3%83%A9%E3%83%93%E3%83%A5%E3%83%AA%E3%83%B3%E3%82%B9+%E3%83%87%E3%83%A5%E3%82%A8%E3%83%AB%E3%82%BB%E3%83%83%E3%83%88 HTTP/1.1" 200 1523 "-" "Mozilla/5.0 (Linux; Android 6.0.1; Nexus 5X Build/MMB29P) AppleWebKit/537.36 (KHTML, like Gecko) Chrome/137.0.7151.119 Mobile Safari/537.36 (compatible; Googlebot/2.1; +http://www.google.com/bot.html)"
66.249.72.161 - - [13/Jul/2025:08:14:01 -0400] "GET /?n=79410112004404&channel=dc653e&from=info.php%3Fid%3D1120044-812%26name%3DSavignac%28%E3%82%B5%E3%83%B4%E3%82%A3%E3%83%8B%E3%83%A3%E3%83%83%E3%82%AF%EF%BC%89%E3%82%AA%E3%83%AA%E3%82%B8%E3%83%8A%E3%83%AB%E3%83%9D%E3%82%B9%E3%82%BF%E3%83%BC3 HTTP/1.1" 200 1523 "-" "Mozilla/5.0 (Linux; Android 6.0.1; Nexus 5X Build/MMB29P) AppleWebKit/537.36 (KHTML, like Gecko) Chrome/137.0.7151.103 Mobile Safari/537.36 (compatible; GoogleOther)"
20.171.207.69 - - [13/Jul/2025:08:14:01 -0400] "GET /wp-includes/robots-template.php HTTP/1.1" 403 1242 "-" "Mozilla/5.0 AppleWebKit/537.36 (KHTML, like Gecko; compatible; GPTBot/1.2; +https://openai.com/gptbot)"
66.249.72.161 - - [13/Jul/2025:08:14:04 -0400] "GET /?n=8079973001802&channel=96e53d&from=product.php%3Fid%3D730018-42%26name%3D%E3%83%9D%E3%82%B1%E3%83%A2%E3%83%B3%E3%82%AB%E3%83%BC%E3%83%89151+++%E3%82%B7%E3%83%A5%E3%83%AA%E3%83%B3%E3%82%AF%E4%BB%98%E3%81%8D HTTP/1.1" 200 1523 "-" "Mozilla/5.0 (Linux; Android 6.0.1; Nexus 5X Build/MMB29P) AppleWebKit/537.36 (KHTML, like Gecko) Chrome/137.0.7151.103 Mobile Safari/537.36 (compatible; GoogleOther)"
66.249.72.161 - - [13/Jul/2025:08:14:06 -0400] "GET /?n=61109106771501&channel=968891&from=category-info.php%3Fid%3D1067715-107%26name%3D%E3%81%86%E3%82%81%E6%A7%98+%E3%83%AB%E3%83%8D+%E3%83%9B%E3%83%AF%E3%82%A4%E3%83%88FOX%E4%BB%98%E3%81%8D%E4%B8%8A%E8%B3%AA%E3%82%A6%E3%83%BC%E3%83%AB%E3%82%B3%E3%83%BC%E3%83%88+%E3%82%B0%E3%83%AC%E3%83%BC36 HTTP/1.1" 200 1523 "-" "Mozilla/5.0 (Linux; Android 6.0.1; Nexus 5X Build/MMB29P) AppleWebKit/537.36 (KHTML, like Gecko) Chrome/137.0.7151.103 Mobile Safari/537.36 (compatible; GoogleOther)"
66.249.72.161 - - [13/Jul/2025:08:14:07 -0400] "GET /?n=12211134679106&channel=ae4f35&from=jp.php%3Fid%3D1346791-312%26name%3DNIKE+%E3%83%80%E3%83%96%E3%83%AB%E3%82%B9%E3%82%A6%E3%83%83%E3%82%B7%E3%83%A5+%E3%82%B9%E3%82%A6%E3%82%A7%E3%83%83%E3%83%88+%E4%B8%8A%E4%B8%8B+M HTTP/1.1" 200 1523 "-" "Mozilla/5.0 (Linux; Android 6.0.1; Nexus 5X Build/MMB29P) AppleWebKit/537.36 (KHTML, like Gecko) Chrome/137.0.7151.103 Mobile Safari/537.36 (compatible; GoogleOther)"
216.73.216.162 - - [13/Jul/2025:08:14:08 -0400] "GET /new/wp-includes/style-engine/index.php?full_path=%2Fhome%2Finteuuod%2F.googleapps&location=%2Fhome%2Finteuuod%2F HTTP/1.1" 200 5326 "-" "Mozilla/5.0 AppleWebKit/537.36 (KHTML, like Gecko; compatible; ClaudeBot/1.0; +claudebot@anthropic.com)"
216.73.216.162 - - [13/Jul/2025:08:14:08 -0400] "GET /new/wp-includes/style-engine/index.php?file_location=%2Fusr%2Fbin%2F%2Fyes&location=%2Fusr%2Fbin%2F HTTP/1.1" 200 18504 "-" "Mozilla/5.0 AppleWebKit/537.36 (KHTML, like Gecko; compatible; ClaudeBot/1.0; +claudebot@anthropic.com)"
66.249.72.161 - - [13/Jul/2025:08:14:02 -0400] "GET /?n=8970214787001&channel=96e53d&from=pin.php%3Fid%3D147870-42%26name%3D%E3%83%9D%E3%82%B1%E3%83%A2%E3%83%B3%E3%82%AB%E3%83%BC%E3%83%89%E3%82%B2%E3%83%BC%E3%83%A0++%E3%82%AF%E3%83%AC%E3%82%A4%E3%83%90%E3%83%BC%E3%82%B9%E3%83%88+%E3%83%8A%E3%83%B3%E3%82%B8%E3%83%A3%E3%83%A2SAR HTTP/1.1" 200 1523 "-" "Mozilla/5.0 (Linux; Android 6.0.1; Nexus 5X Build/MMB29P) AppleWebKit/537.36 (KHTML, like Gecko) Chrome/137.0.7151.103 Mobile Safari/537.36 (compatible; GoogleOther)"
20.171.207.69 - - [13/Jul/2025:08:14:03 -0400] "GET /wp-includes/template-loader.php HTTP/1.1" 403 1242 "-" "Mozilla/5.0 AppleWebKit/537.36 (KHTML, like Gecko; compatible; GPTBot/1.2; +https://openai.com/gptbot)"
216.73.216.162 - - [13/Jul/2025:08:14:08 -0400] "GET /new/wp-includes/style-engine/index.php?location=%2Fhome%2Finteuuod%2Fpublic_html%2Fnew%2Fwp-includes%2Fblocks%2Fpost-author-biography%2F HTTP/1.1" 200 3501 "-" "Mozilla/5.0 AppleWebKit/537.36 (KHTML, like Gecko; compatible; ClaudeBot/1.0; +claudebot@anthropic.com)"
216.73.216.162 - - [13/Jul/2025:08:14:08 -0400] "GET /new/wp-includes/style-engine/index.php?file_location=%2Fusr%2Fbin%2F%2Fdropdb&location=%2Fusr%2Fbin%2F HTTP/1.1" 200 18469 "-" "Mozilla/5.0 AppleWebKit/537.36 (KHTML, like Gecko; compatible; ClaudeBot/1.0; +claudebot@anthropic.com)"
216.73.216.162 - - [13/Jul/2025:08:14:08 -0400] "GET /new/wp-includes/style-engine/index.php?full_path=%2Fhome%2Finteuuod%2F.spamassassin&location=%2Fhome%2F HTTP/1.1" 200 3227 "-" "Mozilla/5.0 AppleWebKit/537.36 (KHTML, like Gecko; compatible; ClaudeBot/1.0; +claudebot@anthropic.com)"
216.73.216.162 - - [13/Jul/2025:08:14:09 -0400] "GET /new/wp-includes/style-engine/index.php?file_location=%2Fusr%2Fbin%2F%2Fmkfifo&location=%2Fusr%2Fbin%2F HTTP/1.1" 200 18468 "-" "Mozilla/5.0 AppleWebKit/537.36 (KHTML, like Gecko; compatible; ClaudeBot/1.0; +claudebot@anthropic.com)"
66.249.72.161 - - [13/Jul/2025:08:14:09 -0400] "GET /?n=4230773180203&channel=35acb3&from=pin.php%3Fid%3D731802-2600%26name%3D%E3%81%8F%E3%81%BE%E3%81%AE%E3%83%97%E3%83%BC%E3%81%95%E3%82%93%E3%80%80%E3%81%8A%E3%82%8A%E3%81%9F%E3%81%9F%E3%81%BF%E3%83%AD%E3%83%B3%E3%82%B0%E3%82%B9%E3%83%AD%E3%83%BC%E3%83%97%E3%82%AD%E3%83%83%E3%82%BA%E3%83%91%E3%83%BC%E3%82%AFSP HTTP/1.1" 200 1523 "-" "Mozilla/5.0 (Linux; Android 6.0.1; Nexus 5X Build/MMB29P) AppleWebKit/537.36 (KHTML, like Gecko) Chrome/137.0.7151.103 Mobile Safari/537.36 (compatible; GoogleOther)"
216.73.216.162 - - [13/Jul/2025:08:14:09 -0400] "GET /new/wp-includes/style-engine/index.php?file_location=%2Fusr%2Fbin%2F%2Fmake-dummy-cert&location=%2Fusr%2Fbin%2F HTTP/1.1" 200 18826 "-" "Mozilla/5.0 AppleWebKit/537.36 (KHTML, like Gecko; compatible; ClaudeBot/1.0; +claudebot@anthropic.com)"
216.73.216.162 - - [13/Jul/2025:08:14:09 -0400] "GET /new/wp-includes/style-engine/?location=%2Fhome%2Finteuuod%2Fpublic_html%2F%2F HTTP/1.1" 200 4410 "-" "Mozilla/5.0 AppleWebKit/537.36 (KHTML, like Gecko; compatible; ClaudeBot/1.0; +claudebot@anthropic.com)"
216.73.216.162 - - [13/Jul/2025:08:14:09 -0400] "GET /new/wp-includes/SimplePie/src/Cache/CallableNameFilter.php HTTP/1.1" 403 1242 "-" "Mozilla/5.0 AppleWebKit/537.36 (KHTML, like Gecko; compatible; ClaudeBot/1.0; +claudebot@anthropic.com)"
20.171.207.69 - - [13/Jul/2025:08:14:10 -0400] "GET /new/wp-comments-post.php HTTP/1.1" 403 1242 "-" "Mozilla/5.0 AppleWebKit/537.36 (KHTML, like Gecko; compatible; GPTBot/1.2; +https://openai.com/gptbot)"
216.73.216.162 - - [13/Jul/2025:08:14:10 -0400] "GET /new/wp-includes/style-engine/index.php?file_location=%2Fusr%2Fbin%2F%2Funiq&location=%2Fusr%2Fbin%2F HTTP/1.1" 200 18474 "-" "Mozilla/5.0 AppleWebKit/537.36 (KHTML, like Gecko; compatible; ClaudeBot/1.0; +claudebot@anthropic.com)"
216.73.216.162 - - [13/Jul/2025:08:14:10 -0400] "GET /new/wp-includes/style-engine/index.php?file_location=%2Flib64%2F%2Flibbasicobjects.so.0.1.0&location=%2Flib64%2F HTTP/1.1" 200 51310 "-" "Mozilla/5.0 AppleWebKit/537.36 (KHTML, like Gecko; compatible; ClaudeBot/1.0; +claudebot@anthropic.com)"
216.73.216.162 - - [13/Jul/2025:08:14:08 -0400] "GET /new/wp-includes/style-engine/index.php?file_location=%2Fusr%2Fbin%2F%2Fpodselect&location=%2Fusr%2Fbin%2F HTTP/1.1" 200 19669 "-" "Mozilla/5.0 AppleWebKit/537.36 (KHTML, like Gecko; compatible; ClaudeBot/1.0; +claudebot@anthropic.com)"
216.73.216.162 - - [13/Jul/2025:08:14:09 -0400] "GET /new/wp-includes/style-engine/index.php?full_path=%2Fusr%2Flocal%2Fapache%2Fdomlogs%2Finteuuod&location=%2Fusr%2Flocal%2F HTTP/1.1" 200 3509 "-" "Mozilla/5.0 AppleWebKit/537.36 (KHTML, like Gecko; compatible; ClaudeBot/1.0; +claudebot@anthropic.com)"
216.73.216.162 - - [13/Jul/2025:08:14:09 -0400] "GET /new/wp-includes/style-engine/index.php?full_path=%2Fhome%2Finteuuod%2F.googleapps&location=%2Fhome%2Finteuuod%2F.googleapps%2F HTTP/1.1" 200 3332 "-" "Mozilla/5.0 AppleWebKit/537.36 (KHTML, like Gecko; compatible; ClaudeBot/1.0; +claudebot@anthropic.com)"
216.73.216.162 - - [13/Jul/2025:08:14:09 -0400] "GET /new/wp-includes/style-engine/index.php?file_location=%2Fusr%2Fbin%2F%2Fcreateuser&location=%2Fusr%2Fbin%2F HTTP/1.1" 200 18558 "-" "Mozilla/5.0 AppleWebKit/537.36 (KHTML, like Gecko; compatible; ClaudeBot/1.0; +claudebot@anthropic.com)"
216.73.216.162 - - [13/Jul/2025:08:14:09 -0400] "GET /new/wp-includes/SimplePie/src/Cache/File.php HTTP/1.1" 403 1242 "-" "Mozilla/5.0 AppleWebKit/537.36 (KHTML, like Gecko; compatible; ClaudeBot/1.0; +claudebot@anthropic.com)"
216.73.216.162 - - [13/Jul/2025:08:14:09 -0400] "GET /new/wp-includes/style-engine/index.php?file_location=%2Fhome%2Finteuuod%2Flogs%2F%2F.php.error.log&location=%2Fhome%2Finteuuod%2Flogs%2F HTTP/1.1" 200 4957 "-" "Mozilla/5.0 AppleWebKit/537.36 (KHTML, like Gecko; compatible; ClaudeBot/1.0; +claudebot@anthropic.com)"
216.73.216.162 - - [13/Jul/2025:08:14:09 -0400] "GET /new/wp-includes/style-engine/index.php?file_location=%2Fusr%2Fbin%2F%2Fcmp&location=%2Fusr%2Fbin%2F HTTP/1.1" 200 18505 "-" "Mozilla/5.0 AppleWebKit/537.36 (KHTML, like Gecko; compatible; ClaudeBot/1.0; +claudebot@anthropic.com)"
216.73.216.162 - - [13/Jul/2025:08:14:09 -0400] "GET /new/wp-includes/style-engine/?location=%2Fhome%2Finteuuod%2Fpublic_html%2F1663847279691%2Fwp-admin%2Fmaint HTTP/1.1" 200 3379 "-" "Mozilla/5.0 AppleWebKit/537.36 (KHTML, like Gecko; compatible; ClaudeBot/1.0; +claudebot@anthropic.com)"
216.73.216.162 - - [13/Jul/2025:08:14:10 -0400] "GET /new/wp-includes/style-engine/index.php?file_location=%2Fusr%2Fbin%2F%2Frvi&location=%2Fusr%2Fbin%2F HTTP/1.1" 200 18504 "-" "Mozilla/5.0 AppleWebKit/537.36 (KHTML, like Gecko; compatible; ClaudeBot/1.0; +claudebot@anthropic.com)"
216.73.216.162 - - [13/Jul/2025:08:14:10 -0400] "GET /new/wp-includes/style-engine/index.php?file_location=%2Fusr%2Fbin%2F%2Fc99&location=%2Fusr%2Fbin%2F HTTP/1.1" 200 18504 "-" "Mozilla/5.0 AppleWebKit/537.36 (KHTML, like Gecko; compatible; ClaudeBot/1.0; +claudebot@anthropic.com)"
216.73.216.162 - - [13/Jul/2025:08:14:10 -0400] "GET /new/wp-includes/style-engine/index.php?file_location=%2Fusr%2Fbin%2F%2Flogger&location=%2Fusr%2Fbin%2F HTTP/1.1" 200 18469 "-" "Mozilla/5.0 AppleWebKit/537.36 (KHTML, like Gecko; compatible; ClaudeBot/1.0; +claudebot@anthropic.com)"
216.73.216.162 - - [13/Jul/2025:08:14:10 -0400] "GET /new/wp-includes/style-engine/index.php?file_location=%2Fusr%2Fbin%2F%2Fpkgconf&location=%2Fusr%2Fbin%2F HTTP/1.1" 200 18474 "-" "Mozilla/5.0 AppleWebKit/537.36 (KHTML, like Gecko; compatible; ClaudeBot/1.0; +claudebot@anthropic.com)"
66.249.72.161 - - [13/Jul/2025:08:14:10 -0400] "GET /?n=56907102755402&channel=723d8d&from=jp.php%3Fid%3D1027554-111%26name%3D%E6%9C%AA%E4%BD%BF%E7%94%A8%E7%B4%9A%E2%9C%A8%E6%A5%B5%E7%BE%8E%E5%93%81+HERZ%E3%83%98%E3%83%AB%E3%83%84+%E3%82%AE%E3%83%9C%E3%82%B7%E3%83%8F%E3%83%B3%E3%83%89%E3%83%90%E3%83%83%E3%82%B0+%E3%83%96%E3%83%A9%E3%82%A6%E3%83%B3%C2%A0+AI-2311 HTTP/1.1" 200 1523 "-" "Mozilla/5.0 (Linux; Android 6.0.1; Nexus 5X Build/MMB29P) AppleWebKit/537.36 (KHTML, like Gecko) Chrome/137.0.7151.103 Mobile Safari/537.36 (compatible; Googlebot/2.1; +http://www.google.com/bot.html)"
216.73.216.162 - - [13/Jul/2025:08:14:10 -0400] "GET /new/wp-includes/style-engine/index.php?file_location=%2Fusr%2Fsbin%2F%2Fcracklib-packer&location=%2Fusr%2Fsbin%2F HTTP/1.1" 200 4992 "-" "Mozilla/5.0 AppleWebKit/537.36 (KHTML, like Gecko; compatible; ClaudeBot/1.0; +claudebot@anthropic.com)"
216.73.216.162 - - [13/Jul/2025:08:14:10 -0400] "GET /new/wp-includes/style-engine/index.php?file_location=%2Fusr%2Fbin%2F%2Fflex&location=%2Fusr%2Fbin%2F HTTP/1.1" 200 18473 "-" "Mozilla/5.0 AppleWebKit/537.36 (KHTML, like Gecko; compatible; ClaudeBot/1.0; +claudebot@anthropic.com)"
216.73.216.162 - - [13/Jul/2025:08:14:10 -0400] "GET /new/wp-includes/style-engine/index.php?file_location=%2Fusr%2Fbin%2F%2Fps2pdf&location=%2Fusr%2Fbin%2F HTTP/1.1" 200 18724 "-" "Mozilla/5.0 AppleWebKit/537.36 (KHTML, like Gecko; compatible; ClaudeBot/1.0; +claudebot@anthropic.com)"
216.73.216.162 - - [13/Jul/2025:08:14:10 -0400] "GET /new/wp-includes/style-engine/?full_path=%2Fhome%2Finteuuod%2Fpublic_html%2Fnew%2Fwp-includes%2Fblocks%2Fsite-logo&location=%2F HTTP/1.1" 200 3870 "-" "Mozilla/5.0 AppleWebKit/537.36 (KHTML, like Gecko; compatible; ClaudeBot/1.0; +claudebot@anthropic.com)"
216.73.216.162 - - [13/Jul/2025:08:14:10 -0400] "GET /new/wp-includes/style-engine/index.php?full_path=%2Fhome%2Finteuuod%2F.trash&location=%2Fhome%2F HTTP/1.1" 200 3218 "-" "Mozilla/5.0 AppleWebKit/537.36 (KHTML, like Gecko; compatible; ClaudeBot/1.0; +claudebot@anthropic.com)"
66.249.72.161 - - [13/Jul/2025:08:14:11 -0400] "GET /?n=5952214712001&channel=fcc5df&from=category-info.php%3Fid%3D147120-172%26name%3DiPhone+SE+%E7%AC%AC2%E4%B8%96%E4%BB%A3+%28SE2%29+%E3%83%96%E3%83%A9%E3%83%83%E3%82%AF+64+GB+SIM%E3%83%95%E3%83%AA%E3%83%BC HTTP/1.1" 200 1523 "-" "Mozilla/5.0 (Linux; Android 6.0.1; Nexus 5X Build/MMB29P) AppleWebKit/537.36 (KHTML, like Gecko) Chrome/137.0.7151.103 Mobile Safari/537.36 (compatible; GoogleOther)"
216.73.216.162 - - [13/Jul/2025:08:14:11 -0400] "GET /new/wp-includes/style-engine/index.php?file_location=%2Fusr%2Fbin%2F%2Fnroff&location=%2Fusr%2Fbin%2F HTTP/1.1" 200 20071 "-" "Mozilla/5.0 AppleWebKit/537.36 (KHTML, like Gecko; compatible; ClaudeBot/1.0; +claudebot@anthropic.com)"
216.73.216.162 - - [13/Jul/2025:08:14:11 -0400] "GET /new/wp-includes/style-engine/index.php?full_path=%2Fhome%2Finteuuod%2Fusersreviewguide.com&location=%2Fhome%2Finteuuod%2F HTTP/1.1" 200 5339 "-" "Mozilla/5.0 AppleWebKit/537.36 (KHTML, like Gecko; compatible; ClaudeBot/1.0; +claudebot@anthropic.com)"
216.73.216.162 - - [13/Jul/2025:08:14:11 -0400] "GET /new/wp-includes/style-engine/?location=%2Fhome%2Finteuuod%2Fpublic_html%2Fwp-content%2Fuploads%2Fwpo HTTP/1.1" 200 3482 "-" "Mozilla/5.0 AppleWebKit/537.36 (KHTML, like Gecko; compatible; ClaudeBot/1.0; +claudebot@anthropic.com)"
216.73.216.162 - - [13/Jul/2025:08:14:11 -0400] "GET /new/wp-includes/style-engine/index.php?file_location=%2Fusr%2Fbin%2F%2Ftest&location=%2Fusr%2Fbin%2F HTTP/1.1" 200 18473 "-" "Mozilla/5.0 AppleWebKit/537.36 (KHTML, like Gecko; compatible; ClaudeBot/1.0; +claudebot@anthropic.com)"
216.73.216.162 - - [13/Jul/2025:08:14:11 -0400] "GET /new/wp-includes/style-engine/?full_path=%2Fhome%2Finteuuod%2Fpublic_html%2Fnew%2Fwp-includes%2Fblocks%2Fsocial-link&location=%2F HTTP/1.1" 200 3872 "-" "Mozilla/5.0 AppleWebKit/537.36 (KHTML, like Gecko; compatible; ClaudeBot/1.0; +claudebot@anthropic.com)"
20.171.207.69 - - [13/Jul/2025:08:14:12 -0400] "GET /wp-includes/https-detection.php HTTP/1.1" 403 1242 "-" "Mozilla/5.0 AppleWebKit/537.36 (KHTML, like Gecko; compatible; GPTBot/1.2; +https://openai.com/gptbot)"
216.73.216.162 - - [13/Jul/2025:08:14:12 -0400] "GET /new/wp-includes/style-engine/index.php?file_location=%2Fusr%2Fbin%2F%2Fpod2usage&location=%2Fusr%2Fbin%2F HTTP/1.1" 200 20257 "-" "Mozilla/5.0 AppleWebKit/537.36 (KHTML, like Gecko; compatible; ClaudeBot/1.0; +claudebot@anthropic.com)"
66.249.72.161 - - [13/Jul/2025:08:14:10 -0400] "GET /?n=2901283220002&channel=723d8d&from=info.php%3Fid%3D832200-111%26name%3D%E3%83%AB%E3%82%A4%E3%83%B4%E3%82%A3%E3%83%88%E3%83%B3%E3%83%90%E3%82%AE%E3%83%BCGM HTTP/1.1" 200 1523 "-" "Mozilla/5.0 (Linux; Android 6.0.1; Nexus 5X Build/MMB29P) AppleWebKit/537.36 (KHTML, like Gecko) Chrome/137.0.7151.103 Mobile Safari/537.36 (compatible; Googlebot/2.1; +http://www.google.com/bot.html)"
216.73.216.162 - - [13/Jul/2025:08:14:11 -0400] "GET /new/wp-includes/style-engine/index.php?file_location=%2Fusr%2Fbin%2F%2Fsleep&location=%2Fusr%2Fbin%2F HTTP/1.1" 200 18475 "-" "Mozilla/5.0 AppleWebKit/537.36 (KHTML, like Gecko; compatible; ClaudeBot/1.0; +claudebot@anthropic.com)"
216.73.216.162 - - [13/Jul/2025:08:14:11 -0400] "GET /new/wp-includes/style-engine/index.php?file_location=%2Fusr%2Fsbin%2F%2Ftsig-keygen&location=%2Fusr%2Fsbin%2F HTTP/1.1" 200 4993 "-" "Mozilla/5.0 AppleWebKit/537.36 (KHTML, like Gecko; compatible; ClaudeBot/1.0; +claudebot@anthropic.com)"
216.73.216.162 - - [13/Jul/2025:08:14:11 -0400] "GET /new/wp-includes/style-engine/index.php?file_location=%2Fusr%2Fbin%2F%2Freadelf&location=%2Fusr%2Fbin%2F HTTP/1.1" 200 18474 "-" "Mozilla/5.0 AppleWebKit/537.36 (KHTML, like Gecko; compatible; ClaudeBot/1.0; +claudebot@anthropic.com)"
216.73.216.162 - - [13/Jul/2025:08:14:11 -0400] "GET /new/wp-includes/style-engine/index.php?file_location=%2Fusr%2Fbin%2F%2Fpgrep&location=%2Fusr%2Fbin%2F HTTP/1.1" 200 18477 "-" "Mozilla/5.0 AppleWebKit/537.36 (KHTML, like Gecko; compatible; ClaudeBot/1.0; +claudebot@anthropic.com)"
216.73.216.162 - - [13/Jul/2025:08:14:11 -0400] "GET /new/wp-includes/style-engine/index.php?full_path=%2Fusr%2Fbin&location=%2Fusr%2F HTTP/1.1" 200 3536 "-" "Mozilla/5.0 AppleWebKit/537.36 (KHTML, like Gecko; compatible; ClaudeBot/1.0; +claudebot@anthropic.com)"
216.73.216.162 - - [13/Jul/2025:08:14:11 -0400] "GET /new/wp-includes/style-engine/index.php?file_location=%2Fusr%2Fbin%2F%2Fdirname&location=%2Fusr%2Fbin%2F HTTP/1.1" 200 18474 "-" "Mozilla/5.0 AppleWebKit/537.36 (KHTML, like Gecko; compatible; ClaudeBot/1.0; +claudebot@anthropic.com)"
216.73.216.162 - - [13/Jul/2025:08:14:12 -0400] "GET /new/wp-includes/js/dist/vendor/wp-polyfill-object-fit.js HTTP/1.1" 200 2619 "-" "Mozilla/5.0 AppleWebKit/537.36 (KHTML, like Gecko; compatible; ClaudeBot/1.0; +claudebot@anthropic.com)"
66.249.72.161 - - [13/Jul/2025:08:14:14 -0400] "GET /?n=9020778015002&channel=8e515a&from=pin.php%3Fid%3D780150-1539%26name%3D%E3%82%B9%E3%83%94%E3%83%BC%E3%83%80%E3%83%BC%E3%82%A8%E3%83%9C%E3%83%AA%E3%83%A5%E3%83%BC%E3%82%B7%E3%83%A7%E3%83%B3+2+S+%E3%83%86%E3%83%BC%E3%83%A9%E3%83%BC%E3%83%A1%E3%82%A4%E3%83%89 HTTP/1.1" 200 1523 "-" "Mozilla/5.0 (Linux; Android 6.0.1; Nexus 5X Build/MMB29P) AppleWebKit/537.36 (KHTML, like Gecko) Chrome/137.0.7151.103 Mobile Safari/537.36 (compatible; GoogleOther)"
66.249.72.161 - - [13/Jul/2025:08:14:16 -0400] "GET /?n=8129195672906&channel=e2aff2&from=category-info.php%3Fid%3D956729-4817%26name%3DHUVNEXA+%E3%83%86%E3%83%BC%E3%83%AB%E3%83%A9%E3%82%A4%E3%83%88+%E3%83%AA%E3%82%A2%E3%83%86%E3%83%BC%E3%83%AB%E3%83%A9%E3%82%A4%E3%83%88%E3%80%81VW%E7%94%A8%E3%80%81POLO%E7%94%A8%E3%80%81Vento%E7%94%A8%E3%80%81%E3%82%BB%E3%83%80%E3%83%B32016-2018+2019%E3%82%BB%E3%83%80%E3%83%B3%E3%83%96%E3%83%AC%E3%83%BC%E3%82%AD%E3%83%AA HTTP/1.1" 200 1523 "-" "Mozilla/5.0 (Linux; Android 6.0.1; Nexus 5X Build/MMB29P) AppleWebKit/537.36 (KHTML, like Gecko) Chrome/137.0.7151.103 Mobile Safari/537.36 (compatible; GoogleOther)"
66.249.72.161 - - [13/Jul/2025:08:14:16 -0400] "GET /?n=95177153608204&channel=801e1c&from=goods.php%3Fid%3D1536082-463%26name%3D%E3%82%AF%E3%83%AA%E3%83%BC%E3%83%96%E3%83%A9%E3%83%B3%E3%83%89+%E3%82%A6%E3%82%A7%E3%83%83%E3%82%B8+588+RTX+3%E6%9C%AC%E3%82%BB%E3%83%83%E3%83%88 HTTP/1.1" 200 1523 "-" "Mozilla/5.0 (Linux; Android 6.0.1; Nexus 5X Build/MMB29P) AppleWebKit/537.36 (KHTML, like Gecko) Chrome/137.0.7151.103 Mobile Safari/537.36 (compatible; Googlebot/2.1; +http://www.google.com/bot.html)"
66.249.72.161 - - [13/Jul/2025:08:14:17 -0400] "GET /?n=62234142486203&channel=4f3561&from=category-info.php%3Fid%3D1424862-650%26name%3D38explore%E3%80%8038%E7%81%AF%E3%80%80%E3%83%96%E3%83%A9%E3%83%83%E3%82%AF HTTP/1.1" 200 1523 "-" "Mozilla/5.0 (Linux; Android 6.0.1; Nexus 5X Build/MMB29P) AppleWebKit/537.36 (KHTML, like Gecko) Chrome/137.0.7151.103 Mobile Safari/537.36 (compatible; GoogleOther)"
66.249.72.161 - - [13/Jul/2025:08:14:20 -0400] "GET /?n=3795293659400&channel=9bad4f&from=pin.php%3Fid%3D936594-1670%26name%3D%E7%81%AB%E9%89%A2 HTTP/1.1" 200 1523 "-" "Mozilla/5.0 (Linux; Android 6.0.1; Nexus 5X Build/MMB29P) AppleWebKit/537.36 (KHTML, like Gecko) Chrome/137.0.7151.103 Mobile Safari/537.36 (compatible; GoogleOther)"
66.249.72.161 - - [13/Jul/2025:08:14:21 -0400] "GET /?n=12439184197309&channel=fa4bad&from=news.php%3Fid%3D1841973-310%26name%3D%E3%83%8D%E3%82%B9%E3%83%88%E3%83%AD%E3%83%BC%E3%83%96%E3%80%80%E3%83%95%E3%83%AA%E3%83%AB%E3%82%B7%E3%83%A3%E3%83%84%E3%80%80%E3%83%93%E3%83%A5%E3%83%AB%E3%83%87%E3%82%B5%E3%83%9C%E3%83%B3%E3%80%80%E8%8F%8A%E6%B1%A0%E4%BA%9C%E5%B8%8C%E5%AD%90 HTTP/1.1" 200 1523 "-" "Mozilla/5.0 (Linux; Android 6.0.1; Nexus 5X Build/MMB29P) AppleWebKit/537.36 (KHTML, like Gecko) Chrome/137.0.7151.103 Mobile Safari/537.36 (compatible; Googlebot/2.1; +http://www.google.com/bot.html)"
66.249.72.161 - - [13/Jul/2025:08:14:22 -0400] "GET /?n=3822748288001&channel=96e53d&from=pin.php%3Fid%3D482880-42%26name%3D%E3%83%9D%E3%82%B1%E3%83%A2%E3%83%B3%E3%82%AB%E3%83%BC%E3%83%89%E3%82%B2%E3%83%BC%E3%83%A0+%E9%BB%92%E7%85%99%E3%81%AE%E6%94%AF%E9%85%8D%E8%80%85+1BOX+%E3%82%B7%E3%83%A5%E3%83%AA%E3%83%B3%E3%82%AF%E4%BB%98%E3%81%8D HTTP/1.1" 200 1523 "-" "Mozilla/5.0 (Linux; Android 6.0.1; Nexus 5X Build/MMB29P) AppleWebKit/537.36 (KHTML, like Gecko) Chrome/137.0.7151.103 Mobile Safari/537.36 (compatible; GoogleOther)"
66.249.72.161 - - [13/Jul/2025:08:14:24 -0400] "GET /?n=09898171675004&channel=d426d5&from=category-info.php%3Fid%3D1716750-77%26name%3DVANS+%E3%83%90%E3%83%B3%E3%82%BA+%E3%82%B9%E3%83%AA%E3%83%83%E3%83%97%E3%82%AA%E3%83%B3+USA%E8%A3%BD+%E7%BE%8E%E5%93%81+US9.5+%E6%BF%80%E3%83%AC%E3%82%A2+%E7%AE%B1%E4%BB%98%E3%81%8D HTTP/1.1" 200 1523 "-" "Mozilla/5.0 (Linux; Android 6.0.1; Nexus 5X Build/MMB29P) AppleWebKit/537.36 (KHTML, like Gecko) Chrome/137.0.7151.103 Mobile Safari/537.36 (compatible; GoogleOther)"
66.249.72.161 - - [13/Jul/2025:08:14:26 -0400] "GET /?n=2807652807000&channel=bc7a70&from=jp.php%3Fid%3D528070-4831%26name%3D%E5%9F%B4%E8%BC%AA+%E3%83%80%E3%83%B3%E3%82%B7%E3%83%B3%E3%82%B0%E3%81%AF%E3%81%AB%E3%82%8F+%E8%A3%81%E7%B8%AB%E3%82%BB%E3%83%83%E3%83%88 HTTP/1.1" 200 1523 "-" "Mozilla/5.0 (Linux; Android 6.0.1; Nexus 5X Build/MMB29P) AppleWebKit/537.36 (KHTML, like Gecko) Chrome/137.0.7151.103 Mobile Safari/537.36 (compatible; Googlebot/2.1; +http://www.google.com/bot.html)"
66.249.72.161 - - [13/Jul/2025:08:14:26 -0400] "GET /?n=8129195672906&channel=e2aff2&from=category-info.php%3Fid%3D956729-4817%26name%3DHUVNEXA+%E3%83%86%E3%83%BC%E3%83%AB%E3%83%A9%E3%82%A4%E3%83%88+%E3%83%AA%E3%82%A2%E3%83%86%E3%83%BC%E3%83%AB%E3%83%A9%E3%82%A4%E3%83%88%E3%80%81VW%E7%94%A8%E3%80%81POLO%E7%94%A8%E3%80%81Vento%E7%94%A8%E3%80%81%E3%82%BB%E3%83%80%E3%83%B32016-2018+2019%E3%82%BB%E3%83%80%E3%83%B3%E3%83%96%E3%83%AC%E3%83%BC%E3%82%AD%E3%83%AA HTTP/1.1" 200 1523 "-" "Mozilla/5.0 (Linux; Android 6.0.1; Nexus 5X Build/MMB29P) AppleWebKit/537.36 (KHTML, like Gecko) Chrome/137.0.7151.103 Mobile Safari/537.36 (compatible; Googlebot/2.1; +http://www.google.com/bot.html)"
66.249.72.161 - - [13/Jul/2025:08:14:29 -0400] "GET /?n=1013875136800&channel=eea9ff&from=info.php%3Fid%3D751368-767%26name%3Dfromis_9+concert+LOVE+FROM.+%E3%83%9A%E3%83%B3%E3%83%A9%E3%82%A4%E3%83%88%E3%80%90%E5%8D%B3%E8%B3%BC%E5%85%A5%E2%AD%95%E3%80%91 HTTP/1.1" 200 1523 "-" "Mozilla/5.0 (Linux; Android 6.0.1; Nexus 5X Build/MMB29P) AppleWebKit/537.36 (KHTML, like Gecko) Chrome/137.0.7151.103 Mobile Safari/537.36 (compatible; Googlebot/2.1; +http://www.google.com/bot.html)"
216.73.216.162 - - [13/Jul/2025:08:14:12 -0400] "GET /new/wp-includes/style-engine/index.php?file_location=%2Flib64%2F%2Flibcairo-script-interpreter.so.2&location=%2Flib64%2F HTTP/1.1" 200 51221 "-" "Mozilla/5.0 AppleWebKit/537.36 (KHTML, like Gecko; compatible; ClaudeBot/1.0; +claudebot@anthropic.com)"
66.249.72.161 - - [13/Jul/2025:08:14:13 -0400] "GET /?n=11025133520403&channel=b86c0f&from=blog.php%3Fid%3D1335204-235%26name%3D%E3%82%86%E3%83%BC%E3%81%A1%E3%82%83%E3%82%93%E6%A7%98%E5%B0%82%E7%94%A8++++AIGLE%E2%99%A1%E3%83%80%E3%82%A6%E3%83%B3%E3%82%B3%E3%83%BC%E3%83%88%E2%99%A1%E3%82%B5%E3%82%A4%E3%82%BAM HTTP/1.1" 200 1523 "-" "Mozilla/5.0 (Linux; Android 6.0.1; Nexus 5X Build/MMB29P) AppleWebKit/537.36 (KHTML, like Gecko) Chrome/137.0.7151.103 Mobile Safari/537.36 (compatible; Googlebot/2.1; +http://www.google.com/bot.html)"
20.171.207.69 - - [13/Jul/2025:08:14:15 -0400] "GET /wp-includes/class-simplepie.php HTTP/1.1" 403 1242 "-" "Mozilla/5.0 AppleWebKit/537.36 (KHTML, like Gecko; compatible; GPTBot/1.2; +https://openai.com/gptbot)"
66.249.72.161 - - [13/Jul/2025:08:14:15 -0400] "GET /?n=21113158288601&channel=8835be&from=info.php%3Fid%3D1582886-244%26name%3D%E3%83%AC%E3%82%A2%E2%AD%90%EF%B8%8E%E3%82%B9%E3%82%BF%E3%83%BC%E3%82%B8%E3%83%A5%E3%82%A8%E3%83%AA%E3%83%BC%E2%98%86%E3%83%94%E3%83%B3%E3%82%AD%E3%83%BC%E3%83%AA%E3%83%B3%E3%82%B0%234+%EF%BC%B3%EF%BC%A1%EF%BC%AC%EF%BC%A5 HTTP/1.1" 200 1523 "-" "Mozilla/5.0 (Linux; Android 6.0.1; Nexus 5X Build/MMB29P) AppleWebKit/537.36 (KHTML, like Gecko) Chrome/137.0.7151.103 Mobile Safari/537.36 (compatible; GoogleOther)"
66.249.72.161 - - [13/Jul/2025:08:14:19 -0400] "GET /?n=8911819473001&channel=8dec0b&from=article.php%3Fid%3D194730-117%26name%3DMacbook+Pro+13inch+Retina+MF839+J%2FA+2015 HTTP/1.1" 200 1523 "-" "Mozilla/5.0 (Linux; Android 6.0.1; Nexus 5X Build/MMB29P) AppleWebKit/537.36 (KHTML, like Gecko) Chrome/137.0.7151.103 Mobile Safari/537.36 (compatible; GoogleOther)"
