20.168.18.36 - - [13/Jul/2025:08:08:24 -0400] "GET /?channel=7db068&from=goods.php%3Fid%3D914346-994%26name%3D%E3%83%86%E3%82%A3%E3%83%95%E3%82%A1%E3%83%BC%E3%83%AB+%E3%82%B9%E3%83%81%E3%83%BC%E3%83%A0%E3%82%A2%E3%82%A4%E3%83%AD%E3%83%B3+%E3%82%A2%E3%82%AF%E3%82%BB%E3%82%B9%E3%82%B9%E3%83%81%E3%83%BC%E3%83%A0&n=3087891434602 HTTP/1.1" 200 1523 "-" "Mozilla/5.0 (Macintosh; Intel Mac OS X 10_15_7) AppleWebKit/537.36 (KHTML, like Gecko) Chrome/131.0.0.0 Safari/537.36; compatible; OAI-SearchBot/1.0; +https://openai.com/searchbot"
20.171.207.69 - - [13/Jul/2025:08:08:26 -0400] "GET /?MA HTTP/1.1" 200 1530 "-" "Mozilla/5.0 AppleWebKit/537.36 (KHTML, like Gecko; compatible; GPTBot/1.2; +https://openai.com/gptbot)"
172.182.224.14 - - [13/Jul/2025:08:08:27 -0400] "GET /_autoindex/assets/css/autoindex.css HTTP/1.1" 200 1170 "-" "Mozilla/5.0 (Macintosh; Intel Mac OS X 10_15_7) AppleWebKit/537.36 (KHTML, like Gecko) Chrome/131.0.0.0 Safari/537.36; compatible; OAI-SearchBot/1.0; +https://openai.com/searchbot"
172.182.224.14 - - [13/Jul/2025:08:08:30 -0400] "GET /_autoindex/assets/js/tablesort.number.js HTTP/1.1" 200 322 "-" "Mozilla/5.0 (Macintosh; Intel Mac OS X 10_15_7) AppleWebKit/537.36 (KHTML, like Gecko) Chrome/131.0.0.0 Safari/537.36; compatible; OAI-SearchBot/1.0; +https://openai.com/searchbot"
66.249.72.161 - - [13/Jul/2025:08:08:32 -0400] "GET /?n=79241188952602&channel=813be5&from=article.php%3Fid%3D1889526-1181%26name%3D%E3%81%A0%E3%82%93%E3%81%98%E3%82%8A%E6%8F%90%E7%81%AF%E3%81%9F%E3%81%A6 HTTP/1.1" 200 1523 "-" "Mozilla/5.0 (Linux; Android 6.0.1; Nexus 5X Build/MMB29P) AppleWebKit/537.36 (KHTML, like Gecko) Chrome/137.0.7151.103 Mobile Safari/537.36 (compatible; GoogleOther)"
20.171.207.69 - - [13/Jul/2025:08:08:35 -0400] "GET /?SA HTTP/1.1" 200 1530 "-" "Mozilla/5.0 AppleWebKit/537.36 (KHTML, like Gecko; compatible; GPTBot/1.2; +https://openai.com/gptbot)"
216.73.216.162 - - [13/Jul/2025:08:08:35 -0400] "GET /new/wp-includes/style-engine/index.php?location=%2Fhome%2Finteuuod%2Fpublic_html%2Fnew%2Fwp-includes%2Fblocks%2Fcalendar%2F HTTP/1.1" 200 3501 "-" "Mozilla/5.0 AppleWebKit/537.36 (KHTML, like Gecko; compatible; ClaudeBot/1.0; +claudebot@anthropic.com)"
216.73.216.162 - - [13/Jul/2025:08:08:35 -0400] "GET /new/wp-includes/style-engine/?location=%2Fhome%2Finteuuod%2Fpublic_html%2F1663847279691%2Fwp-includes%2Fsitemaps HTTP/1.1" 200 3588 "-" "Mozilla/5.0 AppleWebKit/537.36 (KHTML, like Gecko; compatible; ClaudeBot/1.0; +claudebot@anthropic.com)"
216.73.216.162 - - [13/Jul/2025:08:08:35 -0400] "GET /new/wp-includes/style-engine/?file_location=%2Fhome%2Finteuuod%2Fpublic_html%2Fwp-content%2Fuploads%2F%2Fwoocommerce-placeholder-768x768.png&location=%2Fhome%2Finteuuod%2Fpublic_html%2Fwp-content%2Fuploads%2F HTTP/1.1" 200 4866 "-" "Mozilla/5.0 AppleWebKit/537.36 (KHTML, like Gecko; compatible; ClaudeBot/1.0; +claudebot@anthropic.com)"
216.73.216.162 - - [13/Jul/2025:08:08:35 -0400] "GET /new/wp-includes/style-engine/?full_path=%2Fhome%2Finteuuod%2Fpublic_html%2Fwp-content%2Fwpo-cache&location=%2F HTTP/1.1" 200 3850 "-" "Mozilla/5.0 AppleWebKit/537.36 (KHTML, like Gecko; compatible; ClaudeBot/1.0; +claudebot@anthropic.com)"
216.73.216.162 - - [13/Jul/2025:08:08:35 -0400] "GET /new/wp-includes/style-engine/index.php?location=%2Fhome%2Finteuuod%2Fpublic_html%2Fnew%2Fwp-includes%2Fblocks%2Farchives%2F HTTP/1.1" 200 3604 "-" "Mozilla/5.0 AppleWebKit/537.36 (KHTML, like Gecko; compatible; ClaudeBot/1.0; +claudebot@anthropic.com)"
216.73.216.162 - - [13/Jul/2025:08:08:35 -0400] "GET /new/wp-includes/style-engine/index.php?full_path=%2Fhome%2Finteuuod%2Flscache&location=%2Fhome%2F HTTP/1.1" 200 3229 "-" "Mozilla/5.0 AppleWebKit/537.36 (KHTML, like Gecko; compatible; ClaudeBot/1.0; +claudebot@anthropic.com)"
20.171.123.79 - - [13/Jul/2025:08:08:35 -0400] "GET /_autoindex/assets/icons/file.svg HTTP/1.1" 200 354 "-" "Mozilla/5.0 (Macintosh; Intel Mac OS X 10_15_7) AppleWebKit/537.36 (KHTML, like Gecko) Chrome/131.0.0.0 Safari/537.36; compatible; OAI-SearchBot/1.0; +https://openai.com/searchbot"
216.73.216.162 - - [13/Jul/2025:08:08:35 -0400] "GET /new/wp-includes/style-engine/?location=%2Fhome%2Finteuuod%2Fpublic_html%2Fwp-content%2Fuploads%2F2023 HTTP/1.1" 200 3545 "-" "Mozilla/5.0 AppleWebKit/537.36 (KHTML, like Gecko; compatible; ClaudeBot/1.0; +claudebot@anthropic.com)"
216.73.216.162 - - [13/Jul/2025:08:08:35 -0400] "GET /new/wp-includes/style-engine/?file_location=%2Fhome%2Finteuuod%2Fpublic_html%2Fnew%2Fwp-includes%2Fblocks%2Fsearch%2F%2Fstyle.min.css&location=%2Fhome%2Finteuuod%2Fpublic_html%2Fnew%2Fwp-includes%2Fblocks%2Fsearch%2F HTTP/1.1" 200 4459 "-" "Mozilla/5.0 AppleWebKit/537.36 (KHTML, like Gecko; compatible; ClaudeBot/1.0; +claudebot@anthropic.com)"
66.249.72.161 - - [13/Jul/2025:08:08:35 -0400] "GET /?n=00370179474507&channel=fcc5df&from=shared.php%3Fid%3D1794745-172%26name%3DiPhone+8+256GB+%E3%82%B4%E3%83%BC%E3%83%AB%E3%83%89 HTTP/1.1" 200 1523 "-" "Mozilla/5.0 (Linux; Android 6.0.1; Nexus 5X Build/MMB29P) AppleWebKit/537.36 (KHTML, like Gecko) Chrome/137.0.7151.103 Mobile Safari/537.36 (compatible; Googlebot/2.1; +http://www.google.com/bot.html)"
216.73.216.162 - - [13/Jul/2025:08:08:35 -0400] "GET /new/wp-includes/style-engine/?full_path=%2Fhome%2Finteuuod%2Fpublic_html%2Fnew%2Fwp-includes%2Fblocks%2Fpost-template&location=%2F HTTP/1.1" 200 3882 "-" "Mozilla/5.0 AppleWebKit/537.36 (KHTML, like Gecko; compatible; ClaudeBot/1.0; +claudebot@anthropic.com)"
216.73.216.162 - - [13/Jul/2025:08:08:36 -0400] "GET /new/wp-includes/style-engine/?file_location=%2Fhome%2Finteuuod%2Fpublic_html%2F1663847279691%2Fwp-includes%2F%2Ftheme.json&location=%2Fhome%2Finteuuod%2Fpublic_html%2F1663847279691%2Fwp-includes%2F HTTP/1.1" 200 14125 "-" "Mozilla/5.0 AppleWebKit/537.36 (KHTML, like Gecko; compatible; ClaudeBot/1.0; +claudebot@anthropic.com)"
216.73.216.162 - - [13/Jul/2025:08:08:36 -0400] "GET /new/wp-includes/style-engine/?location=%2Fhome%2Finteuuod%2Fpublic_html%2Fwp-content%2Fuploads%2Fastra-sites HTTP/1.1" 200 3460 "-" "Mozilla/5.0 AppleWebKit/537.36 (KHTML, like Gecko; compatible; ClaudeBot/1.0; +claudebot@anthropic.com)"
66.249.72.161 - - [13/Jul/2025:08:08:35 -0400] "GET /?n=7089766202806&channel=052af4&from=pin.php%3Fid%3D662028-6030%26name%3D%E6%B5%B7%E8%BE%BA+%E3%83%80%E3%82%A4%E3%83%A4%E3%83%A2%E3%83%B3%E3%83%89%E3%82%A2%E3%83%BC%E3%83%88+%E3%82%AD%E3%83%83%E3%83%88+%E5%A4%A7%E3%81%8D%E3%81%84%E3%82%B5%E3%82%A4%E3%82%BA%E3%83%80%E3%82%A4%E3%83%A4%E3%83%A2%E3%83%B3%E3%83%89%E7%B5%B5%E7%94%BB+%E9%A2%A8%E6%99%AF+DIY%E3%83%80%E3%82%A4%E3%83%A4%E3%83%A2%E3%83%B3%E3%83%89%E5%A1%97%E8%A3%85+5D%E3%83%A2%E3%82%B6%E3%82%A4%E3%82%AF%E3%82%A2%E3%83%BC%E3%83%88%E5%85%A8%E9%9D%A2%E8%B2%BC%E3%82%8A%E4%BB%98%E3%81%91%E3%82%BF%E3%82%A4%E3%83%97 HTTP/1.1" 200 1523 "-" "Mozilla/5.0 (Linux; Android 6.0.1; Nexus 5X Build/MMB29P) AppleWebKit/537.36 (KHTML, like Gecko) Chrome/137.0.7151.103 Mobile Safari/537.36 (compatible; GoogleOther)"
216.73.216.162 - - [13/Jul/2025:08:08:35 -0400] "GET /new/wp-includes/style-engine/?full_path=%2Fhome%2Finteuuod%2Fpublic_html%2Fnew%2Fwp-includes%2Fblocks%2Fbuttons&location=%2F HTTP/1.1" 200 3872 "-" "Mozilla/5.0 AppleWebKit/537.36 (KHTML, like Gecko; compatible; ClaudeBot/1.0; +claudebot@anthropic.com)"
66.249.72.161 - - [13/Jul/2025:08:08:35 -0400] "GET /?n=5279236691401&channel=2b399c&from=blog.php%3Fid%3D366914-876%26name%3D%E3%81%B2%E3%82%8D%E6%A7%98%E5%B0%82%E7%94%A8%E3%83%90%E3%83%BC%E3%83%90%E3%83%AA%E3%83%BCBLACKlabel%E3%82%B3%E3%83%BC%E3%83%88 HTTP/1.1" 200 1523 "-" "Mozilla/5.0 (Linux; Android 6.0.1; Nexus 5X Build/MMB29P) AppleWebKit/537.36 (KHTML, like Gecko) Chrome/137.0.7151.103 Mobile Safari/537.36 (compatible; Googlebot/2.1; +http://www.google.com/bot.html)"
216.73.216.162 - - [13/Jul/2025:08:08:35 -0400] "GET /new/wp-includes/style-engine/?location=%2Fhome%2Finteuuod%2Fpublic_html%2Fwp-content%2Fuploads%2F2022 HTTP/1.1" 200 3477 "-" "Mozilla/5.0 AppleWebKit/537.36 (KHTML, like Gecko; compatible; ClaudeBot/1.0; +claudebot@anthropic.com)"
216.73.216.162 - - [13/Jul/2025:08:08:36 -0400] "GET /new/wp-includes/style-engine/index.php?full_path=%2Fhome%2Finteuuod%2F.cpanel&location=%2Fhome%2F HTTP/1.1" 200 3231 "-" "Mozilla/5.0 AppleWebKit/537.36 (KHTML, like Gecko; compatible; ClaudeBot/1.0; +claudebot@anthropic.com)"
216.73.216.162 - - [13/Jul/2025:08:08:36 -0400] "GET /new/wp-includes/style-engine/?full_path=%2Fhome%2Finteuuod%2Fpublic_html%2Fnew%2Fwp-includes%2Fblocks%2Fquery-no-results&location=%2F HTTP/1.1" 200 3876 "-" "Mozilla/5.0 AppleWebKit/537.36 (KHTML, like Gecko; compatible; ClaudeBot/1.0; +claudebot@anthropic.com)"
216.73.216.162 - - [13/Jul/2025:08:08:36 -0400] "GET /new/wp-includes/style-engine/index.php?full_path=%2Fhome%2Finteuuod%2Fssl&location=%2Fhome%2F HTTP/1.1" 200 3216 "-" "Mozilla/5.0 AppleWebKit/537.36 (KHTML, like Gecko; compatible; ClaudeBot/1.0; +claudebot@anthropic.com)"
216.73.216.162 - - [13/Jul/2025:08:08:36 -0400] "GET /new/wp-includes/style-engine/?location=%2Fhome%2Finteuuod%2Fpublic_html%2F1663847279691%2Fwp-includes%2FID3 HTTP/1.1" 200 3973 "-" "Mozilla/5.0 AppleWebKit/537.36 (KHTML, like Gecko; compatible; ClaudeBot/1.0; +claudebot@anthropic.com)"
216.73.216.162 - - [13/Jul/2025:08:08:36 -0400] "GET /new/wp-includes/style-engine/?location=%2Fhome%2Finteuuod%2Fpublic_html%2Fwp-content%2Fplugins%2Findeed-affiliate-pro HTTP/1.1" 200 3780 "-" "Mozilla/5.0 AppleWebKit/537.36 (KHTML, like Gecko; compatible; ClaudeBot/1.0; +claudebot@anthropic.com)"
216.73.216.162 - - [13/Jul/2025:08:08:36 -0400] "GET /new/wp-includes/style-engine/?location=%2Fhome%2Finteuuod%2Fpublic_html%2Fwp-content%2Fuploads%2Fburst HTTP/1.1" 200 3391 "-" "Mozilla/5.0 AppleWebKit/537.36 (KHTML, like Gecko; compatible; ClaudeBot/1.0; +claudebot@anthropic.com)"
216.73.216.162 - - [13/Jul/2025:08:08:36 -0400] "GET /new/wp-includes/style-engine/index.php?location=%2Fhome%2Finteuuod%2Fpublic_html%2Fnew%2Fwp-includes%2Fblocks%2Fquote%2F HTTP/1.1" 200 3617 "-" "Mozilla/5.0 AppleWebKit/537.36 (KHTML, like Gecko; compatible; ClaudeBot/1.0; +claudebot@anthropic.com)"
66.249.72.161 - - [13/Jul/2025:08:08:36 -0400] "GET /?n=7296766153602&channel=b90808&from=info.php%3Fid%3D661536-1351%26name%3DMH23%E3%83%AF%E3%82%B4%E3%83%B3R+%E7%B4%94%E6%AD%A3%E3%83%98%E3%83%83%E3%83%89%E3%83%A9%E3%82%A4%E3%83%88%E5%B7%A6%E5%8F%B3%E3%82%BB%E3%83%83%E3%83%88 HTTP/1.1" 200 1523 "-" "Mozilla/5.0 (Linux; Android 6.0.1; Nexus 5X Build/MMB29P) AppleWebKit/537.36 (KHTML, like Gecko) Chrome/137.0.7151.119 Mobile Safari/537.36 (compatible; Googlebot/2.1; +http://www.google.com/bot.html)"
216.73.216.162 - - [13/Jul/2025:08:08:37 -0400] "GET /new/wp-includes/style-engine/?location=%2Fhome%2Finteuuod%2Fpublic_html%2Fwp-content%2Fwpo-cache%2Fconfig HTTP/1.1" 200 3396 "-" "Mozilla/5.0 AppleWebKit/537.36 (KHTML, like Gecko; compatible; ClaudeBot/1.0; +claudebot@anthropic.com)"
66.249.72.161 - - [13/Jul/2025:08:08:37 -0400] "GET /?n=96172167103403&channel=abac3f&from=article.php%3Fid%3D1671034-3764%26name%3D%E5%AE%9F%E7%89%A9+5.11+all+mission+plate+carrier HTTP/1.1" 200 1523 "-" "Mozilla/5.0 (Linux; Android 6.0.1; Nexus 5X Build/MMB29P) AppleWebKit/537.36 (KHTML, like Gecko) Chrome/137.0.7151.103 Mobile Safari/537.36 (compatible; GoogleOther)"
216.73.216.162 - - [13/Jul/2025:08:08:37 -0400] "GET /new/wp-includes/style-engine/?full_path=%2Fhome%2Finteuuod%2Fpublic_html%2Fnew%2Fwp-includes%2Fblocks%2Ftable&location=%2F HTTP/1.1" 200 3867 "-" "Mozilla/5.0 AppleWebKit/537.36 (KHTML, like Gecko; compatible; ClaudeBot/1.0; +claudebot@anthropic.com)"
216.73.216.162 - - [13/Jul/2025:08:08:37 -0400] "GET /new/wp-includes/style-engine/index.php?file_location=%2Fhome%2Finteuuod%2Fmail%2F%2Fwp-blog-header.php&location=%2Fhome%2Finteuuod%2Fmail%2F HTTP/1.1" 200 5868 "-" "Mozilla/5.0 AppleWebKit/537.36 (KHTML, like Gecko; compatible; ClaudeBot/1.0; +claudebot@anthropic.com)"
216.73.216.162 - - [13/Jul/2025:08:08:37 -0400] "GET /new/wp-includes/style-engine/index.php?file_location=%2Fusr%2Fbin%2F%2Fssh-copy-id&location=%2Fusr%2Fbin%2F HTTP/1.1" 200 23347 "-" "Mozilla/5.0 AppleWebKit/537.36 (KHTML, like Gecko; compatible; ClaudeBot/1.0; +claudebot@anthropic.com)"
20.168.18.36 - - [13/Jul/2025:08:08:37 -0400] "GET /_autoindex/assets/js/tablesort.js HTTP/1.1" 200 2137 "-" "Mozilla/5.0 (Macintosh; Intel Mac OS X 10_15_7) AppleWebKit/537.36 (KHTML, like Gecko) Chrome/131.0.0.0 Safari/537.36; compatible; OAI-SearchBot/1.0; +https://openai.com/searchbot"
216.73.216.162 - - [13/Jul/2025:08:08:37 -0400] "GET /new/wp-includes/style-engine/?location=%2Fhome%2Finteuuod%2Fpublic_html%2F1663847279691%2Fwp-includes%2Fcss HTTP/1.1" 200 4598 "-" "Mozilla/5.0 AppleWebKit/537.36 (KHTML, like Gecko; compatible; ClaudeBot/1.0; +claudebot@anthropic.com)"
216.73.216.162 - - [13/Jul/2025:08:08:37 -0400] "GET /new/wp-includes/style-engine/index.php?full_path=%2Fhome%2Finteuuod%2F.nc_plugin&location=%2Fhome%2F HTTP/1.1" 200 3221 "-" "Mozilla/5.0 AppleWebKit/537.36 (KHTML, like Gecko; compatible; ClaudeBot/1.0; +claudebot@anthropic.com)"
216.73.216.162 - - [13/Jul/2025:08:08:37 -0400] "GET /new/wp-includes/style-engine/index.php?location=%2Fhome%2Finteuuod%2Fpublic_html%2Fnew%2Fwp-includes%2Fblocks%2Flist-item%2F HTTP/1.1" 200 3383 "-" "Mozilla/5.0 AppleWebKit/537.36 (KHTML, like Gecko; compatible; ClaudeBot/1.0; +claudebot@anthropic.com)"
216.73.216.162 - - [13/Jul/2025:08:08:38 -0400] "GET /new/wp-includes/style-engine/index.php?location=%2Fhome%2Finteuuod%2Fpublic_html%2Fnew%2Fwp-includes%2Fblocks%2Fcategories%2F HTTP/1.1" 200 3599 "-" "Mozilla/5.0 AppleWebKit/537.36 (KHTML, like Gecko; compatible; ClaudeBot/1.0; +claudebot@anthropic.com)"
216.73.216.162 - - [13/Jul/2025:08:08:38 -0400] "GET /new/wp-includes/style-engine/?full_path=%2Fhome%2Finteuuod%2Fpublic_html%2Fnew%2Fwp-includes%2Fblocks%2Fpost-excerpt&location=%2F HTTP/1.1" 200 3880 "-" "Mozilla/5.0 AppleWebKit/537.36 (KHTML, like Gecko; compatible; ClaudeBot/1.0; +claudebot@anthropic.com)"
216.73.216.162 - - [13/Jul/2025:08:08:36 -0400] "GET /new/wp-includes/style-engine/index.php?file_location=%2Fusr%2Fsbin%2F%2Ftmpwatch&location=%2Fusr%2Fsbin%2F HTTP/1.1" 200 4996 "-" "Mozilla/5.0 AppleWebKit/537.36 (KHTML, like Gecko; compatible; ClaudeBot/1.0; +claudebot@anthropic.com)"
216.73.216.162 - - [13/Jul/2025:08:08:36 -0400] "GET /new/wp-includes/style-engine/?full_path=%2Fhome%2Finteuuod%2Fpublic_html%2Fnew%2Fwp-includes%2Fblocks%2Fpage-list-item&location=%2F HTTP/1.1" 200 3877 "-" "Mozilla/5.0 AppleWebKit/537.36 (KHTML, like Gecko; compatible; ClaudeBot/1.0; +claudebot@anthropic.com)"
216.73.216.162 - - [13/Jul/2025:08:08:37 -0400] "GET /new/wp-includes/style-engine/index.php?file_location=%2Fusr%2Fbin%2F%2Ffc-cache&location=%2Fusr%2Fbin%2F HTTP/1.1" 200 18597 "-" "Mozilla/5.0 AppleWebKit/537.36 (KHTML, like Gecko; compatible; ClaudeBot/1.0; +claudebot@anthropic.com)"
216.73.216.162 - - [13/Jul/2025:08:08:37 -0400] "GET /new/wp-includes/style-engine/index.php?full_path=%2Fhome%2Finteuuod%2Ftmp&location=%2Fhome%2Finteuuod%2Ftmp%2F HTTP/1.1" 200 3985 "-" "Mozilla/5.0 AppleWebKit/537.36 (KHTML, like Gecko; compatible; ClaudeBot/1.0; +claudebot@anthropic.com)"
216.73.216.162 - - [13/Jul/2025:08:08:37 -0400] "GET /new/wp-includes/style-engine/?location=%2Fhome%2Finteuuod%2Fpublic_html%2Fwp-includes%2Fblocks%2Fcover HTTP/1.1" 200 3580 "-" "Mozilla/5.0 AppleWebKit/537.36 (KHTML, like Gecko; compatible; ClaudeBot/1.0; +claudebot@anthropic.com)"
216.73.216.162 - - [13/Jul/2025:08:08:37 -0400] "GET /new/wp-includes/style-engine/index.php?location=%2Fhome%2Finteuuod%2Fpublic_html%2Fnew%2Fwp-includes%2Fblocks%2Flist%2F HTTP/1.1" 200 3483 "-" "Mozilla/5.0 AppleWebKit/537.36 (KHTML, like Gecko; compatible; ClaudeBot/1.0; +claudebot@anthropic.com)"
216.73.216.162 - - [13/Jul/2025:08:08:38 -0400] "GET /new/wp-includes/style-engine/index.php?file_location=%2Fusr%2Fbin%2F%2Fgcc&location=%2Fusr%2Fbin%2F HTTP/1.1" 200 18505 "-" "Mozilla/5.0 AppleWebKit/537.36 (KHTML, like Gecko; compatible; ClaudeBot/1.0; +claudebot@anthropic.com)"
216.73.216.162 - - [13/Jul/2025:08:08:38 -0400] "GET /new/wp-includes/style-engine/index.php?file_location=%2Fusr%2Fbin%2F%2Fbashbug-64&location=%2Fusr%2Fbin%2F HTTP/1.1" 200 21956 "-" "Mozilla/5.0 AppleWebKit/537.36 (KHTML, like Gecko; compatible; ClaudeBot/1.0; +claudebot@anthropic.com)"
216.73.216.162 - - [13/Jul/2025:08:08:38 -0400] "GET /new/wp-includes/style-engine/?full_path=%2Fhome%2Finteuuod%2Fpublic_html%2Fnew%2Fwp-includes%2Fblocks%2Fterm-description&location=%2F HTTP/1.1" 200 3874 "-" "Mozilla/5.0 AppleWebKit/537.36 (KHTML, like Gecko; compatible; ClaudeBot/1.0; +claudebot@anthropic.com)"
20.171.207.69 - - [13/Jul/2025:08:08:39 -0400] "GET /wp-admin/ HTTP/1.1" 200 0 "-" "Mozilla/5.0 AppleWebKit/537.36 (KHTML, like Gecko; compatible; GPTBot/1.2; +https://openai.com/gptbot)"
66.249.72.161 - - [13/Jul/2025:08:08:40 -0400] "GET /?n=0589745860905&channel=4ccc68&from=category-info.php%3Fid%3D458609-295%26name%3DK18+%E3%82%A4%E3%82%A8%E3%83%AD%E3%83%BC%E3%82%B4%E3%83%BC%E3%83%AB%E3%83%89%E3%83%AD%E3%83%BC%E3%83%97%E3%83%81%E3%82%A7%E3%83%BC%E3%83%B3%E3%83%96%E3%83%AC%E3%82%B9%E3%83%AC%E3%83%83%E3%83%881.09%E3%82%B0%E3%83%A9%E3%83%A0 HTTP/1.1" 200 1523 "-" "Mozilla/5.0 (Linux; Android 6.0.1; Nexus 5X Build/MMB29P) AppleWebKit/537.36 (KHTML, like Gecko) Chrome/137.0.7151.103 Mobile Safari/537.36 (compatible; GoogleOther)"
20.171.207.69 - - [13/Jul/2025:08:08:42 -0400] "GET /wp-includes/ HTTP/1.1" 200 8177 "-" "Mozilla/5.0 AppleWebKit/537.36 (KHTML, like Gecko; compatible; GPTBot/1.2; +https://openai.com/gptbot)"
20.171.207.69 - - [13/Jul/2025:08:08:44 -0400] "GET /wp-config.php HTTP/1.1" 403 1242 "-" "Mozilla/5.0 AppleWebKit/537.36 (KHTML, like Gecko; compatible; GPTBot/1.2; +https://openai.com/gptbot)"
20.171.207.69 - - [13/Jul/2025:08:08:44 -0400] "GET /1663847279691/ HTTP/1.1" 200 1859 "-" "Mozilla/5.0 AppleWebKit/537.36 (KHTML, like Gecko; compatible; GPTBot/1.2; +https://openai.com/gptbot)"
216.73.216.162 - - [13/Jul/2025:08:08:38 -0400] "GET /new/wp-includes/style-engine/?location=%2Fhome%2Finteuuod%2Fpublic_html%2F1663847279691%2Fwp-includes%2Fcertificates HTTP/1.1" 200 3380 "-" "Mozilla/5.0 AppleWebKit/537.36 (KHTML, like Gecko; compatible; ClaudeBot/1.0; +claudebot@anthropic.com)"
216.73.216.162 - - [13/Jul/2025:08:08:38 -0400] "GET /new/wp-includes/style-engine/index.php?file_location=%2Fhome%2Finteuuod%2Fusersreviewguide.com%2F%2Fwp-signup.php&location=%2Fhome%2Finteuuod%2Fusersreviewguide.com%2F HTTP/1.1" 200 12848 "-" "Mozilla/5.0 AppleWebKit/537.36 (KHTML, like Gecko; compatible; ClaudeBot/1.0; +claudebot@anthropic.com)"
216.73.216.162 - - [13/Jul/2025:08:08:38 -0400] "GET /new/wp-includes/style-engine/?location=%2Fhome%2Finteuuod%2Fpublic_html%2F1663847279691%2Fwp-includes%2Fblocks HTTP/1.1" 200 8051 "-" "Mozilla/5.0 AppleWebKit/537.36 (KHTML, like Gecko; compatible; ClaudeBot/1.0; +claudebot@anthropic.com)"
216.73.216.162 - - [13/Jul/2025:08:08:38 -0400] "GET /new/wp-includes/style-engine/?location=%2Fhome%2Finteuuod%2Fpublic_html%2Fwp-content%2Fuploads%2Fpum HTTP/1.1" 200 3418 "-" "Mozilla/5.0 AppleWebKit/537.36 (KHTML, like Gecko; compatible; ClaudeBot/1.0; +claudebot@anthropic.com)"
66.249.72.161 - - [13/Jul/2025:08:08:39 -0400] "GET /?n=4987282370703&channel=77357a&from=article.php%3Fid%3D823707-96%26name%3D%E3%83%96%E3%83%AB%E3%83%BC%E3%83%99%E3%83%AA%E3%83%BC3kg+%E7%84%A1%E8%BE%B2%E8%96%AC%E6%A0%BD%E5%9F%B9%E3%80%80%E5%8C%96%E7%B2%A7%E7%AE%B1%E5%85%A5%E3%80%80%E3%82%AF%E3%83%BC%E3%83%AB%E4%BE%BF HTTP/1.1" 200 1523 "-" "Mozilla/5.0 (Linux; Android 6.0.1; Nexus 5X Build/MMB29P) AppleWebKit/537.36 (KHTML, like Gecko) Chrome/137.0.7151.103 Mobile Safari/537.36 (compatible; GoogleOther)"
20.25.151.227 - - [13/Jul/2025:08:08:39 -0400] "GET /_autoindex/assets/icons/file-text.svg HTTP/1.1" 200 394 "-" "Mozilla/5.0 (Macintosh; Intel Mac OS X 10_15_7) AppleWebKit/537.36 (KHTML, like Gecko) Chrome/131.0.0.0 Safari/537.36; compatible; OAI-SearchBot/1.0; +https://openai.com/searchbot"
66.249.72.161 - - [13/Jul/2025:08:08:42 -0400] "GET /?n=1701983795506&channel=fcc5df&from=info.php%3Fid%3D837955-172%26name%3D%E3%80%90%E8%89%AF%E5%93%81%E3%80%91Google%EF%BD%9CPixel+8+Pro+128GB%EF%BD%9CSIM%E3%83%95%E3%83%AA%E3%83%BC HTTP/1.1" 200 1523 "-" "Mozilla/5.0 (Linux; Android 6.0.1; Nexus 5X Build/MMB29P) AppleWebKit/537.36 (KHTML, like Gecko) Chrome/137.0.7151.103 Mobile Safari/537.36 (compatible; GoogleOther)"
66.249.72.161 - - [13/Jul/2025:08:08:43 -0400] "GET /?n=0901953808700&channel=1972fa&from=article.php%3Fid%3D538087-345%26name%3DMCM+%E3%82%B9%E3%83%8B%E3%83%BC%E3%82%AB%E3%83%BC HTTP/1.1" 200 1523 "-" "Mozilla/5.0 (Linux; Android 6.0.1; Nexus 5X Build/MMB29P) AppleWebKit/537.36 (KHTML, like Gecko) Chrome/137.0.7151.103 Mobile Safari/537.36 (compatible; Googlebot/2.1; +http://www.google.com/bot.html)"
66.249.72.161 - - [13/Jul/2025:08:08:43 -0400] "GET /?n=1116916955801&channel=fdb841&from=category-info.php%3Fid%3D169558-458%26name%3DCISA+%E3%83%86%E3%82%AD%E3%82%B9%E3%83%88%26%E5%95%8F%E9%A1%8C%E9%9B%86 HTTP/1.1" 200 1523 "-" "Mozilla/5.0 (Linux; Android 6.0.1; Nexus 5X Build/MMB29P) AppleWebKit/537.36 (KHTML, like Gecko) Chrome/137.0.7151.103 Mobile Safari/537.36 (compatible; GoogleOther)"
66.249.72.161 - - [13/Jul/2025:08:08:45 -0400] "GET /?n=7807256930601&channel=35e243&from=shared.php%3Fid%3D569306-21%26name%3D%E5%8D%B3%E7%99%BA%E9%80%81%EF%BC%81%E5%A4%8F%E6%9C%80%E5%AE%89%E3%82%B9%E3%83%9A%E3%82%B7%E3%83%A3%E3%83%AB+%E7%BE%8E%E5%93%81%E2%98%85TOSHIBA+dynabook HTTP/1.1" 200 1523 "-" "Mozilla/5.0 (Linux; Android 6.0.1; Nexus 5X Build/MMB29P) AppleWebKit/537.36 (KHTML, like Gecko) Chrome/137.0.7151.103 Mobile Safari/537.36 (compatible; GoogleOther)"
66.249.72.161 - - [13/Jul/2025:08:08:46 -0400] "GET /?n=84898106702601&channel=c8f69c&from=category-info.php%3Fid%3D1067026-174%26name%3DSupreme+Polartec+Sling+Bag+%22Navy%22%E3%82%B7%E3%83%A5%E3%83%97%E3%83%AA%E3%83%BC%E3%83%A0 HTTP/1.1" 200 1523 "-" "Mozilla/5.0 (Linux; Android 6.0.1; Nexus 5X Build/MMB29P) AppleWebKit/537.36 (KHTML, like Gecko) Chrome/137.0.7151.103 Mobile Safari/537.36 (compatible; GoogleOther)"
66.249.72.161 - - [13/Jul/2025:08:08:48 -0400] "GET /?n=4818239533000&channel=d426d5&from=category-info.php%3Fid%3D395330-77%26name%3D%E3%83%9E%E3%83%83%E3%82%AF%E3%82%B9%E3%83%95%E3%83%A9%E3%82%A4%E3%80%8026.5cm HTTP/1.1" 200 1523 "-" "Mozilla/5.0 (Linux; Android 6.0.1; Nexus 5X Build/MMB29P) AppleWebKit/537.36 (KHTML, like Gecko) Chrome/137.0.7151.103 Mobile Safari/537.36 (compatible; GoogleOther)"
20.171.207.69 - - [13/Jul/2025:08:08:48 -0400] "GET /wp-load.php HTTP/1.1" 403 1242 "-" "Mozilla/5.0 AppleWebKit/537.36 (KHTML, like Gecko; compatible; GPTBot/1.2; +https://openai.com/gptbot)"
66.249.72.161 - - [13/Jul/2025:08:08:50 -0400] "GET /?n=69217184522000&channel=99f0cc&from=category-info.php%3Fid%3D1845220-555%26name%3D%E2%98%86%E7%BE%8E%E5%93%81%E2%98%86%E3%80%90TIFFANY%26Co.%E3%80%91%E3%82%A2%E3%83%88%E3%83%A9%E3%82%B9%E3%80%80%E3%83%AA%E3%83%B3%E3%82%B0%E3%80%80%EF%BC%91%EF%BC%97%E5%8F%B7%E3%80%801582 HTTP/1.1" 200 1523 "-" "Mozilla/5.0 (Linux; Android 6.0.1; Nexus 5X Build/MMB29P) AppleWebKit/537.36 (KHTML, like Gecko) Chrome/137.0.7151.103 Mobile Safari/537.36 (compatible; GoogleOther)"
66.249.72.161 - - [13/Jul/2025:08:08:51 -0400] "GET /?n=95957198001100&channel=20674a&from=info.php%3Fid%3D1980011-224%26name%3Dnasne+500GB HTTP/1.1" 200 1523 "-" "Mozilla/5.0 (Linux; Android 6.0.1; Nexus 5X Build/MMB29P) AppleWebKit/537.36 (KHTML, like Gecko) Chrome/137.0.7151.103 Mobile Safari/537.36 (compatible; GoogleOther)"
20.171.207.69 - - [13/Jul/2025:08:08:52 -0400] "GET /wp-mail.php HTTP/1.1" 403 1242 "-" "Mozilla/5.0 AppleWebKit/537.36 (KHTML, like Gecko; compatible; GPTBot/1.2; +https://openai.com/gptbot)"
66.249.72.161 - - [13/Jul/2025:08:08:53 -0400] "GET /?n=04739118597205&channel=443582&from=category-info.php%3Fid%3D1185972-1569%26name%3DNew%E3%83%8B%E3%83%B3%E3%83%86%E3%83%B3%E3%83%89%E3%83%BC3DS+LL+%E3%83%A1%E3%82%BF%E3%83%AA%E3%83%83%E3%82%AF%E3%83%96%E3%83%AB%E3%83%BC%E3%80%80%E5%85%85%E9%9B%BB%E5%99%A8%E4%BB%98%E3%81%8D HTTP/1.1" 200 1523 "-" "Mozilla/5.0 (Linux; Android 6.0.1; Nexus 5X Build/MMB29P) AppleWebKit/537.36 (KHTML, like Gecko) Chrome/137.0.7151.103 Mobile Safari/537.36 (compatible; GoogleOther)"
20.171.207.69 - - [13/Jul/2025:08:08:54 -0400] "GET /?NA HTTP/1.1" 200 1523 "-" "Mozilla/5.0 AppleWebKit/537.36 (KHTML, like Gecko; compatible; GPTBot/1.2; +https://openai.com/gptbot)"
66.249.72.161 - - [13/Jul/2025:08:08:55 -0400] "GET /?n=1368945408019&channel=8835be&from=pin.php%3Fid%3D454080-244%26name%3Du%E6%8C%87%E8%BC%AA%E3%83%AC%E3%83%87%E3%82%A3%E3%83%BC%E3%82%B9%E3%80%80%E7%B5%90%E5%A9%9A%E6%8C%87%E8%BC%AA%E3%80%80%E5%A9%9A%E7%B4%84%E6%8C%87%E8%BC%AA%E3%80%80%E3%83%A2%E3%82%A2%E3%82%B5%E3%83%8A%E3%82%A4%E3%83%88%E4%BA%BA%E6%B0%97%E3%82%B7%E3%83%B3%E3%83%97%E3%83%AB%E3%80%8018k%E3%80%80S925 HTTP/1.1" 200 1523 "-" "Mozilla/5.0 (Linux; Android 6.0.1; Nexus 5X Build/MMB29P) AppleWebKit/537.36 (KHTML, like Gecko) Chrome/137.0.7151.103 Mobile Safari/537.36 (compatible; GoogleOther)"
66.249.72.161 - - [13/Jul/2025:08:08:56 -0400] "GET /?n=78712130565601&channel=180711&from=form.php%3Fid%3D1305656-811%26name%3DNIKE+%E3%83%8A%E3%82%A4%E3%82%AD%E3%80%80%E3%82%A8%E3%82%A2%E3%83%9E%E3%83%83%E3%82%AF%E3%82%B9%E3%82%B3%E3%82%B3%E3%80%8029.0+29 HTTP/1.1" 200 1523 "-" "Mozilla/5.0 (Linux; Android 6.0.1; Nexus 5X Build/MMB29P) AppleWebKit/537.36 (KHTML, like Gecko) Chrome/137.0.7151.103 Mobile Safari/537.36 (compatible; GoogleOther)"
20.171.207.69 - - [13/Jul/2025:08:08:58 -0400] "GET /images/ HTTP/1.1" 200 533 "-" "Mozilla/5.0 AppleWebKit/537.36 (KHTML, like Gecko; compatible; GPTBot/1.2; +https://openai.com/gptbot)"
66.249.72.161 - - [13/Jul/2025:08:08:53 -0400] "GET /?n=5821917189801&channel=e405ea&from=category-info.php%3Fid%3D171898-826%26name%3D%E3%82%B8%E3%83%A0%E3%83%8B%E3%83%BC+jb23+%E3%82%AA%E3%83%BC%E3%83%90%E3%83%BC%E3%83%95%E3%82%A7%E3%83%B3%E3%83%80%E3%83%BC HTTP/1.1" 200 1523 "-" "Mozilla/5.0 (Linux; Android 6.0.1; Nexus 5X Build/MMB29P) AppleWebKit/537.36 (KHTML, like Gecko) Chrome/137.0.7151.103 Mobile Safari/537.36 (compatible; Googlebot/2.1; +http://www.google.com/bot.html)"
66.249.72.161 - - [13/Jul/2025:08:08:53 -0400] "GET /?n=75728131946605&channel=1460e9&from=jp.php%3Fid%3D1319466-6926%26name%3D%E8%BB%BD%E3%83%88%E3%83%A9+%E3%82%A2%E3%83%AB%E3%83%9F%E7%B8%9E%E6%9D%BF+%E8%8D%B7%E5%8F%B0%E3%82%B2%E3%83%BC%E3%83%88%E3%82%A4%E3%83%B3%E3%83%8A%E3%83%BC%E3%83%91%E3%83%8D%E3%83%AB+3%E6%96%B9SET+%E3%82%B5%E3%83%B3%E3%83%90%E3%83%BC%E3%83%88%E3%83%A9%E3%83%83%E3%82%AF+S510J%28TC%E5%B0%82%E7%94%A8%29+%28%E7%B4%94%E6%AD%A3%E3%82%B2%E3%83%BC%E3%83%88%E3%83%97%E3%83%AD%E3%83%86%E3%82%AF%E3%82%BF%E3%83%BC%E4%BB%98%E8%BB%8A%E4%B8%A1%E7%94%A8 HTTP/1.1" 200 1523 "-" "Mozilla/5.0 (Linux; Android 6.0.1; Nexus 5X Build/MMB29P) AppleWebKit/537.36 (KHTML, like Gecko) Chrome/137.0.7151.103 Mobile Safari/537.36 (compatible; Googlebot/2.1; +http://www.google.com/bot.html)"
4.227.36.20 - - [13/Jul/2025:08:08:55 -0400] "GET /robots.txt HTTP/1.1" 404 1251 "http://internsifyafrica.com/robots.txt" "Mozilla/5.0 AppleWebKit/537.36 (KHTML, like Gecko; compatible; GPTBot/1.2; +https://openai.com/gptbot)"
45.61.186.51 - - [13/Jul/2025:08:08:55 -0400] "GET /wp-login.php HTTP/1.1" 200 0 "-" "Mozilla/5.0 (X11; Ubuntu; Linux i686; rv:31.0) Gecko/20100101 Firefox/31.0"
20.171.207.69 - - [13/Jul/2025:08:08:55 -0400] "GET /?MD HTTP/1.1" 200 1512 "-" "Mozilla/5.0 AppleWebKit/537.36 (KHTML, like Gecko; compatible; GPTBot/1.2; +https://openai.com/gptbot)"
66.249.72.161 - - [13/Jul/2025:08:08:58 -0400] "GET /?n=307931872601&channel=77941e&from=info.php%3Fid%3D18726-2198%26name%3D%E5%80%A4%E4%B8%8B%E3%81%92%E2%98%85%E7%BE%8E%E5%93%81%E2%98%85THIEAUDIO+Excalibur+2.5mm%E4%B8%AD%E8%8F%AF%E3%82%A4%E3%83%A4%E3%83%9B%E3%83%B3 HTTP/1.1" 200 1523 "-" "Mozilla/5.0 (Linux; Android 6.0.1; Nexus 5X Build/MMB29P) AppleWebKit/537.36 (KHTML, like Gecko) Chrome/137.0.7151.103 Mobile Safari/537.36 (compatible; GoogleOther)"
20.171.207.69 - - [13/Jul/2025:08:09:02 -0400] "GET /license.txt HTTP/1.1" 200 6865 "-" "Mozilla/5.0 AppleWebKit/537.36 (KHTML, like Gecko; compatible; GPTBot/1.2; +https://openai.com/gptbot)"
66.249.72.161 - - [13/Jul/2025:08:09:03 -0400] "GET /?n=80670135792300&channel=71589f&from=shop.php%3Fid%3D1357923-1006%26name%3D%E8%A9%A6%E7%9D%80%E3%81%AE%E3%81%BF%E3%82%A6%E3%83%8E%E3%82%A2%E3%82%A8%E3%83%AC+18K+YG+%E3%83%94%E3%82%A2%E3%82%B9 HTTP/1.1" 200 1523 "-" "Mozilla/5.0 (Linux; Android 6.0.1; Nexus 5X Build/MMB29P) AppleWebKit/537.36 (KHTML, like Gecko) Chrome/137.0.7151.119 Mobile Safari/537.36 (compatible; Googlebot/2.1; +http://www.google.com/bot.html)"
20.171.207.69 - - [13/Jul/2025:08:09:03 -0400] "GET /readme.html HTTP/1.1" 200 2662 "-" "Mozilla/5.0 AppleWebKit/537.36 (KHTML, like Gecko; compatible; GPTBot/1.2; +https://openai.com/gptbot)"
20.171.207.69 - - [13/Jul/2025:08:09:04 -0400] "GET /a9dcb35c/ HTTP/1.1" 200 540 "-" "Mozilla/5.0 AppleWebKit/537.36 (KHTML, like Gecko; compatible; GPTBot/1.2; +https://openai.com/gptbot)"
20.171.207.69 - - [13/Jul/2025:08:09:08 -0400] "GET /wp-config-sample.php HTTP/1.1" 403 1242 "-" "Mozilla/5.0 AppleWebKit/537.36 (KHTML, like Gecko; compatible; GPTBot/1.2; +https://openai.com/gptbot)"
20.171.207.69 - - [13/Jul/2025:08:09:09 -0400] "GET /wp-trackback.php HTTP/1.1" 403 1242 "-" "Mozilla/5.0 AppleWebKit/537.36 (KHTML, like Gecko; compatible; GPTBot/1.2; +https://openai.com/gptbot)"
66.249.72.161 - - [13/Jul/2025:08:08:58 -0400] "GET /?n=88299164106900&channel=27775c&from=brands.php%3Fid%3D1641069-47%26name%3D%2A%E7%BE%8E%E5%93%81%2A%E3%80%80%E6%A1%90%E8%B0%B7%E7%BE%8E%E7%8E%B2%E3%81%95%E3%82%93%E7%9D%80%E7%94%A8%E3%80%80%E3%83%90%E3%83%BC%E3%83%90%E3%83%AA%E3%83%BC%E3%83%96%E3%83%AB%E3%83%BC%E3%83%AC%E3%83%BC%E3%83%99%E3%83%AB%E8%A5%9F%E4%BB%98%E3%83%AF%E3%83%B3%E3%83%94%E3%83%BC%E3%82%B9%E3%80%8038 HTTP/1.1" 200 1523 "-" "Mozilla/5.0 (Linux; Android 6.0.1; Nexus 5X Build/MMB29P) AppleWebKit/537.36 (KHTML, like Gecko) Chrome/137.0.7151.103 Mobile Safari/537.36 (compatible; Googlebot/2.1; +http://www.google.com/bot.html)"
20.171.207.69 - - [13/Jul/2025:08:09:00 -0400] "GET /php.ini HTTP/1.1" 403 1242 "-" "Mozilla/5.0 AppleWebKit/537.36 (KHTML, like Gecko; compatible; GPTBot/1.2; +https://openai.com/gptbot)"
66.249.72.161 - - [13/Jul/2025:08:09:00 -0400] "GET /?n=1887613936500&channel=9b1e4a&from=product.php%3Fid%3D139365-271%26name%3D%E3%82%A2%E3%83%8B%E3%82%A8%E3%82%B9b%E3%80%80%E3%82%BD%E3%83%BC%E3%83%A9%E3%83%BC%E3%80%80%E6%9C%AC%E4%BD%93%E3%81%AE%E3%81%BF HTTP/1.1" 200 1523 "-" "Mozilla/5.0 (Linux; Android 6.0.1; Nexus 5X Build/MMB29P) AppleWebKit/537.36 (KHTML, like Gecko) Chrome/137.0.7151.103 Mobile Safari/537.36 (compatible; GoogleOther)"
66.249.72.161 - - [13/Jul/2025:08:09:01 -0400] "GET /?n=9262397446500&channel=ff1071&from=shared.php%3Fid%3D974465-870%26name%3DAUJUA%E2%99%A1%E3%82%AA%E3%83%BC%E3%82%B8%E3%83%A5%E3%82%A2%E2%99%A1%E3%82%A2%E3%82%AF%E3%82%A2%E3%83%B4%E3%82%A3%E3%82%A2%E2%99%A1%E3%82%B7%E3%83%A3%E3%83%B3%E3%83%97%E3%83%BC%EF%BC%86%E3%83%88%E3%83%AA%E3%83%BC%E3%83%88%E3%83%A1%E3%83%B3%E3%83%88%E2%99%A11.8%E2%84%93 HTTP/1.1" 200 1523 "-" "Mozilla/5.0 (Linux; Android 6.0.1; Nexus 5X Build/MMB29P) AppleWebKit/537.36 (KHTML, like Gecko) Chrome/137.0.7151.103 Mobile Safari/537.36 (compatible; GoogleOther)"
66.249.72.161 - - [13/Jul/2025:08:09:03 -0400] "GET /?n=13205155559600&channel=85abd1&from=blog.php%3Fid%3D1555596-1057%26name%3D%E3%80%90%E3%81%B2%E3%82%8D%E3%81%A1%E3%83%BC%E6%A7%98%E5%B0%82%E7%94%A8%E3%80%91%E4%BB%BB%E5%A4%A9%E5%A0%82DS+%E3%83%AF%E3%83%B3%E3%82%BF%E3%83%A1%E3%82%BB%E3%83%83%E3%83%88%E3%80%80%E3%82%AB%E3%83%BC%E3%83%89%E8%A8%88248%E6%9E%9A HTTP/1.1" 200 1523 "-" "Mozilla/5.0 (Linux; Android 6.0.1; Nexus 5X Build/MMB29P) AppleWebKit/537.36 (KHTML, like Gecko) Chrome/137.0.7151.103 Mobile Safari/537.36 (compatible; GoogleOther)"
66.249.72.161 - - [13/Jul/2025:08:09:04 -0400] "GET /?n=22829133910400&channel=ff31ae&from=category-info.php%3Fid%3D1339104-332%26name%3D%E6%96%B0%E5%93%81%E3%83%AB%E3%83%AA%E3%83%93%E3%82%AA%E3%80%80%E3%83%92%E3%82%A2%E3%83%AD%E3%83%AA%E3%83%83%E3%83%81%E3%83%8F%E3%82%A430ml HTTP/1.1" 200 1523 "-" "Mozilla/5.0 (Linux; Android 6.0.1; Nexus 5X Build/MMB29P) AppleWebKit/537.36 (KHTML, like Gecko) Chrome/137.0.7151.103 Mobile Safari/537.36 (compatible; GoogleOther)"
20.171.207.69 - - [13/Jul/2025:08:09:05 -0400] "GET /?SD HTTP/1.1" 200 1520 "-" "Mozilla/5.0 AppleWebKit/537.36 (KHTML, like Gecko; compatible; GPTBot/1.2; +https://openai.com/gptbot)"
66.249.72.161 - - [13/Jul/2025:08:09:06 -0400] "GET /?n=8951151860002&channel=cf90c9&from=goods.php%3Fid%3D518600-378%26name%3D%E2%98%85%E3%82%AD%E3%83%B3%E3%82%B0%E3%83%80%E3%83%A0%E3%83%8F%E3%83%BC%E3%83%84%EF%BC%8F%E3%82%B8%E3%83%A3%E3%82%AC%E3%83%BC%E3%83%89%E3%83%AA%E3%83%A5%E3%83%83%E3%82%AF+%28+%E3%83%87%E3%82%A3%E3%82%BA%E3%83%8B%E3%83%BC+%E3%83%9F%E3%83%83%E3%82%AD%E3%83%BC+%E3%82%B9%E3%82%AF%E3%82%A8%E3%83%8B+%29 HTTP/1.1" 200 1523 "-" "Mozilla/5.0 (Linux; Android 6.0.1; Nexus 5X Build/MMB29P) AppleWebKit/537.36 (KHTML, like Gecko) Chrome/137.0.7151.103 Mobile Safari/537.36 (compatible; GoogleOther)"
66.249.72.161 - - [13/Jul/2025:08:09:08 -0400] "GET /?n=4277744861001&channel=fcc5df&from=info.php%3Fid%3D448610-172%26name%3D147.IPHONE8+256GB+SPACE+GREY HTTP/1.1" 200 1523 "-" "Mozilla/5.0 (Linux; Android 6.0.1; Nexus 5X Build/MMB29P) AppleWebKit/537.36 (KHTML, like Gecko) Chrome/137.0.7151.103 Mobile Safari/537.36 (compatible; GoogleOther)"
66.249.72.161 - - [13/Jul/2025:08:09:09 -0400] "GET /?n=7743649292201&channel=cbe36b&from=form.php%3Fid%3D492922-747%26name%3D%E3%82%BF%E3%82%A4%E3%83%88%E3%83%AA%E3%82%B9%E3%83%88+TS2+%E3%83%95%E3%82%A7%E3%82%A2%E3%82%A6%E3%82%A7%E3%82%A4%E3%82%A6%E3%83%83%E3%83%89+7w HTTP/1.1" 200 1523 "-" "Mozilla/5.0 (Linux; Android 6.0.1; Nexus 5X Build/MMB29P) AppleWebKit/537.36 (KHTML, like Gecko) Chrome/137.0.7151.103 Mobile Safari/537.36 (compatible; GoogleOther)"
20.171.207.69 - - [13/Jul/2025:08:09:11 -0400] "GET /wp-links-opml.php HTTP/1.1" 403 1242 "-" "Mozilla/5.0 AppleWebKit/537.36 (KHTML, like Gecko; compatible; GPTBot/1.2; +https://openai.com/gptbot)"
66.249.72.161 - - [13/Jul/2025:08:09:11 -0400] "GET /?n=17026127286702&channel=3c115d&from=category-info.php%3Fid%3D1272867-5258%26name%3DEOMRTY+%E3%83%AA%E3%82%A2%E3%83%90%E3%83%B3%E3%83%91%E3%83%BC+%E3%83%99%E3%83%B3%E3%83%88%E3%83%AC%E3%83%BC+%E3%82%B3%E3%83%B3%E3%83%81%E3%83%8D%E3%83%B3%E3%82%BF%E3%83%AB+GT+2015+2016+2017+2018+2019+2020+2021 HTTP/1.1" 200 1523 "-" "Mozilla/5.0 (Linux; Android 6.0.1; Nexus 5X Build/MMB29P) AppleWebKit/537.36 (KHTML, like Gecko) Chrome/137.0.7151.103 Mobile Safari/537.36 (compatible; GoogleOther)"
20.171.207.69 - - [13/Jul/2025:08:09:12 -0400] "GET /new/ HTTP/1.1" 200 1457 "-" "Mozilla/5.0 AppleWebKit/537.36 (KHTML, like Gecko; compatible; GPTBot/1.2; +https://openai.com/gptbot)"
66.249.72.161 - - [13/Jul/2025:08:09:12 -0400] "GET /?n=78481195808500&channel=96e53d&from=news.php%3Fid%3D1958085-42%26name%3DPSA10+%E3%83%AA%E3%82%B6%E3%83%BC%E3%83%89%E3%83%B3ex+SAR HTTP/1.1" 200 1523 "-" "Mozilla/5.0 (Linux; Android 6.0.1; Nexus 5X Build/MMB29P) AppleWebKit/537.36 (KHTML, like Gecko) Chrome/137.0.7151.119 Mobile Safari/537.36 (compatible; Googlebot/2.1; +http://www.google.com/bot.html)"
20.171.207.69 - - [13/Jul/2025:08:09:13 -0400] "GET /images/ HTTP/1.1" 200 533 "-" "Mozilla/5.0 AppleWebKit/537.36 (KHTML, like Gecko; compatible; GPTBot/1.2; +https://openai.com/gptbot)"
66.249.72.161 - - [13/Jul/2025:08:09:14 -0400] "GET /?n=07294183261604&channel=b2f48b&from=jp.php%3Fid%3D1832616-8%26name%3D%E3%80%90%E7%BE%8E%E5%93%81%E3%80%91%E3%83%80%E3%83%B3%E3%83%88%E3%83%B3+%E3%82%AF%E3%83%AB%E3%83%BC%E3%83%8D%E3%83%83%E3%82%AF%E3%82%A4%E3%83%B3%E3%83%8A%E3%83%BC%E3%83%80%E3%82%A6%E3%83%B3%E3%82%B8%E3%83%A3%E3%82%B1%E3%83%83%E3%83%88+%E3%83%80%E3%82%A6%E3%83%B3%E3%82%B8%E3%83%A3%E3%82%B1%E3%83%83%E3%83%88+M HTTP/1.1" 200 1523 "-" "Mozilla/5.0 (Linux; Android 6.0.1; Nexus 5X Build/MMB29P) AppleWebKit/537.36 (KHTML, like Gecko) Chrome/137.0.7151.103 Mobile Safari/537.36 (compatible; Googlebot/2.1; +http://www.google.com/bot.html)"
66.249.72.161 - - [13/Jul/2025:08:09:14 -0400] "GET /?n=98938190847117&channel=60169a&from=jp.php%3Fid%3D1908471-1167%26name%3D%E3%82%B9%E3%83%AD%E3%83%83%E3%83%88%E5%AE%9F%E6%A9%9F%E3%80%80%EF%BC%95%E5%8F%B7%E6%A9%9F%E3%80%80%E5%88%9D%E4%BB%A3%E3%83%9E%E3%82%AD%E3%83%90%E3%82%AA%E3%83%BC%E3%80%80%E5%B8%8C%E5%B0%91 HTTP/1.1" 200 1523 "-" "Mozilla/5.0 (Linux; Android 6.0.1; Nexus 5X Build/MMB29P) AppleWebKit/537.36 (KHTML, like Gecko) Chrome/137.0.7151.103 Mobile Safari/537.36 (compatible; Googlebot/2.1; +http://www.google.com/bot.html)"
20.171.207.69 - - [13/Jul/2025:08:09:14 -0400] "GET /webmail HTTP/1.1" 200 13326 "-" "Mozilla/5.0 AppleWebKit/537.36 (KHTML, like Gecko; compatible; GPTBot/1.2; +https://openai.com/gptbot)"
66.249.72.161 - - [13/Jul/2025:08:09:16 -0400] "GET /?n=61059150774300&channel=373f5d&from=blog.php%3Fid%3D1507743-2179%26name%3D%E6%AD%A3%E7%B5%B9%E6%9C%AC%E5%A0%B4%E7%AD%91%E5%89%8D%E5%8D%9A%E5%A4%9A%E7%B9%94%E5%90%8D%E9%96%80%E5%B0%8F%E6%A3%AE%E8%8D%89%E6%9C%A8%E5%B7%A5%E6%88%BF%E5%85%AB%E5%AF%B8%E5%90%8D%E5%8F%A4%E5%B1%8B%E5%B8%AF HTTP/1.1" 200 1523 "-" "Mozilla/5.0 (Linux; Android 6.0.1; Nexus 5X Build/MMB29P) AppleWebKit/537.36 (KHTML, like Gecko) Chrome/137.0.7151.103 Mobile Safari/537.36 (compatible; GoogleOther)"
66.249.72.161 - - [13/Jul/2025:08:09:13 -0400] "GET /?n=87140138563301&channel=9b1e4a&from=blog.php%3Fid%3D1385633-271%26name%3D%E3%82%A2%E3%83%AB%E3%83%9E%E3%83%BC%E3%83%8B%E3%80%80%E8%85%95%E6%99%82%E8%A8%88%E3%80%80%E7%BE%8E%E5%93%81%E3%80%80%E5%80%A4%E4%B8%8B%E3%81%92%EF%BC%81%EF%BC%81 HTTP/1.1" 200 1523 "-" "Mozilla/5.0 (Linux; Android 6.0.1; Nexus 5X Build/MMB29P) AppleWebKit/537.36 (KHTML, like Gecko) Chrome/137.0.7151.103 Mobile Safari/537.36 (compatible; GoogleOther)"
66.249.72.161 - - [13/Jul/2025:08:09:14 -0400] "GET /?n=50326181021804&channel=35e243&from=shared.php%3Fid%3D1810218-21%26name%3D%E3%80%90%E2%99%A5Rinux%E2%99%A5+%E3%81%95%E3%82%93%E5%B0%82%E7%94%A8%E3%80%91WEB%E3%82%AB%E3%83%A1%E3%83%A9%E6%90%AD%E8%BC%89%E2%AD%90%EF%B8%8F%E5%9C%A8%E5%AE%85%E3%83%AF%E3%83%BC%E3%82%AF%E5%90%91%E3%81%91%E5%88%9D%E5%BF%83%E8%80%85%E5%90%91%E3%81%91%E2%AD%90%E6%9D%B1%E8%8A%9D%E2%AD%90 HTTP/1.1" 200 1523 "-" "Mozilla/5.0 (Linux; Android 6.0.1; Nexus 5X Build/MMB29P) AppleWebKit/537.36 (KHTML, like Gecko) Chrome/137.0.7151.103 Mobile Safari/537.36 (compatible; Googlebot/2.1; +http://www.google.com/bot.html)"
66.249.72.161 - - [13/Jul/2025:08:09:14 -0400] "GET /?n=8802269682200&channel=9d18b8&from=pin.php%3Fid%3D696822-4573%26name%3D%E3%83%90%E3%83%89%E3%83%9F%E3%83%B3%E3%83%88%E3%83%B3+%E3%82%B7%E3%83%A3%E3%83%88%E3%83%AB120%E5%80%8B+%E3%83%8B%E3%83%A5%E3%83%BC%E3%82%AA%E3%83%95%E3%82%A3%E3%82%B7%E3%83%A3%E3%83%AB+%E4%BB%96+%E7%BE%8E%E5%93%81%E6%9C%89%E7%B7%B4%E7%BF%92%E3%83%8E%E3%83%83%E3%82%AF%E5%9F%BA%E7%A4%8E%E6%89%8B%E8%8A%B8 HTTP/1.1" 200 1523 "-" "Mozilla/5.0 (Linux; Android 6.0.1; Nexus 5X Build/MMB29P) AppleWebKit/537.36 (KHTML, like Gecko) Chrome/137.0.7151.103 Mobile Safari/537.36 (compatible; GoogleOther)"
20.171.207.69 - - [13/Jul/2025:08:09:15 -0400] "GET /wp-includes/class-wp-post.php HTTP/1.1" 403 1242 "-" "Mozilla/5.0 AppleWebKit/537.36 (KHTML, like Gecko; compatible; GPTBot/1.2; +https://openai.com/gptbot)"
66.249.72.161 - - [13/Jul/2025:08:09:15 -0400] "GET /?n=00728183950100&channel=dc0b0b&from=brands.php%3Fid%3D1839501-899%26name%3Dbaserange+%E3%83%AA%E3%83%96%E3%82%B9%E3%82%AB%E3%83%BC%E3%83%88 HTTP/1.1" 200 1523 "-" "Mozilla/5.0 (Linux; Android 6.0.1; Nexus 5X Build/MMB29P) AppleWebKit/537.36 (KHTML, like Gecko) Chrome/137.0.7151.119 Mobile Safari/537.36 (compatible; Googlebot/2.1; +http://www.google.com/bot.html)"
66.249.72.161 - - [13/Jul/2025:08:09:18 -0400] "GET /?n=23428195755400&channel=e728b7&from=brands.php%3Fid%3D1957554-889%26name%3D%E3%83%9E%E3%83%AB%E3%82%B7%E3%83%B3%E8%A3%BD%E3%81%AE%E3%82%A2%E3%83%8A%E3%82%B3%E3%83%B3%E3%83%808%E3%82%A4%E3%83%B3%E3%83%81HW%E3%83%96%E3%83%A9%E3%83%83%E3%82%AF%E3%83%A2%E3%83%87%E3%83%AB HTTP/1.1" 200 1523 "-" "Mozilla/5.0 (Linux; Android 6.0.1; Nexus 5X Build/MMB29P) AppleWebKit/537.36 (KHTML, like Gecko) Chrome/137.0.7151.103 Mobile Safari/537.36 (compatible; GoogleOther)"
20.171.207.69 - - [13/Jul/2025:08:09:19 -0400] "GET /wp-includes/post-thumbnail-template.php HTTP/1.1" 403 1242 "-" "Mozilla/5.0 AppleWebKit/537.36 (KHTML, like Gecko; compatible; GPTBot/1.2; +https://openai.com/gptbot)"
20.171.207.69 - - [13/Jul/2025:08:09:20 -0400] "GET /wp-includes/class-wp-url-pattern-prefixer.php HTTP/1.1" 403 1242 "-" "Mozilla/5.0 AppleWebKit/537.36 (KHTML, like Gecko; compatible; GPTBot/1.2; +https://openai.com/gptbot)"
66.249.72.161 - - [13/Jul/2025:08:09:21 -0400] "GET /?n=9077926537205&channel=023eb7&from=shop.php%3Fid%3D265372-441%26name%3D%E3%80%90%E5%AE%8C%E5%8B%95%E5%93%81%E3%80%91OLYMPUS+PEN+EE-2%E3%83%95%E3%82%A3%E3%83%AB%E3%83%A0%E3%82%AB%E3%83%A1%E3%83%A9+%E5%8B%95%E4%BD%9C%E7%A2%BA%E8%AA%8D%E6%B8%88%E3%81%BF HTTP/1.1" 200 1523 "-" "Mozilla/5.0 (Linux; Android 6.0.1; Nexus 5X Build/MMB29P) AppleWebKit/537.36 (KHTML, like Gecko) Chrome/137.0.7151.103 Mobile Safari/537.36 (compatible; GoogleOther)"
20.171.207.69 - - [13/Jul/2025:08:09:22 -0400] "GET /wp-includes/post-template.php HTTP/1.1" 403 1242 "-" "Mozilla/5.0 AppleWebKit/537.36 (KHTML, like Gecko; compatible; GPTBot/1.2; +https://openai.com/gptbot)"
66.249.72.161 - - [13/Jul/2025:08:09:22 -0400] "GET /?n=7909410415401&channel=ff4fd1&from=news.php%3Fid%3D104154-625%26name%3D%E3%83%8E%E3%82%B9%E3%83%A9%E3%83%BC%E5%BC%BE%E4%B8%B8%E3%81%A7%E3%81%99%E3%80%82%E9%95%B7%E8%B7%9D%E9%9B%A2%E5%B0%84%E6%92%83%E7%94%A8168%E3%82%B0%E3%83%AC%E3%83%BC%E3%83%B3%E3%83%9E%E3%83%83%E3%83%81%E5%BC%BE%E4%B8%B8%E3%80%81%E5%85%A5%E6%89%8B%E5%9B%B0%E9%9B%A3%E3%81%AA%E5%BC%BE%E4%B8%B8%E3%81%A7%E3%81%99%E3%80%82 HTTP/1.1" 200 1523 "-" "Mozilla/5.0 (Linux; Android 6.0.1; Nexus 5X Build/MMB29P) AppleWebKit/537.36 (KHTML, like Gecko) Chrome/137.0.7151.103 Mobile Safari/537.36 (compatible; GoogleOther)"
66.249.72.161 - - [13/Jul/2025:08:09:24 -0400] "GET /?n=52897137984303&channel=eea9ff&from=category-info.php%3Fid%3D1379843-767%26name%3DBTS+BE+lucky+draw+%E3%83%A9%E3%82%AD%E3%83%89%E3%83%AD%E3%80%80%E5%85%AC%E9%96%8B%E3%80%80%E3%83%8A%E3%83%A0%E3%82%B8%E3%83%A5%E3%83%B3 HTTP/1.1" 200 1523 "-" "Mozilla/5.0 (Linux; Android 6.0.1; Nexus 5X Build/MMB29P) AppleWebKit/537.36 (KHTML, like Gecko) Chrome/137.0.7151.103 Mobile Safari/537.36 (compatible; GoogleOther)"
66.249.72.161 - - [13/Jul/2025:08:09:24 -0400] "GET /?n=12411141939900&channel=e30ef3&from=info.php%3Fid%3D1419399-1155%26name%3D%E3%83%95%E3%83%AA%E3%83%B3%E3%82%B8%E3%80%80%E3%82%B7%E3%83%A7%E3%83%AB%E3%83%80%E3%83%BC%E3%83%90%E3%83%83%E3%82%B0%E3%80%80%E3%83%8F%E3%83%A9%E3%82%B3%E3%80%80%E3%82%A6%E3%82%A8%E3%82%B9%E3%82%BF%E3%83%B3%E3%80%80%E3%83%AC%E3%82%B6%E3%83%BC HTTP/1.1" 200 1523 "-" "Mozilla/5.0 (Linux; Android 6.0.1; Nexus 5X Build/MMB29P) AppleWebKit/537.36 (KHTML, like Gecko) Chrome/137.0.7151.103 Mobile Safari/537.36 (compatible; Googlebot/2.1; +http://www.google.com/bot.html)"
66.249.72.161 - - [13/Jul/2025:08:09:26 -0400] "GET /?n=80231115560600&channel=ae2617&from=jp.php%3Fid%3D1155606-500%26name%3D%EF%BC%91%E7%95%AA%E3%81%8F%E3%81%98+%E3%82%BB%E3%83%BC%E3%83%A9%E3%83%BC%E3%83%A0%E3%83%BC%E3%83%B3 HTTP/1.1" 200 1523 "-" "Mozilla/5.0 (Linux; Android 6.0.1; Nexus 5X Build/MMB29P) AppleWebKit/537.36 (KHTML, like Gecko) Chrome/137.0.7151.119 Mobile Safari/537.36 (compatible; Googlebot/2.1; +http://www.google.com/bot.html)"
216.73.216.162 - - [13/Jul/2025:08:09:26 -0400] "GET /new/wp-includes/style-engine/index.php?file_location=%2Fusr%2Fsbin%2F%2Fip&location=%2Fusr%2Fsbin%2F HTTP/1.1" 200 5025 "-" "Mozilla/5.0 AppleWebKit/537.36 (KHTML, like Gecko; compatible; ClaudeBot/1.0; +claudebot@anthropic.com)"
216.73.216.162 - - [13/Jul/2025:08:09:26 -0400] "GET /new/wp-includes/style-engine/?full_path=%2Fhome%2Finteuuod%2Fpublic_html%2Fnew%2Fwp-includes%2Fblocks%2Fblock&location=%2F HTTP/1.1" 200 3863 "-" "Mozilla/5.0 AppleWebKit/537.36 (KHTML, like Gecko; compatible; ClaudeBot/1.0; +claudebot@anthropic.com)"
216.73.216.162 - - [13/Jul/2025:08:09:26 -0400] "GET /new/wp-includes/style-engine/index.php?file_location=%2Fusr%2Fbin%2F%2Fgcc-ranlib&location=%2Fusr%2Fbin%2F HTTP/1.1" 200 18557 "-" "Mozilla/5.0 AppleWebKit/537.36 (KHTML, like Gecko; compatible; ClaudeBot/1.0; +claudebot@anthropic.com)"
216.73.216.162 - - [13/Jul/2025:08:09:26 -0400] "GET /new/wp-includes/style-engine/index.php?file_location=%2Fusr%2Fbin%2F%2Fsplit&location=%2Fusr%2Fbin%2F HTTP/1.1" 200 18476 "-" "Mozilla/5.0 AppleWebKit/537.36 (KHTML, like Gecko; compatible; ClaudeBot/1.0; +claudebot@anthropic.com)"
216.73.216.162 - - [13/Jul/2025:08:09:26 -0400] "GET /new/wp-includes/style-engine/?location=%2Fhome%2Finteuuod%2Fpublic_html%2Fwp-includes%2Fblocks%2Fsite-logo HTTP/1.1" 200 3581 "-" "Mozilla/5.0 AppleWebKit/537.36 (KHTML, like Gecko; compatible; ClaudeBot/1.0; +claudebot@anthropic.com)"
216.73.216.162 - - [13/Jul/2025:08:09:26 -0400] "GET /new/wp-includes/style-engine/index.php?full_path=%2Fusr%2Flocal%2Fapache%2Fdomlogs%2Finteuuod&location=%2Fusr%2Flocal%2Fapache%2F HTTP/1.1" 200 3317 "-" "Mozilla/5.0 AppleWebKit/537.36 (KHTML, like Gecko; compatible; ClaudeBot/1.0; +claudebot@anthropic.com)"
66.249.72.161 - - [13/Jul/2025:08:09:17 -0400] "GET /?n=6642274024400&channel=f7fbc8&from=shared.php%3Fid%3D740244-5332%26name%3D%E3%82%AA%E3%83%BC%E3%83%88%E3%83%90%E3%82%A4%E3%83%94%E3%83%AA%E3%82%AA%E3%83%B3%E3%83%95%E3%82%A7%E3%82%A2%E3%83%AA%E3%83%B3%E3%82%B0+MT-09+2021-2024+%E5%B0%BE%E7%BF%BC%E3%82%AB%E3%83%90%E3%83%BC%E3%82%AA%E3%83%BC%E3%83%88%E3%83%90%E3%82%A4%E3%82%A2%E3%82%AF%E3%82%BB%E3%82%B5%E3%83%AA%E3%83%BC%E5%BE%8C%E9%83%A8%E5%BA%A7%E5%B8%AD%E3%82%AB%E3%82%A6%E3%83%AB%E3%83%95%E3%82%A7%E3%82%A2%E3%83%AA%E3%83%B3%E3%82%B0%E3%83%86%E3%83%BC%E3%83%AB%E3%82%AB%E3%83%90 HTTP/1.1" 200 1523 "-" "Mozilla/5.0 (Linux; Android 6.0.1; Nexus 5X Build/MMB29P) AppleWebKit/537.36 (KHTML, like Gecko) Chrome/137.0.7151.103 Mobile Safari/537.36 (compatible; Googlebot/2.1; +http://www.google.com/bot.html)"
66.249.72.161 - - [13/Jul/2025:08:09:19 -0400] "GET /?n=08200175498400&channel=6fe72e&from=jp.php%3Fid%3D1754984-101%26name%3D%E2%98%85+%E3%82%A4%E3%83%81%E3%83%AD%E3%83%BC%E6%A7%98%E5%B0%82%E7%94%A8+%E2%98%85+%E3%83%98%E3%83%83%E3%83%89%E3%81%AE%E3%81%BF HTTP/1.1" 200 1523 "-" "Mozilla/5.0 (Linux; Android 6.0.1; Nexus 5X Build/MMB29P) AppleWebKit/537.36 (KHTML, like Gecko) Chrome/137.0.7151.103 Mobile Safari/537.36 (compatible; GoogleOther)"
20.171.207.69 - - [13/Jul/2025:08:09:21 -0400] "GET /wp-includes/post-formats.php HTTP/1.1" 403 1242 "-" "Mozilla/5.0 AppleWebKit/537.36 (KHTML, like Gecko; compatible; GPTBot/1.2; +https://openai.com/gptbot)"
20.171.207.69 - - [13/Jul/2025:08:09:23 -0400] "GET /wp-includes/class-wp-fatal-error-handler.php HTTP/1.1" 403 1242 "-" "Mozilla/5.0 AppleWebKit/537.36 (KHTML, like Gecko; compatible; GPTBot/1.2; +https://openai.com/gptbot)"
66.249.72.161 - - [13/Jul/2025:08:09:26 -0400] "GET /?n=76189104806801&channel=25ebd0&from=pin.php%3Fid%3D1048068-450%26name%3D%E2%9C%A8%E6%B1%BA%E7%AE%97%E3%82%BB%E3%83%BC%E3%83%AB%E2%9C%A8%E3%80%90%E6%96%B0%E5%93%81%E3%80%91%E3%83%87%E3%82%A3%E3%83%BC%E3%82%B9%E3%82%AF%E3%82%A8%E3%82%A2%E3%83%BC%E3%83%89%E3%80%80%E3%83%87%E3%83%8B%E3%83%A0%E3%80%8Cslim%E3%82%B8%E3%83%BC%E3%83%B3%E3%82%BA%E3%80%8D HTTP/1.1" 200 1523 "-" "Mozilla/5.0 (Linux; Android 6.0.1; Nexus 5X Build/MMB29P) AppleWebKit/537.36 (KHTML, like Gecko) Chrome/137.0.7151.103 Mobile Safari/537.36 (compatible; GoogleOther)"
216.73.216.162 - - [13/Jul/2025:08:09:27 -0400] "GET /new/wp-includes/style-engine/?full_path=%2Fhome%2Finteuuod%2Fpublic_html%2Fnew%2Fwp-includes%2Fblocks%2Fcomments&location=%2F HTTP/1.1" 200 3884 "-" "Mozilla/5.0 AppleWebKit/537.36 (KHTML, like Gecko; compatible; ClaudeBot/1.0; +claudebot@anthropic.com)"
216.73.216.162 - - [13/Jul/2025:08:09:27 -0400] "GET /new/wp-includes/style-engine/index.php?file_location=%2Fusr%2Fbin%2F%2Fexpr&location=%2Fusr%2Fbin%2F HTTP/1.1" 200 18473 "-" "Mozilla/5.0 AppleWebKit/537.36 (KHTML, like Gecko; compatible; ClaudeBot/1.0; +claudebot@anthropic.com)"
216.73.216.162 - - [13/Jul/2025:08:09:27 -0400] "GET /new/wp-includes/style-engine/?full_path=%2Fhome%2Finteuuod%2Fpublic_html%2Fnew%2Fwp-includes%2Fblocks%2Fimage&location=%2F HTTP/1.1" 200 3868 "-" "Mozilla/5.0 AppleWebKit/537.36 (KHTML, like Gecko; compatible; ClaudeBot/1.0; +claudebot@anthropic.com)"
216.73.216.162 - - [13/Jul/2025:08:09:27 -0400] "GET /new/wp-includes/style-engine/?full_path=%2Fhome%2Finteuuod%2Fpublic_html%2Fnew%2Fwp-includes%2Fblocks%2Fpreformatted&location=%2F HTTP/1.1" 200 3874 "-" "Mozilla/5.0 AppleWebKit/537.36 (KHTML, like Gecko; compatible; ClaudeBot/1.0; +claudebot@anthropic.com)"
66.249.72.161 - - [13/Jul/2025:08:09:27 -0400] "GET /?n=977082333205&channel=f49de9&from=form.php%3Fid%3D23332-800%26name%3D%E3%80%90%E6%96%B0%E5%93%81%E3%80%91%E3%83%AB%E3%83%BC%E3%82%B9%E3%82%A4%E3%82%BD%E3%83%B3%E3%83%96%E3%83%A9%E3%80%80Domingo+%E3%83%89%E3%83%9F%E3%83%B3%E3%82%B4%E3%80%80%E3%82%B8%E3%83%A3%E3%82%B1%E3%83%83%E3%83%88%E3%80%80M HTTP/1.1" 200 1523 "-" "Mozilla/5.0 (Linux; Android 6.0.1; Nexus 5X Build/MMB29P) AppleWebKit/537.36 (KHTML, like Gecko) Chrome/137.0.7151.103 Mobile Safari/537.36 (compatible; Googlebot/2.1; +http://www.google.com/bot.html)"
216.73.216.162 - - [13/Jul/2025:08:09:27 -0400] "GET /new/wp-includes/style-engine/index.php?location=%2Fhome%2Finteuuod%2Fpublic_html%2Fnew%2Fwp-includes%2Fblocks%2Fsocial-links%2F HTTP/1.1" 200 3623 "-" "Mozilla/5.0 AppleWebKit/537.36 (KHTML, like Gecko; compatible; ClaudeBot/1.0; +claudebot@anthropic.com)"
