Current File : /usr/local/apache/domlogs/inteuuod//eventsbykunbi.com.internsifyafrica.com-ssl_log
66.249.69.99 - - [13/Jul/2025:08:04:49 -0400] "GET /shopdetail/81112077140 HTTP/1.1" 404 1251 "-" "Mozilla/5.0 (Linux; Android 6.0.1; Nexus 5X Build/MMB29P) AppleWebKit/537.36 (KHTML, like Gecko) Chrome/137.0.7151.103 Mobile Safari/537.36 (compatible; GoogleOther)"
66.249.69.99 - - [13/Jul/2025:08:04:51 -0400] "GET /shopdetail/8877630646 HTTP/1.1" 404 1251 "-" "Mozilla/5.0 (Linux; Android 6.0.1; Nexus 5X Build/MMB29P) AppleWebKit/537.36 (KHTML, like Gecko) Chrome/137.0.7151.103 Mobile Safari/537.36 (compatible; GoogleOther)"
66.249.69.99 - - [13/Jul/2025:08:05:30 -0400] "GET /?v=1652288321703&channel=126d6f&from=blog.php%3Fid%3D883217-563%26name%3D%E3%80%90%E9%80%81%E6%96%99%E8%BE%BC%E3%81%BF%E3%80%91127cm+%E5%B7%A5%E5%85%B7%E8%A6%81%E3%82%89%E3%81%9A%E7%B0%A1%E5%8D%98%E3%83%93%E3%83%B3%E3%83%87%E3%82%A3%E3%83%B3%E3%82%B0%E8%AA%BF%E6%95%B4 HTTP/1.1" 200 1061 "-" "Mozilla/5.0 (Linux; Android 6.0.1; Nexus 5X Build/MMB29P) AppleWebKit/537.36 (KHTML, like Gecko) Chrome/137.0.7151.103 Mobile Safari/537.36 (compatible; Googlebot/2.1; +http://www.google.com/bot.html)"
20.171.207.35 - - [13/Jul/2025:08:06:17 -0400] "GET /shopdetail/811164852881 HTTP/1.1" 404 1251 "-" "Mozilla/5.0 AppleWebKit/537.36 (KHTML, like Gecko; compatible; GPTBot/1.2; +https://openai.com/gptbot)"
66.249.69.100 - - [13/Jul/2025:08:06:17 -0400] "GET /shopdetail/8866286842 HTTP/1.1" 404 1251 "-" "Mozilla/5.0 (Linux; Android 6.0.1; Nexus 5X Build/MMB29P) AppleWebKit/537.36 (KHTML, like Gecko) Chrome/137.0.7151.103 Mobile Safari/537.36 (compatible; GoogleOther)"
66.249.69.99 - - [13/Jul/2025:08:06:29 -0400] "GET /?v=08928132792504&channel=2731c7&from=shop.php%3Fid%3D1327925-945%26name%3D%E3%83%A2%E3%83%BC%E3%82%BC%E3%83%AB%E3%80%80moser+%E8%8A%B1%E7%93%B6 HTTP/1.1" 200 1061 "-" "Mozilla/5.0 (Linux; Android 6.0.1; Nexus 5X Build/MMB29P) AppleWebKit/537.36 (KHTML, like Gecko) Chrome/137.0.7151.103 Mobile Safari/537.36 (compatible; Googlebot/2.1; +http://www.google.com/bot.html)"
66.249.69.99 - - [13/Jul/2025:08:06:34 -0400] "GET /shopdetail/8866273960 HTTP/1.1" 404 1251 "-" "Mozilla/5.0 (Linux; Android 6.0.1; Nexus 5X Build/MMB29P) AppleWebKit/537.36 (KHTML, like Gecko) Chrome/137.0.7151.103 Mobile Safari/537.36 (compatible; GoogleOther)"
42.236.101.214 - - [13/Jul/2025:08:06:34 -0400] "GET / HTTP/1.1" 200 1259 "https://eventsbykunbi.com/" "Mozilla/5.0 (Windows NT 6.1; WOW64) AppleWebKit/537.36 (KHTML, like Gecko) Chrome/50.0.2661.102 Safari/537.36; 360Spider"
66.249.69.99 - - [13/Jul/2025:08:06:53 -0400] "GET /shopdetail/88881082048 HTTP/1.1" 404 1251 "-" "Mozilla/5.0 (Linux; Android 6.0.1; Nexus 5X Build/MMB29P) AppleWebKit/537.36 (KHTML, like Gecko) Chrome/137.0.7151.103 Mobile Safari/537.36 (compatible; GoogleOther)"
20.171.207.35 - - [13/Jul/2025:08:07:19 -0400] "GET /shopdetail/811164618980 HTTP/1.1" 404 1251 "-" "Mozilla/5.0 AppleWebKit/537.36 (KHTML, like Gecko; compatible; GPTBot/1.2; +https://openai.com/gptbot)"
66.249.69.99 - - [13/Jul/2025:08:07:44 -0400] "GET /shopdetail/8866145857 HTTP/1.1" 404 1251 "-" "Mozilla/5.0 (Linux; Android 6.0.1; Nexus 5X Build/MMB29P) AppleWebKit/537.36 (KHTML, like Gecko) Chrome/137.0.7151.103 Mobile Safari/537.36 (compatible; GoogleOther)"
66.249.69.99 - - [13/Jul/2025:08:07:51 -0400] "GET /shopdetail/82222612389 HTTP/1.1" 404 1251 "-" "Mozilla/5.0 (Linux; Android 6.0.1; Nexus 5X Build/MMB29P) AppleWebKit/537.36 (KHTML, like Gecko) Chrome/137.0.7151.103 Mobile Safari/537.36 (compatible; GoogleOther)"
66.249.69.99 - - [13/Jul/2025:08:07:53 -0400] "GET /shopdetail/82222679304 HTTP/1.1" 404 1251 "-" "Mozilla/5.0 (Linux; Android 6.0.1; Nexus 5X Build/MMB29P) AppleWebKit/537.36 (KHTML, like Gecko) Chrome/137.0.7151.103 Mobile Safari/537.36 (compatible; GoogleOther)"
66.249.69.99 - - [13/Jul/2025:08:07:55 -0400] "GET /shopdetail/88881193198 HTTP/1.1" 404 1251 "-" "Mozilla/5.0 (Linux; Android 6.0.1; Nexus 5X Build/MMB29P) AppleWebKit/537.36 (KHTML, like Gecko) Chrome/137.0.7151.103 Mobile Safari/537.36 (compatible; GoogleOther)"
66.249.69.99 - - [13/Jul/2025:08:07:55 -0400] "GET /shopdetail/8877747201 HTTP/1.1" 404 1251 "-" "Mozilla/5.0 (Linux; Android 6.0.1; Nexus 5X Build/MMB29P) AppleWebKit/537.36 (KHTML, like Gecko) Chrome/137.0.7151.103 Mobile Safari/537.36 (compatible; GoogleOther)"
66.249.69.99 - - [13/Jul/2025:08:07:58 -0400] "GET /shopdetail/88881131068 HTTP/1.1" 404 1251 "-" "Mozilla/5.0 (Linux; Android 6.0.1; Nexus 5X Build/MMB29P) AppleWebKit/537.36 (KHTML, like Gecko) Chrome/137.0.7151.103 Mobile Safari/537.36 (compatible; GoogleOther)"
66.249.69.101 - - [13/Jul/2025:08:05:06 -0400] "GET /shopdetail/8877915340 HTTP/1.1" 404 1251 "-" "Mozilla/5.0 (Linux; Android 6.0.1; Nexus 5X Build/MMB29P) AppleWebKit/537.36 (KHTML, like Gecko) Chrome/137.0.7151.103 Mobile Safari/537.36 (compatible; GoogleOther)"
20.171.207.35 - - [13/Jul/2025:08:05:12 -0400] "GET /shopdetail/886668237948 HTTP/1.1" 404 1251 "-" "Mozilla/5.0 AppleWebKit/537.36 (KHTML, like Gecko; compatible; GPTBot/1.2; +https://openai.com/gptbot)"
66.249.69.99 - - [13/Jul/2025:08:05:23 -0400] "GET /shopdetail/8877954933 HTTP/1.1" 404 1251 "-" "Mozilla/5.0 (Linux; Android 6.0.1; Nexus 5X Build/MMB29P) AppleWebKit/537.36 (KHTML, like Gecko) Chrome/137.0.7151.103 Mobile Safari/537.36 (compatible; GoogleOther)"
66.249.69.99 - - [13/Jul/2025:08:05:41 -0400] "GET /shopdetail/82222655075 HTTP/1.1" 404 1251 "-" "Mozilla/5.0 (Linux; Android 6.0.1; Nexus 5X Build/MMB29P) AppleWebKit/537.36 (KHTML, like Gecko) Chrome/137.0.7151.103 Mobile Safari/537.36 (compatible; GoogleOther)"
66.249.69.99 - - [13/Jul/2025:08:05:42 -0400] "GET /shopdetail/88881310971 HTTP/1.1" 404 1251 "-" "Mozilla/5.0 (Linux; Android 6.0.1; Nexus 5X Build/MMB29P) AppleWebKit/537.36 (KHTML, like Gecko) Chrome/137.0.7151.103 Mobile Safari/537.36 (compatible; GoogleOther)"
66.249.69.99 - - [13/Jul/2025:08:05:43 -0400] "GET /shopdetail/8866230743 HTTP/1.1" 404 1251 "-" "Mozilla/5.0 (Linux; Android 6.0.1; Nexus 5X Build/MMB29P) AppleWebKit/537.36 (KHTML, like Gecko) Chrome/137.0.7151.103 Mobile Safari/537.36 (compatible; GoogleOther)"
66.249.69.99 - - [13/Jul/2025:08:05:59 -0400] "GET /shopdetail/88881360931 HTTP/1.1" 404 1251 "-" "Mozilla/5.0 (Linux; Android 6.0.1; Nexus 5X Build/MMB29P) AppleWebKit/537.36 (KHTML, like Gecko) Chrome/137.0.7151.103 Mobile Safari/537.36 (compatible; GoogleOther)"
66.249.69.99 - - [13/Jul/2025:08:07:09 -0400] "GET /shopdetail/88991904222 HTTP/1.1" 404 1251 "-" "Mozilla/5.0 (Linux; Android 6.0.1; Nexus 5X Build/MMB29P) AppleWebKit/537.36 (KHTML, like Gecko) Chrome/137.0.7151.103 Mobile Safari/537.36 (compatible; GoogleOther)"
66.249.69.99 - - [13/Jul/2025:08:07:28 -0400] "GET /shopdetail/8877933314 HTTP/1.1" 404 1251 "-" "Mozilla/5.0 (Linux; Android 6.0.1; Nexus 5X Build/MMB29P) AppleWebKit/537.36 (KHTML, like Gecko) Chrome/137.0.7151.103 Mobile Safari/537.36 (compatible; GoogleOther)"
66.249.69.100 - - [13/Jul/2025:08:07:29 -0400] "GET /?v=11003579400&channel=29f7f1&from=news.php%3Fid%3D5794-70%26name%3D%E5%AD%90%E9%80%A3%E3%82%8C%E7%8B%BC+%E5%AE%8C%E7%B5%90%E7%B7%A8+%E7%AC%AC%E4%B8%89%E9%83%A8+9%E6%9E%9A%E3%82%BB%E3%83%83%E3%83%88+DVD HTTP/1.1" 200 1061 "-" "Mozilla/5.0 (Linux; Android 6.0.1; Nexus 5X Build/MMB29P) AppleWebKit/537.36 (KHTML, like Gecko) Chrome/137.0.7151.103 Mobile Safari/537.36 (compatible; Googlebot/2.1; +http://www.google.com/bot.html)"
66.249.69.99 - - [13/Jul/2025:08:07:57 -0400] "GET /shopdetail/88881281316 HTTP/1.1" 404 1251 "-" "Mozilla/5.0 (Linux; Android 6.0.1; Nexus 5X Build/MMB29P) AppleWebKit/537.36 (KHTML, like Gecko) Chrome/137.0.7151.103 Mobile Safari/537.36 (compatible; GoogleOther)"
66.249.69.101 - - [13/Jul/2025:08:08:00 -0400] "GET /shopdetail/82222516042 HTTP/1.1" 404 1251 "-" "Mozilla/5.0 (Linux; Android 6.0.1; Nexus 5X Build/MMB29P) AppleWebKit/537.36 (KHTML, like Gecko) Chrome/137.0.7151.103 Mobile Safari/537.36 (compatible; GoogleOther)"
66.249.69.99 - - [13/Jul/2025:08:08:04 -0400] "GET /shopdetail/8877613536 HTTP/1.1" 404 1251 "-" "Mozilla/5.0 (Linux; Android 6.0.1; Nexus 5X Build/MMB29P) AppleWebKit/537.36 (KHTML, like Gecko) Chrome/137.0.7151.103 Mobile Safari/537.36 (compatible; GoogleOther)"
20.171.207.35 - - [13/Jul/2025:08:08:22 -0400] "GET /shopdetail/811165038131 HTTP/1.1" 404 1251 "-" "Mozilla/5.0 AppleWebKit/537.36 (KHTML, like Gecko; compatible; GPTBot/1.2; +https://openai.com/gptbot)"
66.249.69.99 - - [13/Jul/2025:08:08:55 -0400] "GET /shopdetail/88881499416 HTTP/1.1" 404 1251 "-" "Mozilla/5.0 (Linux; Android 6.0.1; Nexus 5X Build/MMB29P) AppleWebKit/537.36 (KHTML, like Gecko) Chrome/137.0.7151.103 Mobile Safari/537.36 (compatible; GoogleOther)"
66.249.69.101 - - [13/Jul/2025:08:08:02 -0400] "GET /shopdetail/88991829585 HTTP/1.1" 404 1251 "-" "Mozilla/5.0 (Linux; Android 6.0.1; Nexus 5X Build/MMB29P) AppleWebKit/537.36 (KHTML, like Gecko) Chrome/137.0.7151.103 Mobile Safari/537.36 (compatible; GoogleOther)"
66.249.69.99 - - [13/Jul/2025:08:08:06 -0400] "GET /shopdetail/88881145192 HTTP/1.1" 404 1251 "-" "Mozilla/5.0 (Linux; Android 6.0.1; Nexus 5X Build/MMB29P) AppleWebKit/537.36 (KHTML, like Gecko) Chrome/137.0.7151.103 Mobile Safari/537.36 (compatible; GoogleOther)"
66.249.69.99 - - [13/Jul/2025:08:08:20 -0400] "GET /shopdetail/8866301401 HTTP/1.1" 404 1251 "-" "Mozilla/5.0 (Linux; Android 6.0.1; Nexus 5X Build/MMB29P) AppleWebKit/537.36 (KHTML, like Gecko) Chrome/137.0.7151.103 Mobile Safari/537.36 (compatible; GoogleOther)"
66.249.69.99 - - [13/Jul/2025:08:08:27 -0400] "GET /?v=72222166059800&channel=3c06a6&from=info.php%3Fid%3D1660598-42%26name%3D%E3%82%B7%E3%83%A5%E3%83%AA%E3%83%B3%E3%82%AF%E7%84%A1%E3%81%97%E3%80%80%E3%82%B7%E3%83%A3%E3%82%A4%E3%83%8B%E3%83%BC%E3%83%88%E3%83%AC%E3%82%B8%E3%83%A3%E3%83%BC2box+%E5%AE%8C%E5%85%A8%E6%9C%AA%E9%96%8B%E5%B0%81 HTTP/1.1" 200 1061 "-" "Mozilla/5.0 (Linux; Android 6.0.1; Nexus 5X Build/MMB29P) AppleWebKit/537.36 (KHTML, like Gecko) Chrome/137.0.7151.103 Mobile Safari/537.36 (compatible; Googlebot/2.1; +http://www.google.com/bot.html)"
66.249.69.99 - - [13/Jul/2025:08:08:38 -0400] "GET /shopdetail/88991567224 HTTP/1.1" 404 1251 "-" "Mozilla/5.0 (Linux; Android 6.0.1; Nexus 5X Build/MMB29P) AppleWebKit/537.36 (KHTML, like Gecko) Chrome/137.0.7151.103 Mobile Safari/537.36 (compatible; GoogleOther)"
66.249.69.101 - - [13/Jul/2025:08:09:12 -0400] "GET /shopdetail/8877554730 HTTP/1.1" 404 1251 "-" "Mozilla/5.0 (Linux; Android 6.0.1; Nexus 5X Build/MMB29P) AppleWebKit/537.36 (KHTML, like Gecko) Chrome/137.0.7151.103 Mobile Safari/537.36 (compatible; GoogleOther)"
66.249.69.99 - - [13/Jul/2025:08:10:40 -0400] "GET /shopdetail/88881253440 HTTP/1.1" 404 1251 "-" "Mozilla/5.0 (Linux; Android 6.0.1; Nexus 5X Build/MMB29P) AppleWebKit/537.36 (KHTML, like Gecko) Chrome/137.0.7151.103 Mobile Safari/537.36 (compatible; GoogleOther)"
66.249.69.100 - - [13/Jul/2025:08:11:25 -0400] "GET /?v=0108016031001&channel=63ce35&from=shared.php%3Fid%3D160310-321%26name%3D%E3%83%88%E3%83%BC%E3%83%88%E3%83%90%E3%83%83%E3%82%B0+intoxic+%E3%82%A4%E3%83%B3%E3%83%88%E3%82%AD%E3%82%B7%E3%83%83%E3%82%AF%EF%BC%88%E7%BE%8E%E5%93%81%E3%81%A7%E3%81%99%EF%BC%89 HTTP/1.1" 200 1061 "-" "Mozilla/5.0 (Linux; Android 6.0.1; Nexus 5X Build/MMB29P) AppleWebKit/537.36 (KHTML, like Gecko) Chrome/137.0.7151.103 Mobile Safari/537.36 (compatible; Googlebot/2.1; +http://www.google.com/bot.html)"
66.249.69.99 - - [13/Jul/2025:08:11:33 -0400] "GET /shopdetail/88991765928 HTTP/1.1" 404 1251 "-" "Mozilla/5.0 (Linux; Android 6.0.1; Nexus 5X Build/MMB29P) AppleWebKit/537.36 (KHTML, like Gecko) Chrome/137.0.7151.103 Mobile Safari/537.36 (compatible; GoogleOther)"
66.249.69.99 - - [13/Jul/2025:08:11:51 -0400] "GET /shopdetail/8866451520 HTTP/1.1" 404 1251 "-" "Mozilla/5.0 (Linux; Android 6.0.1; Nexus 5X Build/MMB29P) AppleWebKit/537.36 (KHTML, like Gecko) Chrome/137.0.7151.103 Mobile Safari/537.36 (compatible; GoogleOther)"
66.249.69.99 - - [13/Jul/2025:08:12:09 -0400] "GET /shopdetail/8877852695 HTTP/1.1" 404 1251 "-" "Mozilla/5.0 (Linux; Android 6.0.1; Nexus 5X Build/MMB29P) AppleWebKit/537.36 (KHTML, like Gecko) Chrome/137.0.7151.103 Mobile Safari/537.36 (compatible; GoogleOther)"
66.249.69.100 - - [13/Jul/2025:08:12:22 -0400] "GET /?v=0391619477700&channel=e38784&from=brands.php%3Fid%3D194777-280%26name%3D%E9%AC%BC%E6%BB%85%E3%81%AE%E5%88%83+BABBI+%E3%82%B9%E3%83%9A%E3%82%B7%E3%83%A3%E3%83%AB%E3%82%AE%E3%83%95%E3%83%88 HTTP/1.1" 200 1061 "-" "Mozilla/5.0 (Linux; Android 6.0.1; Nexus 5X Build/MMB29P) AppleWebKit/537.36 (KHTML, like Gecko) Chrome/137.0.7151.103 Mobile Safari/537.36 (compatible; Googlebot/2.1; +http://www.google.com/bot.html)"
20.171.207.35 - - [13/Jul/2025:08:09:23 -0400] "GET /shopdetail/822265258248 HTTP/1.1" 404 1251 "-" "Mozilla/5.0 AppleWebKit/537.36 (KHTML, like Gecko; compatible; GPTBot/1.2; +https://openai.com/gptbot)"
66.249.69.100 - - [13/Jul/2025:08:09:27 -0400] "GET /?v=0904513988110&channel=b40591&from=brands.php%3Fid%3D139881-54%26name%3DNINTENDO+SWITCH+HAD-S-KA HTTP/1.1" 200 1061 "-" "Mozilla/5.0 (Linux; Android 6.0.1; Nexus 5X Build/MMB29P) AppleWebKit/537.36 (KHTML, like Gecko) Chrome/137.0.7151.103 Mobile Safari/537.36 (compatible; Googlebot/2.1; +http://www.google.com/bot.html)"
66.249.69.99 - - [13/Jul/2025:08:09:30 -0400] "GET /shopdetail/88991924966 HTTP/1.1" 404 1251 "-" "Mozilla/5.0 (Linux; Android 6.0.1; Nexus 5X Build/MMB29P) AppleWebKit/537.36 (KHTML, like Gecko) Chrome/137.0.7151.103 Mobile Safari/537.36 (compatible; GoogleOther)"
66.249.69.99 - - [13/Jul/2025:08:09:48 -0400] "GET /shopdetail/8877965228 HTTP/1.1" 404 1251 "-" "Mozilla/5.0 (Linux; Android 6.0.1; Nexus 5X Build/MMB29P) AppleWebKit/537.36 (KHTML, like Gecko) Chrome/137.0.7151.103 Mobile Safari/537.36 (compatible; GoogleOther)"
66.249.69.99 - - [13/Jul/2025:08:10:05 -0400] "GET /shopdetail/88881453330 HTTP/1.1" 404 1251 "-" "Mozilla/5.0 (Linux; Android 6.0.1; Nexus 5X Build/MMB29P) AppleWebKit/537.36 (KHTML, like Gecko) Chrome/137.0.7151.103 Mobile Safari/537.36 (compatible; GoogleOther)"
66.249.69.99 - - [13/Jul/2025:08:10:19 -0400] "GET /?v=29809132810103&channel=545012&from=brands.php%3Fid%3D1328101-111%26name%3D%E3%80%90%E7%BE%8E%E5%93%81%E3%83%BB%E8%B6%85%E5%B8%8C%E5%B0%91%E3%80%91COACH++%E3%82%AA%E3%83%BC%E3%83%AB%E3%83%89%E3%82%B3%E3%83%BC%E3%83%81%E3%80%80%E3%82%B7%E3%83%A7%E3%83%AB%E3%83%80%E3%83%BC%E3%83%90%E3%83%83%E3%82%B0%E3%80%80USA%E3%80%809977 HTTP/1.1" 200 1061 "-" "Mozilla/5.0 (Linux; Android 6.0.1; Nexus 5X Build/MMB29P) AppleWebKit/537.36 (KHTML, like Gecko) Chrome/137.0.7151.103 Mobile Safari/537.36 (compatible; Googlebot/2.1; +http://www.google.com/bot.html)"
66.249.69.100 - - [13/Jul/2025:08:10:22 -0400] "GET /shopdetail/8877742452 HTTP/1.1" 404 1251 "-" "Mozilla/5.0 (Linux; Android 6.0.1; Nexus 5X Build/MMB29P) AppleWebKit/537.36 (KHTML, like Gecko) Chrome/137.0.7151.103 Mobile Safari/537.36 (compatible; GoogleOther)"
20.171.207.35 - - [13/Jul/2025:08:10:28 -0400] "GET /shopdetail/886665393873 HTTP/1.1" 404 1251 "-" "Mozilla/5.0 AppleWebKit/537.36 (KHTML, like Gecko; compatible; GPTBot/1.2; +https://openai.com/gptbot)"
66.249.69.99 - - [13/Jul/2025:08:10:58 -0400] "GET /shopdetail/81112295704 HTTP/1.1" 404 1251 "-" "Mozilla/5.0 (Linux; Android 6.0.1; Nexus 5X Build/MMB29P) AppleWebKit/537.36 (KHTML, like Gecko) Chrome/137.0.7151.103 Mobile Safari/537.36 (compatible; GoogleOther)"
66.249.69.101 - - [13/Jul/2025:08:11:15 -0400] "GET /shopdetail/88881295890 HTTP/1.1" 404 1251 "-" "Mozilla/5.0 (Linux; Android 6.0.1; Nexus 5X Build/MMB29P) AppleWebKit/537.36 (KHTML, like Gecko) Chrome/137.0.7151.103 Mobile Safari/537.36 (compatible; GoogleOther)"
20.171.207.35 - - [13/Jul/2025:08:11:33 -0400] "GET /shopdetail/811164776415 HTTP/1.1" 404 1251 "-" "Mozilla/5.0 AppleWebKit/537.36 (KHTML, like Gecko; compatible; GPTBot/1.2; +https://openai.com/gptbot)"
20.171.207.35 - - [13/Jul/2025:08:12:39 -0400] "GET /shopdetail/886665593198 HTTP/1.1" 404 1251 "-" "Mozilla/5.0 AppleWebKit/537.36 (KHTML, like Gecko; compatible; GPTBot/1.2; +https://openai.com/gptbot)"
66.249.69.99 - - [13/Jul/2025:08:13:14 -0400] "GET /?v=2718850390806&channel=1eccc9&from=shared.php%3Fid%3D503908-1115%26name%3D%E3%80%90%E9%AB%98%E5%93%81%E8%B3%AA%E3%80%91SCYE+%E3%83%A9%E3%82%A4%E3%83%B3%E3%83%91%E3%82%A4%E3%83%94%E3%83%B3%E3%82%B0+%E3%83%A1%E3%83%AB%E3%83%88%E3%83%B3P%E3%82%B3%E3%83%BC%E3%83%88 HTTP/1.1" 200 1061 "-" "Mozilla/5.0 (Linux; Android 6.0.1; Nexus 5X Build/MMB29P) AppleWebKit/537.36 (KHTML, like Gecko) Chrome/137.0.7151.103 Mobile Safari/537.36 (compatible; Googlebot/2.1; +http://www.google.com/bot.html)"
66.249.69.99 - - [13/Jul/2025:08:13:19 -0400] "GET /shopdetail/88881459846 HTTP/1.1" 404 1251 "-" "Mozilla/5.0 (Linux; Android 6.0.1; Nexus 5X Build/MMB29P) AppleWebKit/537.36 (KHTML, like Gecko) Chrome/137.0.7151.103 Mobile Safari/537.36 (compatible; GoogleOther)"
66.249.69.99 - - [13/Jul/2025:08:13:36 -0400] "GET /?1755766642460 HTTP/1.1" 200 1061 "-" "Mozilla/5.0 (Linux; Android 6.0.1; Nexus 5X Build/MMB29P) AppleWebKit/537.36 (KHTML, like Gecko) Chrome/137.0.7151.103 Mobile Safari/537.36 (compatible; GoogleOther)"
66.249.69.101 - - [13/Jul/2025:08:14:13 -0400] "GET /shopdetail/81112419533 HTTP/1.1" 404 1251 "-" "Mozilla/5.0 (Linux; Android 6.0.1; Nexus 5X Build/MMB29P) AppleWebKit/537.36 (KHTML, like Gecko) Chrome/137.0.7151.103 Mobile Safari/537.36 (compatible; GoogleOther)"
66.249.69.100 - - [13/Jul/2025:08:14:16 -0400] "GET /?v=20114106472500&channel=3c06a6&from=form.php%3Fid%3D1064725-42%26name%3D%E3%83%9D%E3%82%B1%E3%82%BB%E3%83%B3%E7%94%A3+151+%E3%82%B7%E3%83%A5%E3%83%AA%E3%83%B3%E3%82%AF%E4%BB%98%E3%81%8D+box+%E3%83%9D%E3%82%B1%E3%83%A2%E3%83%B3%E3%82%AB%E3%83%BC%E3%83%89 HTTP/1.1" 200 1061 "-" "Mozilla/5.0 (Linux; Android 6.0.1; Nexus 5X Build/MMB29P) AppleWebKit/537.36 (KHTML, like Gecko) Chrome/137.0.7151.103 Mobile Safari/537.36 (compatible; Googlebot/2.1; +http://www.google.com/bot.html)"
66.249.69.99 - - [13/Jul/2025:08:14:29 -0400] "GET /shopdetail/8877617791 HTTP/1.1" 404 1251 "-" "Mozilla/5.0 (Linux; Android 6.0.1; Nexus 5X Build/MMB29P) AppleWebKit/537.36 (KHTML, like Gecko) Chrome/137.0.7151.103 Mobile Safari/537.36 (compatible; GoogleOther)"
20.171.207.35 - - [13/Jul/2025:08:14:40 -0400] "GET /shopdetail/886665410526 HTTP/1.1" 404 1251 "-" "Mozilla/5.0 AppleWebKit/537.36 (KHTML, like Gecko; compatible; GPTBot/1.2; +https://openai.com/gptbot)"
66.249.69.101 - - [13/Jul/2025:08:15:04 -0400] "GET /shopdetail/81112148886 HTTP/1.1" 404 1251 "-" "Mozilla/5.0 (Linux; Android 6.0.1; Nexus 5X Build/MMB29P) AppleWebKit/537.36 (KHTML, like Gecko) Chrome/137.0.7151.103 Mobile Safari/537.36 (compatible; GoogleOther)"
66.249.69.99 - - [13/Jul/2025:08:15:15 -0400] "GET /?v=07737135061005&channel=63ce35&from=pin.php%3Fid%3D1350610-321%26name%3D%E3%83%AB%E3%82%A4%E3%83%B4%E3%82%A3%E3%83%88%E3%83%B3+%E3%83%80%E3%83%9F%E3%82%A8+%E3%83%8D%E3%83%B4%E3%82%A1%E3%83%BC%E3%83%95%E3%83%ABPM HTTP/1.1" 200 1061 "-" "Mozilla/5.0 (Linux; Android 6.0.1; Nexus 5X Build/MMB29P) AppleWebKit/537.36 (KHTML, like Gecko) Chrome/137.0.7151.103 Mobile Safari/537.36 (compatible; Googlebot/2.1; +http://www.google.com/bot.html)"
66.249.69.99 - - [13/Jul/2025:08:15:39 -0400] "GET /shopdetail/8877629255 HTTP/1.1" 404 1251 "-" "Mozilla/5.0 (Linux; Android 6.0.1; Nexus 5X Build/MMB29P) AppleWebKit/537.36 (KHTML, like Gecko) Chrome/137.0.7151.103 Mobile Safari/537.36 (compatible; GoogleOther)"
20.171.207.35 - - [13/Jul/2025:08:15:41 -0400] "GET /shopdetail/886665477948 HTTP/1.1" 404 1251 "-" "Mozilla/5.0 AppleWebKit/537.36 (KHTML, like Gecko; compatible; GPTBot/1.2; +https://openai.com/gptbot)"
66.249.69.99 - - [13/Jul/2025:08:15:57 -0400] "GET /shopdetail/88881146240 HTTP/1.1" 404 1251 "-" "Mozilla/5.0 (Linux; Android 6.0.1; Nexus 5X Build/MMB29P) AppleWebKit/537.36 (KHTML, like Gecko) Chrome/137.0.7151.103 Mobile Safari/537.36 (compatible; GoogleOther)"
66.249.69.100 - - [13/Jul/2025:08:16:14 -0400] "GET /shopdetail/81112288534 HTTP/1.1" 404 1251 "-" "Mozilla/5.0 (Linux; Android 6.0.1; Nexus 5X Build/MMB29P) AppleWebKit/537.36 (KHTML, like Gecko) Chrome/137.0.7151.103 Mobile Safari/537.36 (compatible; GoogleOther)"
66.249.69.100 - - [13/Jul/2025:08:16:19 -0400] "GET /shopdetail/88881184813 HTTP/1.1" 404 1251 "-" "Mozilla/5.0 (Linux; Android 6.0.1; Nexus 5X Build/MMB29P) AppleWebKit/537.36 (KHTML, like Gecko) Chrome/137.0.7151.103 Mobile Safari/537.36 (compatible; GoogleOther)"
66.249.69.99 - - [13/Jul/2025:08:16:49 -0400] "GET /shopdetail/88991928483 HTTP/1.1" 404 1251 "-" "Mozilla/5.0 (Linux; Android 6.0.1; Nexus 5X Build/MMB29P) AppleWebKit/537.36 (KHTML, like Gecko) Chrome/137.0.7151.103 Mobile Safari/537.36 (compatible; GoogleOther)"
66.249.69.99 - - [13/Jul/2025:08:12:26 -0400] "GET /shopdetail/8866481985 HTTP/1.1" 404 1251 "-" "Mozilla/5.0 (Linux; Android 6.0.1; Nexus 5X Build/MMB29P) AppleWebKit/537.36 (KHTML, like Gecko) Chrome/137.0.7151.103 Mobile Safari/537.36 (compatible; GoogleOther)"
66.249.69.99 - - [13/Jul/2025:08:12:44 -0400] "GET /shopdetail/8866227586 HTTP/1.1" 404 1251 "-" "Mozilla/5.0 (Linux; Android 6.0.1; Nexus 5X Build/MMB29P) AppleWebKit/537.36 (KHTML, like Gecko) Chrome/137.0.7151.103 Mobile Safari/537.36 (compatible; GoogleOther)"
66.249.69.100 - - [13/Jul/2025:08:13:01 -0400] "GET /shopdetail/81112029862 HTTP/1.1" 404 1251 "-" "Mozilla/5.0 (Linux; Android 6.0.1; Nexus 5X Build/MMB29P) AppleWebKit/537.36 (KHTML, like Gecko) Chrome/137.0.7151.103 Mobile Safari/537.36 (compatible; GoogleOther)"
20.171.207.35 - - [13/Jul/2025:08:13:40 -0400] "GET /shopdetail/886665676015 HTTP/1.1" 404 1251 "-" "Mozilla/5.0 AppleWebKit/537.36 (KHTML, like Gecko; compatible; GPTBot/1.2; +https://openai.com/gptbot)"
66.249.69.99 - - [13/Jul/2025:08:13:54 -0400] "GET /shopdetail/82222646624 HTTP/1.1" 404 1251 "-" "Mozilla/5.0 (Linux; Android 6.0.1; Nexus 5X Build/MMB29P) AppleWebKit/537.36 (KHTML, like Gecko) Chrome/137.0.7151.103 Mobile Safari/537.36 (compatible; GoogleOther)"
66.249.69.101 - - [13/Jul/2025:08:14:12 -0400] "GET /shopdetail/88991712948 HTTP/1.1" 404 1251 "-" "Mozilla/5.0 (Linux; Android 6.0.1; Nexus 5X Build/MMB29P) AppleWebKit/537.36 (KHTML, like Gecko) Chrome/137.0.7151.103 Mobile Safari/537.36 (compatible; GoogleOther)"
66.249.69.99 - - [13/Jul/2025:08:14:43 -0400] "GET /shopdetail/8877682980 HTTP/1.1" 404 1251 "-" "Mozilla/5.0 (Linux; Android 6.0.1; Nexus 5X Build/MMB29P) AppleWebKit/537.36 (KHTML, like Gecko) Chrome/137.0.7151.103 Mobile Safari/537.36 (compatible; GoogleOther)"
66.249.69.99 - - [13/Jul/2025:08:14:46 -0400] "GET /shopdetail/8877879932 HTTP/1.1" 404 1251 "-" "Mozilla/5.0 (Linux; Android 6.0.1; Nexus 5X Build/MMB29P) AppleWebKit/537.36 (KHTML, like Gecko) Chrome/137.0.7151.103 Mobile Safari/537.36 (compatible; GoogleOther)"
104.244.72.22 - - [13/Jul/2025:08:15:01 -0400] "GET /testsitemap.xml HTTP/1.1" 404 1251 "-" "google,yahoo,bot,googlebot"
66.249.69.99 - - [13/Jul/2025:08:15:22 -0400] "GET /shopdetail/81112155956 HTTP/1.1" 404 1251 "-" "Mozilla/5.0 (Linux; Android 6.0.1; Nexus 5X Build/MMB29P) AppleWebKit/537.36 (KHTML, like Gecko) Chrome/137.0.7151.103 Mobile Safari/537.36 (compatible; GoogleOther)"
66.249.69.99 - - [13/Jul/2025:08:15:45 -0400] "GET /shopdetail/8877696537 HTTP/1.1" 404 1251 "-" "Mozilla/5.0 (Linux; Android 6.0.1; Nexus 5X Build/MMB29P) AppleWebKit/537.36 (KHTML, like Gecko) Chrome/137.0.7151.103 Mobile Safari/537.36 (compatible; GoogleOther)"
66.249.69.99 - - [13/Jul/2025:08:16:23 -0400] "GET /?v=86545177031101&channel=772593&from=brands.php%3Fid%3D1770311-165%26name%3D%E7%B5%B6%E7%8B%BC%3CZERO%3E-BLACK+BLOOD-+%E3%83%87%E3%82%A3%E3%83%AC%E3%82%AF%E3%82%BF%E3%83%BC%E3%82%BA%E3%83%BB%E3%82%AB%E3%83%83%E3%83%88%E7%89%88 HTTP/1.1" 200 1061 "-" "Mozilla/5.0 (Linux; Android 6.0.1; Nexus 5X Build/MMB29P) AppleWebKit/537.36 (KHTML, like Gecko) Chrome/137.0.7151.103 Mobile Safari/537.36 (compatible; Googlebot/2.1; +http://www.google.com/bot.html)"
66.249.69.99 - - [13/Jul/2025:08:16:32 -0400] "GET /shopdetail/88881002814 HTTP/1.1" 404 1251 "-" "Mozilla/5.0 (Linux; Android 6.0.1; Nexus 5X Build/MMB29P) AppleWebKit/537.36 (KHTML, like Gecko) Chrome/137.0.7151.103 Mobile Safari/537.36 (compatible; GoogleOther)"
66.249.69.99 - - [13/Jul/2025:08:16:37 -0400] "GET /shopdetail/88881214500 HTTP/1.1" 404 1251 "-" "Mozilla/5.0 (Linux; Android 6.0.1; Nexus 5X Build/MMB29P) AppleWebKit/537.36 (KHTML, like Gecko) Chrome/137.0.7151.103 Mobile Safari/537.36 (compatible; GoogleOther)"
20.171.207.35 - - [13/Jul/2025:08:16:49 -0400] "GET /shopdetail/811170303601 HTTP/1.1" 404 1251 "-" "Mozilla/5.0 AppleWebKit/537.36 (KHTML, like Gecko; compatible; GPTBot/1.2; +https://openai.com/gptbot)"
66.249.69.99 - - [13/Jul/2025:08:17:20 -0400] "GET /?v=10165182106404&channel=2079fc&from=product.php%3Fid%3D1821064-972%26name%3DA3+FAX%E3%80%80%E8%A4%87%E5%90%88%E6%A9%9F%E3%80%80%E3%83%96%E3%83%A9%E3%82%B6%E3%83%BCMFC-J6980CDW%E3%80%80%E3%80%90+2762%E6%9E%9A%E3%80%91 HTTP/1.1" 200 1061 "-" "Mozilla/5.0 (Linux; Android 6.0.1; Nexus 5X Build/MMB29P) AppleWebKit/537.36 (KHTML, like Gecko) Chrome/137.0.7151.103 Mobile Safari/537.36 (compatible; Googlebot/2.1; +http://www.google.com/bot.html)"
66.249.69.99 - - [13/Jul/2025:08:17:25 -0400] "GET /shopdetail/81112458849 HTTP/1.1" 404 1251 "-" "Mozilla/5.0 (Linux; Android 6.0.1; Nexus 5X Build/MMB29P) AppleWebKit/537.36 (KHTML, like Gecko) Chrome/137.0.7151.103 Mobile Safari/537.36 (compatible; GoogleOther)"
20.171.207.35 - - [13/Jul/2025:08:17:51 -0400] "GET /shopdetail/886665438461 HTTP/1.1" 404 1251 "-" "Mozilla/5.0 AppleWebKit/537.36 (KHTML, like Gecko; compatible; GPTBot/1.2; +https://openai.com/gptbot)"
66.249.69.99 - - [13/Jul/2025:08:18:17 -0400] "GET /shopdetail/81112219085 HTTP/1.1" 404 1251 "-" "Mozilla/5.0 (Linux; Android 6.0.1; Nexus 5X Build/MMB29P) AppleWebKit/537.36 (KHTML, like Gecko) Chrome/137.0.7151.103 Mobile Safari/537.36 (compatible; GoogleOther)"
66.249.69.99 - - [13/Jul/2025:08:18:18 -0400] "GET /?v=8406110706700&channel=a29a1c&from=form.php%3Fid%3D107067-1102%26name%3DY%27s+22AW+%E3%82%B9%E3%83%AA%E3%83%BC%E3%83%96%E3%83%89%E3%83%83%E3%82%AD%E3%83%B3%E3%82%B0+%E3%82%A2%E3%83%A9%E3%83%B3%E3%83%8B%E3%83%83%E3%83%88+%E3%82%A2%E3%83%BC%E3%83%A0%E3%82%A6%E3%82%A9%E3%83%BC%E3%83%9E%E3%83%BC+%E9%BB%922 HTTP/1.1" 200 1061 "-" "Mozilla/5.0 (Linux; Android 6.0.1; Nexus 5X Build/MMB29P) AppleWebKit/537.36 (KHTML, like Gecko) Chrome/137.0.7151.103 Mobile Safari/537.36 (compatible; Googlebot/2.1; +http://www.google.com/bot.html)"
66.249.69.99 - - [13/Jul/2025:08:19:10 -0400] "GET /shopdetail/81112305186 HTTP/1.1" 404 1251 "-" "Mozilla/5.0 (Linux; Android 6.0.1; Nexus 5X Build/MMB29P) AppleWebKit/537.36 (KHTML, like Gecko) Chrome/137.0.7151.103 Mobile Safari/537.36 (compatible; GoogleOther)"
66.249.69.99 - - [13/Jul/2025:08:19:28 -0400] "GET /shopdetail/88881247591 HTTP/1.1" 404 1251 "-" "Mozilla/5.0 (Linux; Android 6.0.1; Nexus 5X Build/MMB29P) AppleWebKit/537.36 (KHTML, like Gecko) Chrome/137.0.7151.103 Mobile Safari/537.36 (compatible; GoogleOther)"
193.123.233.101 - - [13/Jul/2025:08:19:54 -0400] "POST /xmlrpc.php HTTP/1.1" 404 1251 "-" "Mozilla/5.0 (Windows NT 10.0) AppleWebKit/537.36 (KHTML, like Gecko) Chrome/72.0.3626.121 Safari/537.36"
66.249.69.100 - - [13/Jul/2025:08:20:04 -0400] "GET /shopdetail/81112496824 HTTP/1.1" 404 1251 "-" "Mozilla/5.0 (Linux; Android 6.0.1; Nexus 5X Build/MMB29P) AppleWebKit/537.36 (KHTML, like Gecko) Chrome/137.0.7151.103 Mobile Safari/537.36 (compatible; GoogleOther)"
185.73.130.137 - - [13/Jul/2025:08:20:04 -0400] "POST /xmlrpc.php HTTP/1.1" 404 1251 "-" "Mozilla/5.0 (Windows NT 10.0; Win64; x64; rv:78.0) Gecko/20100101 Firefox/78.0"
206.83.228.66 - - [13/Jul/2025:08:20:06 -0400] "POST /xmlrpc.php HTTP/1.1" 404 1251 "-" "Mozilla/5.0 (Windows NT 6.1; WOW64; rv:41.0) Gecko/20100101 Firefox/41.0"
198.54.120.87 - - [13/Jul/2025:08:20:07 -0400] "POST /xmlrpc.php HTTP/1.1" 404 1251 "-" "Mozilla/5.0 (Windows NT 10.0; WOW64; rv:52.0) Gecko/20100101 Firefox/52.0"
62.72.46.56 - - [13/Jul/2025:08:20:13 -0400] "POST /xmlrpc.php HTTP/1.1" 404 1251 "-" "Mozilla/5.0 (Windows NT 6.1; WOW64; rv:47.0) Gecko/20100101 Firefox/47.0"
66.249.69.100 - - [13/Jul/2025:08:20:20 -0400] "GET /shopdetail/8866279513 HTTP/1.1" 404 1251 "-" "Mozilla/5.0 (Linux; Android 6.0.1; Nexus 5X Build/MMB29P) AppleWebKit/537.36 (KHTML, like Gecko) Chrome/137.0.7151.103 Mobile Safari/537.36 (compatible; GoogleOther)"
66.249.69.99 - - [13/Jul/2025:08:20:38 -0400] "GET /shopdetail/88991641648 HTTP/1.1" 404 1251 "-" "Mozilla/5.0 (Linux; Android 6.0.1; Nexus 5X Build/MMB29P) AppleWebKit/537.36 (KHTML, like Gecko) Chrome/137.0.7151.103 Mobile Safari/537.36 (compatible; GoogleOther)"
66.249.69.99 - - [13/Jul/2025:08:17:07 -0400] "GET /shopdetail/88881469132 HTTP/1.1" 404 1251 "-" "Mozilla/5.0 (Linux; Android 6.0.1; Nexus 5X Build/MMB29P) AppleWebKit/537.36 (KHTML, like Gecko) Chrome/137.0.7151.103 Mobile Safari/537.36 (compatible; GoogleOther)"
66.249.69.99 - - [13/Jul/2025:08:17:43 -0400] "GET /shopdetail/8866319322 HTTP/1.1" 404 1251 "-" "Mozilla/5.0 (Linux; Android 6.0.1; Nexus 5X Build/MMB29P) AppleWebKit/537.36 (KHTML, like Gecko) Chrome/137.0.7151.103 Mobile Safari/537.36 (compatible; GoogleOther)"
66.249.69.99 - - [13/Jul/2025:08:17:44 -0400] "GET /shopdetail/81112334477 HTTP/1.1" 404 1251 "-" "Mozilla/5.0 (Linux; Android 6.0.1; Nexus 5X Build/MMB29P) AppleWebKit/537.36 (KHTML, like Gecko) Chrome/137.0.7151.103 Mobile Safari/537.36 (compatible; GoogleOther)"
66.249.69.100 - - [13/Jul/2025:08:18:00 -0400] "GET /shopdetail/8877818742 HTTP/1.1" 404 1251 "-" "Mozilla/5.0 (Linux; Android 6.0.1; Nexus 5X Build/MMB29P) AppleWebKit/537.36 (KHTML, like Gecko) Chrome/137.0.7151.103 Mobile Safari/537.36 (compatible; GoogleOther)"
66.249.69.99 - - [13/Jul/2025:08:18:35 -0400] "GET /shopdetail/81112485548 HTTP/1.1" 404 1251 "-" "Mozilla/5.0 (Linux; Android 6.0.1; Nexus 5X Build/MMB29P) AppleWebKit/537.36 (KHTML, like Gecko) Chrome/137.0.7151.103 Mobile Safari/537.36 (compatible; GoogleOther)"
20.171.207.35 - - [13/Jul/2025:08:18:53 -0400] "GET /shopdetail/811164745685 HTTP/1.1" 404 1251 "-" "Mozilla/5.0 AppleWebKit/537.36 (KHTML, like Gecko; compatible; GPTBot/1.2; +https://openai.com/gptbot)"
66.249.69.99 - - [13/Jul/2025:08:18:53 -0400] "GET /shopdetail/886629825 HTTP/1.1" 404 1251 "-" "Mozilla/5.0 (Linux; Android 6.0.1; Nexus 5X Build/MMB29P) AppleWebKit/537.36 (KHTML, like Gecko) Chrome/137.0.7151.103 Mobile Safari/537.36 (compatible; GoogleOther)"
66.249.69.99 - - [13/Jul/2025:08:19:13 -0400] "GET /?v=07162106383002&channel=5c11fd&from=goods.php%3Fid%3D1063830-566%26name%3D%E2%98%867227%E6%A7%98%E5%B0%82%E7%94%A8%E2%98%86Perfecto+schott+80%7E90s%E3%83%A9%E3%82%A4%E3%83%80%E3%83%BC%E3%82%B9+618 HTTP/1.1" 200 1061 "-" "Mozilla/5.0 (Linux; Android 6.0.1; Nexus 5X Build/MMB29P) AppleWebKit/537.36 (KHTML, like Gecko) Chrome/137.0.7151.103 Mobile Safari/537.36 (compatible; Googlebot/2.1; +http://www.google.com/bot.html)"
66.249.69.99 - - [13/Jul/2025:08:19:46 -0400] "GET /shopdetail/88881051669 HTTP/1.1" 404 1251 "-" "Mozilla/5.0 (Linux; Android 6.0.1; Nexus 5X Build/MMB29P) AppleWebKit/537.36 (KHTML, like Gecko) Chrome/137.0.7151.103 Mobile Safari/537.36 (compatible; GoogleOther)"
20.171.207.35 - - [13/Jul/2025:08:20:01 -0400] "GET /shopdetail/886668247000 HTTP/1.1" 404 1251 "-" "Mozilla/5.0 AppleWebKit/537.36 (KHTML, like Gecko; compatible; GPTBot/1.2; +https://openai.com/gptbot)"
198.54.120.87 - - [13/Jul/2025:08:20:02 -0400] "POST /xmlrpc.php HTTP/1.1" 404 1251 "-" "Mozilla/5.0 (Windows NT 10.0; Win64; x64; rv:60.0) Gecko/20100101 Firefox/60.0"
212.154.75.77 - - [13/Jul/2025:08:20:15 -0400] "POST /xmlrpc.php HTTP/1.1" 404 1251 "-" "Mozilla/5.0 (Macintosh; Intel Mac OS X 11_4) AppleWebKit/537.36 (KHTML, like Gecko) Chrome/91.0.4472.114 Safari/537.36"
66.249.69.99 - - [13/Jul/2025:08:20:41 -0400] "GET /shopdetail/81112374764 HTTP/1.1" 404 1251 "-" "Mozilla/5.0 (Linux; Android 6.0.1; Nexus 5X Build/MMB29P) AppleWebKit/537.36 (KHTML, like Gecko) Chrome/137.0.7151.103 Mobile Safari/537.36 (compatible; GoogleOther)"
66.249.69.99 - - [13/Jul/2025:08:20:45 -0400] "GET /shopdetail/8877665635 HTTP/1.1" 404 1251 "-" "Mozilla/5.0 (Linux; Android 6.0.1; Nexus 5X Build/MMB29P) AppleWebKit/537.36 (KHTML, like Gecko) Chrome/137.0.7151.103 Mobile Safari/537.36 (compatible; GoogleOther)"
66.249.69.99 - - [13/Jul/2025:08:20:47 -0400] "GET /shopdetail/82222700492 HTTP/1.1" 404 1251 "-" "Mozilla/5.0 (Linux; Android 6.0.1; Nexus 5X Build/MMB29P) AppleWebKit/537.36 (KHTML, like Gecko) Chrome/137.0.7151.103 Mobile Safari/537.36 (compatible; GoogleOther)"
47.239.215.52 - - [13/Jul/2025:08:20:42 -0400] "POST /xmlrpc.php HTTP/1.1" 404 1251 "-" "Mozilla/5.0 (Windows NT 10.0; Win64; x64) AppleWebKit/537.36 (KHTML, like Gecko) Chrome/88.0.4324.104 Safari/537.36"
66.249.69.99 - - [13/Jul/2025:08:20:42 -0400] "GET /shopdetail/8877957306 HTTP/1.1" 404 1251 "-" "Mozilla/5.0 (Linux; Android 6.0.1; Nexus 5X Build/MMB29P) AppleWebKit/537.36 (KHTML, like Gecko) Chrome/137.0.7151.103 Mobile Safari/537.36 (compatible; GoogleOther)"
66.249.69.99 - - [13/Jul/2025:08:20:44 -0400] "GET /shopdetail/88991579950 HTTP/1.1" 404 1251 "-" "Mozilla/5.0 (Linux; Android 6.0.1; Nexus 5X Build/MMB29P) AppleWebKit/537.36 (KHTML, like Gecko) Chrome/137.0.7151.103 Mobile Safari/537.36 (compatible; GoogleOther)"
66.249.69.99 - - [13/Jul/2025:08:20:48 -0400] "GET /shopdetail/88881448084 HTTP/1.1" 404 1251 "-" "Mozilla/5.0 (Linux; Android 6.0.1; Nexus 5X Build/MMB29P) AppleWebKit/537.36 (KHTML, like Gecko) Chrome/137.0.7151.103 Mobile Safari/537.36 (compatible; GoogleOther)"
66.249.69.99 - - [13/Jul/2025:08:20:50 -0400] "GET /shopdetail/88881480697 HTTP/1.1" 404 1251 "-" "Mozilla/5.0 (Linux; Android 6.0.1; Nexus 5X Build/MMB29P) AppleWebKit/537.36 (KHTML, like Gecko) Chrome/137.0.7151.103 Mobile Safari/537.36 (compatible; GoogleOther)"
66.249.69.99 - - [13/Jul/2025:08:20:55 -0400] "GET /?v=7884342708602&channel=5543d4&from=form.php%3Fid%3D427086-1608%26name%3D%E3%80%90%E7%89%B9%E4%BE%A1%E3%82%BB%E3%83%BC%E3%83%AB%E3%80%91%E3%82%AD%E3%82%B8%E3%83%9E+%28kijima%29+%E3%83%90%E3%82%A4%E3%82%AF+%E3%83%90%E3%82%A4%E3%82%AF%E3%83%91%E3%83%BC%E3%83%84+%E3%82%B9%E3%83%88%E3%83%BC%E3%83%B3%E3%82%AC%E3%83%BC%E3%83%89+%E3%83%98%E3%83%83%E3%83%89%E3%83%A9%E3%82%A4%E3%83%88%E3%82%B9%E3%83%88%E3%83%BC%E3%83%B3%E3%82%AC%E3%83%BC%E3%83%89+CT125%E3%83%8F%E3%83%B3%E3%82%BF%E3%83%BC%E3%82%AB%E3%83%96%28JA55%2FJA65%29+%E3%82%B9%E3%83%81%E3%83%BC%E3%83%AB%E8%A3%BD%E3%83%96%E3%83%A9%E3%83%83%E3%82%AF%E4%BB%95%E4%B8%8A%E3%81%92+205-5123 HTTP/1.1" 200 1061 "-" "Mozilla/5.0 (Linux; Android 6.0.1; Nexus 5X Build/MMB29P) AppleWebKit/537.36 (KHTML, like Gecko) Chrome/137.0.7151.103 Mobile Safari/537.36 (compatible; Googlebot/2.1; +http://www.google.com/bot.html)"
66.249.69.99 - - [13/Jul/2025:08:20:55 -0400] "GET /shopdetail/81112012170 HTTP/1.1" 404 1251 "-" "Mozilla/5.0 (Linux; Android 6.0.1; Nexus 5X Build/MMB29P) AppleWebKit/537.36 (KHTML, like Gecko) Chrome/137.0.7151.103 Mobile Safari/537.36 (compatible; GoogleOther)"
66.249.69.99 - - [13/Jul/2025:08:21:31 -0400] "GET /shopdetail/82222713922 HTTP/1.1" 404 1251 "-" "Mozilla/5.0 (Linux; Android 6.0.1; Nexus 5X Build/MMB29P) AppleWebKit/537.36 (KHTML, like Gecko) Chrome/137.0.7151.103 Mobile Safari/537.36 (compatible; GoogleOther)"
66.249.69.100 - - [13/Jul/2025:08:22:06 -0400] "GET /shopdetail/81112117071 HTTP/1.1" 404 1251 "-" "Mozilla/5.0 (Linux; Android 6.0.1; Nexus 5X Build/MMB29P) AppleWebKit/537.36 (KHTML, like Gecko) Chrome/137.0.7151.103 Mobile Safari/537.36 (compatible; GoogleOther)"
66.249.69.99 - - [13/Jul/2025:08:22:14 -0400] "GET /?v=8088297514402&channel=149668&from=goods.php%3Fid%3D975144-75%26name%3DGELATO+PIQUE+HAPPY+BAG+2022+A%E3%82%B8%E3%82%A7%E3%83%A9%E3%83%BC%E3%83%88%E3%83%94%E3%82%B1%E3%80%80%E7%A6%8F%E8%A2%8B HTTP/1.1" 200 1061 "-" "Mozilla/5.0 (Linux; Android 6.0.1; Nexus 5X Build/MMB29P) AppleWebKit/537.36 (KHTML, like Gecko) Chrome/137.0.7151.103 Mobile Safari/537.36 (compatible; Googlebot/2.1; +http://www.google.com/bot.html)"
66.249.69.99 - - [13/Jul/2025:08:22:42 -0400] "GET /shopdetail/88881145546 HTTP/1.1" 404 1251 "-" "Mozilla/5.0 (Linux; Android 6.0.1; Nexus 5X Build/MMB29P) AppleWebKit/537.36 (KHTML, like Gecko) Chrome/137.0.7151.103 Mobile Safari/537.36 (compatible; GoogleOther)"
66.249.69.99 - - [13/Jul/2025:08:22:52 -0400] "GET /?shopdetail/88991837068 HTTP/1.1" 200 1061 "-" "Mozilla/5.0 (Linux; Android 6.0.1; Nexus 5X Build/MMB29P) AppleWebKit/537.36 (KHTML, like Gecko) Chrome/137.0.7151.103 Mobile Safari/537.36 (compatible; Googlebot/2.1; +http://www.google.com/bot.html)"
66.249.69.99 - - [13/Jul/2025:08:20:52 -0400] "GET /shopdetail/88881487092 HTTP/1.1" 404 1251 "-" "Mozilla/5.0 (Linux; Android 6.0.1; Nexus 5X Build/MMB29P) AppleWebKit/537.36 (KHTML, like Gecko) Chrome/137.0.7151.103 Mobile Safari/537.36 (compatible; GoogleOther)"
66.249.69.99 - - [13/Jul/2025:08:20:53 -0400] "GET /shopdetail/81112043297 HTTP/1.1" 404 1251 "-" "Mozilla/5.0 (Linux; Android 6.0.1; Nexus 5X Build/MMB29P) AppleWebKit/537.36 (KHTML, like Gecko) Chrome/137.0.7151.103 Mobile Safari/537.36 (compatible; GoogleOther)"
66.249.69.99 - - [13/Jul/2025:08:20:57 -0400] "GET /shopdetail/88991818332 HTTP/1.1" 404 1251 "-" "Mozilla/5.0 (Linux; Android 6.0.1; Nexus 5X Build/MMB29P) AppleWebKit/537.36 (KHTML, like Gecko) Chrome/137.0.7151.103 Mobile Safari/537.36 (compatible; GoogleOther)"
66.249.69.99 - - [13/Jul/2025:08:21:01 -0400] "GET /shopdetail/82222621023 HTTP/1.1" 404 1251 "-" "Mozilla/5.0 (Linux; Android 6.0.1; Nexus 5X Build/MMB29P) AppleWebKit/537.36 (KHTML, like Gecko) Chrome/137.0.7151.103 Mobile Safari/537.36 (compatible; GoogleOther)"
20.171.207.35 - - [13/Jul/2025:08:21:01 -0400] "GET /shopdetail/886668420698 HTTP/1.1" 404 1251 "-" "Mozilla/5.0 AppleWebKit/537.36 (KHTML, like Gecko; compatible; GPTBot/1.2; +https://openai.com/gptbot)"
66.249.69.99 - - [13/Jul/2025:08:21:14 -0400] "GET /shopdetail/88881323274 HTTP/1.1" 404 1251 "-" "Mozilla/5.0 (Linux; Android 6.0.1; Nexus 5X Build/MMB29P) AppleWebKit/537.36 (KHTML, like Gecko) Chrome/137.0.7151.103 Mobile Safari/537.36 (compatible; GoogleOther)"
66.249.69.99 - - [13/Jul/2025:08:21:30 -0400] "GET /?v=9099864785301&channel=cf2cc3&from=form.php%3Fid%3D647853-375%26name%3DENGINEERED+GARMENTS+%E3%83%AF%E3%83%BC%E3%82%AF%E3%82%B7%E3%83%A3%E3%83%84 HTTP/1.1" 200 1061 "-" "Mozilla/5.0 (Linux; Android 6.0.1; Nexus 5X Build/MMB29P) AppleWebKit/537.36 (KHTML, like Gecko) Chrome/137.0.7151.103 Mobile Safari/537.36 (compatible; Googlebot/2.1; +http://www.google.com/bot.html)"
66.249.69.99 - - [13/Jul/2025:08:21:49 -0400] "GET /shopdetail/8866332005 HTTP/1.1" 404 1251 "-" "Mozilla/5.0 (Linux; Android 6.0.1; Nexus 5X Build/MMB29P) AppleWebKit/537.36 (KHTML, like Gecko) Chrome/137.0.7151.103 Mobile Safari/537.36 (compatible; GoogleOther)"
20.171.207.35 - - [13/Jul/2025:08:22:11 -0400] "GET /shopdetail/886668112165 HTTP/1.1" 404 1251 "-" "Mozilla/5.0 AppleWebKit/537.36 (KHTML, like Gecko; compatible; GPTBot/1.2; +https://openai.com/gptbot)"
66.249.69.99 - - [13/Jul/2025:08:22:25 -0400] "GET /shopdetail/81112131386 HTTP/1.1" 404 1251 "-" "Mozilla/5.0 (Linux; Android 6.0.1; Nexus 5X Build/MMB29P) AppleWebKit/537.36 (KHTML, like Gecko) Chrome/137.0.7151.103 Mobile Safari/537.36 (compatible; GoogleOther)"
66.249.69.99 - - [13/Jul/2025:08:22:52 -0400] "GET /?v=61154171253001&channel=e85cca&from=product.php%3Fid%3D1712530-1492%26name%3D%E5%A4%A9%E7%9B%AE%E8%8C%B6%E7%A2%97 HTTP/1.1" 200 1061 "-" "Mozilla/5.0 (Linux; Android 6.0.1; Nexus 5X Build/MMB29P) AppleWebKit/537.36 (KHTML, like Gecko) Chrome/137.0.7151.103 Mobile Safari/537.36 (compatible; Googlebot/2.1; +http://www.google.com/bot.html)"
138.201.135.169 - - [13/Jul/2025:08:22:54 -0400] "GET /_autoindex/assets/js/tablesort.js HTTP/1.1" 200 2137 "https://eventsbykunbi.com/" "Mozilla/5.0 (Windows NT 10.0; Win64; x64) AppleWebKit/537.36 (KHTML, like Gecko) Chrome/120.0.0.0 Safari/537.36"
138.201.135.169 - - [13/Jul/2025:08:22:54 -0400] "GET /_autoindex/assets/js/tablesort.number.js HTTP/1.1" 200 322 "https://eventsbykunbi.com/" "Mozilla/5.0 (Windows NT 10.0; Win64; x64) AppleWebKit/537.36 (KHTML, like Gecko) Chrome/120.0.0.0 Safari/537.36"
66.249.69.100 - - [13/Jul/2025:08:23:01 -0400] "GET /shopdetail/8866273775 HTTP/1.1" 404 1251 "-" "Mozilla/5.0 (Linux; Android 6.0.1; Nexus 5X Build/MMB29P) AppleWebKit/537.36 (KHTML, like Gecko) Chrome/137.0.7151.103 Mobile Safari/537.36 (compatible; GoogleOther)"
20.171.207.35 - - [13/Jul/2025:08:23:10 -0400] "GET /shopdetail/886665587350 HTTP/1.1" 404 1251 "-" "Mozilla/5.0 AppleWebKit/537.36 (KHTML, like Gecko; compatible; GPTBot/1.2; +https://openai.com/gptbot)"
138.201.135.169 - - [13/Jul/2025:08:22:53 -0400] "GET / HTTP/1.1" 200 1061 "-" "Mozilla/5.0 (Windows NT 10.0; Win64; x64) AppleWebKit/537.36 (KHTML, like Gecko) Chrome/120.0.0.0 Safari/537.36"
138.201.135.169 - - [13/Jul/2025:08:22:53 -0400] "GET /_autoindex/assets/css/autoindex.css HTTP/1.1" 200 1170 "-" "Mozilla/5.0 (Windows NT 10.0; Win64; x64; rv:120.0) Gecko/20100101 Firefox/120.0"
138.201.135.169 - - [13/Jul/2025:08:22:53 -0400] "GET / HTTP/1.1" 200 1061 "-" "Mozilla/5.0 (Windows NT 10.0; Win64; x64) AppleWebKit/537.36 (KHTML, like Gecko) Chrome/120.0.0.0 Safari/537.36"
138.201.135.169 - - [13/Jul/2025:08:22:54 -0400] "GET /_autoindex/assets/css/autoindex.css HTTP/1.1" 200 1170 "https://eventsbykunbi.com/" "Mozilla/5.0 (Windows NT 10.0; Win64; x64) AppleWebKit/537.36 (KHTML, like Gecko) Chrome/120.0.0.0 Safari/537.36"
66.249.69.99 - - [13/Jul/2025:08:23:16 -0400] "GET /shopdetail/81112431192 HTTP/1.1" 404 1251 "-" "Mozilla/5.0 (Linux; Android 6.0.1; Nexus 5X Build/MMB29P) AppleWebKit/537.36 (KHTML, like Gecko) Chrome/137.0.7151.103 Mobile Safari/537.36 (compatible; GoogleOther)"
66.249.69.99 - - [13/Jul/2025:08:23:34 -0400] "GET /shopdetail/886696317 HTTP/1.1" 404 1251 "-" "Mozilla/5.0 (Linux; Android 6.0.1; Nexus 5X Build/MMB29P) AppleWebKit/537.36 (KHTML, like Gecko) Chrome/137.0.7151.103 Mobile Safari/537.36 (compatible; GoogleOther)"
66.249.69.99 - - [13/Jul/2025:08:23:50 -0400] "GET /?v=1077770161800&channel=5a9180&from=shared.php%3Fid%3D701618-355%26name%3D%E3%83%88%E3%83%BC%E3%83%88%E3%83%90%E3%83%83%E3%82%B0%E4%BB%98%E3%81%8D+THE+IDOLM%40STER+SideM+1st+stage HTTP/1.1" 200 1061 "-" "Mozilla/5.0 (Linux; Android 6.0.1; Nexus 5X Build/MMB29P) AppleWebKit/537.36 (KHTML, like Gecko) Chrome/137.0.7151.103 Mobile Safari/537.36 (compatible; Googlebot/2.1; +http://www.google.com/bot.html)"
66.249.69.99 - - [13/Jul/2025:08:23:52 -0400] "GET /shopdetail/81112440797 HTTP/1.1" 404 1251 "-" "Mozilla/5.0 (Linux; Android 6.0.1; Nexus 5X Build/MMB29P) AppleWebKit/537.36 (KHTML, like Gecko) Chrome/137.0.7151.103 Mobile Safari/537.36 (compatible; GoogleOther)"
20.171.207.35 - - [13/Jul/2025:08:24:13 -0400] "GET /shopdetail/886665388340 HTTP/1.1" 404 1251 "-" "Mozilla/5.0 AppleWebKit/537.36 (KHTML, like Gecko; compatible; GPTBot/1.2; +https://openai.com/gptbot)"
66.249.69.99 - - [13/Jul/2025:08:24:45 -0400] "GET /shopdetail/88881035824 HTTP/1.1" 404 1251 "-" "Mozilla/5.0 (Linux; Android 6.0.1; Nexus 5X Build/MMB29P) AppleWebKit/537.36 (KHTML, like Gecko) Chrome/137.0.7151.103 Mobile Safari/537.36 (compatible; GoogleOther)"
66.249.69.99 - - [13/Jul/2025:08:24:49 -0400] "GET /?v=17503198375802&channel=0c50a8&from=form.php%3Fid%3D1983758-1006%26name%3D%E3%83%AC%E3%83%87%E3%82%A3%E3%83%BC%E3%82%B9+%E3%83%94%E3%82%A2%E3%82%B9+%E3%83%A2%E3%82%A2%E3%83%83%E3%82%B5%E3%83%8A%E3%82%A4%E3%83%88+%E3%83%9B%E3%83%AF%E3%82%A4%E3%83%88%E3%82%B4%E3%83%BC%E3%83%AB%E3%83%8918%E9%87%91+%E9%91%91%E5%88%A5%E6%9B%B8%E4%BB%98%E3%81%8D HTTP/1.1" 200 1061 "-" "Mozilla/5.0 (Linux; Android 6.0.1; Nexus 5X Build/MMB29P) AppleWebKit/537.36 (KHTML, like Gecko) Chrome/137.0.7151.103 Mobile Safari/537.36 (compatible; Googlebot/2.1; +http://www.google.com/bot.html)"
66.249.69.101 - - [13/Jul/2025:08:25:03 -0400] "GET /shopdetail/88881236092 HTTP/1.1" 404 1251 "-" "Mozilla/5.0 (Linux; Android 6.0.1; Nexus 5X Build/MMB29P) AppleWebKit/537.36 (KHTML, like Gecko) Chrome/137.0.7151.103 Mobile Safari/537.36 (compatible; GoogleOther)"
66.249.69.99 - - [13/Jul/2025:08:25:19 -0400] "GET /shopdetail/8877914121 HTTP/1.1" 404 1251 "-" "Mozilla/5.0 (Linux; Android 6.0.1; Nexus 5X Build/MMB29P) AppleWebKit/537.36 (KHTML, like Gecko) Chrome/137.0.7151.103 Mobile Safari/537.36 (compatible; GoogleOther)"
20.171.207.35 - - [13/Jul/2025:08:25:21 -0400] "GET /shopdetail/886668338015 HTTP/1.1" 404 1251 "-" "Mozilla/5.0 AppleWebKit/537.36 (KHTML, like Gecko; compatible; GPTBot/1.2; +https://openai.com/gptbot)"