66.249.79.168 - - [12/Jul/2025:08:57:49 -0400] "GET /shopdetail/88881119913 HTTP/1.1" 200 87470 "-" "Mozilla/5.0 (Linux; Android 6.0.1; Nexus 5X Build/MMB29P) AppleWebKit/537.36 (KHTML, like Gecko) Chrome/137.0.7151.103 Mobile Safari/537.36 (compatible; GoogleOther)"
66.249.79.161 - - [12/Jul/2025:08:57:34 -0400] "GET /?shopdetail/8877895438 HTTP/1.1" 200 88033 "-" "Mozilla/5.0 (Linux; Android 6.0.1; Nexus 5X Build/MMB29P) AppleWebKit/537.36 (KHTML, like Gecko) Chrome/137.0.7151.103 Mobile Safari/537.36 (compatible; GoogleOther)"
66.249.79.173 - - [12/Jul/2025:08:57:36 -0400] "GET /?shopdetail/88991884657 HTTP/1.1" 200 88473 "-" "Mozilla/5.0 (Linux; Android 6.0.1; Nexus 5X Build/MMB29P) AppleWebKit/537.36 (KHTML, like Gecko) Chrome/137.0.7151.103 Mobile Safari/537.36 (compatible; GoogleOther)"
66.249.79.163 - - [12/Jul/2025:08:57:47 -0400] "GET /?shopdetail/8877618110 HTTP/1.1" 200 88878 "-" "Mozilla/5.0 (Linux; Android 6.0.1; Nexus 5X Build/MMB29P) AppleWebKit/537.36 (KHTML, like Gecko) Chrome/137.0.7151.103 Mobile Safari/537.36 (compatible; GoogleOther)"
66.249.79.166 - - [12/Jul/2025:08:57:50 -0400] "GET /?shopdetail/88991662784 HTTP/1.1" 200 87275 "-" "Mozilla/5.0 (Linux; Android 6.0.1; Nexus 5X Build/MMB29P) AppleWebKit/537.36 (KHTML, like Gecko) Chrome/137.0.7151.103 Mobile Safari/537.36 (compatible; GoogleOther)"
66.249.79.164 - - [12/Jul/2025:08:57:52 -0400] "GET /?shopdetail/8877745077 HTTP/1.1" 200 87519 "-" "Mozilla/5.0 (Linux; Android 6.0.1; Nexus 5X Build/MMB29P) AppleWebKit/537.36 (KHTML, like Gecko) Chrome/137.0.7151.103 Mobile Safari/537.36 (compatible; GoogleOther)"
66.249.79.165 - - [12/Jul/2025:08:57:54 -0400] "GET /?shopdetail/82222636749 HTTP/1.1" 200 87407 "-" "Mozilla/5.0 (Linux; Android 6.0.1; Nexus 5X Build/MMB29P) AppleWebKit/537.36 (KHTML, like Gecko) Chrome/137.0.7151.103 Mobile Safari/537.36 (compatible; GoogleOther)"
66.249.79.163 - - [12/Jul/2025:08:57:56 -0400] "GET /shopdetail/88991800016 HTTP/1.1" 200 87665 "-" "Mozilla/5.0 (Linux; Android 6.0.1; Nexus 5X Build/MMB29P) AppleWebKit/537.36 (KHTML, like Gecko) Chrome/137.0.7151.103 Mobile Safari/537.36 (compatible; GoogleOther)"
66.249.79.170 - - [12/Jul/2025:08:58:00 -0400] "GET /?shopdetail/88991819038 HTTP/1.1" 200 87755 "-" "Mozilla/5.0 (Linux; Android 6.0.1; Nexus 5X Build/MMB29P) AppleWebKit/537.36 (KHTML, like Gecko) Chrome/137.0.7151.103 Mobile Safari/537.36 (compatible; GoogleOther)"
66.249.79.164 - - [12/Jul/2025:08:58:02 -0400] "GET /?shopdetail/81112068921 HTTP/1.1" 200 88048 "-" "Mozilla/5.0 (Linux; Android 6.0.1; Nexus 5X Build/MMB29P) AppleWebKit/537.36 (KHTML, like Gecko) Chrome/137.0.7151.103 Mobile Safari/537.36 (compatible; GoogleOther)"
66.249.79.163 - - [12/Jul/2025:08:58:05 -0400] "GET /?shopdetail/88881140466 HTTP/1.1" 200 87229 "-" "Mozilla/5.0 (Linux; Android 6.0.1; Nexus 5X Build/MMB29P) AppleWebKit/537.36 (KHTML, like Gecko) Chrome/137.0.7151.103 Mobile Safari/537.36 (compatible; GoogleOther)"
66.249.79.165 - - [12/Jul/2025:08:58:09 -0400] "GET /?shopdetail/81112379226 HTTP/1.1" 200 87325 "-" "Mozilla/5.0 (Linux; Android 6.0.1; Nexus 5X Build/MMB29P) AppleWebKit/537.36 (KHTML, like Gecko) Chrome/137.0.7151.103 Mobile Safari/537.36 (compatible; GoogleOther)"
66.249.79.160 - - [12/Jul/2025:08:58:12 -0400] "GET /?shopdetail/81112402771 HTTP/1.1" 200 87004 "-" "Mozilla/5.0 (Linux; Android 6.0.1; Nexus 5X Build/MMB29P) AppleWebKit/537.36 (KHTML, like Gecko) Chrome/137.0.7151.103 Mobile Safari/537.36 (compatible; GoogleOther)"
66.249.79.163 - - [12/Jul/2025:08:58:16 -0400] "GET /?shopdetail/88881025294 HTTP/1.1" 200 87505 "-" "Mozilla/5.0 (Linux; Android 6.0.1; Nexus 5X Build/MMB29P) AppleWebKit/537.36 (KHTML, like Gecko) Chrome/137.0.7151.103 Mobile Safari/537.36 (compatible; GoogleOther)"
66.249.79.161 - - [12/Jul/2025:08:58:17 -0400] "GET /?shopdetail/81112056252 HTTP/1.1" 200 87865 "-" "Mozilla/5.0 (Linux; Android 6.0.1; Nexus 5X Build/MMB29P) AppleWebKit/537.36 (KHTML, like Gecko) Chrome/137.0.7151.103 Mobile Safari/537.36 (compatible; GoogleOther)"
66.249.79.160 - - [12/Jul/2025:08:58:21 -0400] "GET /?shopdetail/81112123012 HTTP/1.1" 200 87758 "-" "Mozilla/5.0 (Linux; Android 6.0.1; Nexus 5X Build/MMB29P) AppleWebKit/537.36 (KHTML, like Gecko) Chrome/137.0.7151.103 Mobile Safari/537.36 (compatible; GoogleOther)"
66.249.79.164 - - [12/Jul/2025:08:57:58 -0400] "GET /?shopdetail/88881344362 HTTP/1.1" 200 87927 "-" "Mozilla/5.0 (Linux; Android 6.0.1; Nexus 5X Build/MMB29P) AppleWebKit/537.36 (KHTML, like Gecko) Chrome/137.0.7151.103 Mobile Safari/537.36 (compatible; GoogleOther)"
66.249.79.173 - - [12/Jul/2025:08:58:04 -0400] "GET /?shopdetail/88881031356 HTTP/1.1" 200 87563 "-" "Mozilla/5.0 (Linux; Android 6.0.1; Nexus 5X Build/MMB29P) AppleWebKit/537.36 (KHTML, like Gecko) Chrome/137.0.7151.103 Mobile Safari/537.36 (compatible; GoogleOther)"
66.249.79.165 - - [12/Jul/2025:08:58:07 -0400] "GET /?shopdetail/88991602469 HTTP/1.1" 200 88198 "-" "Mozilla/5.0 (Linux; Android 6.0.1; Nexus 5X Build/MMB29P) AppleWebKit/537.36 (KHTML, like Gecko) Chrome/137.0.7151.103 Mobile Safari/537.36 (compatible; GoogleOther)"
66.249.79.165 - - [12/Jul/2025:08:58:11 -0400] "GET /?shopdetail/88991711088 HTTP/1.1" 200 88269 "-" "Mozilla/5.0 (Linux; Android 6.0.1; Nexus 5X Build/MMB29P) AppleWebKit/537.36 (KHTML, like Gecko) Chrome/137.0.7151.103 Mobile Safari/537.36 (compatible; GoogleOther)"
66.249.79.163 - - [12/Jul/2025:08:58:14 -0400] "GET /?shopdetail/88881134007 HTTP/1.1" 200 88488 "-" "Mozilla/5.0 (Linux; Android 6.0.1; Nexus 5X Build/MMB29P) AppleWebKit/537.36 (KHTML, like Gecko) Chrome/137.0.7151.103 Mobile Safari/537.36 (compatible; GoogleOther)"
66.249.79.173 - - [12/Jul/2025:08:58:19 -0400] "GET /?shopdetail/81112263715 HTTP/1.1" 200 87694 "-" "Mozilla/5.0 (Linux; Android 6.0.1; Nexus 5X Build/MMB29P) AppleWebKit/537.36 (KHTML, like Gecko) Chrome/137.0.7151.103 Mobile Safari/537.36 (compatible; GoogleOther)"
66.249.79.160 - - [12/Jul/2025:08:58:22 -0400] "GET /?shopdetail/88881323751 HTTP/1.1" 200 87278 "-" "Mozilla/5.0 (Linux; Android 6.0.1; Nexus 5X Build/MMB29P) AppleWebKit/537.36 (KHTML, like Gecko) Chrome/137.0.7151.103 Mobile Safari/537.36 (compatible; GoogleOther)"
66.249.79.161 - - [12/Jul/2025:08:58:29 -0400] "GET /?shopdetail/8866374428 HTTP/1.1" 200 87721 "-" "Mozilla/5.0 (Linux; Android 6.0.1; Nexus 5X Build/MMB29P) AppleWebKit/537.36 (KHTML, like Gecko) Chrome/137.0.7151.103 Mobile Safari/537.36 (compatible; GoogleOther)"
66.249.79.173 - - [12/Jul/2025:08:58:32 -0400] "GET /?shopdetail/8866182268 HTTP/1.1" 200 88627 "-" "Mozilla/5.0 (Linux; Android 6.0.1; Nexus 5X Build/MMB29P) AppleWebKit/537.36 (KHTML, like Gecko) Chrome/137.0.7151.103 Mobile Safari/537.36 (compatible; GoogleOther)"
66.249.79.160 - - [12/Jul/2025:08:58:35 -0400] "GET /?shopdetail/88991783870 HTTP/1.1" 200 88675 "-" "Mozilla/5.0 (Linux; Android 6.0.1; Nexus 5X Build/MMB29P) AppleWebKit/537.36 (KHTML, like Gecko) Chrome/137.0.7151.103 Mobile Safari/537.36 (compatible; GoogleOther)"
66.249.79.165 - - [12/Jul/2025:08:58:39 -0400] "GET /?shopdetail/81112486586 HTTP/1.1" 200 87131 "-" "Mozilla/5.0 (Linux; Android 6.0.1; Nexus 5X Build/MMB29P) AppleWebKit/537.36 (KHTML, like Gecko) Chrome/137.0.7151.103 Mobile Safari/537.36 (compatible; GoogleOther)"
66.249.79.164 - - [12/Jul/2025:08:58:42 -0400] "GET /?shopdetail/88991836708 HTTP/1.1" 200 87433 "-" "Mozilla/5.0 (Linux; Android 6.0.1; Nexus 5X Build/MMB29P) AppleWebKit/537.36 (KHTML, like Gecko) Chrome/137.0.7151.103 Mobile Safari/537.36 (compatible; GoogleOther)"
66.249.79.165 - - [12/Jul/2025:08:58:44 -0400] "GET /?shopdetail/88991974097 HTTP/1.1" 200 87832 "-" "Mozilla/5.0 (Linux; Android 6.0.1; Nexus 5X Build/MMB29P) AppleWebKit/537.36 (KHTML, like Gecko) Chrome/137.0.7151.103 Mobile Safari/537.36 (compatible; GoogleOther)"
66.249.79.166 - - [12/Jul/2025:08:58:47 -0400] "GET /?shopdetail/88991849763 HTTP/1.1" 200 87328 "-" "Mozilla/5.0 (Linux; Android 6.0.1; Nexus 5X Build/MMB29P) AppleWebKit/537.36 (KHTML, like Gecko) Chrome/137.0.7151.103 Mobile Safari/537.36 (compatible; GoogleOther)"
66.249.79.165 - - [12/Jul/2025:08:58:48 -0400] "GET /?shopdetail/8866305139 HTTP/1.1" 200 88433 "-" "Mozilla/5.0 (Linux; Android 6.0.1; Nexus 5X Build/MMB29P) AppleWebKit/537.36 (KHTML, like Gecko) Chrome/137.0.7151.103 Mobile Safari/537.36 (compatible; GoogleOther)"
66.249.79.162 - - [12/Jul/2025:08:58:24 -0400] "GET /?shopdetail/88991598276 HTTP/1.1" 200 87588 "-" "Mozilla/5.0 (Linux; Android 6.0.1; Nexus 5X Build/MMB29P) AppleWebKit/537.36 (KHTML, like Gecko) Chrome/137.0.7151.103 Mobile Safari/537.36 (compatible; GoogleOther)"
66.249.79.173 - - [12/Jul/2025:08:58:26 -0400] "GET /?shopdetail/8866287283 HTTP/1.1" 200 88827 "-" "Mozilla/5.0 (Linux; Android 6.0.1; Nexus 5X Build/MMB29P) AppleWebKit/537.36 (KHTML, like Gecko) Chrome/137.0.7151.103 Mobile Safari/537.36 (compatible; GoogleOther)"
66.249.79.161 - - [12/Jul/2025:08:58:27 -0400] "GET /?shopdetail/8866338839 HTTP/1.1" 200 87324 "-" "Mozilla/5.0 (Linux; Android 6.0.1; Nexus 5X Build/MMB29P) AppleWebKit/537.36 (KHTML, like Gecko) Chrome/137.0.7151.103 Mobile Safari/537.36 (compatible; GoogleOther)"
66.249.79.161 - - [12/Jul/2025:08:58:30 -0400] "GET /?shopdetail/81112440755 HTTP/1.1" 200 87244 "-" "Mozilla/5.0 (Linux; Android 6.0.1; Nexus 5X Build/MMB29P) AppleWebKit/537.36 (KHTML, like Gecko) Chrome/137.0.7151.103 Mobile Safari/537.36 (compatible; GoogleOther)"
66.249.79.163 - - [12/Jul/2025:08:58:34 -0400] "GET /?shopdetail/8866421809 HTTP/1.1" 200 88110 "-" "Mozilla/5.0 (Linux; Android 6.0.1; Nexus 5X Build/MMB29P) AppleWebKit/537.36 (KHTML, like Gecko) Chrome/137.0.7151.103 Mobile Safari/537.36 (compatible; GoogleOther)"
66.249.79.165 - - [12/Jul/2025:08:58:36 -0400] "GET /?v=2502763751800&channel=808c29&from=brands.php%3Fid%3D637518-913%26name%3D%E3%81%BF%E3%81%8B%E3%82%93%E6%A7%98%E5%B0%82%E7%94%A8++carrozzeria++TS-X480G HTTP/1.1" 200 89236 "-" "Mozilla/5.0 (Linux; Android 6.0.1; Nexus 5X Build/MMB29P) AppleWebKit/537.36 (KHTML, like Gecko) Chrome/137.0.7151.103 Mobile Safari/537.36 (compatible; Googlebot/2.1; +http://www.google.com/bot.html)"
66.249.79.162 - - [12/Jul/2025:08:58:37 -0400] "GET /?shopdetail/81112105750 HTTP/1.1" 200 87060 "-" "Mozilla/5.0 (Linux; Android 6.0.1; Nexus 5X Build/MMB29P) AppleWebKit/537.36 (KHTML, like Gecko) Chrome/137.0.7151.103 Mobile Safari/537.36 (compatible; GoogleOther)"
66.249.79.161 - - [12/Jul/2025:08:58:40 -0400] "GET /shopdetail/8877724768 HTTP/1.1" 200 87939 "-" "Mozilla/5.0 (Linux; Android 6.0.1; Nexus 5X Build/MMB29P) AppleWebKit/537.36 (KHTML, like Gecko) Chrome/137.0.7151.103 Mobile Safari/537.36 (compatible; GoogleOther)"
66.249.79.166 - - [12/Jul/2025:08:58:45 -0400] "GET /?shopdetail/8866111085 HTTP/1.1" 200 87671 "-" "Mozilla/5.0 (Linux; Android 6.0.1; Nexus 5X Build/MMB29P) AppleWebKit/537.36 (KHTML, like Gecko) Chrome/137.0.7151.103 Mobile Safari/537.36 (compatible; GoogleOther)"
66.249.79.168 - - [12/Jul/2025:08:58:53 -0400] "GET /?shopdetail/82222677158 HTTP/1.1" 200 87254 "-" "Mozilla/5.0 (Linux; Android 6.0.1; Nexus 5X Build/MMB29P) AppleWebKit/537.36 (KHTML, like Gecko) Chrome/137.0.7151.103 Mobile Safari/537.36 (compatible; GoogleOther)"
66.249.79.170 - - [12/Jul/2025:08:59:00 -0400] "GET /?shopdetail/8877862809 HTTP/1.1" 200 87382 "-" "Mozilla/5.0 (Linux; Android 6.0.1; Nexus 5X Build/MMB29P) AppleWebKit/537.36 (KHTML, like Gecko) Chrome/137.0.7151.103 Mobile Safari/537.36 (compatible; GoogleOther)"
66.249.79.166 - - [12/Jul/2025:08:59:03 -0400] "GET /?shopdetail/88881221175 HTTP/1.1" 200 88881 "-" "Mozilla/5.0 (Linux; Android 6.0.1; Nexus 5X Build/MMB29P) AppleWebKit/537.36 (KHTML, like Gecko) Chrome/137.0.7151.103 Mobile Safari/537.36 (compatible; GoogleOther)"
66.249.79.165 - - [12/Jul/2025:08:59:05 -0400] "GET /?shopdetail/81112355158 HTTP/1.1" 200 87094 "-" "Mozilla/5.0 (Linux; Android 6.0.1; Nexus 5X Build/MMB29P) AppleWebKit/537.36 (KHTML, like Gecko) Chrome/137.0.7151.103 Mobile Safari/537.36 (compatible; GoogleOther)"
66.249.79.160 - - [12/Jul/2025:08:59:08 -0400] "GET /?shopdetail/8866217716 HTTP/1.1" 200 87181 "-" "Mozilla/5.0 (Linux; Android 6.0.1; Nexus 5X Build/MMB29P) AppleWebKit/537.36 (KHTML, like Gecko) Chrome/137.0.7151.103 Mobile Safari/537.36 (compatible; GoogleOther)"
66.249.79.167 - - [12/Jul/2025:08:58:50 -0400] "GET /?shopdetail/8866437860 HTTP/1.1" 200 87565 "-" "Mozilla/5.0 (Linux; Android 6.0.1; Nexus 5X Build/MMB29P) AppleWebKit/537.36 (KHTML, like Gecko) Chrome/137.0.7151.103 Mobile Safari/537.36 (compatible; GoogleOther)"
66.249.79.165 - - [12/Jul/2025:08:58:52 -0400] "GET /?shopdetail/82222504357 HTTP/1.1" 200 87533 "-" "Mozilla/5.0 (Linux; Android 6.0.1; Nexus 5X Build/MMB29P) AppleWebKit/537.36 (KHTML, like Gecko) Chrome/137.0.7151.103 Mobile Safari/537.36 (compatible; GoogleOther)"
66.249.79.167 - - [12/Jul/2025:08:58:55 -0400] "GET /?shopdetail/8877890123 HTTP/1.1" 200 87429 "-" "Mozilla/5.0 (Linux; Android 6.0.1; Nexus 5X Build/MMB29P) AppleWebKit/537.36 (KHTML, like Gecko) Chrome/137.0.7151.103 Mobile Safari/537.36 (compatible; GoogleOther)"
66.249.79.163 - - [12/Jul/2025:08:58:56 -0400] "GET /shopdetail/82222516488 HTTP/1.1" 200 87459 "-" "Mozilla/5.0 (Linux; Android 6.0.1; Nexus 5X Build/MMB29P) AppleWebKit/537.36 (KHTML, like Gecko) Chrome/137.0.7151.103 Mobile Safari/537.36 (compatible; GoogleOther)"
66.249.79.160 - - [12/Jul/2025:08:58:58 -0400] "GET /?shopdetail/8866306198 HTTP/1.1" 200 87942 "-" "Mozilla/5.0 (Linux; Android 6.0.1; Nexus 5X Build/MMB29P) AppleWebKit/537.36 (KHTML, like Gecko) Chrome/137.0.7151.103 Mobile Safari/537.36 (compatible; GoogleOther)"
66.249.79.160 - - [12/Jul/2025:08:59:01 -0400] "GET /?shopdetail/8877999695 HTTP/1.1" 200 87217 "-" "Mozilla/5.0 (Linux; Android 6.0.1; Nexus 5X Build/MMB29P) AppleWebKit/537.36 (KHTML, like Gecko) Chrome/137.0.7151.103 Mobile Safari/537.36 (compatible; GoogleOther)"
66.249.79.163 - - [12/Jul/2025:08:59:06 -0400] "GET /?shopdetail/8877921043 HTTP/1.1" 200 87507 "-" "Mozilla/5.0 (Linux; Android 6.0.1; Nexus 5X Build/MMB29P) AppleWebKit/537.36 (KHTML, like Gecko) Chrome/137.0.7151.103 Mobile Safari/537.36 (compatible; GoogleOther)"
66.249.79.162 - - [12/Jul/2025:08:59:14 -0400] "GET /?shopdetail/88991959587 HTTP/1.1" 200 87685 "-" "Mozilla/5.0 (Linux; Android 6.0.1; Nexus 5X Build/MMB29P) AppleWebKit/537.36 (KHTML, like Gecko) Chrome/137.0.7151.103 Mobile Safari/537.36 (compatible; GoogleOther)"
66.249.79.163 - - [12/Jul/2025:08:59:17 -0400] "GET /?shopdetail/8866223692 HTTP/1.1" 200 87534 "-" "Mozilla/5.0 (Linux; Android 6.0.1; Nexus 5X Build/MMB29P) AppleWebKit/537.36 (KHTML, like Gecko) Chrome/137.0.7151.103 Mobile Safari/537.36 (compatible; GoogleOther)"
66.249.79.162 - - [12/Jul/2025:08:59:19 -0400] "GET /?shopdetail/88991727386 HTTP/1.1" 200 89075 "-" "Mozilla/5.0 (Linux; Android 6.0.1; Nexus 5X Build/MMB29P) AppleWebKit/537.36 (KHTML, like Gecko) Chrome/137.0.7151.103 Mobile Safari/537.36 (compatible; GoogleOther)"
66.249.79.162 - - [12/Jul/2025:08:59:21 -0400] "GET /?shopdetail/8866407283 HTTP/1.1" 200 87817 "-" "Mozilla/5.0 (Linux; Android 6.0.1; Nexus 5X Build/MMB29P) AppleWebKit/537.36 (KHTML, like Gecko) Chrome/137.0.7151.103 Mobile Safari/537.36 (compatible; GoogleOther)"
66.249.79.160 - - [12/Jul/2025:08:59:22 -0400] "GET /?shopdetail/88881172139 HTTP/1.1" 200 88481 "-" "Mozilla/5.0 (Linux; Android 6.0.1; Nexus 5X Build/MMB29P) AppleWebKit/537.36 (KHTML, like Gecko) Chrome/137.0.7151.103 Mobile Safari/537.36 (compatible; GoogleOther)"
66.249.79.161 - - [12/Jul/2025:08:59:24 -0400] "GET /?shopdetail/88881239885 HTTP/1.1" 200 88053 "-" "Mozilla/5.0 (Linux; Android 6.0.1; Nexus 5X Build/MMB29P) AppleWebKit/537.36 (KHTML, like Gecko) Chrome/137.0.7151.103 Mobile Safari/537.36 (compatible; GoogleOther)"
66.249.79.162 - - [12/Jul/2025:08:59:27 -0400] "GET /?shopdetail/8877813862 HTTP/1.1" 200 87690 "-" "Mozilla/5.0 (Linux; Android 6.0.1; Nexus 5X Build/MMB29P) AppleWebKit/537.36 (KHTML, like Gecko) Chrome/137.0.7151.103 Mobile Safari/537.36 (compatible; GoogleOther)"
66.249.79.173 - - [12/Jul/2025:08:59:29 -0400] "GET /?shopdetail/8866180032 HTTP/1.1" 200 87999 "-" "Mozilla/5.0 (Linux; Android 6.0.1; Nexus 5X Build/MMB29P) AppleWebKit/537.36 (KHTML, like Gecko) Chrome/137.0.7151.103 Mobile Safari/537.36 (compatible; GoogleOther)"
66.249.79.162 - - [12/Jul/2025:08:59:09 -0400] "GET /?shopdetail/88881114359 HTTP/1.1" 200 87359 "-" "Mozilla/5.0 (Linux; Android 6.0.1; Nexus 5X Build/MMB29P) AppleWebKit/537.36 (KHTML, like Gecko) Chrome/137.0.7151.103 Mobile Safari/537.36 (compatible; GoogleOther)"
66.249.79.163 - - [12/Jul/2025:08:59:11 -0400] "GET /?shopdetail/88666099 HTTP/1.1" 200 88258 "-" "Mozilla/5.0 (Linux; Android 6.0.1; Nexus 5X Build/MMB29P) AppleWebKit/537.36 (KHTML, like Gecko) Chrome/137.0.7151.103 Mobile Safari/537.36 (compatible; GoogleOther)"
66.249.79.161 - - [12/Jul/2025:08:59:13 -0400] "GET /?shopdetail/8866271999 HTTP/1.1" 200 87815 "-" "Mozilla/5.0 (Linux; Android 6.0.1; Nexus 5X Build/MMB29P) AppleWebKit/537.36 (KHTML, like Gecko) Chrome/137.0.7151.103 Mobile Safari/537.36 (compatible; GoogleOther)"
66.249.79.160 - - [12/Jul/2025:08:59:16 -0400] "GET /?shopdetail/88881434160 HTTP/1.1" 200 88933 "-" "Mozilla/5.0 (Linux; Android 6.0.1; Nexus 5X Build/MMB29P) AppleWebKit/537.36 (KHTML, like Gecko) Chrome/137.0.7151.103 Mobile Safari/537.36 (compatible; GoogleOther)"
66.249.79.173 - - [12/Jul/2025:08:59:26 -0400] "GET /?shopdetail/81112255654 HTTP/1.1" 200 87853 "-" "Mozilla/5.0 (Linux; Android 6.0.1; Nexus 5X Build/MMB29P) AppleWebKit/537.36 (KHTML, like Gecko) Chrome/137.0.7151.103 Mobile Safari/537.36 (compatible; GoogleOther)"
66.249.79.162 - - [12/Jul/2025:08:59:37 -0400] "GET /?shopdetail/8866352531 HTTP/1.1" 200 87833 "-" "Mozilla/5.0 (Linux; Android 6.0.1; Nexus 5X Build/MMB29P) AppleWebKit/537.36 (KHTML, like Gecko) Chrome/137.0.7151.103 Mobile Safari/537.36 (compatible; GoogleOther)"
66.249.79.164 - - [12/Jul/2025:08:59:38 -0400] "GET /?shopdetail/81112042376 HTTP/1.1" 200 88299 "-" "Mozilla/5.0 (Linux; Android 6.0.1; Nexus 5X Build/MMB29P) AppleWebKit/537.36 (KHTML, like Gecko) Chrome/137.0.7151.103 Mobile Safari/537.36 (compatible; GoogleOther)"
66.249.79.166 - - [12/Jul/2025:08:59:40 -0400] "GET /?shopdetail/8866305631 HTTP/1.1" 200 87719 "-" "Mozilla/5.0 (Linux; Android 6.0.1; Nexus 5X Build/MMB29P) AppleWebKit/537.36 (KHTML, like Gecko) Chrome/137.0.7151.103 Mobile Safari/537.36 (compatible; GoogleOther)"
66.249.79.163 - - [12/Jul/2025:08:59:42 -0400] "GET /?shopdetail/88881129748 HTTP/1.1" 200 87222 "-" "Mozilla/5.0 (Linux; Android 6.0.1; Nexus 5X Build/MMB29P) AppleWebKit/537.36 (KHTML, like Gecko) Chrome/137.0.7151.103 Mobile Safari/537.36 (compatible; GoogleOther)"
66.249.79.173 - - [12/Jul/2025:08:59:45 -0400] "GET /?shopdetail/8877568443 HTTP/1.1" 200 87400 "-" "Mozilla/5.0 (Linux; Android 6.0.1; Nexus 5X Build/MMB29P) AppleWebKit/537.36 (KHTML, like Gecko) Chrome/137.0.7151.103 Mobile Safari/537.36 (compatible; GoogleOther)"
66.249.79.162 - - [12/Jul/2025:08:59:47 -0400] "GET /?shopdetail/8866399826 HTTP/1.1" 200 88062 "-" "Mozilla/5.0 (Linux; Android 6.0.1; Nexus 5X Build/MMB29P) AppleWebKit/537.36 (KHTML, like Gecko) Chrome/137.0.7151.103 Mobile Safari/537.36 (compatible; GoogleOther)"
66.249.79.163 - - [12/Jul/2025:08:59:48 -0400] "GET /?shopdetail/8877685429 HTTP/1.1" 200 87836 "-" "Mozilla/5.0 (Linux; Android 6.0.1; Nexus 5X Build/MMB29P) AppleWebKit/537.36 (KHTML, like Gecko) Chrome/137.0.7151.103 Mobile Safari/537.36 (compatible; GoogleOther)"
66.249.79.168 - - [12/Jul/2025:08:59:50 -0400] "GET /?shopdetail/88991803595 HTTP/1.1" 200 87306 "-" "Mozilla/5.0 (Linux; Android 6.0.1; Nexus 5X Build/MMB29P) AppleWebKit/537.36 (KHTML, like Gecko) Chrome/137.0.7151.103 Mobile Safari/537.36 (compatible; GoogleOther)"
66.249.79.161 - - [12/Jul/2025:08:59:53 -0400] "GET /?shopdetail/81112006903 HTTP/1.1" 200 87669 "-" "Mozilla/5.0 (Linux; Android 6.0.1; Nexus 5X Build/MMB29P) AppleWebKit/537.36 (KHTML, like Gecko) Chrome/137.0.7151.103 Mobile Safari/537.36 (compatible; GoogleOther)"
66.249.79.170 - - [12/Jul/2025:08:59:57 -0400] "GET /?shopdetail/88881137339 HTTP/1.1" 200 88411 "-" "Mozilla/5.0 (Linux; Android 6.0.1; Nexus 5X Build/MMB29P) AppleWebKit/537.36 (KHTML, like Gecko) Chrome/137.0.7151.103 Mobile Safari/537.36 (compatible; GoogleOther)"
66.249.79.163 - - [12/Jul/2025:08:59:30 -0400] "GET /shopdetail/88991647804 HTTP/1.1" 200 88256 "-" "Mozilla/5.0 (Linux; Android 6.0.1; Nexus 5X Build/MMB29P) AppleWebKit/537.36 (KHTML, like Gecko) Chrome/137.0.7151.103 Mobile Safari/537.36 (compatible; GoogleOther)"
66.249.79.161 - - [12/Jul/2025:08:59:32 -0400] "GET /?shopdetail/82222555058 HTTP/1.1" 200 87339 "-" "Mozilla/5.0 (Linux; Android 6.0.1; Nexus 5X Build/MMB29P) AppleWebKit/537.36 (KHTML, like Gecko) Chrome/137.0.7151.103 Mobile Safari/537.36 (compatible; GoogleOther)"
66.249.79.161 - - [12/Jul/2025:08:59:34 -0400] "GET /?shopdetail/88991629217 HTTP/1.1" 200 87702 "-" "Mozilla/5.0 (Linux; Android 6.0.1; Nexus 5X Build/MMB29P) AppleWebKit/537.36 (KHTML, like Gecko) Chrome/137.0.7151.103 Mobile Safari/537.36 (compatible; GoogleOther)"
66.249.79.163 - - [12/Jul/2025:08:59:35 -0400] "GET /?shopdetail/8877968802 HTTP/1.1" 200 88341 "-" "Mozilla/5.0 (Linux; Android 6.0.1; Nexus 5X Build/MMB29P) AppleWebKit/537.36 (KHTML, like Gecko) Chrome/137.0.7151.103 Mobile Safari/537.36 (compatible; GoogleOther)"
66.249.79.166 - - [12/Jul/2025:08:59:43 -0400] "GET /?shopdetail/88881143319 HTTP/1.1" 200 87698 "-" "Mozilla/5.0 (Linux; Android 6.0.1; Nexus 5X Build/MMB29P) AppleWebKit/537.36 (KHTML, like Gecko) Chrome/137.0.7151.103 Mobile Safari/537.36 (compatible; GoogleOther)"
66.249.79.168 - - [12/Jul/2025:08:59:51 -0400] "GET /?shopdetail/88991608017 HTTP/1.1" 200 88676 "-" "Mozilla/5.0 (Linux; Android 6.0.1; Nexus 5X Build/MMB29P) AppleWebKit/537.36 (KHTML, like Gecko) Chrome/137.0.7151.103 Mobile Safari/537.36 (compatible; GoogleOther)"
66.249.79.168 - - [12/Jul/2025:08:59:55 -0400] "GET /?shopdetail/886631616 HTTP/1.1" 200 87608 "-" "Mozilla/5.0 (Linux; Android 6.0.1; Nexus 5X Build/MMB29P) AppleWebKit/537.36 (KHTML, like Gecko) Chrome/137.0.7151.103 Mobile Safari/537.36 (compatible; GoogleOther)"
66.249.79.162 - - [12/Jul/2025:08:59:57 -0400] "GET /?v=1238197367701&channel=8da048&from=info.php%3Fid%3D973677-220%26name%3D%E4%BB%AE%E9%9D%A2%E3%83%A9%E3%82%A4%E3%83%80%E3%83%BC%E3%83%95%E3%82%A1%E3%82%A4%E3%82%BA+CSM%E3%83%87%E3%83%AB%E3%82%BF%E3%82%AE%E3%82%A2 HTTP/1.1" 200 88322 "-" "Mozilla/5.0 (Linux; Android 6.0.1; Nexus 5X Build/MMB29P) AppleWebKit/537.36 (KHTML, like Gecko) Chrome/137.0.7151.103 Mobile Safari/537.36 (compatible; Googlebot/2.1; +http://www.google.com/bot.html)"
66.249.79.166 - - [12/Jul/2025:09:00:03 -0400] "GET /?shopdetail/88665875 HTTP/1.1" 200 87478 "-" "Mozilla/5.0 (Linux; Android 6.0.1; Nexus 5X Build/MMB29P) AppleWebKit/537.36 (KHTML, like Gecko) Chrome/137.0.7151.103 Mobile Safari/537.36 (compatible; GoogleOther)"
66.249.79.161 - - [12/Jul/2025:09:00:06 -0400] "GET /?shopdetail/81112281995 HTTP/1.1" 200 87091 "-" "Mozilla/5.0 (Linux; Android 6.0.1; Nexus 5X Build/MMB29P) AppleWebKit/537.36 (KHTML, like Gecko) Chrome/137.0.7151.103 Mobile Safari/537.36 (compatible; GoogleOther)"
66.249.79.162 - - [12/Jul/2025:09:00:09 -0400] "GET /?shopdetail/8866259984 HTTP/1.1" 200 87690 "-" "Mozilla/5.0 (Linux; Android 6.0.1; Nexus 5X Build/MMB29P) AppleWebKit/537.36 (KHTML, like Gecko) Chrome/137.0.7151.103 Mobile Safari/537.36 (compatible; GoogleOther)"
66.249.79.162 - - [12/Jul/2025:09:00:11 -0400] "GET /shopdetail/8877691863 HTTP/1.1" 200 87430 "-" "Mozilla/5.0 (Linux; Android 6.0.1; Nexus 5X Build/MMB29P) AppleWebKit/537.36 (KHTML, like Gecko) Chrome/137.0.7151.103 Mobile Safari/537.36 (compatible; GoogleOther)"
104.244.72.22 - - [12/Jul/2025:09:00:11 -0400] "GET /testsitemap.xml HTTP/1.1" 200 37 "-" "google,googlebot,google.com,google.co.jp"
162.241.242.50 - - [12/Jul/2025:09:00:12 -0400] "POST /xmlrpc.php HTTP/1.1" 403 1242 "-" "Mozilla/5.0 (Windows NT 10.0; Win64; x64) AppleWebKit/537.36 (KHTML, like Gecko) Chrome/126.0.0.0 Safari/537.36"
66.249.79.160 - - [12/Jul/2025:09:00:13 -0400] "GET /?shopdetail/8877828620 HTTP/1.1" 200 88370 "-" "Mozilla/5.0 (Linux; Android 6.0.1; Nexus 5X Build/MMB29P) AppleWebKit/537.36 (KHTML, like Gecko) Chrome/137.0.7151.103 Mobile Safari/537.36 (compatible; GoogleOther)"
66.249.79.165 - - [12/Jul/2025:08:59:58 -0400] "GET /?shopdetail/88881098478 HTTP/1.1" 200 87230 "-" "Mozilla/5.0 (Linux; Android 6.0.1; Nexus 5X Build/MMB29P) AppleWebKit/537.36 (KHTML, like Gecko) Chrome/137.0.7151.103 Mobile Safari/537.36 (compatible; GoogleOther)"
66.249.79.165 - - [12/Jul/2025:09:00:00 -0400] "GET /?shopdetail/81112065792 HTTP/1.1" 200 87159 "-" "Mozilla/5.0 (Linux; Android 6.0.1; Nexus 5X Build/MMB29P) AppleWebKit/537.36 (KHTML, like Gecko) Chrome/137.0.7151.103 Mobile Safari/537.36 (compatible; GoogleOther)"
66.249.79.163 - - [12/Jul/2025:09:00:01 -0400] "GET /?shopdetail/88881255748 HTTP/1.1" 200 88042 "-" "Mozilla/5.0 (Linux; Android 6.0.1; Nexus 5X Build/MMB29P) AppleWebKit/537.36 (KHTML, like Gecko) Chrome/137.0.7151.103 Mobile Safari/537.36 (compatible; GoogleOther)"
66.249.79.163 - - [12/Jul/2025:09:00:05 -0400] "GET /?shopdetail/88991894447 HTTP/1.1" 200 87559 "-" "Mozilla/5.0 (Linux; Android 6.0.1; Nexus 5X Build/MMB29P) AppleWebKit/537.36 (KHTML, like Gecko) Chrome/137.0.7151.103 Mobile Safari/537.36 (compatible; GoogleOther)"
66.249.79.160 - - [12/Jul/2025:09:00:08 -0400] "GET /?shopdetail/88881381471 HTTP/1.1" 200 87250 "-" "Mozilla/5.0 (Linux; Android 6.0.1; Nexus 5X Build/MMB29P) AppleWebKit/537.36 (KHTML, like Gecko) Chrome/137.0.7151.103 Mobile Safari/537.36 (compatible; GoogleOther)"
184.154.4.187 - - [12/Jul/2025:09:00:10 -0400] "POST /xmlrpc.php HTTP/1.1" 403 1242 "-" "Mozilla/5.0 (Windows NT 10.0; Win64; x64) AppleWebKit/537.36 (KHTML, like Gecko) Chrome/126.0.0.0 Safari/537.36"
148.72.25.235 - - [12/Jul/2025:09:00:15 -0400] "POST /xmlrpc.php HTTP/1.1" 403 1242 "-" "Mozilla/5.0 (Windows NT 10.0; Win64; x64) AppleWebKit/537.36 (KHTML, like Gecko) Chrome/126.0.0.0 Safari/537.36"
66.249.79.163 - - [12/Jul/2025:09:00:16 -0400] "GET /?shopdetail/8866471884 HTTP/1.1" 200 88747 "-" "Mozilla/5.0 (Linux; Android 6.0.1; Nexus 5X Build/MMB29P) AppleWebKit/537.36 (KHTML, like Gecko) Chrome/137.0.7151.103 Mobile Safari/537.36 (compatible; GoogleOther)"
66.249.79.160 - - [12/Jul/2025:09:00:18 -0400] "GET /?shopdetail/81112189559 HTTP/1.1" 200 87405 "-" "Mozilla/5.0 (Linux; Android 6.0.1; Nexus 5X Build/MMB29P) AppleWebKit/537.36 (KHTML, like Gecko) Chrome/137.0.7151.103 Mobile Safari/537.36 (compatible; GoogleOther)"
66.249.79.162 - - [12/Jul/2025:09:00:20 -0400] "GET /?shopdetail/8866478232 HTTP/1.1" 200 87238 "-" "Mozilla/5.0 (Linux; Android 6.0.1; Nexus 5X Build/MMB29P) AppleWebKit/537.36 (KHTML, like Gecko) Chrome/137.0.7151.103 Mobile Safari/537.36 (compatible; GoogleOther)"
77.68.30.96 - - [12/Jul/2025:09:00:24 -0400] "POST /xmlrpc.php HTTP/1.1" 403 1242 "-" "Mozilla/5.0 (Windows NT 10.0; Win64; x64) AppleWebKit/537.36 (KHTML, like Gecko) Chrome/126.0.0.0 Safari/537.36"
69.163.182.169 - - [12/Jul/2025:09:00:29 -0400] "POST /xmlrpc.php HTTP/1.1" 403 1242 "-" "Mozilla/5.0 (Windows NT 10.0; Win64; x64) AppleWebKit/537.36 (KHTML, like Gecko) Chrome/126.0.0.0 Safari/537.36"
66.249.79.162 - - [12/Jul/2025:09:00:29 -0400] "GET /?shopdetail/82222632379 HTTP/1.1" 200 87297 "-" "Mozilla/5.0 (Linux; Android 6.0.1; Nexus 5X Build/MMB29P) AppleWebKit/537.36 (KHTML, like Gecko) Chrome/137.0.7151.103 Mobile Safari/537.36 (compatible; GoogleOther)"
66.249.79.161 - - [12/Jul/2025:09:00:31 -0400] "GET /?shopdetail/82222698656 HTTP/1.1" 200 87300 "-" "Mozilla/5.0 (Linux; Android 6.0.1; Nexus 5X Build/MMB29P) AppleWebKit/537.36 (KHTML, like Gecko) Chrome/137.0.7151.103 Mobile Safari/537.36 (compatible; GoogleOther)"
66.249.79.165 - - [12/Jul/2025:09:00:36 -0400] "GET /?shopdetail/88991946379 HTTP/1.1" 200 87990 "-" "Mozilla/5.0 (Linux; Android 6.0.1; Nexus 5X Build/MMB29P) AppleWebKit/537.36 (KHTML, like Gecko) Chrome/137.0.7151.103 Mobile Safari/537.36 (compatible; GoogleOther)"
66.249.79.163 - - [12/Jul/2025:09:00:41 -0400] "GET /?shopdetail/8877715601 HTTP/1.1" 200 87330 "-" "Mozilla/5.0 (Linux; Android 6.0.1; Nexus 5X Build/MMB29P) AppleWebKit/537.36 (KHTML, like Gecko) Chrome/137.0.7151.103 Mobile Safari/537.36 (compatible; GoogleOther)"
66.249.79.163 - - [12/Jul/2025:09:00:14 -0400] "GET /3204172136200.phtml HTTP/1.1" 200 87753 "-" "Mozilla/5.0 (Linux; Android 6.0.1; Nexus 5X Build/MMB29P) AppleWebKit/537.36 (KHTML, like Gecko) Chrome/137.0.7151.103 Mobile Safari/537.36 (compatible; Googlebot/2.1; +http://www.google.com/bot.html)"
66.249.79.161 - - [12/Jul/2025:09:00:14 -0400] "GET /?shopdetail/8877518651 HTTP/1.1" 200 87338 "-" "Mozilla/5.0 (Linux; Android 6.0.1; Nexus 5X Build/MMB29P) AppleWebKit/537.36 (KHTML, like Gecko) Chrome/137.0.7151.103 Mobile Safari/537.36 (compatible; GoogleOther)"
104.244.72.22 - - [12/Jul/2025:09:00:15 -0400] "GET /sitemapindex2740.xml HTTP/1.1" 200 9873 "-" "google,googlebot,google.com,google.co.jp"
66.249.79.160 - - [12/Jul/2025:09:00:21 -0400] "GET /shopdetail/8877793118 HTTP/1.1" 200 88469 "-" "Mozilla/5.0 (Linux; Android 6.0.1; Nexus 5X Build/MMB29P) AppleWebKit/537.36 (KHTML, like Gecko) Chrome/137.0.7151.103 Mobile Safari/537.36 (compatible; GoogleOther)"
66.249.79.163 - - [12/Jul/2025:09:00:24 -0400] "GET /shopdetail/88991523069 HTTP/1.1" 200 88230 "-" "Mozilla/5.0 (Linux; Android 6.0.1; Nexus 5X Build/MMB29P) AppleWebKit/537.36 (KHTML, like Gecko) Chrome/137.0.7151.103 Mobile Safari/537.36 (compatible; GoogleOther)"
66.249.79.161 - - [12/Jul/2025:09:00:25 -0400] "GET /?shopdetail/88991792067 HTTP/1.1" 200 87632 "-" "Mozilla/5.0 (Linux; Android 6.0.1; Nexus 5X Build/MMB29P) AppleWebKit/537.36 (KHTML, like Gecko) Chrome/137.0.7151.103 Mobile Safari/537.36 (compatible; GoogleOther)"
66.249.79.173 - - [12/Jul/2025:09:00:27 -0400] "GET /?shopdetail/88991676466 HTTP/1.1" 200 87400 "-" "Mozilla/5.0 (Linux; Android 6.0.1; Nexus 5X Build/MMB29P) AppleWebKit/537.36 (KHTML, like Gecko) Chrome/137.0.7151.103 Mobile Safari/537.36 (compatible; GoogleOther)"
50.116.93.200 - - [12/Jul/2025:09:00:31 -0400] "POST /xmlrpc.php HTTP/1.1" 403 1242 "-" "Mozilla/5.0 (Windows NT 10.0; Win64; x64) AppleWebKit/537.36 (KHTML, like Gecko) Chrome/126.0.0.0 Safari/537.36"
185.18.232.22 - - [12/Jul/2025:09:00:33 -0400] "POST /xmlrpc.php HTTP/1.1" 403 1242 "-" "Mozilla/5.0 (Windows NT 10.0; Win64; x64) AppleWebKit/537.36 (KHTML, like Gecko) Chrome/126.0.0.0 Safari/537.36"
66.249.79.162 - - [12/Jul/2025:09:00:33 -0400] "GET /?shopdetail/8877749717 HTTP/1.1" 200 87729 "-" "Mozilla/5.0 (Linux; Android 6.0.1; Nexus 5X Build/MMB29P) AppleWebKit/537.36 (KHTML, like Gecko) Chrome/137.0.7151.103 Mobile Safari/537.36 (compatible; GoogleOther)"
108.167.133.19 - - [12/Jul/2025:09:00:34 -0400] "POST /xmlrpc.php HTTP/1.1" 403 1242 "-" "Mozilla/5.0 (Windows NT 10.0; Win64; x64) AppleWebKit/537.36 (KHTML, like Gecko) Chrome/126.0.0.0 Safari/537.36"
66.249.79.162 - - [12/Jul/2025:09:00:34 -0400] "GET /?shopdetail/81112130311 HTTP/1.1" 200 87308 "-" "Mozilla/5.0 (Linux; Android 6.0.1; Nexus 5X Build/MMB29P) AppleWebKit/537.36 (KHTML, like Gecko) Chrome/137.0.7151.103 Mobile Safari/537.36 (compatible; GoogleOther)"
66.249.79.161 - - [12/Jul/2025:09:00:38 -0400] "GET /?shopdetail/8866306834 HTTP/1.1" 200 87387 "-" "Mozilla/5.0 (Linux; Android 6.0.1; Nexus 5X Build/MMB29P) AppleWebKit/537.36 (KHTML, like Gecko) Chrome/137.0.7151.103 Mobile Safari/537.36 (compatible; GoogleOther)"
66.249.79.173 - - [12/Jul/2025:09:00:39 -0400] "GET /?shopdetail/81112018296 HTTP/1.1" 200 87401 "-" "Mozilla/5.0 (Linux; Android 6.0.1; Nexus 5X Build/MMB29P) AppleWebKit/537.36 (KHTML, like Gecko) Chrome/137.0.7151.103 Mobile Safari/537.36 (compatible; GoogleOther)"
109.234.165.206 - - [12/Jul/2025:09:00:41 -0400] "POST /xmlrpc.php HTTP/1.1" 403 1242 "-" "Mozilla/5.0 (Windows NT 10.0; Win64; x64) AppleWebKit/537.36 (KHTML, like Gecko) Chrome/126.0.0.0 Safari/537.36"
66.249.79.166 - - [12/Jul/2025:09:00:43 -0400] "GET /?shopdetail/88991654530 HTTP/1.1" 200 87100 "-" "Mozilla/5.0 (Linux; Android 6.0.1; Nexus 5X Build/MMB29P) AppleWebKit/537.36 (KHTML, like Gecko) Chrome/137.0.7151.103 Mobile Safari/537.36 (compatible; GoogleOther)"
66.249.79.165 - - [12/Jul/2025:09:00:47 -0400] "GET /?shopdetail/81112289469 HTTP/1.1" 200 87443 "-" "Mozilla/5.0 (Linux; Android 6.0.1; Nexus 5X Build/MMB29P) AppleWebKit/537.36 (KHTML, like Gecko) Chrome/137.0.7151.103 Mobile Safari/537.36 (compatible; GoogleOther)"
162.241.253.54 - - [12/Jul/2025:09:00:48 -0400] "POST /xmlrpc.php HTTP/1.1" 403 1242 "-" "Mozilla/5.0 (Windows NT 10.0; Win64; x64) AppleWebKit/537.36 (KHTML, like Gecko) Chrome/126.0.0.0 Safari/537.36"
66.249.79.168 - - [12/Jul/2025:09:00:48 -0400] "GET /?shopdetail/88881184409 HTTP/1.1" 200 87462 "-" "Mozilla/5.0 (Linux; Android 6.0.1; Nexus 5X Build/MMB29P) AppleWebKit/537.36 (KHTML, like Gecko) Chrome/137.0.7151.103 Mobile Safari/537.36 (compatible; GoogleOther)"
66.249.79.166 - - [12/Jul/2025:09:00:52 -0400] "GET /?shopdetail/88881369543 HTTP/1.1" 200 88560 "-" "Mozilla/5.0 (Linux; Android 6.0.1; Nexus 5X Build/MMB29P) AppleWebKit/537.36 (KHTML, like Gecko) Chrome/137.0.7151.103 Mobile Safari/537.36 (compatible; GoogleOther)"
66.249.79.163 - - [12/Jul/2025:09:00:55 -0400] "GET /?shopdetail/82222613197 HTTP/1.1" 200 87258 "-" "Mozilla/5.0 (Linux; Android 6.0.1; Nexus 5X Build/MMB29P) AppleWebKit/537.36 (KHTML, like Gecko) Chrome/137.0.7151.103 Mobile Safari/537.36 (compatible; GoogleOther)"
66.249.79.164 - - [12/Jul/2025:09:00:58 -0400] "GET /?shopdetail/8866109392 HTTP/1.1" 200 87118 "-" "Mozilla/5.0 (Linux; Android 6.0.1; Nexus 5X Build/MMB29P) AppleWebKit/537.36 (KHTML, like Gecko) Chrome/137.0.7151.103 Mobile Safari/537.36 (compatible; GoogleOther)"
66.249.79.162 - - [12/Jul/2025:09:01:03 -0400] "GET /?shopdetail/8866493160 HTTP/1.1" 200 89020 "-" "Mozilla/5.0 (Linux; Android 6.0.1; Nexus 5X Build/MMB29P) AppleWebKit/537.36 (KHTML, like Gecko) Chrome/137.0.7151.103 Mobile Safari/537.36 (compatible; GoogleOther)"
66.249.79.162 - - [12/Jul/2025:09:01:05 -0400] "GET /?shopdetail/82222675650 HTTP/1.1" 200 86975 "-" "Mozilla/5.0 (Linux; Android 6.0.1; Nexus 5X Build/MMB29P) AppleWebKit/537.36 (KHTML, like Gecko) Chrome/137.0.7151.103 Mobile Safari/537.36 (compatible; GoogleOther)"
124.121.113.154 - - [12/Jul/2025:09:01:07 -0400] "POST /xmlrpc.php HTTP/1.1" 403 1242 "-" "Mozilla/5.0 (Windows NT 10.0; Win64; x64) AppleWebKit/537.36 (KHTML, like Gecko) Chrome/126.0.0.0 Safari/537.36"
66.249.79.164 - - [12/Jul/2025:09:01:07 -0400] "GET /?shopdetail/81112146391 HTTP/1.1" 200 87778 "-" "Mozilla/5.0 (Linux; Android 6.0.1; Nexus 5X Build/MMB29P) AppleWebKit/537.36 (KHTML, like Gecko) Chrome/137.0.7151.103 Mobile Safari/537.36 (compatible; GoogleOther)"
66.249.79.161 - - [12/Jul/2025:09:01:16 -0400] "GET /4896164185660.shtml HTTP/1.1" 200 87495 "-" "Mozilla/5.0 (Linux; Android 6.0.1; Nexus 5X Build/MMB29P) AppleWebKit/537.36 (KHTML, like Gecko) Chrome/137.0.7151.103 Mobile Safari/537.36 (compatible; GoogleOther)"
66.249.79.160 - - [12/Jul/2025:09:01:18 -0400] "GET /shopdetail/811112998748 HTTP/1.1" 200 87004 "-" "Mozilla/5.0 (Linux; Android 6.0.1; Nexus 5X Build/MMB29P) AppleWebKit/537.36 (KHTML, like Gecko) Chrome/137.0.7151.103 Mobile Safari/537.36 (compatible; Googlebot/2.1; +http://www.google.com/bot.html)"
50.87.253.215 - - [12/Jul/2025:09:01:19 -0400] "POST /xmlrpc.php HTTP/1.1" 403 1242 "-" "Mozilla/5.0 (Windows NT 10.0; Win64; x64) AppleWebKit/537.36 (KHTML, like Gecko) Chrome/126.0.0.0 Safari/537.36"
66.249.79.162 - - [12/Jul/2025:09:01:20 -0400] "GET /7400063462070.shtml HTTP/1.1" 200 87166 "-" "Mozilla/5.0 (Linux; Android 6.0.1; Nexus 5X Build/MMB29P) AppleWebKit/537.36 (KHTML, like Gecko) Chrome/137.0.7151.103 Mobile Safari/537.36 (compatible; GoogleOther)"
159.198.32.58 - - [12/Jul/2025:09:01:21 -0400] "POST /xmlrpc.php HTTP/1.1" 403 1242 "-" "Mozilla/5.0 (Windows NT 10.0; Win64; x64) AppleWebKit/537.36 (KHTML, like Gecko) Chrome/126.0.0.0 Safari/537.36"
66.249.79.160 - - [12/Jul/2025:09:01:21 -0400] "GET /1367403765200.shtml HTTP/1.1" 200 88101 "-" "Mozilla/5.0 (Linux; Android 6.0.1; Nexus 5X Build/MMB29P) AppleWebKit/537.36 (KHTML, like Gecko) Chrome/137.0.7151.103 Mobile Safari/537.36 (compatible; GoogleOther)"
192.185.81.64 - - [12/Jul/2025:09:00:44 -0400] "POST /xmlrpc.php HTTP/1.1" 403 1242 "-" "Mozilla/5.0 (Windows NT 10.0; Win64; x64) AppleWebKit/537.36 (KHTML, like Gecko) Chrome/126.0.0.0 Safari/537.36"
192.185.176.166 - - [12/Jul/2025:09:00:45 -0400] "POST /xmlrpc.php HTTP/1.1" 403 1242 "-" "Mozilla/5.0 (Windows NT 10.0; Win64; x64) AppleWebKit/537.36 (KHTML, like Gecko) Chrome/126.0.0.0 Safari/537.36"
66.249.79.161 - - [12/Jul/2025:09:00:45 -0400] "GET /?shopdetail/88991646769 HTTP/1.1" 200 88302 "-" "Mozilla/5.0 (Linux; Android 6.0.1; Nexus 5X Build/MMB29P) AppleWebKit/537.36 (KHTML, like Gecko) Chrome/137.0.7151.103 Mobile Safari/537.36 (compatible; GoogleOther)"
192.185.83.230 - - [12/Jul/2025:09:00:46 -0400] "POST /xmlrpc.php HTTP/1.1" 403 1242 "-" "Mozilla/5.0 (Windows NT 10.0; Win64; x64) AppleWebKit/537.36 (KHTML, like Gecko) Chrome/126.0.0.0 Safari/537.36"
20.112.63.133 - - [12/Jul/2025:09:00:47 -0400] "POST /xmlrpc.php HTTP/1.1" 403 1242 "-" "Mozilla/5.0 (Windows NT 10.0; Win64; x64) AppleWebKit/537.36 (KHTML, like Gecko) Chrome/126.0.0.0 Safari/537.36"
192.185.176.142 - - [12/Jul/2025:09:01:01 -0400] "POST /xmlrpc.php HTTP/1.1" 403 1242 "-" "Mozilla/5.0 (Windows NT 10.0; Win64; x64) AppleWebKit/537.36 (KHTML, like Gecko) Chrome/126.0.0.0 Safari/537.36"
50.87.144.183 - - [12/Jul/2025:09:01:03 -0400] "POST /xmlrpc.php HTTP/1.1" 403 1242 "-" "Mozilla/5.0 (Windows NT 10.0; Win64; x64) AppleWebKit/537.36 (KHTML, like Gecko) Chrome/126.0.0.0 Safari/537.36"
66.249.79.160 - - [12/Jul/2025:09:01:09 -0400] "GET /?shopdetail/82222584366 HTTP/1.1" 200 87130 "-" "Mozilla/5.0 (Linux; Android 6.0.1; Nexus 5X Build/MMB29P) AppleWebKit/537.36 (KHTML, like Gecko) Chrome/137.0.7151.103 Mobile Safari/537.36 (compatible; GoogleOther)"
66.249.79.161 - - [12/Jul/2025:09:01:10 -0400] "GET /?shopdetail/82222512262 HTTP/1.1" 200 87045 "-" "Mozilla/5.0 (Linux; Android 6.0.1; Nexus 5X Build/MMB29P) AppleWebKit/537.36 (KHTML, like Gecko) Chrome/137.0.7151.103 Mobile Safari/537.36 (compatible; GoogleOther)"
216.225.194.245 - - [12/Jul/2025:09:01:12 -0400] "POST /xmlrpc.php HTTP/1.1" 403 1242 "-" "Mozilla/5.0 (Windows NT 10.0; Win64; x64) AppleWebKit/537.36 (KHTML, like Gecko) Chrome/126.0.0.0 Safari/537.36"
66.249.79.173 - - [12/Jul/2025:09:01:12 -0400] "GET /2728909178620.shtml HTTP/1.1" 200 88440 "-" "Mozilla/5.0 (Linux; Android 6.0.1; Nexus 5X Build/MMB29P) AppleWebKit/537.36 (KHTML, like Gecko) Chrome/137.0.7151.103 Mobile Safari/537.36 (compatible; GoogleOther)"
66.249.79.163 - - [12/Jul/2025:09:01:14 -0400] "GET /4533523760000.shtml HTTP/1.1" 200 87954 "-" "Mozilla/5.0 (Linux; Android 6.0.1; Nexus 5X Build/MMB29P) AppleWebKit/537.36 (KHTML, like Gecko) Chrome/137.0.7151.103 Mobile Safari/537.36 (compatible; GoogleOther)"
103.68.62.175 - - [12/Jul/2025:09:01:16 -0400] "POST /xmlrpc.php HTTP/1.1" 403 1242 "-" "Mozilla/5.0 (Windows NT 10.0; Win64; x64) AppleWebKit/537.36 (KHTML, like Gecko) Chrome/126.0.0.0 Safari/537.36"
66.249.79.160 - - [12/Jul/2025:09:01:18 -0400] "GET /4065099416950.shtml HTTP/1.1" 200 87686 "-" "Mozilla/5.0 (Linux; Android 6.0.1; Nexus 5X Build/MMB29P) AppleWebKit/537.36 (KHTML, like Gecko) Chrome/137.0.7151.103 Mobile Safari/537.36 (compatible; GoogleOther)"
66.249.79.161 - - [12/Jul/2025:09:01:26 -0400] "GET /8827535740900.shtml HTTP/1.1" 200 87312 "-" "Mozilla/5.0 (Linux; Android 6.0.1; Nexus 5X Build/MMB29P) AppleWebKit/537.36 (KHTML, like Gecko) Chrome/137.0.7151.103 Mobile Safari/537.36 (compatible; GoogleOther)"
66.249.79.162 - - [12/Jul/2025:09:01:29 -0400] "GET /2242326908100.shtml HTTP/1.1" 200 87040 "-" "Mozilla/5.0 (Linux; Android 6.0.1; Nexus 5X Build/MMB29P) AppleWebKit/537.36 (KHTML, like Gecko) Chrome/137.0.7151.103 Mobile Safari/537.36 (compatible; GoogleOther)"
66.249.79.165 - - [12/Jul/2025:09:01:33 -0400] "GET /1011469516330.shtml HTTP/1.1" 200 87775 "-" "Mozilla/5.0 (Linux; Android 6.0.1; Nexus 5X Build/MMB29P) AppleWebKit/537.36 (KHTML, like Gecko) Chrome/137.0.7151.103 Mobile Safari/537.36 (compatible; GoogleOther)"
66.249.79.161 - - [12/Jul/2025:09:01:23 -0400] "GET /9288025768100.shtml HTTP/1.1" 200 87397 "-" "Mozilla/5.0 (Linux; Android 6.0.1; Nexus 5X Build/MMB29P) AppleWebKit/537.36 (KHTML, like Gecko) Chrome/137.0.7151.103 Mobile Safari/537.36 (compatible; GoogleOther)"
66.249.79.173 - - [12/Jul/2025:09:01:25 -0400] "GET /5476056683530.shtml HTTP/1.1" 200 88650 "-" "Mozilla/5.0 (Linux; Android 6.0.1; Nexus 5X Build/MMB29P) AppleWebKit/537.36 (KHTML, like Gecko) Chrome/137.0.7151.103 Mobile Safari/537.36 (compatible; GoogleOther)"
66.249.79.163 - - [12/Jul/2025:09:01:28 -0400] "GET /8120240810500.shtml HTTP/1.1" 200 87908 "-" "Mozilla/5.0 (Linux; Android 6.0.1; Nexus 5X Build/MMB29P) AppleWebKit/537.36 (KHTML, like Gecko) Chrome/137.0.7151.103 Mobile Safari/537.36 (compatible; GoogleOther)"
66.249.79.161 - - [12/Jul/2025:09:01:31 -0400] "GET /?shopdetail/88881031078 HTTP/1.1" 200 87835 "-" "Mozilla/5.0 (Linux; Android 6.0.1; Nexus 5X Build/MMB29P) AppleWebKit/537.36 (KHTML, like Gecko) Chrome/137.0.7151.103 Mobile Safari/537.36 (compatible; Googlebot/2.1; +http://www.google.com/bot.html)"
66.249.79.162 - - [12/Jul/2025:09:01:31 -0400] "GET /8287207027680.shtml HTTP/1.1" 200 88988 "-" "Mozilla/5.0 (Linux; Android 6.0.1; Nexus 5X Build/MMB29P) AppleWebKit/537.36 (KHTML, like Gecko) Chrome/137.0.7151.103 Mobile Safari/537.36 (compatible; GoogleOther)"
66.249.79.162 - - [12/Jul/2025:09:01:33 -0400] "GET /?shopdetail/88881032835 HTTP/1.1" 200 87608 "-" "Mozilla/5.0 (Linux; Android 6.0.1; Nexus 5X Build/MMB29P) AppleWebKit/537.36 (KHTML, like Gecko) Chrome/137.0.7151.103 Mobile Safari/537.36 (compatible; Googlebot/2.1; +http://www.google.com/bot.html)"
66.249.79.164 - - [12/Jul/2025:09:01:34 -0400] "GET /3886137260410.shtml HTTP/1.1" 200 88378 "-" "Mozilla/5.0 (Linux; Android 6.0.1; Nexus 5X Build/MMB29P) AppleWebKit/537.36 (KHTML, like Gecko) Chrome/137.0.7151.103 Mobile Safari/537.36 (compatible; GoogleOther)"
66.249.79.162 - - [12/Jul/2025:09:01:37 -0400] "GET /?shopdetail/88881337406 HTTP/1.1" 200 87298 "-" "Mozilla/5.0 (Linux; Android 6.0.1; Nexus 5X Build/MMB29P) AppleWebKit/537.36 (KHTML, like Gecko) Chrome/137.0.7151.103 Mobile Safari/537.36 (compatible; Googlebot/2.1; +http://www.google.com/bot.html)"
66.249.79.162 - - [12/Jul/2025:09:01:39 -0400] "GET /3323069171080.shtml HTTP/1.1" 200 87944 "-" "Mozilla/5.0 (Linux; Android 6.0.1; Nexus 5X Build/MMB29P) AppleWebKit/537.36 (KHTML, like Gecko) Chrome/137.0.7151.103 Mobile Safari/537.36 (compatible; GoogleOther)"
124.121.113.154 - - [12/Jul/2025:09:01:41 -0400] "POST /xmlrpc.php HTTP/1.1" 403 1242 "-" "Mozilla/5.0 (Windows NT 10.0; Win64; x64) AppleWebKit/537.36 (KHTML, like Gecko) Chrome/126.0.0.0 Safari/537.36"
66.249.79.173 - - [12/Jul/2025:09:01:42 -0400] "GET /?shopdetail/88881033451 HTTP/1.1" 200 87186 "-" "Mozilla/5.0 (Linux; Android 6.0.1; Nexus 5X Build/MMB29P) AppleWebKit/537.36 (KHTML, like Gecko) Chrome/137.0.7151.103 Mobile Safari/537.36 (compatible; Googlebot/2.1; +http://www.google.com/bot.html)"
66.249.79.166 - - [12/Jul/2025:09:01:43 -0400] "GET /5591395404900.shtml HTTP/1.1" 200 87545 "-" "Mozilla/5.0 (Linux; Android 6.0.1; Nexus 5X Build/MMB29P) AppleWebKit/537.36 (KHTML, like Gecko) Chrome/137.0.7151.103 Mobile Safari/537.36 (compatible; GoogleOther)"
66.249.79.163 - - [12/Jul/2025:09:01:45 -0400] "GET /1615292401860.shtml HTTP/1.1" 200 87394 "-" "Mozilla/5.0 (Linux; Android 6.0.1; Nexus 5X Build/MMB29P) AppleWebKit/537.36 (KHTML, like Gecko) Chrome/137.0.7151.103 Mobile Safari/537.36 (compatible; GoogleOther)"
66.249.79.167 - - [12/Jul/2025:09:01:46 -0400] "GET /?shopdetail/88881344578 HTTP/1.1" 200 87535 "-" "Mozilla/5.0 (Linux; Android 6.0.1; Nexus 5X Build/MMB29P) AppleWebKit/537.36 (KHTML, like Gecko) Chrome/137.0.7151.103 Mobile Safari/537.36 (compatible; Googlebot/2.1; +http://www.google.com/bot.html)"
66.249.79.164 - - [12/Jul/2025:09:01:36 -0400] "GET /4612223591860.shtml HTTP/1.1" 200 87529 "-" "Mozilla/5.0 (Linux; Android 6.0.1; Nexus 5X Build/MMB29P) AppleWebKit/537.36 (KHTML, like Gecko) Chrome/137.0.7151.103 Mobile Safari/537.36 (compatible; GoogleOther)"
66.249.79.161 - - [12/Jul/2025:09:01:37 -0400] "GET /2403428838180.shtml HTTP/1.1" 200 87304 "-" "Mozilla/5.0 (Linux; Android 6.0.1; Nexus 5X Build/MMB29P) AppleWebKit/537.36 (KHTML, like Gecko) Chrome/137.0.7151.103 Mobile Safari/537.36 (compatible; GoogleOther)"
66.249.79.173 - - [12/Jul/2025:09:01:40 -0400] "GET /9592344230060.shtml HTTP/1.1" 200 87667 "-" "Mozilla/5.0 (Linux; Android 6.0.1; Nexus 5X Build/MMB29P) AppleWebKit/537.36 (KHTML, like Gecko) Chrome/137.0.7151.103 Mobile Safari/537.36 (compatible; GoogleOther)"
66.249.79.160 - - [12/Jul/2025:09:01:42 -0400] "GET /1932724922000.shtml HTTP/1.1" 200 88034 "-" "Mozilla/5.0 (Linux; Android 6.0.1; Nexus 5X Build/MMB29P) AppleWebKit/537.36 (KHTML, like Gecko) Chrome/137.0.7151.103 Mobile Safari/537.36 (compatible; GoogleOther)"
66.249.79.168 - - [12/Jul/2025:09:01:47 -0400] "GET /8043789900960.shtml HTTP/1.1" 200 88154 "-" "Mozilla/5.0 (Linux; Android 6.0.1; Nexus 5X Build/MMB29P) AppleWebKit/537.36 (KHTML, like Gecko) Chrome/137.0.7151.103 Mobile Safari/537.36 (compatible; GoogleOther)"
66.249.79.165 - - [12/Jul/2025:09:01:53 -0400] "GET /1714009193090.shtml HTTP/1.1" 200 87222 "-" "Mozilla/5.0 (Linux; Android 6.0.1; Nexus 5X Build/MMB29P) AppleWebKit/537.36 (KHTML, like Gecko) Chrome/137.0.7151.103 Mobile Safari/537.36 (compatible; GoogleOther)"
66.249.79.169 - - [12/Jul/2025:09:01:58 -0400] "GET /?v=87781168573500&channel=fb108b&from=form.php%3Fid%3D1685735-17%26name%3D%E4%B8%80%E7%95%AA%E3%81%8F%E3%81%98%E3%80%80%E3%83%89%E3%83%A9%E3%82%B4%E3%83%B3%E3%83%9C%E3%83%BC%E3%83%AB%E3%80%80%E3%83%95%E3%82%A3%E3%82%AE%E3%83%A5%E3%82%A2%E3%82%BB%E3%83%83%E3%83%88%E2%99%AA HTTP/1.1" 200 87529 "-" "Mozilla/5.0 (Linux; Android 6.0.1; Nexus 5X Build/MMB29P) AppleWebKit/537.36 (KHTML, like Gecko) Chrome/137.0.7151.103 Mobile Safari/537.36 (compatible; Googlebot/2.1; +http://www.google.com/bot.html)"
66.249.79.166 - - [12/Jul/2025:09:02:01 -0400] "GET /9059762896140.shtml HTTP/1.1" 200 88228 "-" "Mozilla/5.0 (Linux; Android 6.0.1; Nexus 5X Build/MMB29P) AppleWebKit/537.36 (KHTML, like Gecko) Chrome/137.0.7151.103 Mobile Safari/537.36 (compatible; GoogleOther)"
66.249.79.167 - - [12/Jul/2025:09:02:01 -0400] "GET /?v=96022169976609&channel=f6cf94&from=form.php%3Fid%3D1699766-759%26name%3Dmtsvt%E6%A7%98%E3%83%95%E3%82%A9%E3%83%AD%E3%83%BC%E5%89%B2%E3%83%9F%E3%83%AA%E3%82%BF%E3%83%AA%E3%83%BC+ALPHA+MA-1+%E3%83%B4%E3%82%A3%E3%83%B3%E3%83%86%E3%83%BC%E3%82%B8+LARGE HTTP/1.1" 200 88074 "-" "Mozilla/5.0 (Linux; Android 6.0.1; Nexus 5X Build/MMB29P) AppleWebKit/537.36 (KHTML, like Gecko) Chrome/137.0.7151.103 Mobile Safari/537.36 (compatible; Googlebot/2.1; +http://www.google.com/bot.html)"
66.249.79.173 - - [12/Jul/2025:09:02:02 -0400] "GET /1886355437600.shtml HTTP/1.1" 200 87673 "-" "Mozilla/5.0 (Linux; Android 6.0.1; Nexus 5X Build/MMB29P) AppleWebKit/537.36 (KHTML, like Gecko) Chrome/137.0.7151.103 Mobile Safari/537.36 (compatible; GoogleOther)"
66.249.79.165 - - [12/Jul/2025:09:02:04 -0400] "GET /1214695308830.shtml HTTP/1.1" 200 87453 "-" "Mozilla/5.0 (Linux; Android 6.0.1; Nexus 5X Build/MMB29P) AppleWebKit/537.36 (KHTML, like Gecko) Chrome/137.0.7151.103 Mobile Safari/537.36 (compatible; GoogleOther)"
66.249.79.165 - - [12/Jul/2025:09:02:05 -0400] "GET /2282535303280.shtml HTTP/1.1" 200 87372 "-" "Mozilla/5.0 (Linux; Android 6.0.1; Nexus 5X Build/MMB29P) AppleWebKit/537.36 (KHTML, like Gecko) Chrome/137.0.7151.103 Mobile Safari/537.36 (compatible; GoogleOther)"
66.249.79.161 - - [12/Jul/2025:09:02:07 -0400] "GET /3257304736700.shtml HTTP/1.1" 200 87804 "-" "Mozilla/5.0 (Linux; Android 6.0.1; Nexus 5X Build/MMB29P) AppleWebKit/537.36 (KHTML, like Gecko) Chrome/137.0.7151.103 Mobile Safari/537.36 (compatible; GoogleOther)"
66.249.79.168 - - [12/Jul/2025:09:01:48 -0400] "GET /2653361246340.shtml HTTP/1.1" 200 87891 "-" "Mozilla/5.0 (Linux; Android 6.0.1; Nexus 5X Build/MMB29P) AppleWebKit/537.36 (KHTML, like Gecko) Chrome/137.0.7151.103 Mobile Safari/537.36 (compatible; GoogleOther)"
66.249.79.160 - - [12/Jul/2025:09:01:50 -0400] "GET /6417383916480.shtml HTTP/1.1" 200 88444 "-" "Mozilla/5.0 (Linux; Android 6.0.1; Nexus 5X Build/MMB29P) AppleWebKit/537.36 (KHTML, like Gecko) Chrome/137.0.7151.103 Mobile Safari/537.36 (compatible; GoogleOther)"
66.249.79.164 - - [12/Jul/2025:09:01:51 -0400] "GET /?shopdetail/88881033474 HTTP/1.1" 200 87362 "-" "Mozilla/5.0 (Linux; Android 6.0.1; Nexus 5X Build/MMB29P) AppleWebKit/537.36 (KHTML, like Gecko) Chrome/137.0.7151.103 Mobile Safari/537.36 (compatible; Googlebot/2.1; +http://www.google.com/bot.html)"
66.249.79.162 - - [12/Jul/2025:09:01:51 -0400] "GET /1728530609630.shtml HTTP/1.1" 200 89172 "-" "Mozilla/5.0 (Linux; Android 6.0.1; Nexus 5X Build/MMB29P) AppleWebKit/537.36 (KHTML, like Gecko) Chrome/137.0.7151.103 Mobile Safari/537.36 (compatible; GoogleOther)"
66.249.79.163 - - [12/Jul/2025:09:01:55 -0400] "GET /4525531031390.shtml HTTP/1.1" 200 87570 "-" "Mozilla/5.0 (Linux; Android 6.0.1; Nexus 5X Build/MMB29P) AppleWebKit/537.36 (KHTML, like Gecko) Chrome/137.0.7151.103 Mobile Safari/537.36 (compatible; GoogleOther)"
160.191.89.138 - - [12/Jul/2025:09:01:55 -0400] "POST /xmlrpc.php HTTP/1.1" 403 1242 "-" "Mozilla/5.0 (Windows NT 10.0; Win64; x64) AppleWebKit/537.36 (KHTML, like Gecko) Chrome/126.0.0.0 Safari/537.36"
